000
CDUS43 KUNR 110833
CLI2WX


CLIMATE REPORT
NATIONAL WEATHER SERVICE RAPID CITY SD
133 AM MST THU FEB 11 2016


...................................

...THE BUFFALO SD CLIMATE SUMMARY FOR FEBRUARY 10 2016...

CLIMATE NORMAL PERIOD 1981 TO 2010
CLIMATE RECORD PERIOD 9999 TO 9999


WEATHER ITEM   OBSERVED TIME   NORMAL DEPARTURE LAST
                VALUE   (LST)  VALUE  FROM      YEAR
                                      NORMAL
......................................................
TEMPERATURE (F)
 YESTERDAY
  MAXIMUM         53   1158 AM  33     20       44
  MINIMUM         30    734 PM  12     18       20
  AVERAGE         42            22     20       32

PRECIPITATION (IN)
  YESTERDAY        0.00          0.02  -0.02     0.00
  MONTH TO DATE    0.08          0.11  -0.03     0.09
  SINCE DEC 1      0.71          0.69   0.02     0.59
  SINCE JAN 1      0.25          0.40  -0.15     0.43

DEGREE DAYS
 HEATING
  YESTERDAY       23            43    -20       33
  MONTH TO DATE  335           433    -98      357
  SINCE DEC 1   2783          3174   -391     2755
  SINCE JUL 1   4245          5072   -827     4676

 COOLING
  YESTERDAY        0             0      0        0
  MONTH TO DATE    0             0      0        0
  SINCE DEC 1      0             0      0        0
  SINCE JAN 1      0             0      0        0
......................................................


WIND (MPH)
  HIGHEST WIND SPEED    31   HIGHEST WIND DIRECTION    NW (300)
  HIGHEST GUST SPEED    39   HIGHEST GUST DIRECTION    NW (300)
  AVERAGE WIND SPEED    13.7




RELATIVE HUMIDITY (PERCENT)
 HIGHEST    92           900 PM
 LOWEST     38          1200 PM
 AVERAGE    65

..........................................................




SUNRISE AND SUNSET
FEBRUARY 11 2016......SUNRISE   703 AM MST   SUNSET   515 PM MST
FEBRUARY 12 2016......SUNRISE   701 AM MST   SUNSET   516 PM MST


-  INDICATES NEGATIVE NUMBERS.
R  INDICATES RECORD WAS SET OR TIED.
MM INDICATES DATA IS MISSING.
T  INDICATES TRACE AMOUNT.




$$
