000
CDUS43 KUNR 190832
CLI2WX


CLIMATE REPORT
NATIONAL WEATHER SERVICE RAPID CITY SD
131 AM MST SUN FEB 19 2017


...................................

...THE BUFFALO SD CLIMATE SUMMARY FOR FEBRUARY 18 2017...

CLIMATE NORMAL PERIOD 1981 TO 2010
CLIMATE RECORD PERIOD 9999 TO 9999


WEATHER ITEM   OBSERVED TIME   NORMAL DEPARTURE LAST
                VALUE   (LST)  VALUE  FROM      YEAR
                                      NORMAL
......................................................
TEMPERATURE (F)
 YESTERDAY
  MAXIMUM         63    141 PM  35     28       68
  MINIMUM         30    232 AM  14     16       26
  AVERAGE         47            24     23       47

PRECIPITATION (IN)
  YESTERDAY        0.00          0.01  -0.01     0.00
  MONTH TO DATE    0.04          0.19  -0.15     0.25
  SINCE DEC 1      1.24          0.77   0.47     0.88
  SINCE JAN 1      0.07          0.48  -0.41     0.42

DEGREE DAYS
 HEATING
  YESTERDAY       18            41    -23       18
  MONTH TO DATE  681           766    -85      569
  SINCE DEC 1   3755          3507    248     3017
  SINCE JUL 1   5045          5405   -360     4479

 COOLING
  YESTERDAY        0             0      0        0
  MONTH TO DATE    0             0      0        0
  SINCE DEC 1      0             0      0        0
  SINCE JAN 1      0             0      0        0
......................................................


WIND (MPH)
  HIGHEST WIND SPEED    22   HIGHEST WIND DIRECTION     W (260)
  HIGHEST GUST SPEED    28   HIGHEST GUST DIRECTION     W (260)
  AVERAGE WIND SPEED     8.6




RELATIVE HUMIDITY (PERCENT)
 HIGHEST    78           200 AM
 LOWEST     36           100 PM
 AVERAGE    57

..........................................................




SUNRISE AND SUNSET
FEBRUARY 19 2017......SUNRISE   649 AM MST   SUNSET   527 PM MST
FEBRUARY 20 2017......SUNRISE   648 AM MST   SUNSET   529 PM MST


-  INDICATES NEGATIVE NUMBERS.
R  INDICATES RECORD WAS SET OR TIED.
MM INDICATES DATA IS MISSING.
T  INDICATES TRACE AMOUNT.




$$
