000
CDUS43 KUNR 240832
CLI2WX


CLIMATE REPORT
NATIONAL WEATHER SERVICE RAPID CITY SD
231 AM MDT SAT JUN 24 2017


...................................

...THE BUFFALO SD CLIMATE SUMMARY FOR JUNE 23 2017...

CLIMATE NORMAL PERIOD 1981 TO 2010
CLIMATE RECORD PERIOD 9999 TO 9999


WEATHER ITEM   OBSERVED TIME   NORMAL DEPARTURE LAST
                VALUE   (LST)  VALUE  FROM      YEAR
                                      NORMAL
......................................................
TEMPERATURE (F)
 YESTERDAY
  MAXIMUM         69    314 PM  78     -9       86
  MINIMUM         47   1159 PM  53     -6       48
  AVERAGE         58            66     -8       67

PRECIPITATION (IN)
  YESTERDAY        0.00          0.07  -0.07     0.00
  MONTH TO DATE    0.73          2.16  -1.43     0.64
  SINCE JUN 1      0.73          2.16  -1.43     0.64
  SINCE JAN 1      7.40          8.20  -0.80     4.40

DEGREE DAYS
 HEATING
  YESTERDAY        7             2      5        0
  MONTH TO DATE   19           103    -84        9
  SINCE JUN 1     19           103    -84        9
  SINCE JUL 1   7085          7917   -832     6385

 COOLING
  YESTERDAY        0             3     -3        2
  MONTH TO DATE   83            37     46      135
  SINCE JUN 1     83            37     46      135
  SINCE JAN 1     96            43     53      137
......................................................


WIND (MPH)
  HIGHEST WIND SPEED    39   HIGHEST WIND DIRECTION    NW (320)
  HIGHEST GUST SPEED    47   HIGHEST GUST DIRECTION    NW (320)
  AVERAGE WIND SPEED    21.8




RELATIVE HUMIDITY (PERCENT)
 HIGHEST    74           500 AM
 LOWEST     21           500 PM
 AVERAGE    48

..........................................................




SUNRISE AND SUNSET
JUNE 24 2017..........SUNRISE   506 AM MDT   SUNSET   847 PM MDT
JUNE 25 2017..........SUNRISE   506 AM MDT   SUNSET   847 PM MDT


-  INDICATES NEGATIVE NUMBERS.
R  INDICATES RECORD WAS SET OR TIED.
MM INDICATES DATA IS MISSING.
T  INDICATES TRACE AMOUNT.




$$
