000
CDUS43 KUNR 240831
CLI2WX


CLIMATE REPORT
NATIONAL WEATHER SERVICE RAPID CITY SD
231 AM MDT WED AUG 24 2016


...................................

...THE BUFFALO SD CLIMATE SUMMARY FOR AUGUST 23 2016...

CLIMATE NORMAL PERIOD 1981 TO 2010
CLIMATE RECORD PERIOD 9999 TO 9999


WEATHER ITEM   OBSERVED TIME   NORMAL DEPARTURE LAST
                VALUE   (LST)  VALUE  FROM      YEAR
                                      NORMAL
......................................................
TEMPERATURE (F)
 YESTERDAY
  MAXIMUM         80    357 PM  84     -4       72
  MINIMUM         52   1159 PM  54     -2       36
  AVERAGE         66            69     -3       54

PRECIPITATION (IN)
  YESTERDAY        0.00          0.03  -0.03     0.00
  MONTH TO DATE    0.86          1.08  -0.22     3.08
  SINCE JUN 1      3.71          5.77  -2.06     6.02
  SINCE JAN 1      7.47         11.81  -4.34    10.58

DEGREE DAYS
 HEATING
  YESTERDAY        0             1     -1       11
  MONTH TO DATE   15            18     -3       38
  SINCE JUN 1     24           152   -128       87
  SINCE JUL 1     15            38    -23       44

 COOLING
  YESTERDAY        1             5     -4        0
  MONTH TO DATE  172           162     10      155
  SINCE JUN 1    654           431    223      480
  SINCE JAN 1    656           437    219      480
......................................................


WIND (MPH)
  HIGHEST WIND SPEED    38   HIGHEST WIND DIRECTION    NW (320)
  HIGHEST GUST SPEED    47   HIGHEST GUST DIRECTION    NW (320)
  AVERAGE WIND SPEED    21.5




RELATIVE HUMIDITY (PERCENT)
 HIGHEST    49           100 AM
 LOWEST     16           400 PM
 AVERAGE    33

..........................................................




SUNRISE AND SUNSET
AUGUST 24 2016........SUNRISE   606 AM MDT   SUNSET   746 PM MDT
AUGUST 25 2016........SUNRISE   608 AM MDT   SUNSET   744 PM MDT


-  INDICATES NEGATIVE NUMBERS.
R  INDICATES RECORD WAS SET OR TIED.
MM INDICATES DATA IS MISSING.
T  INDICATES TRACE AMOUNT.




$$
