000
CDUS43 KUNR 160830
CLI2WX


CLIMATE REPORT
NATIONAL WEATHER SERVICE RAPID CITY SD
230 AM MDT MON OCT 16 2017


...................................

...THE BUFFALO SD CLIMATE SUMMARY FOR OCTOBER 15 2017...

CLIMATE NORMAL PERIOD 1981 TO 2010
CLIMATE RECORD PERIOD 9999 TO 9999


WEATHER ITEM   OBSERVED TIME   NORMAL DEPARTURE LAST
                VALUE   (LST)  VALUE  FROM      YEAR
                                      NORMAL
......................................................
TEMPERATURE (F)
 YESTERDAY
  MAXIMUM         59    336 PM  58      1       73
  MINIMUM         30    534 AM  34     -4       46
  AVERAGE         45            46     -1       60

PRECIPITATION (IN)
  YESTERDAY        0.00          0.02  -0.02     0.00
  MONTH TO DATE    0.09          0.14  -0.05     0.35
  SINCE SEP 1      2.79          1.22   1.57     1.37
  SINCE JAN 1     14.31         13.36   0.95     9.05

DEGREE DAYS
 HEATING
  YESTERDAY       20            19      1        5
  MONTH TO DATE  272           252     20      223
  SINCE SEP 1    477           491    -14      359
  SINCE JUL 1    488           543    -55      389

 COOLING
  YESTERDAY        0             0      0        0
  MONTH TO DATE    0             0      0        3
  SINCE SEP 1     91            41     50       42
  SINCE JAN 1    741           512    229      734
......................................................


WIND (MPH)
  HIGHEST WIND SPEED    35   HIGHEST WIND DIRECTION    NW (300)
  HIGHEST GUST SPEED    40   HIGHEST GUST DIRECTION     W (290)
  AVERAGE WIND SPEED    14.7




RELATIVE HUMIDITY (PERCENT)
 HIGHEST    82          1200 AM
 LOWEST     28           300 PM
 AVERAGE    55

..........................................................




SUNRISE AND SUNSET
OCTOBER 16 2017.......SUNRISE   712 AM MDT   SUNSET   606 PM MDT
OCTOBER 17 2017.......SUNRISE   714 AM MDT   SUNSET   605 PM MDT


-  INDICATES NEGATIVE NUMBERS.
R  INDICATES RECORD WAS SET OR TIED.
MM INDICATES DATA IS MISSING.
T  INDICATES TRACE AMOUNT.




$$
