000
CDUS43 KUNR 070831
CLI2WX


CLIMATE REPORT
NATIONAL WEATHER SERVICE RAPID CITY SD
231 AM MDT TUE JUL 7 2015


...................................

...THE BUFFALO SD CLIMATE SUMMARY FOR JULY 6 2015...

CLIMATE NORMAL PERIOD 1981 TO 2010
CLIMATE RECORD PERIOD 9999 TO 9999


WEATHER ITEM   OBSERVED TIME   NORMAL DEPARTURE LAST
                VALUE   (LST)  VALUE  FROM      YEAR
                                      NORMAL
......................................................
TEMPERATURE (F)
 YESTERDAY
  MAXIMUM         73    512 PM  83    -10       86
  MINIMUM         53   1140 PM  56     -3       59
  AVERAGE         63            70     -7       73

PRECIPITATION (IN)
  YESTERDAY        0.01          0.08  -0.07     0.00
  MONTH TO DATE    0.02          0.42  -0.40     0.00
  SINCE JUN 1      2.75          3.05  -0.30     5.54
  SINCE JAN 1      7.31          9.09  -1.78     9.88

DEGREE DAYS
 HEATING
  YESTERDAY        2             1      1        0
  MONTH TO DATE    2             6     -4        4
  SINCE JUN 1     45           120    -75      139
  SINCE JUL 1      2             6     -4        4

 COOLING
  YESTERDAY        0             5     -5        8
  MONTH TO DATE   36            29      7       32
  SINCE JUN 1    127            91     36       48
  SINCE JAN 1    127            97     30       78
......................................................


WIND (MPH)
  HIGHEST WIND SPEED    20   HIGHEST WIND DIRECTION    NW (330)
  HIGHEST GUST SPEED    23   HIGHEST GUST DIRECTION    NW (330)
  AVERAGE WIND SPEED    10.2




RELATIVE HUMIDITY (PERCENT)
 HIGHEST    87           600 AM
 LOWEST     38           300 PM
 AVERAGE    63

..........................................................




SUNRISE AND SUNSET
JULY  7 2015..........SUNRISE   513 AM MDT   SUNSET   845 PM MDT
JULY  8 2015..........SUNRISE   514 AM MDT   SUNSET   845 PM MDT


-  INDICATES NEGATIVE NUMBERS.
R  INDICATES RECORD WAS SET OR TIED.
MM INDICATES DATA IS MISSING.
T  INDICATES TRACE AMOUNT.




$$
