000
CDUS43 KUNR 210831
CLI2WX


CLIMATE REPORT
NATIONAL WEATHER SERVICE RAPID CITY SD
230 AM MDT MON AUG 21 2017


...................................

...THE BUFFALO SD CLIMATE SUMMARY FOR AUGUST 20 2017...

CLIMATE NORMAL PERIOD 1981 TO 2010
CLIMATE RECORD PERIOD 9999 TO 9999


WEATHER ITEM   OBSERVED TIME   NORMAL DEPARTURE LAST
                VALUE   (LST)  VALUE  FROM      YEAR
                                      NORMAL
......................................................
TEMPERATURE (F)
 YESTERDAY
  MAXIMUM         84    227 PM  85     -1       73
  MINIMUM         55    542 AM  55      0       47
  AVERAGE         70            70      0       60

PRECIPITATION (IN)
  YESTERDAY        0.00          0.03  -0.03     0.00
  MONTH TO DATE    0.38          0.99  -0.61     0.86
  SINCE JUN 1      4.81          5.68  -0.87     3.71
  SINCE JAN 1     11.48         11.72  -0.24     7.47

DEGREE DAYS
 HEATING
  YESTERDAY        0             1     -1        5
  MONTH TO DATE   11            15     -4       15
  SINCE JUN 1     44           149   -105       24
  SINCE JUL 1     11            35    -24       15

 COOLING
  YESTERDAY        5             6     -1        0
  MONTH TO DATE   56           146    -90      154
  SINCE JUN 1    558           415    143      636
  SINCE JAN 1    571           421    150      638
......................................................


WIND (MPH)
  HIGHEST WIND SPEED    29   HIGHEST WIND DIRECTION     E (110)
  HIGHEST GUST SPEED    32   HIGHEST GUST DIRECTION    SE (130)
  AVERAGE WIND SPEED    14.5




RELATIVE HUMIDITY (PERCENT)
 HIGHEST    67          1100 PM
 LOWEST     18           300 PM
 AVERAGE    43

..........................................................




SUNRISE AND SUNSET
AUGUST 21 2017........SUNRISE   602 AM MDT   SUNSET   751 PM MDT
AUGUST 22 2017........SUNRISE   604 AM MDT   SUNSET   750 PM MDT


-  INDICATES NEGATIVE NUMBERS.
R  INDICATES RECORD WAS SET OR TIED.
MM INDICATES DATA IS MISSING.
T  INDICATES TRACE AMOUNT.




$$
