000
CDUS43 KABR 040915
CLI8D3


CLIMATE REPORT
NATIONAL WEATHER SERVICE ABERDEEN SD
414 AM CDT SAT JUL 4 2015


...................................

...THE SISSETON SD CLIMATE SUMMARY FOR JULY 3 2015...

CLIMATE NORMAL PERIOD 1981 TO 2010
CLIMATE RECORD PERIOD 1900 TO 2015


WEATHER ITEM   OBSERVED TIME   RECORD YEAR NORMAL DEPARTURE LAST
                VALUE   (LST)  VALUE       VALUE  FROM      YEAR
                                                  NORMAL
..................................................................
TEMPERATURE (F)
 YESTERDAY
  MAXIMUM         83    503 PM 105    1949  82      1       76
  MINIMUM         56    106 AM  45    1969  59     -3       53
  AVERAGE         70                        70      0       65

PRECIPITATION (IN)
  YESTERDAY        0.00          3.17 1905   0.11  -0.11     0.00
  MONTH TO DATE    0.09                      0.33  -0.24     0.10
  SINCE JUN 1      1.47                      4.07  -2.60     8.77
  SINCE JAN 1      9.12                     11.05  -1.93    17.14

DEGREE DAYS
 HEATING
  YESTERDAY        0                         1     -1        0
  MONTH TO DATE    0                         3     -3        6
  SINCE JUN 1     14                        65    -51       41
  SINCE JUL 1      0                         3     -3        6

 COOLING
  YESTERDAY        5                         6     -1        0
  MONTH TO DATE    6                        17    -11        0
  SINCE JUN 1    130                       111     19       88
  SINCE JAN 1    147                       134     13      149
..................................................................


WIND (MPH)
  HIGHEST WIND SPEED    17   HIGHEST WIND DIRECTION     W (270)
  HIGHEST GUST SPEED    22   HIGHEST GUST DIRECTION     W (270)
  AVERAGE WIND SPEED     5.9


SKY COVER
  POSSIBLE SUNSHINE  MM
  AVERAGE SKY COVER 0.0


WEATHER CONDITIONS
 THE FOLLOWING WEATHER WAS RECORDED YESTERDAY.
  NO SIGNIFICANT WEATHER WAS OBSERVED.


RELATIVE HUMIDITY (PERCENT)
 HIGHEST    93           100 AM
 LOWEST     51           200 PM
 AVERAGE    72

..........................................................


THE SISSETON SD CLIMATE NORMALS FOR TODAY
                         NORMAL    RECORD    YEAR
 MAXIMUM TEMPERATURE (F)   82       101      1988
 MINIMUM TEMPERATURE (F)   59        44      1967


SUNRISE AND SUNSET
JULY  4 2015..........SUNRISE   544 AM CDT   SUNSET   920 PM CDT
JULY  5 2015..........SUNRISE   545 AM CDT   SUNSET   920 PM CDT


-  INDICATES NEGATIVE NUMBERS.
R  INDICATES RECORD WAS SET OR TIED.
MM INDICATES DATA IS MISSING.
T  INDICATES TRACE AMOUNT.




$$
