000
CDUS43 KABR 231037
CLI8D3


CLIMATE REPORT
NATIONAL WEATHER SERVICE ABERDEEN SD
437 AM CST THU NOV 23 2017


...................................

...THE SISSETON SD CLIMATE SUMMARY FOR NOVEMBER 22 2017...

CLIMATE NORMAL PERIOD 1981 TO 2010
CLIMATE RECORD PERIOD 1900 TO 2017


WEATHER ITEM   OBSERVED TIME   RECORD YEAR NORMAL DEPARTURE LAST
                VALUE   (LST)  VALUE       VALUE  FROM      YEAR
                                                  NORMAL
..................................................................
TEMPERATURE (F)
 YESTERDAY
  MAXIMUM         42    337 PM  67    2006  36      6       34
  MINIMUM          8    522 AM  -5    1996  18    -10       33
                                      1937
  AVERAGE         25                        27     -2       34

PRECIPITATION (IN)
  YESTERDAY        0.00          0.58 1963   0.01  -0.01     0.11
  MONTH TO DATE    0.20                      0.51  -0.31     0.50
  SINCE SEP 1      5.96                      5.13   0.83     5.37
  SINCE JAN 1     18.68                     21.87  -3.19    20.81

SNOWFALL (IN)
  YESTERDAY        0.0
  MONTH TO DATE    0.5
  SINCE OCT 1      0.5
  SINCE JUL 1      0.5
  SNOW DEPTH       0

DEGREE DAYS
 HEATING
  YESTERDAY       40                        38      2       31
  MONTH TO DATE  789                       702     87      432
  SINCE SEP 1   1427                      1486    -59     1017
  SINCE JUL 1   1441                      1529    -88     1044

 COOLING
  YESTERDAY        0                         0      0        0
  MONTH TO DATE    0                         0      0        0
  SINCE SEP 1     86                        48     38       44
  SINCE JAN 1    554                       527     27      625
..................................................................


WIND (MPH)
  HIGHEST WIND SPEED    20   HIGHEST WIND DIRECTION     S (170)
  HIGHEST GUST SPEED    23   HIGHEST GUST DIRECTION     S (170)
  AVERAGE WIND SPEED     9.3


SKY COVER
  POSSIBLE SUNSHINE  MM
  AVERAGE SKY COVER 0.0


WEATHER CONDITIONS
 THE FOLLOWING WEATHER WAS RECORDED YESTERDAY.
  NO SIGNIFICANT WEATHER WAS OBSERVED.


RELATIVE HUMIDITY (PERCENT)
 HIGHEST    84           700 AM
 LOWEST     44           200 PM
 AVERAGE    64

..........................................................


THE SISSETON SD CLIMATE NORMALS FOR TODAY
                         NORMAL    RECORD    YEAR
 MAXIMUM TEMPERATURE (F)   36        55      1984
                                             1954
 MINIMUM TEMPERATURE (F)   17        -9      1950


SUNRISE AND SUNSET
NOVEMBER 23 2017......SUNRISE   739 AM CST   SUNSET   450 PM CST
NOVEMBER 24 2017......SUNRISE   740 AM CST   SUNSET   449 PM CST


-  INDICATES NEGATIVE NUMBERS.
R  INDICATES RECORD WAS SET OR TIED.
MM INDICATES DATA IS MISSING.
T  INDICATES TRACE AMOUNT.




$$
