000
CDUS43 KABR 071226 CCA
CLI8D3

CLIMATE REPORT
NATIONAL WEATHER SERVICE ABERDEEN SD
404 AM CST WED DEC 7 2016


...................................

...THE SISSETON SD CLIMATE SUMMARY FOR DECEMBER 6 2016...

CLIMATE NORMAL PERIOD 1981 TO 2010
CLIMATE RECORD PERIOD 1900 TO 2016


WEATHER ITEM   OBSERVED TIME   RECORD YEAR NORMAL DEPARTURE LAST
                VALUE   (LST)  VALUE       VALUE  FROM      YEAR
                                                  NORMAL
..................................................................
TEMPERATURE (F)
 YESTERDAY
  MAXIMUM         20   1159 AM  70    1939  29     -9       47
  MINIMUM         12   1159 PM -22    1972  11      1       27
  AVERAGE         16                        20     -4       37

PRECIPITATION (IN)
  YESTERDAY        0.04          0.36 1951   0.02  +0.02     0.00
  MONTH TO DATE    0.06                      0.11  -0.05     0.38
  SINCE DEC 1      0.06                      0.11  -0.05     0.38
  SINCE JAN 1     22.19                     22.05   0.06    17.24

SNOWFALL (IN)
  YESTERDAY        0.7
  MONTH TO DATE    0.7
  SINCE OCT 1      3.2
  SINCE JUL 1      3.2
  SNOW DEPTH       0

DEGREE DAYS
 HEATING
  YESTERDAY       49                        45      4       28
  MONTH TO DATE  222                       264    -42      214
  SINCE DEC 1    222                       264    -42      214
  SINCE JUL 1   1503                      2115   -612     1610

 COOLING
  YESTERDAY        0                         0      0        0
  MONTH TO DATE    0                         0      0        0
  SINCE DEC 1      0                         0      0        0
  SINCE JAN 1    625                       527     98      635
..................................................................


WIND (MPH)
  HIGHEST WIND SPEED    43   HIGHEST WIND DIRECTION     W (280)
  HIGHEST GUST SPEED    56   HIGHEST GUST DIRECTION    NW (300)
  AVERAGE WIND SPEED    29.3


SKY COVER
  POSSIBLE SUNSHINE  MM
  AVERAGE SKY COVER 0.0


WEATHER CONDITIONS
 THE FOLLOWING WEATHER WAS RECORDED YESTERDAY.
  NO SIGNIFICANT WEATHER WAS OBSERVED.


RELATIVE HUMIDITY (PERCENT)
 HIGHEST    80           600 AM
 LOWEST     67           800 PM
 AVERAGE    74

..........................................................


THE SISSETON SD CLIMATE NORMALS FOR TODAY
                         NORMAL    RECORD    YEAR
 MAXIMUM TEMPERATURE (F)   29        51      1990
 MINIMUM TEMPERATURE (F)   11       -21      1972


SUNRISE AND SUNSET
DECEMBER  7 2016......SUNRISE   755 AM CST   SUNSET   444 PM CST
DECEMBER  8 2016......SUNRISE   756 AM CST   SUNSET   444 PM CST


-  INDICATES NEGATIVE NUMBERS.
R  INDICATES RECORD WAS SET OR TIED.
MM INDICATES DATA IS MISSING.
T  INDICATES TRACE AMOUNT.




$$
