000
CDUS43 KABR 252327
CLI8D3


CLIMATE REPORT
NATIONAL WEATHER SERVICE ABERDEEN SD
526 PM CST THU DEC 25 2014


...................................

...THE SISSETON SD CLIMATE SUMMARY FOR DECEMBER 25 2014...
VALID TODAY AS OF 0500 PM LOCAL TIME.

CLIMATE NORMAL PERIOD 1981 TO 2010
CLIMATE RECORD PERIOD 1900 TO 2014


WEATHER ITEM   OBSERVED TIME   RECORD YEAR NORMAL DEPARTURE LAST
                VALUE   (LST)  VALUE       VALUE  FROM      YEAR
                                                  NORMAL
..................................................................
TEMPERATURE (F)
 TODAY
  MAXIMUM         32    128 AM  54    1994  24      8       32
  MINIMUM         26   1250 PM -18    1996   5              20
                                      1937
  AVERAGE         29                        14     15       26

PRECIPITATION (IN)
  TODAY            0.00          0.55 2009   0.01  -0.01     0.00
  MONTH TO DATE    0.60                      0.31   0.29     1.06
  SINCE DEC 1      0.60                      0.31   0.29     1.06
  SINCE JAN 1     23.70                     22.25   1.45    28.49

SNOWFALL (IN)
  TODAY            0.0
  MONTH TO DATE    4.2
  SINCE OCT 1     12.6
  SINCE JUL 1     12.6
  SNOW DEPTH       2

DEGREE DAYS
 HEATING
  TODAY           36                        51    -15       39
  MONTH TO DATE  990                      1183   -193     1414
  SINCE DEC 1    990                      1183   -193     1414
  SINCE JUL 1   2970                      3034    -64     3246
..................................................................


WIND (MPH)
  HIGHEST WIND SPEED    17   HIGHEST WIND DIRECTION     N (360)
  HIGHEST GUST SPEED    21   HIGHEST GUST DIRECTION     N (10)
  AVERAGE WIND SPEED     8.6


SKY COVER
  POSSIBLE SUNSHINE  MM
  AVERAGE SKY COVER 0.0


WEATHER CONDITIONS
 THE FOLLOWING WEATHER WAS RECORDED TODAY.
  NO SIGNIFICANT WEATHER WAS OBSERVED.


RELATIVE HUMIDITY (PERCENT)
 HIGHEST    92           500 AM
 LOWEST     72          1200 AM
 AVERAGE    82

..........................................................


THE SISSETON SD CLIMATE NORMALS FOR TOMORROW
                         NORMAL    RECORD    YEAR
 MAXIMUM TEMPERATURE (F)   23        52      2011
                                             1994
 MINIMUM TEMPERATURE (F)    5       -27      1950


SUNRISE AND SUNSET
DECEMBER 25 2014......SUNRISE   807 AM CST   SUNSET   449 PM CST
DECEMBER 26 2014......SUNRISE   808 AM CST   SUNSET   450 PM CST


-  INDICATES NEGATIVE NUMBERS.
R  INDICATES RECORD WAS SET OR TIED.
MM INDICATES DATA IS MISSING.
T  INDICATES TRACE AMOUNT.




$$
