000
CDUS43 KABR 211044
CLI8D3


CLIMATE REPORT
NATIONAL WEATHER SERVICE ABERDEEN SD
542 AM CDT FRI JUL 21 2017


...................................

...THE SISSETON SD CLIMATE SUMMARY FOR JULY 20 2017...

CLIMATE NORMAL PERIOD 1981 TO 2010
CLIMATE RECORD PERIOD 1900 TO 2017


WEATHER ITEM   OBSERVED TIME   RECORD YEAR NORMAL DEPARTURE LAST
                VALUE   (LST)  VALUE       VALUE  FROM      YEAR
                                                  NORMAL
..................................................................
TEMPERATURE (F)
 YESTERDAY
  MAXIMUM         88    332 PM 102    1934  84      4       91
  MINIMUM         58    503 AM  47    1992  60     -2       72
  AVERAGE         73                        72      1       82

PRECIPITATION (IN)
  YESTERDAY        0.00          1.74 2001   0.13  -0.13     0.00
  MONTH TO DATE    0.49                      2.42  -1.93     4.63
  SINCE JUN 1      3.05                      6.16  -3.11     5.75
  SINCE JAN 1      7.22                     13.14  -5.92    10.79

DEGREE DAYS
 HEATING
  YESTERDAY        0                         0      0        0
  MONTH TO DATE    0                         3     -3       13
  SINCE JUN 1     26                        65    -39       40
  SINCE JUL 1      0                         3     -3       13

 COOLING
  YESTERDAY        8                         7      1       17
  MONTH TO DATE  161                       129     32      110
  SINCE JUN 1    307                       223     84      277
  SINCE JAN 1    323                       246     77      314
..................................................................


WIND (MPH)
  HIGHEST WIND SPEED    15   HIGHEST WIND DIRECTION    SE (150)
  HIGHEST GUST SPEED    20   HIGHEST GUST DIRECTION    SE (140)
  AVERAGE WIND SPEED     5.3


SKY COVER
  POSSIBLE SUNSHINE  MM
  AVERAGE SKY COVER 0.0


WEATHER CONDITIONS
 THE FOLLOWING WEATHER WAS RECORDED YESTERDAY.
  NO SIGNIFICANT WEATHER WAS OBSERVED.


RELATIVE HUMIDITY (PERCENT)
 HIGHEST   100          1200 AM
 LOWEST     46           200 PM
 AVERAGE    73

..........................................................


THE SISSETON SD CLIMATE NORMALS FOR TODAY
                         NORMAL    RECORD    YEAR
 MAXIMUM TEMPERATURE (F)   84       101      1960
 MINIMUM TEMPERATURE (F)   60        46      1947


SUNRISE AND SUNSET
JULY 21 2017..........SUNRISE   559 AM CDT   SUNSET   909 PM CDT
JULY 22 2017..........SUNRISE   600 AM CDT   SUNSET   908 PM CDT


-  INDICATES NEGATIVE NUMBERS.
R  INDICATES RECORD WAS SET OR TIED.
MM INDICATES DATA IS MISSING.
T  INDICATES TRACE AMOUNT.




$$
