000
CDUS43 KABR 012328
CLI8D3


CLIMATE REPORT
NATIONAL WEATHER SERVICE ABERDEEN SD
527 PM CST SUN MAR 1 2015


...................................

...THE SISSETON SD CLIMATE SUMMARY FOR MARCH 1 2015...
VALID TODAY AS OF 0500 PM LOCAL TIME.

CLIMATE NORMAL PERIOD 1981 TO 2010
CLIMATE RECORD PERIOD 1900 TO 2015


WEATHER ITEM   OBSERVED TIME   RECORD YEAR NORMAL DEPARTURE LAST
                VALUE   (LST)  VALUE       VALUE  FROM      YEAR
                                                  NORMAL
..................................................................
TEMPERATURE (F)
 TODAY
  MAXIMUM         28    247 PM  70    1992  32     -4       -3
  MINIMUM          5    447 AM -29    1962  15             -12
  AVERAGE         17                        23     -6       -7

PRECIPITATION (IN)
  TODAY            0.00          0.36 1958   0.03  -0.03     0.00
  MONTH TO DATE    0.00                      0.03  -0.03     0.00
  SINCE MAR 1      0.00                      0.03  -0.03     0.00
  SINCE JAN 1      0.88                      0.89  -0.01     0.62

SNOWFALL (IN)
  TODAY            0.0
  MONTH TO DATE    0.0
  SINCE OCT 1     23.1
  SINCE JUL 1     23.1
  SNOW DEPTH       2

DEGREE DAYS
 HEATING
  TODAY           48                        42      6       72
  MONTH TO DATE   48                        42      6       72
  SINCE MAR 1     48                        42      6       72
  SINCE JUL 1   6317                      6301     16     6889
..................................................................


WIND (MPH)
  HIGHEST WIND SPEED    26   HIGHEST WIND DIRECTION    NW (310)
  HIGHEST GUST SPEED    31   HIGHEST GUST DIRECTION    NW (310)
  AVERAGE WIND SPEED    13.6


SKY COVER
  POSSIBLE SUNSHINE  MM
  AVERAGE SKY COVER 0.0


WEATHER CONDITIONS
 THE FOLLOWING WEATHER WAS RECORDED TODAY.
  NO SIGNIFICANT WEATHER WAS OBSERVED.


RELATIVE HUMIDITY (PERCENT)
 HIGHEST    80           100 AM
 LOWEST     55          1200 PM
 AVERAGE    68

..........................................................


THE SISSETON SD CLIMATE NORMALS FOR TOMORROW
                         NORMAL    RECORD    YEAR
 MAXIMUM TEMPERATURE (F)   33        67      1905
 MINIMUM TEMPERATURE (F)   15       -16      2003
                                             1972


SUNRISE AND SUNSET
MARCH  1 2015.........SUNRISE   707 AM CST   SUNSET   614 PM CST
MARCH  2 2015.........SUNRISE   705 AM CST   SUNSET   616 PM CST


-  INDICATES NEGATIVE NUMBERS.
R  INDICATES RECORD WAS SET OR TIED.
MM INDICATES DATA IS MISSING.
T  INDICATES TRACE AMOUNT.




$$
