970
CDUS46 KMFR 060839
CLIAAT


CLIMATE REPORT
NATIONAL WEATHER SERVICE MEDFORD, OR
1239 AM PST SAT FEB 6 2016


...................................

...THE ALTURAS CA CLIMATE SUMMARY FOR FEBRUARY 5 2016...

CLIMATE NORMAL PERIOD 1981 TO 2010
CLIMATE RECORD PERIOD 1905 TO 2016


WEATHER ITEM   OBSERVED TIME   RECORD YEAR NORMAL DEPARTURE LAST
                VALUE   (LST)  VALUE       VALUE  FROM      YEAR
                                                  NORMAL
..................................................................
TEMPERATURE (F)
 YESTERDAY
  MAXIMUM         42    437 PM  64    2015  44     -2       64
                                      1995
  MINIMUM         12    539 AM -33    1989  20     -8       40
  AVERAGE         27                        32     -5       52

PRECIPITATION (IN)
  YESTERDAY        0.00          0.35 1932   0.06  -0.06     0.00
  MONTH TO DATE    0.09                      0.23  -0.14     0.31
  SINCE OCT 1      8.07                      6.39   1.68     4.93
  SINCE JAN 1      2.09                      1.88   0.21     0.42

SNOWFALL (IN)
  YESTERDAY       MM                        MM     MM       MM
  MONTH TO DATE   MM                        MM     MM       MM
  SINCE JUL 1     MM                        MM     MM       MM
  SNOW DEPTH      MM

DEGREE DAYS
 HEATING
  YESTERDAY       38                        33      5       13
  MONTH TO DATE  206                       165     41      103
  SINCE DEC 1   2322                      2353    -31     1794
  SINCE JUL 1   3849                      4163   -314     3085

 COOLING
  YESTERDAY        0                         0      0        0
  MONTH TO DATE    0                         0      0        0
  SINCE DEC 1      0                         0      0        0
  SINCE JAN 1      0                         0      0        0
..................................................................


WIND (MPH)
  HIGHEST WIND SPEED    12   HIGHEST WIND DIRECTION     S (170)
  HIGHEST GUST SPEED    14   HIGHEST GUST DIRECTION     S (180)
  AVERAGE WIND SPEED     2.7


SKY COVER
  POSSIBLE SUNSHINE  MM
  AVERAGE SKY COVER 0.1


WEATHER CONDITIONS
 THE FOLLOWING WEATHER WAS RECORDED YESTERDAY.
  FOG
  FOG W/VISIBILITY <= 1/4 MILE


RELATIVE HUMIDITY (PERCENT)
 HIGHEST    92           100 AM
 LOWEST     60           100 PM
 AVERAGE    76

..........................................................


THE ALTURAS CA CLIMATE NORMALS FOR TODAY
                         NORMAL    RECORD    YEAR
 MAXIMUM TEMPERATURE (F)   44        67      1954
 MINIMUM TEMPERATURE (F)   20       -26      1989


SUNRISE AND SUNSET
FEBRUARY  6 2016......SUNRISE   709 AM PST   SUNSET   524 PM PST
FEBRUARY  7 2016......SUNRISE   708 AM PST   SUNSET   525 PM PST


-  INDICATES NEGATIVE NUMBERS.
R  INDICATES RECORD WAS SET OR TIED.
MM INDICATES DATA IS MISSING.
T  INDICATES TRACE AMOUNT.




$$
