000
CDUS46 KMFR 260836
CLIAAT


CLIMATE REPORT
NATIONAL WEATHER SERVICE MEDFORD, OR
136 AM PDT FRI AUG 26 2016


...................................

...THE ALTURAS CA CLIMATE SUMMARY FOR AUGUST 25 2016...

CLIMATE NORMAL PERIOD 1981 TO 2010
CLIMATE RECORD PERIOD 1905 TO 2016


WEATHER ITEM   OBSERVED TIME   RECORD YEAR NORMAL DEPARTURE LAST
                VALUE   (LST)  VALUE       VALUE  FROM      YEAR
                                                  NORMAL
..................................................................
TEMPERATURE (F)
 YESTERDAY
  MAXIMUM         84    510 PM  98    2010  84      0       91
  MINIMUM         42    551 AM  28    1963  41      1       41
  AVERAGE         63                        63      0       66

PRECIPITATION (IN)
  YESTERDAY        0.00          0.21 1977   0.02  -0.02     0.00
  MONTH TO DATE    T                         0.28  -0.28     0.27
  SINCE OCT 1     13.42                     13.57  -0.15    11.35
  SINCE JAN 1      7.44                      9.06  -1.62     6.84

SNOWFALL (IN)
  YESTERDAY       MM                        MM     MM       MM
  MONTH TO DATE   MM                        MM     MM       MM
  SINCE JUL 1     MM                        MM     MM       MM
  SNOW DEPTH      MM

DEGREE DAYS
 HEATING
  YESTERDAY        2                         3     -1        0
  MONTH TO DATE   13                        45    -32        5
  SINCE JUN 1    171                       266    -95       58
  SINCE JUL 1     53                        86    -33       28

 COOLING
  YESTERDAY        0                         1     -1        1
  MONTH TO DATE   91                        50     41       73
  SINCE JUN 1    251                       145    106      307
  SINCE JAN 1    251                       145    106      307
..................................................................


WIND (MPH)
  HIGHEST WIND SPEED    13   HIGHEST WIND DIRECTION     N (10)
  HIGHEST GUST SPEED    16   HIGHEST GUST DIRECTION     N (360)
  AVERAGE WIND SPEED     4.3


SKY COVER
  POSSIBLE SUNSHINE  MM
  AVERAGE SKY COVER 0.0


WEATHER CONDITIONS
 THE FOLLOWING WEATHER WAS RECORDED YESTERDAY.
  NO SIGNIFICANT WEATHER WAS OBSERVED.


RELATIVE HUMIDITY (PERCENT)
 HIGHEST    57           600 AM
 LOWEST      8           300 PM
 AVERAGE    33

..........................................................


THE ALTURAS CA CLIMATE NORMALS FOR TODAY
                         NORMAL    RECORD    YEAR
 MAXIMUM TEMPERATURE (F)   84        99      1934
 MINIMUM TEMPERATURE (F)   41        29      1908


SUNRISE AND SUNSET
AUGUST 26 2016........SUNRISE   623 AM PDT   SUNSET   744 PM PDT
AUGUST 27 2016........SUNRISE   624 AM PDT   SUNSET   742 PM PDT


-  INDICATES NEGATIVE NUMBERS.
R  INDICATES RECORD WAS SET OR TIED.
MM INDICATES DATA IS MISSING.
T  INDICATES TRACE AMOUNT.




$$
