000
CDUS46 KMFR 280836
CLIAAT


CLIMATE REPORT
NATIONAL WEATHER SERVICE MEDFORD, OR
1235 AM PST FRI NOV 28 2014


...................................

...THE ALTURAS CA CLIMATE SUMMARY FOR NOVEMBER 27 2014...

CLIMATE NORMAL PERIOD 1981 TO 2010
CLIMATE RECORD PERIOD 1905 TO 2014


WEATHER ITEM   OBSERVED TIME   RECORD YEAR NORMAL DEPARTURE LAST
                VALUE   (LST)  VALUE       VALUE  FROM      YEAR
                                                  NORMAL
..................................................................
TEMPERATURE (F)
 YESTERDAY
  MAXIMUM         56    250 PM  65    1963  44     12       59
  MINIMUM         31   1121 PM  -5    1931  21     10       19
  AVERAGE         44                        32     12       39

PRECIPITATION (IN)
  YESTERDAY        0.00          0.52 1962   0.06  -0.06     0.00
  MONTH TO DATE    0.65                      1.62  -0.97     0.29
  SINCE SEP 1      2.46                      3.15  -0.69     0.97
  SINCE JAN 1      8.74                     12.29  -3.55     6.12

SNOWFALL (IN)
  YESTERDAY       MM                        MM     MM       MM
  MONTH TO DATE   MM                        MM     MM       MM
  SINCE JUL 1     MM                        MM     MM        0.0
  SNOW DEPTH      MM

DEGREE DAYS
 HEATING
  YESTERDAY       21                        33    -12       26
  MONTH TO DATE  665                       768   -103      705
  SINCE SEP 1   1186                      1600   -414     1590
  SINCE JUL 1   1211                      1711   -500     1660

 COOLING
  YESTERDAY        0                         0      0        0
  MONTH TO DATE    0                         0      0        0
  SINCE SEP 1     12                         5      7       25
  SINCE JAN 1    380                       156    224      280
..................................................................


WIND (MPH)
  HIGHEST WIND SPEED    10   HIGHEST WIND DIRECTION     W (290)
  HIGHEST GUST SPEED    26   HIGHEST GUST DIRECTION    SW (220)
  AVERAGE WIND SPEED     2.3


SKY COVER
  POSSIBLE SUNSHINE  MM
  AVERAGE SKY COVER 0.0


WEATHER CONDITIONS
 THE FOLLOWING WEATHER WAS RECORDED YESTERDAY.
  FOG
  HAZE


RELATIVE HUMIDITY (PERCENT)
 HIGHEST    96          1200 AM
 LOWEST     38           300 PM
 AVERAGE    67

..........................................................


THE ALTURAS CA CLIMATE NORMALS FOR TODAY
                         NORMAL    RECORD    YEAR
 MAXIMUM TEMPERATURE (F)   43        68      1980
 MINIMUM TEMPERATURE (F)   21        -5      1931


SUNRISE AND SUNSET
NOVEMBER 28 2014......SUNRISE   706 AM PST   SUNSET   434 PM PST
NOVEMBER 29 2014......SUNRISE   707 AM PST   SUNSET   434 PM PST


-  INDICATES NEGATIVE NUMBERS.
R  INDICATES RECORD WAS SET OR TIED.
MM INDICATES DATA IS MISSING.
T  INDICATES TRACE AMOUNT.




$$
