000
CDUS46 KMFR 171239
CLIAAT


CLIMATE REPORT
NATIONAL WEATHER SERVICE MEDFORD, OR
439 AM PST WED JAN 17 2018


...................................

...THE ALTURAS CA CLIMATE SUMMARY FOR JANUARY 16 2018...

CLIMATE NORMAL PERIOD 1981 TO 2010
CLIMATE RECORD PERIOD 1905 TO 2018


WEATHER ITEM   OBSERVED TIME   RECORD YEAR NORMAL DEPARTURE LAST
                VALUE   (LST)  VALUE       VALUE  FROM      YEAR
                                                  NORMAL
..................................................................
TEMPERATURE (F)
 YESTERDAY
  MAXIMUM         52    226 PM  62    1961  42     10       38
  MINIMUM         29    839 PM -27    1917  18     11        9
  AVERAGE         41                        30     11       24

PRECIPITATION (IN)
  YESTERDAY        0.05          0.50 1952   0.04   0.01     0.00
  MONTH TO DATE    0.62                      1.01  -0.39     2.97
  SINCE OCT 1      3.62                      5.52  -1.90     6.72
  SINCE JAN 1      0.62                      1.01  -0.39     2.97

SNOWFALL (IN)
  YESTERDAY       MM                        MM     MM       MM
  MONTH TO DATE   MM                        MM     MM       MM
  SINCE JUL 1     MM                        MM     MM       MM
  SNOW DEPTH      MM

DEGREE DAYS
 HEATING
  YESTERDAY       24                        35    -11       41
  MONTH TO DATE  403                       572   -169      694
  SINCE DEC 1   1451                      1672   -221     1853
  SINCE JUL 1   3005                      3482   -477     3361

 COOLING
  YESTERDAY        0                         0      0        0
  MONTH TO DATE    0                         0      0        0
  SINCE DEC 1      0                         0      0        0
  SINCE JAN 1      0                         0      0        0
..................................................................


WIND (MPH)
  HIGHEST WIND SPEED    13   HIGHEST WIND DIRECTION    SW (220)
  HIGHEST GUST SPEED    16   HIGHEST GUST DIRECTION    SW (230)
  AVERAGE WIND SPEED     2.9


SKY COVER
  POSSIBLE SUNSHINE  MM
  AVERAGE SKY COVER 0.4


WEATHER CONDITIONS
 THE FOLLOWING WEATHER WAS RECORDED YESTERDAY.
  LIGHT RAIN
  FOG
  HAZE


RELATIVE HUMIDITY (PERCENT)
 HIGHEST   100           700 AM
 LOWEST     54           100 PM
 AVERAGE    77

..........................................................


THE ALTURAS CA CLIMATE NORMALS FOR TODAY
                         NORMAL    RECORD    YEAR
 MAXIMUM TEMPERATURE (F)   42        63      1961
 MINIMUM TEMPERATURE (F)   18       -31      1917


SUNRISE AND SUNSET
JANUARY 17 2018.......SUNRISE   725 AM PST   SUNSET   500 PM PST
JANUARY 18 2018.......SUNRISE   725 AM PST   SUNSET   501 PM PST


-  INDICATES NEGATIVE NUMBERS.
R  INDICATES RECORD WAS SET OR TIED.
MM INDICATES DATA IS MISSING.
T  INDICATES TRACE AMOUNT.




$$
