145
CDUS46 KMFR 050842
CLIAAT


CLIMATE REPORT
NATIONAL WEATHER SERVICE MEDFORD, OR
1242 AM PST MON DEC 5 2016


...................................

...THE ALTURAS CA CLIMATE SUMMARY FOR DECEMBER 4 2016...

CLIMATE NORMAL PERIOD 1981 TO 2010
CLIMATE RECORD PERIOD 1905 TO 2016


WEATHER ITEM   OBSERVED TIME   RECORD YEAR NORMAL DEPARTURE LAST
                VALUE   (LST)  VALUE       VALUE  FROM      YEAR
                                                  NORMAL
..................................................................
TEMPERATURE (F)
 YESTERDAY
  MAXIMUM         50    228 PM  71    1939  42      8       39
  MINIMUM         21    452 AM  -1    2013  20      1       22
  AVERAGE         36                        31      5       31

PRECIPITATION (IN)
  YESTERDAY        0.01          0.67 1994   0.05  -0.04     0.15
  MONTH TO DATE    0.01                      0.20  -0.19     0.18
  SINCE OCT 1      2.01                      3.00  -0.99     2.65
  SINCE JAN 1      9.48                     12.66  -3.18     9.85

SNOWFALL (IN)
  YESTERDAY       MM                        MM     MM       MM
  MONTH TO DATE   MM                        MM     MM       MM
  SINCE JUL 1     MM                        MM     MM       MM
  SNOW DEPTH      MM

DEGREE DAYS
 HEATING
  YESTERDAY       29                        34     -5       34
  MONTH TO DATE  135                       136     -1      118
  SINCE DEC 1    135                       136     -1      118
  SINCE JUL 1   1643                      1946   -303     1645

 COOLING
  YESTERDAY        0                         0      0        0
  MONTH TO DATE    0                         0      0        0
  SINCE DEC 1      0                         0      0        0
  SINCE JAN 1    254                       156     98      333
..................................................................


WIND (MPH)
  HIGHEST WIND SPEED    23   HIGHEST WIND DIRECTION     W (290)
  HIGHEST GUST SPEED    28   HIGHEST GUST DIRECTION     W (290)
  AVERAGE WIND SPEED     5.4


SKY COVER
  POSSIBLE SUNSHINE  MM
  AVERAGE SKY COVER 0.3


WEATHER CONDITIONS
 THE FOLLOWING WEATHER WAS RECORDED YESTERDAY.
  FOG
  HAZE


RELATIVE HUMIDITY (PERCENT)
 HIGHEST   100           700 AM
 LOWEST     50           200 PM
 AVERAGE    75

..........................................................


THE ALTURAS CA CLIMATE NORMALS FOR TODAY
                         NORMAL    RECORD    YEAR
 MAXIMUM TEMPERATURE (F)   41        64      1939
 MINIMUM TEMPERATURE (F)   20       -10      2013


SUNRISE AND SUNSET
DECEMBER  5 2016......SUNRISE   714 AM PST   SUNSET   432 PM PST
DECEMBER  6 2016......SUNRISE   715 AM PST   SUNSET   432 PM PST


-  INDICATES NEGATIVE NUMBERS.
R  INDICATES RECORD WAS SET OR TIED.
MM INDICATES DATA IS MISSING.
T  INDICATES TRACE AMOUNT.




$$
