000
CDUS46 KMFR 210839
CLIAAT


CLIMATE REPORT
NATIONAL WEATHER SERVICE MEDFORD, OR
138 AM PDT THU SEP 21 2017


...................................

...THE ALTURAS CA CLIMATE SUMMARY FOR SEPTEMBER 20 2017...

CLIMATE NORMAL PERIOD 1981 TO 2010
CLIMATE RECORD PERIOD 1905 TO 2017


WEATHER ITEM   OBSERVED TIME   RECORD YEAR NORMAL DEPARTURE LAST
                VALUE   (LST)  VALUE       VALUE  FROM      YEAR
                                                  NORMAL
..................................................................
TEMPERATURE (F)
 YESTERDAY
  MAXIMUM         61    141 PM  97    1953  76    -15       82
  MINIMUM         39   1159 PM  20    1978  34      5       41
  AVERAGE         50                        55     -5       62

PRECIPITATION (IN)
  YESTERDAY        0.18          0.60 1988   0.02   0.16     0.00
  MONTH TO DATE    0.25                      0.31  -0.06     0.03
  SINCE OCT 1     15.88                     13.96   1.92    13.45
  SINCE JAN 1     12.13                      9.45   2.68     7.47

SNOWFALL (IN)
  YESTERDAY       MM                        MM     MM       MM
  MONTH TO DATE   MM                        MM     MM       MM
  SINCE JUL 1     MM                        MM     MM       MM
  SNOW DEPTH      MM

DEGREE DAYS
 HEATING
  YESTERDAY       15                        10      5        3
  MONTH TO DATE   84                       147    -63      135
  SINCE SEP 1     84                       147    -63      135
  SINCE JUL 1     85                       258   -173      192

 COOLING
  YESTERDAY        0                         0      0        0
  MONTH TO DATE   75                         3     72        0
  SINCE SEP 1     75                         3     72        0
  SINCE JAN 1    516                       154    362      254
..................................................................


WIND (MPH)
  HIGHEST WIND SPEED    25   HIGHEST WIND DIRECTION    SW (240)
  HIGHEST GUST SPEED    35   HIGHEST GUST DIRECTION     W (250)
  AVERAGE WIND SPEED    11.1


SKY COVER
  POSSIBLE SUNSHINE  MM
  AVERAGE SKY COVER 1.0


WEATHER CONDITIONS
 THE FOLLOWING WEATHER WAS RECORDED YESTERDAY.
  RAIN
  LIGHT RAIN
  FOG


RELATIVE HUMIDITY (PERCENT)
 HIGHEST    92           900 PM
 LOWEST     36           100 PM
 AVERAGE    64

..........................................................


THE ALTURAS CA CLIMATE NORMALS FOR TODAY
                         NORMAL    RECORD    YEAR
 MAXIMUM TEMPERATURE (F)   76        92      1916
 MINIMUM TEMPERATURE (F)   33        20      1993


SUNRISE AND SUNSET
SEPTEMBER 21 2017.....SUNRISE   649 AM PDT   SUNSET   701 PM PDT
SEPTEMBER 22 2017.....SUNRISE   650 AM PDT   SUNSET   659 PM PDT


-  INDICATES NEGATIVE NUMBERS.
R  INDICATES RECORD WAS SET OR TIED.
MM INDICATES DATA IS MISSING.
T  INDICATES TRACE AMOUNT.




$$
