000
CDUS46 KMFR 010837
CLIAAT


CLIMATE REPORT
NATIONAL WEATHER SERVICE MEDFORD, OR
1237 AM PST SUN MAR 1 2015


...................................

...THE ALTURAS CA CLIMATE SUMMARY FOR FEBRUARY 28 2015...

CLIMATE NORMAL PERIOD 1981 TO 2010
CLIMATE RECORD PERIOD 1905 TO 2015


WEATHER ITEM   OBSERVED TIME   RECORD YEAR NORMAL DEPARTURE LAST
                VALUE   (LST)  VALUE       VALUE  FROM      YEAR
                                                  NORMAL
..................................................................
TEMPERATURE (F)
 YESTERDAY
  MAXIMUM         40   1247 PM  72    1986  49     -9       51
  MINIMUM         30   1159 PM -12    1917  24      6       26
  AVERAGE         35                        36     -1       39

PRECIPITATION (IN)
  YESTERDAY        T             0.58 1983   0.05  -0.05     0.19
  MONTH TO DATE    1.02                      1.45  -0.43     1.48
  SINCE OCT 1      5.64                      7.61  -1.97     2.23
  SINCE JAN 1      1.13                      3.10  -1.97     1.60

SNOWFALL (IN)
  YESTERDAY       MM                        MM     MM       MM
  MONTH TO DATE   MM                        MM     MM       MM
  SINCE JUL 1     MM                        MM     MM        0.0
  SNOW DEPTH      MM

DEGREE DAYS
 HEATING
  YESTERDAY       30                        29      1       26
  MONTH TO DATE  645                       869   -224      780
  SINCE DEC 1   2336                      3057   -721     3020
  SINCE JUL 1   3627                      4867  -1240     4765

 COOLING
  YESTERDAY        0                         0      0        0
  MONTH TO DATE    0                         0      0        0
  SINCE DEC 1      0                         0      0        0
  SINCE JAN 1      0                         0      0        0
..................................................................


WIND (MPH)
  HIGHEST WIND SPEED    23   HIGHEST WIND DIRECTION     N (10)
  HIGHEST GUST SPEED    31   HIGHEST GUST DIRECTION     N (10)
  AVERAGE WIND SPEED    11.8


SKY COVER
  POSSIBLE SUNSHINE  MM
  AVERAGE SKY COVER 1.0


WEATHER CONDITIONS
 THE FOLLOWING WEATHER WAS RECORDED YESTERDAY.
  FOG
  FOG W/VISIBILITY <= 1/4 MILE
  HAZE


RELATIVE HUMIDITY (PERCENT)
 HIGHEST    92          1200 AM
 LOWEST     59           600 PM
 AVERAGE    76

..........................................................


THE ALTURAS CA CLIMATE NORMALS FOR TODAY
                         NORMAL    RECORD    YEAR
 MAXIMUM TEMPERATURE (F)   49        70      1934
 MINIMUM TEMPERATURE (F)   24       -25      1917


SUNRISE AND SUNSET
MARCH  1 2015.........SUNRISE   637 AM PST   SUNSET   553 PM PST
MARCH  2 2015.........SUNRISE   635 AM PST   SUNSET   554 PM PST


-  INDICATES NEGATIVE NUMBERS.
R  INDICATES RECORD WAS SET OR TIED.
MM INDICATES DATA IS MISSING.
T  INDICATES TRACE AMOUNT.




$$
