000
CDUS46 KMFR 240036
CLIAAT


CLIMATE REPORT
NATIONAL WEATHER SERVICE MEDFORD, OR
536 PM PDT FRI JUN 23 2017


...................................

...THE ALTURAS CA CLIMATE SUMMARY FOR JUNE 23 2017...
VALID TODAY AS OF 0500 PM LOCAL TIME.

CLIMATE NORMAL PERIOD 1981 TO 2010
CLIMATE RECORD PERIOD 1905 TO 2017


WEATHER ITEM   OBSERVED TIME   RECORD YEAR NORMAL DEPARTURE LAST
                VALUE   (LST)  VALUE       VALUE  FROM      YEAR
                                                  NORMAL
..................................................................
TEMPERATURE (F)
 TODAY
  MAXIMUM         93    359 PM  99    1992  81     12       81
  MINIMUM         50    458 AM  28    1993  42      8       44
  AVERAGE         72                        61     11       63

PRECIPITATION (IN)
  TODAY            0.00          0.10 1963   0.01  -0.01     0.00
  MONTH TO DATE    1.16                      0.84   0.32     0.56
  SINCE OCT 1     14.28                     12.89   1.39    13.37
  SINCE JAN 1     10.53                      8.38   2.15     7.39

SNOWFALL (IN)
  TODAY           MM                        MM     MM       MM
  MONTH TO DATE   MM                        MM     MM       MM
  SINCE JUL 1     MM                        MM     MM       MM
  SNOW DEPTH      MM

DEGREE DAYS
 HEATING
  TODAY            0                         4     -4        2
  MONTH TO DATE  109                       157    -48      111
  SINCE JUN 1    109                       157    -48      111
  SINCE JUL 1   6354                      6914   -560     5986

 COOLING
  TODAY            7                         1      6        0
  MONTH TO DATE   57                         2     55       23
  SINCE JUN 1     57                         2     55       23
  SINCE JAN 1     57                         2     55       23
..................................................................


WIND (MPH)
  HIGHEST WIND SPEED    13   HIGHEST WIND DIRECTION    MM
  HIGHEST GUST SPEED    17   HIGHEST GUST DIRECTION     W (270)
  AVERAGE WIND SPEED     4.4


SKY COVER
  POSSIBLE SUNSHINE  MM
  AVERAGE SKY COVER 0.0


WEATHER CONDITIONS
 THE FOLLOWING WEATHER WAS RECORDED TODAY.
  NO SIGNIFICANT WEATHER WAS OBSERVED.


RELATIVE HUMIDITY (PERCENT)
 HIGHEST    61           500 AM
 LOWEST     13           300 PM
 AVERAGE    37

..........................................................


THE ALTURAS CA CLIMATE NORMALS FOR TOMORROW
                         NORMAL    RECORD    YEAR
 MAXIMUM TEMPERATURE (F)   81        98      2006
 MINIMUM TEMPERATURE (F)   43        23      1910


SUNRISE AND SUNSET
JUNE 23 2017..........SUNRISE   529 AM PDT   SUNSET   840 PM PDT
JUNE 24 2017..........SUNRISE   529 AM PDT   SUNSET   840 PM PDT


-  INDICATES NEGATIVE NUMBERS.
R  INDICATES RECORD WAS SET OR TIED.
MM INDICATES DATA IS MISSING.
T  INDICATES TRACE AMOUNT.




$$
