000
CDUS46 KMFR 290035
CLIAAT


CLIMATE REPORT
NATIONAL WEATHER SERVICE MEDFORD, OR
535 PM PDT MON JUL 28 2014


...................................

...THE ALTURAS CA CLIMATE SUMMARY FOR JULY 28 2014...
VALID TODAY AS OF 0500 PM LOCAL TIME.

CLIMATE NORMAL PERIOD 1981 TO 2010
CLIMATE RECORD PERIOD 1905 TO 2014


WEATHER ITEM   OBSERVED TIME   RECORD YEAR NORMAL DEPARTURE LAST
                VALUE   (LST)  VALUE       VALUE  FROM      YEAR
                                                  NORMAL
..................................................................
TEMPERATURE (F)
 TODAY
  MAXIMUM         98    338 PM 103    1968  90      8       89
  MINIMUM         51    543 AM  32    1965  45      6       49
  AVERAGE         75                        68      7       69

PRECIPITATION (IN)
  TODAY            0.00          0.46 1952   0.01  -0.01     0.00
  MONTH TO DATE    0.41                      0.29   0.12      T
  SINCE SEP 1      6.96                     13.76  -6.80     8.77
  SINCE JAN 1      5.82                      8.73  -2.91     4.43

SNOWFALL (IN)
  TODAY           MM                        MM     MM       MM
  MONTH TO DATE   MM                        MM     MM       MM
  SINCE JUL 1     MM                        MM     MM       MM
  SNOW DEPTH      MM

DEGREE DAYS
 HEATING
  TODAY            0                         1     -1        0
  MONTH TO DATE    6                        38    -32        4
  SINCE JUN 1     95                       218   -123      160
  SINCE JUL 1      6                        38    -32        4

 COOLING
  TODAY           10                         3      7        4
  MONTH TO DATE  227                        70    157      169
  SINCE JUN 1    247                        81    166      212
  SINCE JAN 1    247                        81    166      212
..................................................................


WIND (MPH)
  HIGHEST WIND SPEED    21   HIGHEST WIND DIRECTION     W (270)
  HIGHEST GUST SPEED    27   HIGHEST GUST DIRECTION     W (290)
  AVERAGE WIND SPEED     3.3


SKY COVER
  POSSIBLE SUNSHINE  MM
  AVERAGE SKY COVER 0.0


WEATHER CONDITIONS
 THE FOLLOWING WEATHER WAS RECORDED TODAY.
  NO SIGNIFICANT WEATHER WAS OBSERVED.


RELATIVE HUMIDITY (PERCENT)
 HIGHEST    54           600 AM
 LOWEST      8           400 PM
 AVERAGE    31

..........................................................


THE ALTURAS CA CLIMATE NORMALS FOR TOMORROW
                         NORMAL    RECORD    YEAR
 MAXIMUM TEMPERATURE (F)   90       104      1968
 MINIMUM TEMPERATURE (F)   45        33      1916


SUNRISE AND SUNSET
JULY 28 2014..........SUNRISE   553 AM PDT   SUNSET   824 PM PDT
JULY 29 2014..........SUNRISE   554 AM PDT   SUNSET   823 PM PDT


-  INDICATES NEGATIVE NUMBERS.
R  INDICATES RECORD WAS SET OR TIED.
MM INDICATES DATA IS MISSING.
T  INDICATES TRACE AMOUNT.




$$
