000
CDUS41 KPHI 302129
CLIABE


CLIMATE REPORT
NATIONAL WEATHER SERVICE MOUNT HOLLY NJ
528 PM EDT SAT MAY 30 2015


...................................

...THE ALLENTOWN PA CLIMATE SUMMARY FOR MAY 30 2015...
VALID TODAY AS OF 0500 PM LOCAL TIME.

CLIMATE NORMAL PERIOD 1981 TO 2010
CLIMATE RECORD PERIOD 1922 TO 2015


WEATHER ITEM   OBSERVED TIME   RECORD YEAR NORMAL DEPARTURE LAST
                VALUE   (LST)  VALUE       VALUE  FROM      YEAR
                                                  NORMAL
..................................................................
TEMPERATURE (F)
 TODAY
  MAXIMUM         90    246 PM  94    1987  76     14       79
  MINIMUM         67    343 AM  36    1949  53     14       54
  AVERAGE         79                        64     15       67

PRECIPITATION (IN)
  TODAY            0.00          1.68 1968   0.15  -0.15     0.00
  MONTH TO DATE    0.22                      3.99  -3.77     4.27
  SINCE MAR 1      6.46                     10.94  -4.48    13.31
  SINCE JAN 1     11.01                     16.67  -5.66    22.30

SNOWFALL (IN)
  TODAY            0.0           0.0    MM   0.0    0.0      0.0
  MONTH TO DATE    0.0                       0.0    0.0      0.0
  SINCE MAR 1     17.8                       5.9   11.9      1.4
  SINCE JUL 1     50.1                      32.9   17.2     68.1
  SNOW DEPTH       0

DEGREE DAYS
 HEATING
  TODAY            0                         3     -3        0
  MONTH TO DATE   81                       195   -114      130
  SINCE MAR 1   1447                      1456     -9     1554
  SINCE JUL 1   5928                      5765    163     6152

 COOLING
  TODAY           14                         3     11        2
  MONTH TO DATE  123                        35     88       32
  SINCE MAR 1    123                        40     83       39
  SINCE JAN 1    123                        40     83       39
..................................................................


WIND (MPH)
  HIGHEST WIND SPEED    20   HIGHEST WIND DIRECTION     S (200)
  HIGHEST GUST SPEED    25   HIGHEST GUST DIRECTION     S (180)
  AVERAGE WIND SPEED     8.3


SKY COVER
  POSSIBLE SUNSHINE  MM
  AVERAGE SKY COVER 0.5


WEATHER CONDITIONS
 THE FOLLOWING WEATHER WAS RECORDED TODAY.
  NO SIGNIFICANT WEATHER WAS OBSERVED.


RELATIVE HUMIDITY (PERCENT)
 HIGHEST    84           600 AM
 LOWEST     43           300 PM
 AVERAGE    64

..........................................................


THE ALLENTOWN PA CLIMATE NORMALS FOR TOMORROW
                         NORMAL    RECORD    YEAR
 MAXIMUM TEMPERATURE (F)   76        95      1939
 MINIMUM TEMPERATURE (F)   53        37      1996


SUNRISE AND SUNSET
MAY 30 2015...........SUNRISE   534 AM EDT   SUNSET   825 PM EDT
MAY 31 2015...........SUNRISE   534 AM EDT   SUNSET   826 PM EDT


-  INDICATES NEGATIVE NUMBERS.
R  INDICATES RECORD WAS SET OR TIED.
MM INDICATES DATA IS MISSING.
T  INDICATES TRACE AMOUNT.




$$
