929
CDUS41 KPHI 180548
CLIABE


CLIMATE REPORT
NATIONAL WEATHER SERVICE MOUNT HOLLY NJ
1248 AM EST SAT NOV 18 2017


...................................

...THE ALLENTOWN PA CLIMATE SUMMARY FOR NOVEMBER 17 2017...

CLIMATE NORMAL PERIOD 1981 TO 2010
CLIMATE RECORD PERIOD 1922 TO 2017


WEATHER ITEM   OBSERVED TIME   RECORD YEAR NORMAL DEPARTURE LAST
                VALUE   (LST)  VALUE       VALUE  FROM      YEAR
                                                  NORMAL
..................................................................
TEMPERATURE (F)
 YESTERDAY
  MAXIMUM         49    313 PM  71    1928  52     -3       61
  MINIMUM         30   1118 PM  14    1933  33     -3       37
  AVERAGE         40                        42     -2       49

PRECIPITATION (IN)
  YESTERDAY        0.01          1.30 1926   0.12  -0.11     0.00
  MONTH TO DATE    0.89                      1.85  -0.96     0.41
  SINCE SEP 1      8.50                     10.35  -1.85     5.06
  SINCE JAN 1     47.64                     40.12   7.52    31.47

SNOWFALL (IN)
  YESTERDAY        0.0           4.2  1980   0.0    0.0      0.0
  MONTH TO DATE    0.0                       0.1   -0.1      0.0
  SINCE SEP 1      0.0                       0.1   -0.1      0.0
  SINCE JUL 1      0.0                       0.1   -0.1      0.0
  SNOW DEPTH       0

DEGREE DAYS
 HEATING
  YESTERDAY       25                        23      2       16
  MONTH TO DATE  348                       341      7      287
  SINCE SEP 1    600                       841   -241      625
  SINCE JUL 1    604                       852   -248      625

 COOLING
  YESTERDAY        0                         0      0        0
  MONTH TO DATE    0                         0      0        0
  SINCE SEP 1    196                        78    118      191
  SINCE JAN 1   1004                       757    247     1223
..................................................................


WIND (MPH)
  HIGHEST WIND SPEED    22   HIGHEST WIND DIRECTION    NW (310)
  HIGHEST GUST SPEED    30   HIGHEST GUST DIRECTION    NW (320)
  AVERAGE WIND SPEED     9.3


SKY COVER
  POSSIBLE SUNSHINE  MM
  AVERAGE SKY COVER 0.3


WEATHER CONDITIONS
 THE FOLLOWING WEATHER WAS RECORDED YESTERDAY.
  LIGHT RAIN


RELATIVE HUMIDITY (PERCENT)
 HIGHEST    70           100 AM
 LOWEST     34           200 PM
 AVERAGE    52

..........................................................


THE ALLENTOWN PA CLIMATE NORMALS FOR TODAY
                         NORMAL    RECORD    YEAR
 MAXIMUM TEMPERATURE (F)   52        76      1928
 MINIMUM TEMPERATURE (F)   32        16      1933


SUNRISE AND SUNSET
NOVEMBER 18 2017......SUNRISE   652 AM EST   SUNSET   441 PM EST
NOVEMBER 19 2017......SUNRISE   653 AM EST   SUNSET   441 PM EST


-  INDICATES NEGATIVE NUMBERS.
R  INDICATES RECORD WAS SET OR TIED.
MM INDICATES DATA IS MISSING.
T  INDICATES TRACE AMOUNT.




$$
