000
CDUS41 KPHI 290635
CLIABE


CLIMATE REPORT
NATIONAL WEATHER SERVICE MOUNT HOLLY NJ
234 AM EDT MON AUG 29 2016


...................................

...THE ALLENTOWN PA CLIMATE SUMMARY FOR AUGUST 28 2016...

CLIMATE NORMAL PERIOD 1981 TO 2010
CLIMATE RECORD PERIOD 1922 TO 2016


WEATHER ITEM   OBSERVED TIME   RECORD YEAR NORMAL DEPARTURE LAST
                VALUE   (LST)  VALUE       VALUE  FROM      YEAR
                                                  NORMAL
..................................................................
TEMPERATURE (F)
 YESTERDAY
  MAXIMUM         91    353 PM  97    1973  81     10       81
                                      1953
                                      1948
  MINIMUM         60    516 AM  46    1986  59      1       51
                                      1968
  AVERAGE         76                        70      6       66

PRECIPITATION (IN)
  YESTERDAY        0.00          3.37 2011   0.10  -0.10     0.00
  MONTH TO DATE    1.93                      3.38  -1.45     2.56
  SINCE JUN 1     10.52                     12.64  -2.12    15.58
  SINCE JAN 1     26.35                     29.46  -3.11    27.19

SNOWFALL (IN)
  YESTERDAY        0.0           0.0  2002   0.0    0.0      0.0
                                      2001
  MONTH TO DATE    0.0                       0.0    0.0      0.0
  SINCE JUN 1      0.0                       0.0    0.0      0.0
  SINCE JUL 1      0.0                       0.0    0.0      0.0
  SNOW DEPTH       0

DEGREE DAYS
 HEATING
  YESTERDAY        0                         1     -1        0
  MONTH TO DATE    0                         1     -1        0
  SINCE JUN 1      9                        37    -28       21
  SINCE JUL 1      0                         4     -4        0

 COOLING
  YESTERDAY       11                         5      6        1
  MONTH TO DATE  336                       199    137      220
  SINCE JUN 1    915                       619    296      726
  SINCE JAN 1   1002                       664    338      859
..................................................................


WIND (MPH)
  HIGHEST WIND SPEED    13   HIGHEST WIND DIRECTION    SW (220)
  HIGHEST GUST SPEED    17   HIGHEST GUST DIRECTION    SW (210)
  AVERAGE WIND SPEED     4.2


SKY COVER
  POSSIBLE SUNSHINE  MM
  AVERAGE SKY COVER 0.0


WEATHER CONDITIONS
 THE FOLLOWING WEATHER WAS RECORDED YESTERDAY.
  NO SIGNIFICANT WEATHER WAS OBSERVED.


RELATIVE HUMIDITY (PERCENT)
 HIGHEST    90           400 AM
 LOWEST     38           200 PM
 AVERAGE    64

..........................................................


THE ALLENTOWN PA CLIMATE NORMALS FOR TODAY
                         NORMAL    RECORD    YEAR
 MAXIMUM TEMPERATURE (F)   81        97      1953
 MINIMUM TEMPERATURE (F)   59        43      1982


SUNRISE AND SUNSET
AUGUST 29 2016........SUNRISE   626 AM EDT   SUNSET   738 PM EDT
AUGUST 30 2016........SUNRISE   627 AM EDT   SUNSET   736 PM EDT


-  INDICATES NEGATIVE NUMBERS.
R  INDICATES RECORD WAS SET OR TIED.
MM INDICATES DATA IS MISSING.
T  INDICATES TRACE AMOUNT.




$$
