000
CDUS41 KPHI 210630
CLIABE


CLIMATE REPORT
NATIONAL WEATHER SERVICE MOUNT HOLLY NJ
229 AM EDT SUN SEP 21 2014


...................................

...THE ALLENTOWN PA CLIMATE SUMMARY FOR SEPTEMBER 20 2014...

CLIMATE NORMAL PERIOD 1981 TO 2010
CLIMATE RECORD PERIOD 1922 TO 2014


WEATHER ITEM   OBSERVED TIME   RECORD YEAR NORMAL DEPARTURE LAST
                VALUE   (LST)  VALUE       VALUE  FROM      YEAR
                                                  NORMAL
..................................................................
TEMPERATURE (F)
 YESTERDAY
  MAXIMUM         78    247 PM  92    1983  73      5       79
  MINIMUM         56   1211 AM  37    1993  51      5       47
  AVERAGE         67                        62      5       63

PRECIPITATION (IN)
  YESTERDAY        0.00          2.95 1938   0.17  -0.17     0.00
  MONTH TO DATE    1.23                      2.90  -1.67     1.40
  SINCE SEP 1      1.23                      2.90  -1.67     1.40
  SINCE JAN 1     35.22                     32.67   2.55    36.24

SNOWFALL (IN)
  YESTERDAY        0.0           0.0  2002   0.0    0.0      0.0
                                      2001
  MONTH TO DATE    0.0                       0.0    0.0      0.0
  SINCE SEP 1      0.0                       0.0    0.0      0.0
  SINCE JUL 1      0.0                       0.0    0.0      0.0
  SNOW DEPTH       0

DEGREE DAYS
 HEATING
  YESTERDAY        0                         4     -4        2
  MONTH TO DATE   45                        44      1       67
  SINCE SEP 1     45                        44      1       67
  SINCE JUL 1     49                        55     -6       71

 COOLING
  YESTERDAY        2                         2      0        0
  MONTH TO DATE   96                        62     34       78
  SINCE SEP 1     96                        62     34       78
  SINCE JAN 1    783                       741     42      903
..................................................................


WIND (MPH)
  HIGHEST WIND SPEED    15   HIGHEST WIND DIRECTION     S (170)
  HIGHEST GUST SPEED    22   HIGHEST GUST DIRECTION     S (170)
  AVERAGE WIND SPEED     5.5


SKY COVER
  POSSIBLE SUNSHINE  MM
  AVERAGE SKY COVER 0.7


WEATHER CONDITIONS
 THE FOLLOWING WEATHER WAS RECORDED YESTERDAY.
  NO SIGNIFICANT WEATHER WAS OBSERVED.


RELATIVE HUMIDITY (PERCENT)
 HIGHEST    86           700 AM
 LOWEST     47           200 PM
 AVERAGE    67

..........................................................


THE ALLENTOWN PA CLIMATE NORMALS FOR TODAY
                         NORMAL    RECORD    YEAR
 MAXIMUM TEMPERATURE (F)   73        91      1940
                                             1931
 MINIMUM TEMPERATURE (F)   51        34      1956


SUNRISE AND SUNSET
SEPTEMBER 21 2014.....SUNRISE   648 AM EDT   SUNSET   701 PM EDT
SEPTEMBER 22 2014.....SUNRISE   649 AM EDT   SUNSET   659 PM EDT


-  INDICATES NEGATIVE NUMBERS.
R  INDICATES RECORD WAS SET OR TIED.
MM INDICATES DATA IS MISSING.
T  INDICATES TRACE AMOUNT.




$$
