000
CDUS41 KPHI 052141
CLIABE


CLIMATE REPORT
NATIONAL WEATHER SERVICE MOUNT HOLLY NJ
541 PM EDT SUN JUL 5 2015


...................................

...THE ALLENTOWN PA CLIMATE SUMMARY FOR JULY 5 2015...
VALID TODAY AS OF 0500 PM LOCAL TIME.

CLIMATE NORMAL PERIOD 1981 TO 2010
CLIMATE RECORD PERIOD 1922 TO 2015


WEATHER ITEM   OBSERVED TIME   RECORD YEAR NORMAL DEPARTURE LAST
                VALUE   (LST)  VALUE       VALUE  FROM      YEAR
                                                  NORMAL
..................................................................
TEMPERATURE (F)
 TODAY
  MAXIMUM         83    343 PM  98    2010  84     -1       82
                                      1999
                                      1955
  MINIMUM         59    425 AM  50    1968  62     -3       56
                                      1922
  AVERAGE         71                        73     -2       69

PRECIPITATION (IN)
  TODAY            0.00          1.43 1984   0.15  -0.15     0.00
  MONTH TO DATE    0.48                      0.76  -0.28     0.90
  SINCE JUN 1      8.07                      5.07   3.00     6.30
  SINCE JAN 1     19.68                     21.89  -2.21    28.60

SNOWFALL (IN)
  TODAY            0.0           0.0  2002   0.0    0.0      0.0
                                      2001
  MONTH TO DATE    0.0                       0.0    0.0      0.0
  SINCE JUN 1      0.0                       0.0    0.0      0.0
  SINCE JUL 1      0.0                       0.0    0.0      0.0
  SNOW DEPTH       0

DEGREE DAYS
 HEATING
  TODAY            0                         0      0        0
  MONTH TO DATE    0                         0      0        0
  SINCE JUN 1     21                        33    -12        4
  SINCE JUL 1      0                         0      0        0

 COOLING
  TODAY            6                         8     -2        4
  MONTH TO DATE   30                        40    -10       56
  SINCE JUN 1    229                       195     34      238
  SINCE JAN 1    362                       240    122      277
..................................................................


WIND (MPH)
  HIGHEST WIND SPEED    10   HIGHEST WIND DIRECTION    NW (320)
  HIGHEST GUST SPEED    14   HIGHEST GUST DIRECTION     N (340)
  AVERAGE WIND SPEED     1.7


SKY COVER
  POSSIBLE SUNSHINE  MM
  AVERAGE SKY COVER 0.2


WEATHER CONDITIONS
 THE FOLLOWING WEATHER WAS RECORDED TODAY.
  FOG
  HAZE


RELATIVE HUMIDITY (PERCENT)
 HIGHEST    93          1200 AM
 LOWEST     46           400 PM
 AVERAGE    70

..........................................................


THE ALLENTOWN PA CLIMATE NORMALS FOR TOMORROW
                         NORMAL    RECORD    YEAR
 MAXIMUM TEMPERATURE (F)   84       101      2010
 MINIMUM TEMPERATURE (F)   62        50      2001
                                             1979


SUNRISE AND SUNSET
JULY  5 2015..........SUNRISE   537 AM EDT   SUNSET   836 PM EDT
JULY  6 2015..........SUNRISE   537 AM EDT   SUNSET   836 PM EDT


-  INDICATES NEGATIVE NUMBERS.
R  INDICATES RECORD WAS SET OR TIED.
MM INDICATES DATA IS MISSING.
T  INDICATES TRACE AMOUNT.




$$
