000
CDUS41 KPHI 012130
CLIABE


CLIMATE REPORT
NATIONAL WEATHER SERVICE MOUNT HOLLY NJ
530 PM EDT SAT OCT 1 2016


...................................

...THE ALLENTOWN PA CLIMATE SUMMARY FOR OCTOBER 1 2016...
VALID TODAY AS OF 0500 PM LOCAL TIME.

CLIMATE NORMAL PERIOD 1981 TO 2010
CLIMATE RECORD PERIOD 1922 TO 2016


WEATHER ITEM   OBSERVED TIME   RECORD YEAR NORMAL DEPARTURE LAST
                VALUE   (LST)  VALUE       VALUE  FROM      YEAR
                                                  NORMAL
..................................................................
TEMPERATURE (F)
 TODAY
  MAXIMUM         62    342 PM  89    1927  69     -7       62
  MINIMUM         54    552 AM  33    1993  47      7       54
                                      1930
  AVERAGE         58                        58      0       58

PRECIPITATION (IN)
  TODAY            0.00          2.35 2010   0.15  -0.15     0.12
  MONTH TO DATE    0.00                      0.15  -0.15     0.12
  SINCE SEP 1      3.42                      4.77  -1.35     4.82
  SINCE JAN 1     29.83                     34.54  -4.71    32.01

SNOWFALL (IN)
  TODAY            0.0           0.0    MM   0.0    0.0      0.0
  MONTH TO DATE    0.0                       0.0    0.0      0.0
  SINCE SEP 1      0.0                       0.0    0.0      0.0
  SINCE JUL 1      0.0                       0.0    0.0      0.0
  SNOW DEPTH       0

DEGREE DAYS
 HEATING
  TODAY            7                         8     -1        7
  MONTH TO DATE    7                         8     -1        7
  SINCE SEP 1     49                       112    -63       29
  SINCE JUL 1     49                       123    -74       29

 COOLING
  TODAY            0                         1     -1        0
  MONTH TO DATE    0                         1     -1        0
  SINCE SEP 1    176                        72    104      170
  SINCE JAN 1   1208                       751    457     1057
..................................................................


WIND (MPH)
  HIGHEST WIND SPEED    16   HIGHEST WIND DIRECTION    NE (50)
  HIGHEST GUST SPEED    22   HIGHEST GUST DIRECTION    NE (50)
  AVERAGE WIND SPEED    10.0


SKY COVER
  POSSIBLE SUNSHINE  MM
  AVERAGE SKY COVER 1.0


WEATHER CONDITIONS
 THE FOLLOWING WEATHER WAS RECORDED TODAY.
  FOG


RELATIVE HUMIDITY (PERCENT)
 HIGHEST    93           500 AM
 LOWEST     78           200 PM
 AVERAGE    86

..........................................................


THE ALLENTOWN PA CLIMATE NORMALS FOR TOMORROW
                         NORMAL    RECORD    YEAR
 MAXIMUM TEMPERATURE (F)   69        92      1927
 MINIMUM TEMPERATURE (F)   46        32      1997


SUNRISE AND SUNSET
OCTOBER  1 2016.......SUNRISE   659 AM EDT   SUNSET   643 PM EDT
OCTOBER  2 2016.......SUNRISE   700 AM EDT   SUNSET   641 PM EDT


-  INDICATES NEGATIVE NUMBERS.
R  INDICATES RECORD WAS SET OR TIED.
MM INDICATES DATA IS MISSING.
T  INDICATES TRACE AMOUNT.




$$
