000
CDUS44 KSJT 120750
CLIABI


CLIMATE REPORT
NATIONAL WEATHER SERVICE SAN ANGELO TX
150 AM CST TUE DEC 12 2017


...................................

...THE ABILENE CLIMATE SUMMARY FOR DECEMBER 11 2017...

CLIMATE NORMAL PERIOD 1981 TO 2010
CLIMATE RECORD PERIOD 1886 TO 2017


WEATHER ITEM   OBSERVED TIME   RECORD YEAR NORMAL DEPARTURE LAST
                VALUE   (LST)  VALUE       VALUE  FROM      YEAR
                                                  NORMAL
..................................................................
TEMPERATURE (F)
 YESTERDAY
  MAXIMUM         74    352 PM  83    2015  57     17       70
                                      1939
  MINIMUM         38    806 AM  18    1932  34      4       42
  AVERAGE         56                        46     10       56

PRECIPITATION (IN)
  YESTERDAY        0.00          1.58 1991   0.04  -0.04     0.00
  MONTH TO DATE    T                         0.44  -0.44     1.39
  SINCE DEC 1      T                         0.44  -0.44     1.39
  SINCE JAN 1     19.89                     24.03  -4.14    37.00

SNOWFALL (IN)
  YESTERDAY        0.0           0.7  1982   0.0    0.0      0.0
  MONTH TO DATE    0.0                       0.3   -0.3       T
  SINCE NOV 1      0.0                       1.0   -1.0       T
  SINCE JUL 1      T                         1.0   -1.0       T

DEGREE DAYS
 HEATING
  YESTERDAY        9                        19    -10        9
  MONTH TO DATE  157                       199    -42      223
  SINCE DEC 1    157                       199    -42      223
  SINCE JUL 1    552                       632    -80      414

 COOLING
  YESTERDAY        0                         0      0        0
  MONTH TO DATE    1                         0      1        0
  SINCE DEC 1      1                         0      1        0
  SINCE JAN 1   2425                      2408     17     2601
..................................................................


WIND (MPH)
  HIGHEST WIND SPEED    17   HIGHEST WIND DIRECTION    SW (230)
  HIGHEST GUST SPEED    21   HIGHEST GUST DIRECTION     W (250)
  AVERAGE WIND SPEED     7.0


SKY COVER
  POSSIBLE SUNSHINE  MM
  AVERAGE SKY COVER 0.0


WEATHER CONDITIONS
 THE FOLLOWING WEATHER WAS RECORDED YESTERDAY.
  NO SIGNIFICANT WEATHER WAS OBSERVED.


RELATIVE HUMIDITY (PERCENT)
 HIGHEST    44           400 AM
 LOWEST      9           200 PM
 AVERAGE    27

..........................................................


THE ABILENE CLIMATE NORMALS FOR TODAY
                         NORMAL    RECORD    YEAR
 MAXIMUM TEMPERATURE (F)   57        81      1973
 MINIMUM TEMPERATURE (F)   34        12      1989


SUNRISE AND SUNSET
DECEMBER 12 2017......SUNRISE   731 AM CST   SUNSET   534 PM CST
DECEMBER 13 2017......SUNRISE   732 AM CST   SUNSET   534 PM CST


-  INDICATES NEGATIVE NUMBERS.
R  INDICATES RECORD WAS SET OR TIED.
MM INDICATES DATA IS MISSING.
T  INDICATES TRACE AMOUNT.




$$
