000
CDUS44 KSJT 030521
CLIABI


CLIMATE REPORT
NATIONAL WEATHER SERVICE SAN ANGELO TX
1120 PM CST FRI DEC 2 2016


...................................

...THE ABILENE CLIMATE SUMMARY FOR DECEMBER 2 2016...
VALID TODAY AS OF 0500 PM LOCAL TIME.

CLIMATE NORMAL PERIOD 1981 TO 2010
CLIMATE RECORD PERIOD 1886 TO 2016


WEATHER ITEM   OBSERVED TIME   RECORD YEAR NORMAL DEPARTURE LAST
                VALUE   (LST)  VALUE       VALUE  FROM      YEAR
                                                  NORMAL
..................................................................
TEMPERATURE (F)
 TODAY
  MAXIMUM         63    113 PM  82    1995  60      3       58
  MINIMUM         46    339 AM  15    1985  36     10       33
  AVERAGE         55                        48      7       46

PRECIPITATION (IN)
  TODAY            0.61          0.73 1924   0.03   0.58     0.00
  MONTH TO DATE    0.61                      0.07   0.54     0.00
  SINCE DEC 1      0.61                      0.07   0.54     0.00
  SINCE JAN 1     36.22                     23.66  12.56    38.21

SNOWFALL (IN)
  TODAY            0.0           2.0  2009   0.0    0.0      0.0
  MONTH TO DATE    0.0                       0.0    0.0      0.0
  SINCE NOV 1      0.0                       0.7   -0.7       T
  SINCE JUL 1      0.0                       0.7   -0.7       T

DEGREE DAYS
 HEATING
  TODAY           10                        17     -7       19
  MONTH TO DATE   24                        34    -10       39
  SINCE DEC 1     24                        34    -10       39
  SINCE JUL 1    215                       467   -252      382

 COOLING
  TODAY            0                         0      0        0
  MONTH TO DATE    0                         0      0        0
  SINCE DEC 1      0                         0      0        0
  SINCE JAN 1   2601                      2408    193     2739
..................................................................


WIND (MPH)
  HIGHEST WIND SPEED    23   HIGHEST WIND DIRECTION    SE (120)
  HIGHEST GUST SPEED    27   HIGHEST GUST DIRECTION    SE (120)
  AVERAGE WIND SPEED    11.0


SKY COVER
  POSSIBLE SUNSHINE  MM
  AVERAGE SKY COVER 0.7


WEATHER CONDITIONS
 THE FOLLOWING WEATHER WAS RECORDED TODAY.
  HEAVY RAIN
  LIGHT RAIN
  FOG
  HAZE


RELATIVE HUMIDITY (PERCENT)
 HIGHEST   100           500 PM
 LOWEST     67           200 PM
 AVERAGE    84

..........................................................


THE ABILENE CLIMATE NORMALS FOR TOMORROW
                         NORMAL    RECORD    YEAR
 MAXIMUM TEMPERATURE (F)   59        87      2005
 MINIMUM TEMPERATURE (F)   36        16      1897


SUNRISE AND SUNSET
DECEMBER  2 2016......SUNRISE   724 AM CST   SUNSET   533 PM CST
DECEMBER  3 2016......SUNRISE   724 AM CST   SUNSET   533 PM CST


-  INDICATES NEGATIVE NUMBERS.
R  INDICATES RECORD WAS SET OR TIED.
MM INDICATES DATA IS MISSING.
T  INDICATES TRACE AMOUNT.




$$
