000
CDUS44 KSJT 192226
CLIABI


CLIMATE REPORT
NATIONAL WEATHER SERVICE SAN ANGELO TX
526 PM CDT THU OCT 19 2017


...................................

...THE ABILENE CLIMATE SUMMARY FOR OCTOBER 19 2017...
VALID TODAY AS OF 0500 PM LOCAL TIME.

CLIMATE NORMAL PERIOD 1981 TO 2010
CLIMATE RECORD PERIOD 1886 TO 2017


WEATHER ITEM   OBSERVED TIME   RECORD YEAR NORMAL DEPARTURE LAST
                VALUE   (LST)  VALUE       VALUE  FROM      YEAR
                                                  NORMAL
..................................................................
TEMPERATURE (F)
 TODAY
  MAXIMUM         79    359 PM  93    1940  77      2       89
                                      1921
  MINIMUM         59    650 AM  32    1989  54      5       65
                                      1917
  AVERAGE         69                        65      4       77

PRECIPITATION (IN)
  TODAY            0.00          2.92 1910   0.11  -0.11     0.00
  MONTH TO DATE    0.02                      1.88  -1.86     0.40
  SINCE SEP 1      4.45                      4.12   0.33     5.99
  SINCE JAN 1     18.90                     21.08  -2.18    33.10

SNOWFALL (IN)
  TODAY            0.0           0.0  2002   0.0    0.0      0.0
  MONTH TO DATE    0.0                       0.0    0.0      0.0
  SINCE NOV 1      T                         4.7   -4.7      5.1
  SINCE JUL 1      0.0                       0.0    0.0      0.0

DEGREE DAYS
 HEATING
  TODAY            0                         3     -3        0
  MONTH TO DATE   34                        39     -5        9
  SINCE SEP 1     40                        50    -10       10
  SINCE JUL 1     40                        50    -10       10

 COOLING
  TODAY            4                         3      1       12
  MONTH TO DATE  120                        89     31      155
  SINCE SEP 1    453                       415     38      505
  SINCE JAN 1   2369                      2360      9     2504
..................................................................


WIND (MPH)
  HIGHEST WIND SPEED    18   HIGHEST WIND DIRECTION     S (160)
  HIGHEST GUST SPEED    27   HIGHEST GUST DIRECTION     S (160)
  AVERAGE WIND SPEED    13.5


SKY COVER
  POSSIBLE SUNSHINE  MM
  AVERAGE SKY COVER 0.0


WEATHER CONDITIONS
 THE FOLLOWING WEATHER WAS RECORDED TODAY.
  NO SIGNIFICANT WEATHER WAS OBSERVED.


RELATIVE HUMIDITY (PERCENT)
 HIGHEST    78           700 AM
 LOWEST     39           400 PM
 AVERAGE    59

..........................................................


THE ABILENE CLIMATE NORMALS FOR TOMORROW
                         NORMAL    RECORD    YEAR
 MAXIMUM TEMPERATURE (F)   76        93      1979
 MINIMUM TEMPERATURE (F)   53        29      1976


SUNRISE AND SUNSET
OCTOBER 19 2017.......SUNRISE   746 AM CDT   SUNSET   701 PM CDT
OCTOBER 20 2017.......SUNRISE   746 AM CDT   SUNSET   700 PM CDT


-  INDICATES NEGATIVE NUMBERS.
R  INDICATES RECORD WAS SET OR TIED.
MM INDICATES DATA IS MISSING.
T  INDICATES TRACE AMOUNT.




$$
