000
CDUS44 KSJT 302238
CLIABI


CLIMATE REPORT
NATIONAL WEATHER SERVICE SAN ANGELO TX
538 PM CDT MON MAY 30 2016


...................................

...THE ABILENE CLIMATE SUMMARY FOR MAY 30 2016...
VALID TODAY AS OF 0500 PM LOCAL TIME.

CLIMATE NORMAL PERIOD 1981 TO 2010
CLIMATE RECORD PERIOD 1886 TO 2016


WEATHER ITEM   OBSERVED TIME   RECORD YEAR NORMAL DEPARTURE LAST
                VALUE   (LST)  VALUE       VALUE  FROM      YEAR
                                                  NORMAL
..................................................................
TEMPERATURE (F)
 TODAY
  MAXIMUM         86    359 PM 105    1896  88     -2       75
  MINIMUM         62    135 AM  47    1947  65     -3       62
  AVERAGE         74                        76     -2       69

PRECIPITATION (IN)
  TODAY            T             2.47 1901   0.13  -0.13     0.43
  MONTH TO DATE    8.24                      3.05   5.19     5.34
  SINCE MAR 1     16.79                      6.43  10.36     9.12
  SINCE JAN 1     17.51                      8.81   8.70    12.63

DEGREE DAYS
 HEATING
  TODAY            0                         0      0        0
  MONTH TO DATE   37                        13     24       12
  SINCE MAR 1    304                       422   -118      401
  SINCE JUL 1   2058                      2555   -497     2478

 COOLING
  TODAY            9                        12     -3        4
  MONTH TO DATE  205                       254    -49      213
  SINCE MAR 1    286                       382    -96      380
  SINCE JAN 1    300                       387    -87      384
..................................................................


WIND (MPH)
  HIGHEST WIND SPEED    23   HIGHEST WIND DIRECTION     N (10)
  HIGHEST GUST SPEED    30   HIGHEST GUST DIRECTION     N (10)
  AVERAGE WIND SPEED     7.8


SKY COVER
  POSSIBLE SUNSHINE  MM
  AVERAGE SKY COVER 0.6


WEATHER CONDITIONS
 THE FOLLOWING WEATHER WAS RECORDED TODAY.
  LIGHT RAIN


RELATIVE HUMIDITY (PERCENT)
 HIGHEST   100          1200 AM
 LOWEST     57           400 PM
 AVERAGE    79

..........................................................


THE ABILENE CLIMATE NORMALS FOR TOMORROW
                         NORMAL    RECORD    YEAR
 MAXIMUM TEMPERATURE (F)   88       103      1998
 MINIMUM TEMPERATURE (F)   66        50      1983
                                             1975


SUNRISE AND SUNSET
MAY 30 2016...........SUNRISE   633 AM CDT   SUNSET   840 PM CDT
MAY 31 2016...........SUNRISE   633 AM CDT   SUNSET   841 PM CDT


-  INDICATES NEGATIVE NUMBERS.
R  INDICATES RECORD WAS SET OR TIED.
MM INDICATES DATA IS MISSING.
T  INDICATES TRACE AMOUNT.




$$
