000
CDUS45 KABQ 260022
CLIABQ


CLIMATE REPORT
NATIONAL WEATHER SERVICE ALBUQUERQUE NM
522 PM MST SUN FEB 25 2018


...................................

...THE ALBUQUERQUE  NM CLIMATE SUMMARY FOR FEBRUARY 25 2018...
VALID TODAY AS OF 0500 PM LOCAL TIME.

CLIMATE NORMAL PERIOD 1981 TO 2010
CLIMATE RECORD PERIOD 1891 TO 2018


WEATHER ITEM   OBSERVED TIME   RECORD YEAR NORMAL DEPARTURE LAST
                VALUE   (LST)  VALUE       VALUE  FROM      YEAR
                                                  NORMAL
..................................................................
TEMPERATURE (F)
 TODAY
  MAXIMUM         44    429 PM  78    1904  55    -11       54
  MINIMUM         24    606 AM  10    1912  32     -8       24
  AVERAGE         34                        44    -10       39

PRECIPITATION (IN)
  TODAY            0.00          0.29 1995   0.02  -0.02
  MONTH TO DATE    0.51                      0.43   0.08
  SINCE DEC 1      0.54                      1.31  -0.77
  SINCE JAN 1      0.54                      0.81  -0.27

SNOWFALL (IN)
  TODAY            0.0
  MONTH TO DATE    0.3
  SINCE DEC 1      0.3
  SINCE JUL 1      0.3
  SNOW DEPTH       0

DEGREE DAYS
 HEATING
  TODAY           31                        21     10       26
  MONTH TO DATE  507                       599    -92      458
  SINCE DEC 1   2063                      2374   -311     2044
  SINCE JUL 1   2632                      3241   -609     2621

 COOLING
  TODAY            0                         0      0        0
  MONTH TO DATE    0                         0      0        0
  SINCE DEC 1      0                         0      0        0
  SINCE JAN 1      0                         0      0        0
..................................................................


WIND (MPH)
  HIGHEST WIND SPEED    25   HIGHEST WIND DIRECTION    NW (330)
  HIGHEST GUST SPEED    34   HIGHEST GUST DIRECTION    NW (320)
  AVERAGE WIND SPEED    12.2


SKY COVER
  POSSIBLE SUNSHINE  MM
  AVERAGE SKY COVER 0.3



RELATIVE HUMIDITY (PERCENT)
 HIGHEST    60           500 AM
 LOWEST     17           200 PM
 AVERAGE    39

..........................................................


THE ALBUQUERQUE  NM CLIMATE NORMALS FOR TOMORROW
                         NORMAL    RECORD    YEAR
 MAXIMUM TEMPERATURE (F)   56        74      1989
                                             1986
 MINIMUM TEMPERATURE (F)   33        13      1935


SUNRISE AND SUNSET
FEBRUARY 25 2018......SUNRISE   641 AM MST   SUNSET   559 PM MST
FEBRUARY 26 2018......SUNRISE   640 AM MST   SUNSET   600 PM MST


-  INDICATES NEGATIVE NUMBERS.
R  INDICATES RECORD WAS SET OR TIED.
MM INDICATES DATA IS MISSING.
T  INDICATES TRACE AMOUNT.




$$
