917
CDUS45 KABQ 290835
CLIABQ


CLIMATE REPORT
NATIONAL WEATHER SERVICE ALBUQUERQUE NM
232 AM MDT SAT APR 29 2017


...................................

...THE ALBUQUERQUE  NM CLIMATE SUMMARY FOR APRIL 28 2017...

CLIMATE NORMAL PERIOD 1981 TO 2010
CLIMATE RECORD PERIOD 1891 TO 2017


WEATHER ITEM   OBSERVED TIME   RECORD YEAR NORMAL DEPARTURE LAST
                VALUE   (LST)  VALUE       VALUE  FROM      YEAR
                                                  NORMAL
..................................................................
TEMPERATURE (F)
 YESTERDAY
  MAXIMUM         52   1220 AM  87    1992  73    -21       75
                                      1981
                                      1910
  MINIMUM         38   1159 PM  27    1918  47     -9       56
  AVERAGE         45                        60    -15       66

PRECIPITATION (IN)
  YESTERDAY        0.13          1.17 1985   0.02   0.11
  MONTH TO DATE    0.55                      0.58  -0.03
  SINCE MAR 1      0.75                      1.15  -0.40
  SINCE JAN 1      2.14                      2.01   0.13

SNOWFALL (IN)
  YESTERDAY        T
  MONTH TO DATE    T
  SINCE MAR 1      T
  SINCE JUL 1      2.9
  SNOW DEPTH       0

DEGREE DAYS
 HEATING
  YESTERDAY       20                         6     14        0
  MONTH TO DATE  199                       267    -68      246
  SINCE MAR 1    507                       791   -284      658
  SINCE JUL 1   3189                      4094   -905     3668

 COOLING
  YESTERDAY        0                         1     -1        1
  MONTH TO DATE    4                         4      0        5
  SINCE MAR 1      5                         4      1        5
  SINCE JAN 1      5                         4      1        5
..................................................................


WIND (MPH)
  HIGHEST WIND SPEED    21   HIGHEST WIND DIRECTION     N (340)
  HIGHEST GUST SPEED    26   HIGHEST GUST DIRECTION     N (350)
  AVERAGE WIND SPEED     9.0


SKY COVER
  POSSIBLE SUNSHINE  MM
  AVERAGE SKY COVER 0.8


WEATHER CONDITIONS
 THE FOLLOWING WEATHER WAS RECORDED YESTERDAY.
  LIGHT RAIN
  FOG


RELATIVE HUMIDITY (PERCENT)
 HIGHEST    92           500 PM
 LOWEST     39           100 AM
 AVERAGE    66

..........................................................


THE ALBUQUERQUE  NM CLIMATE NORMALS FOR TODAY
                         NORMAL    RECORD    YEAR
 MAXIMUM TEMPERATURE (F)   73        88      1992
                                             1981
                                             1943
 MINIMUM TEMPERATURE (F)   47        31      1991


SUNRISE AND SUNSET
APRIL 29 2017.........SUNRISE   617 AM MDT   SUNSET   751 PM MDT
APRIL 30 2017.........SUNRISE   616 AM MDT   SUNSET   751 PM MDT


-  INDICATES NEGATIVE NUMBERS.
R  INDICATES RECORD WAS SET OR TIED.
MM INDICATES DATA IS MISSING.
T  INDICATES TRACE AMOUNT.

$$
