000
CDUS45 KABQ 230017
CLIABQ


CLIMATE REPORT
NATIONAL WEATHER SERVICE ALBUQUERQUE NM
616 PM MDT THU JUN 22 2017


...................................

...THE ALBUQUERQUE  NM CLIMATE SUMMARY FOR JUNE 22 2017...
VALID TODAY AS OF 0500 PM LOCAL TIME.

CLIMATE NORMAL PERIOD 1981 TO 2010
CLIMATE RECORD PERIOD 1891 TO 2017


WEATHER ITEM   OBSERVED TIME   RECORD YEAR NORMAL DEPARTURE LAST
                VALUE   (LST)  VALUE       VALUE  FROM      YEAR
                                                  NORMAL
..................................................................
TEMPERATURE (F)
 TODAY
  MAXIMUM        103    358 PM 104    1981  90     13      100
  MINIMUM         76    641 AM  45    1916  64     12       69
  AVERAGE         90                        77     13       85

PRECIPITATION (IN)
  TODAY            T             0.37 1967   0.03  -0.03
  MONTH TO DATE    T                         0.40  -0.40
  SINCE JUN 1      T                         0.40  -0.40
  SINCE JAN 1      2.61                      2.94  -0.33

SNOWFALL (IN)
  TODAY            0.0
  MONTH TO DATE    0.0
  SINCE JUN 1      0.0
  SINCE JUL 1      3.6
  SNOW DEPTH       0

DEGREE DAYS
 HEATING
  TODAY            0                         0      0        0
  MONTH TO DATE    0                         0      0        0
  SINCE JUN 1      0                         0      0        0
  SINCE JUL 1   3300                      4175   -875     3784

 COOLING
  TODAY           25                        12     13       20
  MONTH TO DATE  293                       200     93      306
  SINCE JUN 1    293                       200     93      306
  SINCE JAN 1    372                       298     74      377
..................................................................


WIND (MPH)
  HIGHEST WIND SPEED    28   HIGHEST WIND DIRECTION     E (80)
  HIGHEST GUST SPEED    35   HIGHEST GUST DIRECTION     E (80)
  AVERAGE WIND SPEED    10.1


SKY COVER
  POSSIBLE SUNSHINE  MM
  AVERAGE SKY COVER 0.4



RELATIVE HUMIDITY (PERCENT)
 HIGHEST    33           700 AM
 LOWEST      7           300 PM
 AVERAGE    20

..........................................................


THE ALBUQUERQUE  NM CLIMATE NORMALS FOR TOMORROW
                         NORMAL    RECORD    YEAR
 MAXIMUM TEMPERATURE (F)   90       101      1990
                                             1980
 MINIMUM TEMPERATURE (F)   64        44      1916
                                             1907


SUNRISE AND SUNSET
JUNE 22 2017..........SUNRISE   553 AM MDT   SUNSET   824 PM MDT
JUNE 23 2017..........SUNRISE   553 AM MDT   SUNSET   824 PM MDT


-  INDICATES NEGATIVE NUMBERS.
R  INDICATES RECORD WAS SET OR TIED.
MM INDICATES DATA IS MISSING.
T  INDICATES TRACE AMOUNT.




$$
