000
CDUS45 KABQ 220828
CLIABQ


CLIMATE REPORT
NATIONAL WEATHER SERVICE ALBUQUERQUE NM
127 AM MST WED FEB 22 2017


...................................

...THE ALBUQUERQUE  NM CLIMATE SUMMARY FOR FEBRUARY 21 2017...

CLIMATE NORMAL PERIOD 1981 TO 2010
CLIMATE RECORD PERIOD 1891 TO 2017


WEATHER ITEM   OBSERVED TIME   RECORD YEAR NORMAL DEPARTURE LAST
                VALUE   (LST)  VALUE       VALUE  FROM      YEAR
                                                  NORMAL
..................................................................
TEMPERATURE (F)
 YESTERDAY
  MAXIMUM         69    412 PM  72    1972  54     15       67
  MINIMUM         42    454 AM   8    1912  32     10       39
  AVERAGE         56                        43     13       53

PRECIPITATION (IN)
  YESTERDAY        0.00          0.32 1975   0.02  -0.02
  MONTH TO DATE    0.35                      0.36  -0.01
  SINCE DEC 1      1.90                      1.24   0.66
  SINCE JAN 1      1.39                      0.74   0.65

SNOWFALL (IN)
  YESTERDAY        0.0
  MONTH TO DATE    1.6
  SINCE DEC 1      2.8
  SINCE JUL 1      2.9
  SNOW DEPTH       0

DEGREE DAYS
 HEATING
  YESTERDAY        9                        22    -13       12
  MONTH TO DATE  376                       513   -137      418
  SINCE DEC 1   1962                      2288   -326     2147
  SINCE JUL 1   2539                      3155   -616     2864

 COOLING
  YESTERDAY        0                         0      0        0
  MONTH TO DATE    0                         0      0        0
  SINCE DEC 1      0                         0      0        0
  SINCE JAN 1      0                         0      0        0
..................................................................


WIND (MPH)
  HIGHEST WIND SPEED    18   HIGHEST WIND DIRECTION     N (350)
  HIGHEST GUST SPEED    23   HIGHEST GUST DIRECTION     N (340)
  AVERAGE WIND SPEED     6.6


SKY COVER
  POSSIBLE SUNSHINE  MM
  AVERAGE SKY COVER 0.2


WEATHER CONDITIONS
 THE FOLLOWING WEATHER WAS RECORDED YESTERDAY.
  NO SIGNIFICANT WEATHER WAS OBSERVED.


RELATIVE HUMIDITY (PERCENT)
 HIGHEST    70           500 AM
 LOWEST     22           500 PM
 AVERAGE    46

..........................................................


THE ALBUQUERQUE  NM CLIMATE NORMALS FOR TODAY
                         NORMAL    RECORD    YEAR
 MAXIMUM TEMPERATURE (F)   55        71      1918
                                             1904
 MINIMUM TEMPERATURE (F)   32        12      1975
                                             1955
                                             1953


SUNRISE AND SUNSET
FEBRUARY 22 2017......SUNRISE   644 AM MST   SUNSET   556 PM MST
FEBRUARY 23 2017......SUNRISE   643 AM MST   SUNSET   557 PM MST


-  INDICATES NEGATIVE NUMBERS.
R  INDICATES RECORD WAS SET OR TIED.
MM INDICATES DATA IS MISSING.
T  INDICATES TRACE AMOUNT.




$$
