000
CDUS43 KABR 272227
CLIABR


CLIMATE REPORT
NATIONAL WEATHER SERVICE ABERDEEN SD
526 PM CDT WED MAY 27 2015


...................................

...THE ABERDEEN SD CLIMATE SUMMARY FOR MAY 27 2015...
VALID TODAY AS OF 0500 PM LOCAL TIME.

CLIMATE NORMAL PERIOD 1981 TO 2010
CLIMATE RECORD PERIOD 1893 TO 2015


WEATHER ITEM   OBSERVED TIME   RECORD YEAR NORMAL DEPARTURE LAST
                VALUE   (LST)  VALUE       VALUE  FROM      YEAR
                                                  NORMAL
..................................................................
TEMPERATURE (F)
 TODAY
  MAXIMUM         85    249 PM  98    1934  72     13       86
  MINIMUM         51    510 AM  28    1907  48      3       54
  AVERAGE         68                        60      8       70

PRECIPITATION (IN)
  TODAY            0.00          1.38 1955   0.09  -0.09     0.24
  MONTH TO DATE    5.86                      2.71   3.15     1.70
  SINCE MAR 1      6.64                      5.72   0.92     4.51
  SINCE JAN 1      7.69                      6.74   0.95     4.95

DEGREE DAYS
 COOLING
  TODAY            3                         1      2        5
  MONTH TO DATE    5                        17    -12       21
  SINCE MAR 1      5                        19    -14       21
  SINCE JAN 1      5                        19    -14       21
..................................................................


WIND (MPH)
  HIGHEST WIND SPEED    13   HIGHEST WIND DIRECTION    SW (210)
  HIGHEST GUST SPEED    16   HIGHEST GUST DIRECTION     W (250)
  AVERAGE WIND SPEED     5.2


SKY COVER
  POSSIBLE SUNSHINE  MM
  AVERAGE SKY COVER 0.1


WEATHER CONDITIONS
 THE FOLLOWING WEATHER WAS RECORDED TODAY.
  NO SIGNIFICANT WEATHER WAS OBSERVED.


RELATIVE HUMIDITY (PERCENT)
 HIGHEST    96          1200 AM
 LOWEST     31          1200 PM
 AVERAGE    64

..........................................................


THE ABERDEEN SD CLIMATE NORMALS FOR TOMORROW
                         NORMAL    RECORD    YEAR
 MAXIMUM TEMPERATURE (F)   72       102      1934
 MINIMUM TEMPERATURE (F)   48        30      1965


SUNRISE AND SUNSET
MAY 27 2015...........SUNRISE   552 AM CDT   SUNSET   910 PM CDT
MAY 28 2015...........SUNRISE   551 AM CDT   SUNSET   911 PM CDT


-  INDICATES NEGATIVE NUMBERS.
R  INDICATES RECORD WAS SET OR TIED.
MM INDICATES DATA IS MISSING.
T  INDICATES TRACE AMOUNT.

&&

PEAK WIND WAS 16 MPH FROM THE WEST AT 352 PM CDT.




$$
