000
CDUS43 KABR 161032
CLIABR


CLIMATE REPORT
NATIONAL WEATHER SERVICE ABERDEEN SD
531 AM CDT WED AUG 16 2017


...................................

...THE ABERDEEN SD CLIMATE SUMMARY FOR AUGUST 15 2017...

CLIMATE NORMAL PERIOD 1981 TO 2010
CLIMATE RECORD PERIOD 1893 TO 2017


WEATHER ITEM   OBSERVED TIME   RECORD YEAR NORMAL DEPARTURE LAST
                VALUE   (LST)  VALUE       VALUE  FROM      YEAR
                                                  NORMAL
..................................................................
TEMPERATURE (F)
 YESTERDAY
  MAXIMUM         74    211 PM 111    1937  82     -8       83
  MINIMUM         56   1226 AM  42    1895  57     -1       64
  AVERAGE         65                        70     -5       74

PRECIPITATION (IN)
  YESTERDAY        0.17          1.04 1967   0.07   0.10     0.16
  MONTH TO DATE    1.31                      1.17   0.14     1.69
  SINCE JUN 1      7.30                      7.89  -0.59     6.79
  SINCE JAN 1     10.68                     15.03  -4.35    13.73

DEGREE DAYS
 HEATING
  YESTERDAY        0                         1     -1        0
  MONTH TO DATE   10                        11     -1        0
  SINCE JUN 1     62                       101    -39       28
  SINCE JUL 1     10                        25    -15        8

 COOLING
  YESTERDAY        0                         5     -5        9
  MONTH TO DATE   21                        94    -73      121
  SINCE JUN 1    438                       394     44      543
  SINCE JAN 1    450                       417     33      576
..................................................................


WIND (MPH)
  HIGHEST WIND SPEED    20   HIGHEST WIND DIRECTION    SE (150)
  HIGHEST GUST SPEED    27   HIGHEST GUST DIRECTION     S (160)
  AVERAGE WIND SPEED     7.1


SKY COVER
  POSSIBLE SUNSHINE  MM
  AVERAGE SKY COVER 0.5


WEATHER CONDITIONS
 THE FOLLOWING WEATHER WAS RECORDED YESTERDAY.
  HEAVY RAIN
  RAIN
  LIGHT RAIN
  FOG


RELATIVE HUMIDITY (PERCENT)
 HIGHEST   100           100 AM
 LOWEST     73           100 PM
 AVERAGE    87

..........................................................


THE ABERDEEN SD CLIMATE NORMALS FOR TODAY
                         NORMAL    RECORD    YEAR
 MAXIMUM TEMPERATURE (F)   82       105      1988
 MINIMUM TEMPERATURE (F)   57        42      1897


SUNRISE AND SUNSET
AUGUST 16 2017........SUNRISE   636 AM CDT   SUNSET   839 PM CDT
AUGUST 17 2017........SUNRISE   637 AM CDT   SUNSET   837 PM CDT


-  INDICATES NEGATIVE NUMBERS.
R  INDICATES RECORD WAS SET OR TIED.
MM INDICATES DATA IS MISSING.
T  INDICATES TRACE AMOUNT.




$$
