839
CDUS43 KABR 121041
CLIABR


CLIMATE REPORT
NATIONAL WEATHER SERVICE ABERDEEN SD
440 AM CST TUE DEC 12 2017


...................................

...THE ABERDEEN SD CLIMATE SUMMARY FOR DECEMBER 11 2017...

CLIMATE NORMAL PERIOD 1981 TO 2010
CLIMATE RECORD PERIOD 1893 TO 2017


WEATHER ITEM   OBSERVED TIME   RECORD YEAR NORMAL DEPARTURE LAST
                VALUE   (LST)  VALUE       VALUE  FROM      YEAR
                                                  NORMAL
..................................................................
TEMPERATURE (F)
 YESTERDAY
  MAXIMUM         42    627 AM  59    1939  26     16       11
  MINIMUM          6   1159 PM -22    1927   7     -1      -17
  AVERAGE         24                        17      7       -3

PRECIPITATION (IN)
  YESTERDAY        T             1.00 1909   0.01  -0.01     0.09
  MONTH TO DATE    0.08                      0.19  -0.11     0.20
  SINCE DEC 1      0.08                      0.19  -0.11     0.20
  SINCE JAN 1     14.95                     21.39  -6.44    19.01

SNOWFALL (IN)
  YESTERDAY        0.0          10.0  1909   0.3   -0.3      1.4
  MONTH TO DATE    0.8                       2.5   -1.7      4.5
  SINCE OCT 1      1.6                      10.2   -8.6      9.7
  SINCE JUL 1      1.6                      10.2   -8.6      9.7
  SNOW DEPTH       0

DEGREE DAYS
 HEATING
  YESTERDAY       41                        48     -7       68
  MONTH TO DATE  433                       510    -77      539
  SINCE DEC 1    433                       510    -77      539
  SINCE JUL 1   2210                      2473   -263     1889

 COOLING
  YESTERDAY        0                         0      0        0
  MONTH TO DATE    0                         0      0        0
  SINCE DEC 1      0                         0      0        0
  SINCE JAN 1    552                       525     27      722
..................................................................


WIND (MPH)
  HIGHEST WIND SPEED    35   HIGHEST WIND DIRECTION    NW (330)
  HIGHEST GUST SPEED    43   HIGHEST GUST DIRECTION     N (340)
  AVERAGE WIND SPEED    17.3


SKY COVER
  POSSIBLE SUNSHINE  MM
  AVERAGE SKY COVER 0.5


WEATHER CONDITIONS
 THE FOLLOWING WEATHER WAS RECORDED YESTERDAY.
  LIGHT RAIN


RELATIVE HUMIDITY (PERCENT)
 HIGHEST   100          1100 PM
 LOWEST     53           100 AM
 AVERAGE    77

..........................................................


THE ABERDEEN SD CLIMATE NORMALS FOR TODAY
                         NORMAL    RECORD    YEAR
 MAXIMUM TEMPERATURE (F)   26        54      1924
 MINIMUM TEMPERATURE (F)    7       -28      1893


SUNRISE AND SUNSET
DECEMBER 12 2017......SUNRISE   805 AM CST   SUNSET   451 PM CST
DECEMBER 13 2017......SUNRISE   805 AM CST   SUNSET   451 PM CST


-  INDICATES NEGATIVE NUMBERS.
R  INDICATES RECORD WAS SET OR TIED.
MM INDICATES DATA IS MISSING.
T  INDICATES TRACE AMOUNT.




$$
