000
CDUS43 KABR 302234
CLIABR


CLIMATE REPORT
NATIONAL WEATHER SERVICE ABERDEEN SD
533 PM CDT THU JUL 30 2015


...................................

...THE ABERDEEN SD CLIMATE SUMMARY FOR JULY 30 2015...
VALID TODAY AS OF 0500 PM LOCAL TIME.

CLIMATE NORMAL PERIOD 1981 TO 2010
CLIMATE RECORD PERIOD 1893 TO 2015


WEATHER ITEM   OBSERVED TIME   RECORD YEAR NORMAL DEPARTURE LAST
                VALUE   (LST)  VALUE       VALUE  FROM      YEAR
                                                  NORMAL
..................................................................
TEMPERATURE (F)
 TODAY
  MAXIMUM         90    229 PM 106    2006  84      6       82
  MINIMUM         53    519 AM  39    1971  59     -6       47
  AVERAGE         72                        72      0       65

PRECIPITATION (IN)
  TODAY            0.00          2.12 1916   0.08  -0.08     0.00
  MONTH TO DATE    4.06                      2.94   1.12     0.70
  SINCE JUN 1      6.16                      6.64  -0.48     4.01
  SINCE JAN 1     14.38                     13.78   0.60     9.44

DEGREE DAYS
 COOLING
  TODAY            7                         7      0        0
  MONTH TO DATE  243                       201     42      112
  SINCE JUN 1    382                       293     89      158
  SINCE JAN 1    396                       316     80      200
..................................................................


WIND (MPH)
  HIGHEST WIND SPEED    18   HIGHEST WIND DIRECTION    NW (330)
  HIGHEST GUST SPEED    24   HIGHEST GUST DIRECTION    NW (330)
  AVERAGE WIND SPEED     7.0


SKY COVER
  POSSIBLE SUNSHINE  MM
  AVERAGE SKY COVER 0.0


WEATHER CONDITIONS
 THE FOLLOWING WEATHER WAS RECORDED TODAY.
  HAZE


RELATIVE HUMIDITY (PERCENT)
 HIGHEST    86          1200 AM
 LOWEST     27           200 PM
 AVERAGE    57

..........................................................


THE ABERDEEN SD CLIMATE NORMALS FOR TOMORROW
                         NORMAL    RECORD    YEAR
 MAXIMUM TEMPERATURE (F)   84       106      1987
 MINIMUM TEMPERATURE (F)   59        42      1903


SUNRISE AND SUNSET
JULY 30 2015..........SUNRISE   615 AM CDT   SUNSET   904 PM CDT
JULY 31 2015..........SUNRISE   616 AM CDT   SUNSET   903 PM CDT


-  INDICATES NEGATIVE NUMBERS.
R  INDICATES RECORD WAS SET OR TIED.
MM INDICATES DATA IS MISSING.
T  INDICATES TRACE AMOUNT.

&&

PEAK WIND WAS 24 MPH FROM THE NORTHWEST AT 230 PM CDT

$$
