000
CDUS43 KABR 101038
CLIABR


CLIMATE REPORT
NATIONAL WEATHER SERVICE ABERDEEN SD
438 AM CST WED FEB 10 2016


...................................

...THE ABERDEEN SD CLIMATE SUMMARY FOR FEBRUARY 9 2016...

CLIMATE NORMAL PERIOD 1981 TO 2010
CLIMATE RECORD PERIOD 1893 TO 2016


WEATHER ITEM   OBSERVED TIME   RECORD YEAR NORMAL DEPARTURE LAST
                VALUE   (LST)  VALUE       VALUE  FROM      YEAR
                                                  NORMAL
..................................................................
TEMPERATURE (F)
 YESTERDAY
  MAXIMUM         34    330 PM  53    1987  26      8       31
                                      1977
  MINIMUM         10    521 AM -45    1994   5      5       19
  AVERAGE         22                        16      6       25

PRECIPITATION (IN)
  YESTERDAY        0.00          0.60 1909   0.02  -0.02     0.00
  MONTH TO DATE    0.04                      0.14  -0.10     0.13
  SINCE DEC 1      0.82                      1.13  -0.31     1.06
  SINCE JAN 1      0.18                      0.61  -0.43     0.81

SNOWFALL (IN)
  YESTERDAY        0.0
  MONTH TO DATE    0.4
  SINCE OCT 1     17.8
  SINCE JUL 1     17.8
  SNOW DEPTH       T

DEGREE DAYS
 HEATING
  YESTERDAY       43                        50     -7       40
  MONTH TO DATE  338                       456   -118      445
  SINCE DEC 1   3109                      3627   -518     3199
  SINCE JUL 1   4521                      5590  -1069     5245

 COOLING
  YESTERDAY        0                         0      0        0
  MONTH TO DATE    0                         0      0        0
  SINCE DEC 1      0                         0      0        0
  SINCE JAN 1      0                         0      0        0
..................................................................


WIND (MPH)
  HIGHEST WIND SPEED    14   HIGHEST WIND DIRECTION     E (70)
  HIGHEST GUST SPEED    18   HIGHEST GUST DIRECTION     N (10)
  AVERAGE WIND SPEED     7.9


SKY COVER
  POSSIBLE SUNSHINE  MM
  AVERAGE SKY COVER 0.6


WEATHER CONDITIONS
 THE FOLLOWING WEATHER WAS RECORDED YESTERDAY.
  NO SIGNIFICANT WEATHER WAS OBSERVED.


RELATIVE HUMIDITY (PERCENT)
 HIGHEST    80           200 AM
 LOWEST     39           100 PM
 AVERAGE    60

..........................................................


THE ABERDEEN SD CLIMATE NORMALS FOR TODAY
                         NORMAL    RECORD    YEAR
 MAXIMUM TEMPERATURE (F)   26        55      1918
 MINIMUM TEMPERATURE (F)    5       -27      1988
                                             1981


SUNRISE AND SUNSET
FEBRUARY 10 2016......SUNRISE   743 AM CST   SUNSET   553 PM CST
FEBRUARY 11 2016......SUNRISE   742 AM CST   SUNSET   555 PM CST


-  INDICATES NEGATIVE NUMBERS.
R  INDICATES RECORD WAS SET OR TIED.
MM INDICATES DATA IS MISSING.
T  INDICATES TRACE AMOUNT.




$$
