000
CDUS43 KABR 270910
CLIABR


CLIMATE REPORT
NATIONAL WEATHER SERVICE ABERDEEN SD
409 AM CDT THU APR 27 2017


...................................

...THE ABERDEEN SD CLIMATE SUMMARY FOR APRIL 26 2017...

CLIMATE NORMAL PERIOD 1981 TO 2010
CLIMATE RECORD PERIOD 1893 TO 2017


WEATHER ITEM   OBSERVED TIME   RECORD YEAR NORMAL DEPARTURE LAST
                VALUE   (LST)  VALUE       VALUE  FROM      YEAR
                                                  NORMAL
..................................................................
TEMPERATURE (F)
 YESTERDAY
  MAXIMUM         32    603 PM  86    1952  63    -31       48
                                      1899
  MINIMUM         27   1159 PM  20    1931  36     -9       42
  AVERAGE         30                        49    -19       45

PRECIPITATION (IN)
  YESTERDAY        0.18          1.75 1912   0.08   0.10      T
                                      1906
  MONTH TO DATE    1.38                      1.50  -0.12     3.08
  SINCE MAR 1      2.05                      2.66  -0.61     3.54
  SINCE JAN 1      2.73                      3.68  -0.95     4.23

SNOWFALL (IN)
  YESTERDAY        1.8           4.5  1937   0.0    1.8      0.0
  MONTH TO DATE    1.8                       2.9   -1.1       T
  SINCE OCT 1     39.9                      37.9    2.0     26.5
  SINCE JUL 1     39.9                      37.9    2.0     26.5
  SNOW DEPTH       T

DEGREE DAYS
 HEATING
  YESTERDAY       35                        16     19       20
  MONTH TO DATE  486                       562    -76      487
  SINCE MAR 1   1532                      1650   -118     1241
  SINCE JUL 1   7147                      8113   -966     6478

 COOLING
  YESTERDAY        0                         0      0        0
  MONTH TO DATE    0                         0      0        1
  SINCE MAR 1      0                         0      0        1
  SINCE JAN 1      0                         0      0        1
..................................................................


WIND (MPH)
  HIGHEST WIND SPEED    25   HIGHEST WIND DIRECTION     N (350)
  HIGHEST GUST SPEED    31   HIGHEST GUST DIRECTION     N (350)
  AVERAGE WIND SPEED    16.8


SKY COVER
  POSSIBLE SUNSHINE  MM
  AVERAGE SKY COVER 1.0


WEATHER CONDITIONS
 THE FOLLOWING WEATHER WAS RECORDED YESTERDAY.
  LT FREEZING RAIN
  SNOW
  LIGHT SNOW
  FOG
  HAZE


RELATIVE HUMIDITY (PERCENT)
 HIGHEST    92           900 AM
 LOWEST     78          1200 AM
 AVERAGE    85

..........................................................


THE ABERDEEN SD CLIMATE NORMALS FOR TODAY
                         NORMAL    RECORD    YEAR
 MAXIMUM TEMPERATURE (F)   63        91      1897
 MINIMUM TEMPERATURE (F)   37        17      2005


SUNRISE AND SUNSET
APRIL 27 2017.........SUNRISE   628 AM CDT   SUNSET   836 PM CDT
APRIL 28 2017.........SUNRISE   626 AM CDT   SUNSET   837 PM CDT


-  INDICATES NEGATIVE NUMBERS.
R  INDICATES RECORD WAS SET OR TIED.
MM INDICATES DATA IS MISSING.
T  INDICATES TRACE AMOUNT.




$$
