000
CDUS42 KTAE 302141
CLIABY


CLIMATE REPORT
NATIONAL WEATHER SERVICE TALLAHASSEE FL
540 PM EDT SUN APR 30 2017


...................................

...THE ALBANY CLIMATE SUMMARY FOR APRIL 30 2017...
VALID TODAY AS OF 0500 PM LOCAL TIME.

CLIMATE NORMAL PERIOD 1981 TO 2010
CLIMATE RECORD PERIOD 1930 TO 2017


WEATHER ITEM   OBSERVED TIME   RECORD YEAR NORMAL DEPARTURE LAST
                VALUE   (LST)  VALUE       VALUE  FROM      YEAR
                                                  NORMAL
..................................................................
TEMPERATURE (F)
 TODAY
  MAXIMUM         92    227 PM  94    2012  83      9       90
                                      1943
  MINIMUM         70   1249 AM  36    1992  57     13       68
  AVERAGE         81                        70     11       79

PRECIPITATION (IN)
  TODAY            T                         0.07  -0.07     0.00
  MONTH TO DATE    2.13                      3.64  -1.51     6.87
  SINCE MAR 1      3.35                      8.69  -5.34    11.64
  SINCE JAN 1     15.17                     17.67  -2.50    21.95

..................................................................







THE ALBANY CLIMATE NORMALS FOR TOMORROW
                         NORMAL    RECORD    YEAR
 MAXIMUM TEMPERATURE (F)   84        94      1970
 MINIMUM TEMPERATURE (F)   57        41      1992



-  INDICATES NEGATIVE NUMBERS.
R  INDICATES RECORD WAS SET OR TIED.
MM INDICATES DATA IS MISSING.
T  INDICATES TRACE AMOUNT.




$$
