000
CDUS42 KTAE 240630
CLIABY


CLIMATE REPORT
NATIONAL WEATHER SERVICE TALLAHASSEE FL
230 AM EDT FRI MAR 24 2017


...................................

...THE ALBANY CLIMATE SUMMARY FOR MARCH 23 2017...

CLIMATE NORMAL PERIOD 1981 TO 2010
CLIMATE RECORD PERIOD 1930 TO 2017


WEATHER ITEM   OBSERVED TIME   RECORD YEAR NORMAL DEPARTURE LAST
                VALUE   (LST)  VALUE       VALUE  FROM      YEAR
                                                  NORMAL
..................................................................
TEMPERATURE (F)
 YESTERDAY
  MAXIMUM         70    410 PM  90    1935  74     -4       77
  MINIMUM         57    659 AM  28    1955  48      9       41
  AVERAGE         64                        61      3       59

PRECIPITATION (IN)
  YESTERDAY        0.00                      0.16  -0.16     0.00
  MONTH TO DATE    1.21                      3.54  -2.33     1.89
  SINCE MAR 1      1.21                      3.54  -2.33     1.89
  SINCE JAN 1     13.03                     12.52   0.51    12.20

SNOWFALL (IN)
  YESTERDAY        0.0

DEGREE DAYS
 HEATING
  YESTERDAY        1                         5     -4        6
  MONTH TO DATE  163                       172     -9      108
  SINCE MAR 1    163                       172     -9      108
  SINCE JUL 1    966                      1732   -766     1243

 COOLING
  YESTERDAY        0                         1     -1        0
  MONTH TO DATE   26                        23      3       69
  SINCE MAR 1     26                        23      3       69
  SINCE JAN 1     64                        32     32       72
..................................................................


WIND (MPH)
  HIGHEST WIND SPEED    18   HIGHEST WIND DIRECTION     E (90)
  HIGHEST GUST SPEED    22   HIGHEST GUST DIRECTION    NE (60)
  AVERAGE WIND SPEED    11.1




RELATIVE HUMIDITY (PERCENT)
 HIGHEST    80
 LOWEST     57
 AVERAGE    69

..........................................................


THE ALBANY CLIMATE NORMALS FOR TODAY
                         NORMAL    RECORD    YEAR
 MAXIMUM TEMPERATURE (F)   74        88      1935
 MINIMUM TEMPERATURE (F)   48        28      1968


SUNRISE AND SUNSET
MARCH 24 2017.........SUNRISE   735 AM EDT   SUNSET   751 PM EDT
MARCH 25 2017.........SUNRISE   734 AM EDT   SUNSET   752 PM EDT


-  INDICATES NEGATIVE NUMBERS.
R  INDICATES RECORD WAS SET OR TIED.
MM INDICATES DATA IS MISSING.
T  INDICATES TRACE AMOUNT.




$$
