000
CDUS42 KTAE 162144
CLIABY


CLIMATE REPORT
NATIONAL WEATHER SERVICE TALLAHASSEE FL
544 PM EDT TUE SEP 16 2014


...................................

...THE ALBANY CLIMATE SUMMARY FOR SEPTEMBER 16 2014...
VALID TODAY AS OF 0500 PM LOCAL TIME.

CLIMATE NORMAL PERIOD 1981 TO 2010
CLIMATE RECORD PERIOD 1930 TO 2014


WEATHER ITEM   OBSERVED TIME   RECORD YEAR NORMAL DEPARTURE LAST
                VALUE   (LST)  VALUE       VALUE  FROM      YEAR
                                                  NORMAL
..................................................................
TEMPERATURE (F)
 TODAY
  MAXIMUM         88    307 PM 101    1991  88      0       94
  MINIMUM         76    716 AM  52    1967  68      8       71
  AVERAGE         82                        78      4       83

PRECIPITATION (IN)
  TODAY            0.00                      0.09  -0.09      T
  MONTH TO DATE    6.81                      2.20   4.61     0.21
  SINCE SEP 1      6.81                      2.20   4.61     0.21
  SINCE JAN 1     31.94                     37.80  -5.86    41.57

..................................................................







THE ALBANY CLIMATE NORMALS FOR TOMORROW
                         NORMAL    RECORD    YEAR
 MAXIMUM TEMPERATURE (F)   88       100      1972
 MINIMUM TEMPERATURE (F)   67        52      1961



-  INDICATES NEGATIVE NUMBERS.
R  INDICATES RECORD WAS SET OR TIED.
MM INDICATES DATA IS MISSING.
T  INDICATES TRACE AMOUNT.




$$
