000
CDUS44 KFWD 290643
CLIACT

CLIMATE REPORT
NATIONAL WEATHER SERVICE FORT WORTH TX
1238 AM CST THU JAN 29 2015

...THE WACO CLIMATE SUMMARY FOR JANUARY 28 2015...

CLIMATE NORMAL PERIOD 1981 TO 2010
CLIMATE RECORD PERIOD 1901 TO 2015


WEATHER ITEM   OBSERVED TIME   RECORD YEAR NORMAL DEPARTURE LAST
                VALUE   (LST)  VALUE       VALUE  FROM      YEAR
                                                  NORMAL
..................................................................
TEMPERATURE (F)
 YESTERDAY
  MAXIMUM         80    312 PM  81    2013  59     21       38
                                      1970
  MINIMUM         39    747 AM  15    1940  37      2       24
  AVERAGE         60                        48     12       31

PRECIPITATION (IN)
  YESTERDAY        0.00          3.41 2010   0.07  -0.07      T
  MONTH TO DATE    3.06                      1.88   1.18     0.30
  SINCE DEC 1      3.60                      4.63  -1.03     1.64
  SINCE JAN 1      3.06                      1.88   1.18     0.30

SNOWFALL (IN)
  YESTERDAY        0.0           2.0  1961   0.0    0.0       T
  MONTH TO DATE    T                         0.3   -0.3       T
  SINCE DEC 1      T                         0.3   -0.3       T
  SINCE JUL 1      T                         0.4   -0.4       T
  SNOW DEPTH       0

DEGREE DAYS
 HEATING
  YESTERDAY        5                        17    -12       34
  MONTH TO DATE  593                       505     88      549
  SINCE DEC 1   1025                      1029     -4     1201
  SINCE JUL 1   1407                      1357     50     1615

 COOLING
  YESTERDAY        0                         0      0        0
  MONTH TO DATE    0                         0      0        0
  SINCE DEC 1      4                         5     -1        0
  SINCE JAN 1      0                         0      0        0
..................................................................


WIND (MPH)
  HIGHEST WIND SPEED    21   HIGHEST WIND DIRECTION     S (180)
  HIGHEST GUST SPEED    24   HIGHEST GUST DIRECTION     S (170)
  AVERAGE WIND SPEED     8.4


SKY COVER
  POSSIBLE SUNSHINE  MM
  AVERAGE SKY COVER 0.0


WEATHER CONDITIONS
 THE FOLLOWING WEATHER WAS RECORDED YESTERDAY.
  NO SIGNIFICANT WEATHER WAS OBSERVED.


RELATIVE HUMIDITY (PERCENT)
 HIGHEST   100           500 AM
 LOWEST     28           100 PM
 AVERAGE    64

..........................................................


THE WACO CLIMATE NORMALS FOR TODAY
                         NORMAL    RECORD    YEAR
 MAXIMUM TEMPERATURE (F)   59        86      1911
 MINIMUM TEMPERATURE (F)   37        13      1966


SUNRISE AND SUNSET
JANUARY 29 2015.......SUNRISE   724 AM CST   SUNSET   601 PM CST
JANUARY 30 2015.......SUNRISE   723 AM CST   SUNSET   602 PM CST


-  INDICATES NEGATIVE NUMBERS.
R  INDICATES RECORD WAS SET OR TIED.
MM INDICATES DATA IS MISSING.
T  INDICATES TRACE AMOUNT.

$$
