000
CDUS44 KFWD 100639
CLIACT

CLIMATE REPORT
NATIONAL WEATHER SERVICE FORT WORTH TX
135 AM CDT THU JUL 10 2014


...................................

...THE WACO CLIMATE SUMMARY FOR JULY 9 2014...

CLIMATE NORMAL PERIOD 1981 TO 2010
CLIMATE RECORD PERIOD 1901 TO 2014


WEATHER ITEM   OBSERVED TIME   RECORD YEAR NORMAL DEPARTURE LAST
                VALUE   (LST)  VALUE       VALUE  FROM      YEAR
                                                  NORMAL
..................................................................
TEMPERATURE (F)
 YESTERDAY
  MAXIMUM         96    257 PM 104    1978  96      0      100
                                      1935
                                      1917
  MINIMUM         73    617 AM  66    1983  74     -1       76
  AVERAGE         85                        85      0       88

PRECIPITATION (IN)
  YESTERDAY        0.00          1.60 1920   0.06  -0.06     0.00
  MONTH TO DATE    T                         0.57  -0.57     0.00
  SINCE JUN 1      8.31                      4.00   4.31     1.62
  SINCE JAN 1     19.45                     18.89   0.56    15.71

DEGREE DAYS
 HEATING
  YESTERDAY        0                         0      0        0
  MONTH TO DATE    0                         0      0        0
  SINCE JUN 1      0                         0      0        0
  SINCE JUL 1      0                         0      0        0

 COOLING
  YESTERDAY       20                        20      0       23
  MONTH TO DATE  160                       173    -13      159
  SINCE JUN 1    641                       661    -20      711
  SINCE JAN 1   1028                      1113    -85     1128
..................................................................


WIND (MPH)
  HIGHEST WIND SPEED    17   HIGHEST WIND DIRECTION     S (180)
  HIGHEST GUST SPEED    23   HIGHEST GUST DIRECTION     S (180)
  AVERAGE WIND SPEED    10.0


SKY COVER
  POSSIBLE SUNSHINE  MM
  AVERAGE SKY COVER 0.0


WEATHER CONDITIONS
 THE FOLLOWING WEATHER WAS RECORDED YESTERDAY.
  NO SIGNIFICANT WEATHER WAS OBSERVED.


RELATIVE HUMIDITY (PERCENT)
 HIGHEST    79           600 AM
 LOWEST     33           600 PM
 AVERAGE    56

..........................................................


THE WACO CLIMATE NORMALS FOR TODAY
                         NORMAL    RECORD    YEAR
 MAXIMUM TEMPERATURE (F)   96       107      1917
 MINIMUM TEMPERATURE (F)   74        61      1905


SUNRISE AND SUNSET
JULY 10 2014..........SUNRISE   632 AM CDT   SUNSET   837 PM CDT
JULY 11 2014..........SUNRISE   632 AM CDT   SUNSET   836 PM CDT


-  INDICATES NEGATIVE NUMBERS.
R  INDICATES RECORD WAS SET OR TIED.
MM INDICATES DATA IS MISSING.
T  INDICATES TRACE AMOUNT.




$$
