000
CDUS44 KFWD 040704
CLIACT


CLIMATE REPORT
NATIONAL WEATHER SERVICE FORT WORTH TX
104 AM CST WED MAR 4 2015


...................................

...THE WACO CLIMATE SUMMARY FOR MARCH 3 2015...

CLIMATE NORMAL PERIOD 1981 TO 2010
CLIMATE RECORD PERIOD 1901 TO 2015


WEATHER ITEM   OBSERVED TIME   RECORD YEAR NORMAL DEPARTURE LAST
                VALUE   (LST)  VALUE       VALUE  FROM      YEAR
                                                  NORMAL
..................................................................
TEMPERATURE (F)
 YESTERDAY
  MAXIMUM         53   1159 PM  83    1974  65    -12       38
  MINIMUM         40    631 AM  15    1943  44     -4       17
  AVERAGE         47                        55     -8       28

PRECIPITATION (IN)
  YESTERDAY        0.04          1.17 1945   0.11  -0.07     0.00
  MONTH TO DATE    0.20                      0.33  -0.13     0.02
  SINCE MAR 1      0.20                      0.33  -0.13     0.02
  SINCE JAN 1      4.93                      5.08  -0.15     0.78

SNOWFALL (IN)
  YESTERDAY        0.0           0.2  1965   0.0    0.0      0.0
  MONTH TO DATE    0.0                       0.0    0.0      0.1
  SINCE MAR 1      0.0                       0.0    0.0      0.1
  SINCE JUL 1      0.7                       0.9   -0.2      0.1
  SNOW DEPTH       0

DEGREE DAYS
 HEATING
  YESTERDAY       18                        11      7       37
  MONTH TO DATE   72                        33     39       61
  SINCE MAR 1     72                        33     39       61
  SINCE JUL 1   2026                      1845    181     2204

 COOLING
  YESTERDAY        0                         1     -1        0
  MONTH TO DATE    0                         2     -2        0
  SINCE MAR 1      0                         2     -2        0
  SINCE JAN 1      0                        11    -11        0
..................................................................


WIND (MPH)
  HIGHEST WIND SPEED     8   HIGHEST WIND DIRECTION    SE (140)
  HIGHEST GUST SPEED     9   HIGHEST GUST DIRECTION    SE (130)
  AVERAGE WIND SPEED     2.4


SKY COVER
  POSSIBLE SUNSHINE  MM
  AVERAGE SKY COVER 1.0


WEATHER CONDITIONS
 THE FOLLOWING WEATHER WAS RECORDED YESTERDAY.
  LIGHT RAIN
  FOG
  FOG W/VISIBILITY <= 1/4 MILE


RELATIVE HUMIDITY (PERCENT)
 HIGHEST   100          1200 AM
 LOWEST     92          1100 AM
 AVERAGE    96

..........................................................


THE WACO CLIMATE NORMALS FOR TODAY
                         NORMAL    RECORD    YEAR
 MAXIMUM TEMPERATURE (F)   66        89      1902
 MINIMUM TEMPERATURE (F)   44        23      2002


SUNRISE AND SUNSET
MARCH  4 2015.........SUNRISE   653 AM CST   SUNSET   629 PM CST
MARCH  5 2015.........SUNRISE   651 AM CST   SUNSET   630 PM CST


-  INDICATES NEGATIVE NUMBERS.
R  INDICATES RECORD WAS SET OR TIED.
MM INDICATES DATA IS MISSING.
T  INDICATES TRACE AMOUNT.




$$
