000
CDUS44 KFWD 060645
CLIACT


CLIMATE REPORT
NATIONAL WEATHER SERVICE FORT WORTH TX
145 AM CDT FRI MAY 6 2016


...................................

...THE WACO CLIMATE SUMMARY FOR MAY 5 2016...

CLIMATE NORMAL PERIOD 1981 TO 2010
CLIMATE RECORD PERIOD 1901 TO 2016


WEATHER ITEM   OBSERVED TIME   RECORD YEAR NORMAL DEPARTURE LAST
                VALUE   (LST)  VALUE       VALUE  FROM      YEAR
                                                  NORMAL
..................................................................
TEMPERATURE (F)
 YESTERDAY
  MAXIMUM         84    406 PM 100    1984  82      2       85
                                      1906
  MINIMUM         52    544 AM  40    2013  61     -9       61
  AVERAGE         68                        71     -3       73

PRECIPITATION (IN)
  YESTERDAY        0.00          2.12 1995   0.14  -0.14     0.01
  MONTH TO DATE    0.35                      0.69  -0.34     0.01
  SINCE MAR 1     12.23                      6.53   5.70     7.35
  SINCE JAN 1     14.68                     11.28   3.40    12.08

DEGREE DAYS
 HEATING
  YESTERDAY        0                         0      0        0
  MONTH TO DATE    9                         4      5        0
  SINCE MAR 1    212                       328   -116      350
  SINCE JUL 1   1689                      2140   -451     2304

 COOLING
  YESTERDAY        3                         7     -4        8
  MONTH TO DATE    8                        32    -24       27
  SINCE MAR 1    144                       177    -33      188
  SINCE JAN 1    152                       186    -34      188
..................................................................


WIND (MPH)
  HIGHEST WIND SPEED    13   HIGHEST WIND DIRECTION     N (340)
  HIGHEST GUST SPEED    16   HIGHEST GUST DIRECTION     N (10)
  AVERAGE WIND SPEED     4.2


SKY COVER
  POSSIBLE SUNSHINE  MM
  AVERAGE SKY COVER 0.0


WEATHER CONDITIONS
 THE FOLLOWING WEATHER WAS RECORDED YESTERDAY.
  NO SIGNIFICANT WEATHER WAS OBSERVED.


RELATIVE HUMIDITY (PERCENT)
 HIGHEST    93           400 AM
 LOWEST     28           100 PM
 AVERAGE    61

..........................................................


THE WACO CLIMATE NORMALS FOR TODAY
                         NORMAL    RECORD    YEAR
 MAXIMUM TEMPERATURE (F)   83       100      1984
 MINIMUM TEMPERATURE (F)   61        42      2013


SUNRISE AND SUNSET
MAY  6 2016...........SUNRISE   639 AM CDT   SUNSET   813 PM CDT
MAY  7 2016...........SUNRISE   638 AM CDT   SUNSET   813 PM CDT


-  INDICATES NEGATIVE NUMBERS.
R  INDICATES RECORD WAS SET OR TIED.
MM INDICATES DATA IS MISSING.
T  INDICATES TRACE AMOUNT.




$$
