000
CDUS44 KFWD 280645
CLIACT


CLIMATE REPORT
NATIONAL WEATHER SERVICE FORT WORTH TX
1244 AM CST TUE FEB 28 2017


...................................

...THE WACO CLIMATE SUMMARY FOR FEBRUARY 27 2017...

CLIMATE NORMAL PERIOD 1981 TO 2010
CLIMATE RECORD PERIOD 1901 TO 2017


WEATHER ITEM   OBSERVED TIME   RECORD YEAR NORMAL DEPARTURE LAST
                VALUE   (LST)  VALUE       VALUE  FROM      YEAR
                                                  NORMAL
..................................................................
TEMPERATURE (F)
 YESTERDAY
  MAXIMUM         80    313 PM  84    1918  64     16       72
  MINIMUM         62    848 PM  18    2002  43     19       39
  AVERAGE         71                        54     17       56

PRECIPITATION (IN)
  YESTERDAY        0.00          0.80 1913   0.11  -0.11     0.00
  MONTH TO DATE    3.05                      2.52   0.53     2.16
  SINCE DEC 1      7.43                      7.39   0.04     6.07
  SINCE JAN 1      6.16                      4.64   1.52     2.45

SNOWFALL (IN)
  YESTERDAY        0.0           T    2015   0.0    0.0      0.0
                                      1945
  MONTH TO DATE    0.0                       0.4   -0.4      0.0
  SINCE DEC 1      T                         0.7   -0.7      0.0
  SINCE JUL 1      T                         0.8   -0.8      0.0
  SNOW DEPTH       0

DEGREE DAYS
 HEATING
  YESTERDAY        0                        12    -12        9
  MONTH TO DATE  174                       392   -218      309
  SINCE DEC 1   1033                      1472   -439     1239
  SINCE JUL 1   1176                      1800   -624     1474

 COOLING
  YESTERDAY        6                         0      6        0
  MONTH TO DATE   40                         0     40        8
  SINCE DEC 1     72                         8     64       13
  SINCE JAN 1     49                         3     46        8
..................................................................


WIND (MPH)
  HIGHEST WIND SPEED    20   HIGHEST WIND DIRECTION     S (180)
  HIGHEST GUST SPEED    23   HIGHEST GUST DIRECTION     S (190)
  AVERAGE WIND SPEED     9.2


SKY COVER
  POSSIBLE SUNSHINE  MM
  AVERAGE SKY COVER 0.7


WEATHER CONDITIONS
 THE FOLLOWING WEATHER WAS RECORDED YESTERDAY.
  FOG


RELATIVE HUMIDITY (PERCENT)
 HIGHEST   100           600 AM
 LOWEST     62           200 PM
 AVERAGE    81

..........................................................


THE WACO CLIMATE NORMALS FOR TODAY
                         NORMAL    RECORD    YEAR
 MAXIMUM TEMPERATURE (F)   65        86      1904
 MINIMUM TEMPERATURE (F)   43        24      1962
                                             1937


SUNRISE AND SUNSET
FEBRUARY 28 2017......SUNRISE   657 AM CST   SUNSET   626 PM CST
MARCH  1 2017.........SUNRISE   655 AM CST   SUNSET   627 PM CST


-  INDICATES NEGATIVE NUMBERS.
R  INDICATES RECORD WAS SET OR TIED.
MM INDICATES DATA IS MISSING.
T  INDICATES TRACE AMOUNT.




$$
