410
CDUS44 KFWD 300702
CLIACT


CLIMATE REPORT
NATIONAL WEATHER SERVICE FORT WORTH TX
202 AM CDT TUE AUG 30 2016


...................................

...THE WACO CLIMATE SUMMARY FOR AUGUST 29 2016...

CLIMATE NORMAL PERIOD 1981 TO 2010
CLIMATE RECORD PERIOD 1901 TO 2016


WEATHER ITEM   OBSERVED TIME   RECORD YEAR NORMAL DEPARTURE LAST
                VALUE   (LST)  VALUE       VALUE  FROM      YEAR
                                                  NORMAL
..................................................................
TEMPERATURE (F)
 YESTERDAY
  MAXIMUM         92    333 PM 106    2011  95     -3       96
  MINIMUM         71    338 AM  59    1992  72     -1       76
  AVERAGE         82                        84     -2       86

PRECIPITATION (IN)
  YESTERDAY        0.03          2.08 1914   0.08  -0.05     0.00
  MONTH TO DATE    4.61                      1.87   2.74     0.77
  SINCE JUN 1      9.34                      7.09   2.25     6.74
  SINCE JAN 1     31.98                     21.98  10.00    28.08

DEGREE DAYS
 HEATING
  YESTERDAY        0                         0      0        0
  MONTH TO DATE    0                         0      0        0
  SINCE JUN 1      0                         0      0        0
  SINCE JUL 1      0                         0      0        0

 COOLING
  YESTERDAY       17                        18     -1       21
  MONTH TO DATE  579                       591    -12      633
  SINCE JUN 1   1812                      1705    107     1786
  SINCE JAN 1   2203                      2157     46     2221
..................................................................


WIND (MPH)
  HIGHEST WIND SPEED    24   HIGHEST WIND DIRECTION    SE (120)
  HIGHEST GUST SPEED    32   HIGHEST GUST DIRECTION    SE (130)
  AVERAGE WIND SPEED     7.2


SKY COVER
  POSSIBLE SUNSHINE  MM
  AVERAGE SKY COVER 0.4


WEATHER CONDITIONS
 THE FOLLOWING WEATHER WAS RECORDED YESTERDAY.
  THUNDERSTORM
  LIGHT RAIN
  FOG


RELATIVE HUMIDITY (PERCENT)
 HIGHEST   100          1200 AM
 LOWEST     52           200 PM
 AVERAGE    76

..........................................................


THE WACO CLIMATE NORMALS FOR TODAY
                         NORMAL    RECORD    YEAR
 MAXIMUM TEMPERATURE (F)   95       106      1954
 MINIMUM TEMPERATURE (F)   72        57      1986


SUNRISE AND SUNSET
AUGUST 30 2016........SUNRISE   704 AM CDT   SUNSET   754 PM CDT
AUGUST 31 2016........SUNRISE   704 AM CDT   SUNSET   753 PM CDT


-  INDICATES NEGATIVE NUMBERS.
R  INDICATES RECORD WAS SET OR TIED.
MM INDICATES DATA IS MISSING.
T  INDICATES TRACE AMOUNT.




$$
