000
CDUS44 KFWD 302322
CLIACT


CLIMATE REPORT
NATIONAL WEATHER SERVICE FORT WORTH TX
621 PM CDT THU JUL 30 2015


...................................

...THE WACO CLIMATE SUMMARY FOR JULY 30 2015...
VALID AS OF 0600 PM LOCAL TIME.

CLIMATE NORMAL PERIOD 1981 TO 2010
CLIMATE RECORD PERIOD 1901 TO 2015


WEATHER ITEM   OBSERVED TIME   RECORD YEAR NORMAL DEPARTURE LAST
                VALUE   (LST)  VALUE       VALUE  FROM      YEAR
                                                  NORMAL
..................................................................
TEMPERATURE (F)
 TODAY
  MAXIMUM        103    417 PM 108    1957  98      5       95
  MINIMUM         74        MM  63    1984  75     -1       71
  AVERAGE         89

PRECIPITATION (IN)
  TODAY            0.00          1.10 2009   0.06  -0.06     0.00
  MONTH TO DATE    0.00                      1.73  -1.73     0.15
  SINCE JUN 1      5.97                      5.16   0.81     8.46
  SINCE JAN 1     27.31                     20.05   7.26    19.60

..................................................................


WIND (MPH)
  HIGHEST WIND SPEED    12   HIGHEST WIND DIRECTION     E (110)
  HIGHEST GUST SPEED    MM   HIGHEST GUST DIRECTION    MM
  AVERAGE WIND SPEED     4.0




..........................................................


THE WACO CLIMATE NORMALS FOR TOMORROW
                         NORMAL    RECORD    YEAR
 MAXIMUM TEMPERATURE (F)   98       108      1986
 MINIMUM TEMPERATURE (F)   75        63      1984
                                             1971


SUNRISE AND SUNSET
JULY 30 2015..........SUNRISE   644 AM CDT   SUNSET   827 PM CDT
JULY 31 2015..........SUNRISE   644 AM CDT   SUNSET   826 PM CDT


-  INDICATES NEGATIVE NUMBERS.
R  INDICATES RECORD WAS SET OR TIED.
MM INDICATES DATA IS MISSING.
T  INDICATES TRACE AMOUNT.




$$
