000
CDUS44 KFWD 182225
CLIACT


CLIMATE REPORT
NATIONAL WEATHER SERVICE FORT WORTH TX
425 PM CST THU JAN 18 2018


...................................

...THE WACO CLIMATE SUMMARY FOR JANUARY 18 2018...
VALID AS OF 0400 PM LOCAL TIME.

CLIMATE NORMAL PERIOD 1981 TO 2010
CLIMATE RECORD PERIOD 1901 TO 2018


WEATHER ITEM   OBSERVED TIME   RECORD YEAR NORMAL DEPARTURE LAST
                VALUE   (LST)  VALUE       VALUE  FROM      YEAR
                                                  NORMAL
..................................................................
TEMPERATURE (F)
 TODAY
  MAXIMUM         42    256 PM  82    2000  58    -16       52
  MINIMUM         11    629 AM  -1    1930  36    -25       46
  AVERAGE         27

PRECIPITATION (IN)
  TODAY            0.00          1.89 1945   0.07  -0.07     0.82
  MONTH TO DATE    0.20                      1.16  -0.96     3.09
  SINCE DEC 1      1.98                      3.91  -1.93     4.36
  SINCE JAN 1      0.20                      1.16  -0.96     3.09

SNOWFALL (IN)
  TODAY            0.0           2.0  1930   0.1   -0.1      0.0
  MONTH TO DATE    T                         0.2   -0.2      0.0
  SINCE DEC 1      T                         0.2   -0.2       T
  SINCE JUL 1      T                         0.3   -0.3       T
  SNOW DEPTH       0

..................................................................


WIND (MPH)
  HIGHEST WIND SPEED    13   HIGHEST WIND DIRECTION     S (180)
  HIGHEST GUST SPEED    16   HIGHEST GUST DIRECTION     S (180)
  AVERAGE WIND SPEED     4.6




..........................................................


THE WACO CLIMATE NORMALS FOR TOMORROW
                         NORMAL    RECORD    YEAR
 MAXIMUM TEMPERATURE (F)   58        84      1952
 MINIMUM TEMPERATURE (F)   36         7      1940


SUNRISE AND SUNSET
JANUARY 18 2018.......SUNRISE   728 AM CST   SUNSET   551 PM CST
JANUARY 19 2018.......SUNRISE   728 AM CST   SUNSET   552 PM CST


-  INDICATES NEGATIVE NUMBERS.
R  INDICATES RECORD WAS SET OR TIED.
MM INDICATES DATA IS MISSING.
T  INDICATES TRACE AMOUNT.




$$
