000
CDUS44 KFWD 060642
CLIACT


CLIMATE REPORT
NATIONAL WEATHER SERVICE FORT WORTH TX
1242 AM CST TUE DEC 6 2016


...................................

...THE WACO CLIMATE SUMMARY FOR DECEMBER 5 2016...

CLIMATE NORMAL PERIOD 1981 TO 2010
CLIMATE RECORD PERIOD 1901 TO 2016


WEATHER ITEM   OBSERVED TIME   RECORD YEAR NORMAL DEPARTURE LAST
                VALUE   (LST)  VALUE       VALUE  FROM      YEAR
                                                  NORMAL
..................................................................
TEMPERATURE (F)
 YESTERDAY
  MAXIMUM         50        MM  81    2007  61    -11       61
  MINIMUM         46        MM  22    1950  39      7       33
  AVERAGE         48                        50     -2       47

PRECIPITATION (IN)
  YESTERDAY        0.21          1.85 1930   0.08   0.13     0.00
  MONTH TO DATE    1.13                      0.42   0.71     0.00
  SINCE DEC 1      1.13                      0.42   0.71     0.00
  SINCE JAN 1     38.41                     32.36   6.05    50.12

SNOWFALL (IN)
  YESTERDAY        0.0           T    2013   0.0    0.0      0.0
  MONTH TO DATE    0.0                       0.0    0.0      0.0
  SINCE DEC 1      0.0                       0.0    0.0      0.0
  SINCE JUL 1      0.0                       0.1   -0.1      0.0
  SNOW DEPTH       0

DEGREE DAYS
 HEATING
  YESTERDAY       17                        15      2       18
  MONTH TO DATE   74                        72      2       92
  SINCE DEC 1     74                        72      2       92
  SINCE JUL 1    217                       400   -183      327

 COOLING
  YESTERDAY        0                         0      0        0
  MONTH TO DATE    0                         0      0        0
  SINCE DEC 1      0                         0      0        0
  SINCE JAN 1   3041                      2792    249     3050
..................................................................


WIND (MPH)
  HIGHEST WIND SPEED     9   HIGHEST WIND DIRECTION     N (10)
  HIGHEST GUST SPEED    MM   HIGHEST GUST DIRECTION    MM
  AVERAGE WIND SPEED     6.8


SKY COVER
  POSSIBLE SUNSHINE  MM
  AVERAGE SKY COVER 1.0


WEATHER CONDITIONS
 THE FOLLOWING WEATHER WAS RECORDED YESTERDAY.
  LIGHT RAIN
  FOG


RELATIVE HUMIDITY (PERCENT)
 HIGHEST   100           300 AM
 LOWEST     86           400 AM
 AVERAGE    93

..........................................................


THE WACO CLIMATE NORMALS FOR TODAY
                         NORMAL    RECORD    YEAR
 MAXIMUM TEMPERATURE (F)   61        82      1966
 MINIMUM TEMPERATURE (F)   39        15      1950


SUNRISE AND SUNSET
DECEMBER  6 2016......SUNRISE   715 AM CST   SUNSET   525 PM CST
DECEMBER  7 2016......SUNRISE   716 AM CST   SUNSET   525 PM CST


-  INDICATES NEGATIVE NUMBERS.
R  INDICATES RECORD WAS SET OR TIED.
MM INDICATES DATA IS MISSING.
T  INDICATES TRACE AMOUNT.




$$
