000
CDUS44 KFWD 142221
CLIACT

CLIMATE REPORT
NATIONAL WEATHER SERVICE FORT WORTH TX
520 PM CDT SUN SEP 14 2014


...................................

...THE WACO CLIMATE SUMMARY FOR SEPTEMBER 14 2014...
VALID AS OF 0500 PM LOCAL TIME.

CLIMATE NORMAL PERIOD 1981 TO 2010
CLIMATE RECORD PERIOD 1901 TO 2014


WEATHER ITEM   OBSERVED TIME   RECORD YEAR NORMAL DEPARTURE LAST
                VALUE   (LST)  VALUE       VALUE  FROM      YEAR
                                                  NORMAL
..................................................................
TEMPERATURE (F)
 TODAY
  MAXIMUM         79    346 PM 104    2011  90    -11       98
  MINIMUM         63    454 AM  50    1902  67     -4       72
  AVERAGE         71

PRECIPITATION (IN)
  TODAY            0.00          2.78 1985   0.10  -0.10     0.00
  MONTH TO DATE    0.90                      1.42  -0.52     0.52
  SINCE SEP 1      0.90                      1.42  -0.52     0.52
  SINCE JAN 1     21.48                     23.58  -2.10    21.95

..................................................................


WIND (MPH)
  HIGHEST WIND SPEED    12   HIGHEST WIND DIRECTION    NE (50)
  HIGHEST GUST SPEED    15   HIGHEST GUST DIRECTION    NE (50)
  AVERAGE WIND SPEED     4.7




..........................................................


THE WACO CLIMATE NORMALS FOR TOMORROW
                         NORMAL    RECORD    YEAR
 MAXIMUM TEMPERATURE (F)   90       100      1911
 MINIMUM TEMPERATURE (F)   67        49      1989


SUNRISE AND SUNSET
SEPTEMBER 14 2014.....SUNRISE   712 AM CDT   SUNSET   736 PM CDT
SEPTEMBER 15 2014.....SUNRISE   713 AM CDT   SUNSET   735 PM CDT


-  INDICATES NEGATIVE NUMBERS.
R  INDICATES RECORD WAS SET OR TIED.
MM INDICATES DATA IS MISSING.
T  INDICATES TRACE AMOUNT.




$$
