000
CDUS44 KFWD 030706
CLIACT


CLIMATE REPORT
NATIONAL WEATHER SERVICE FORT WORTH TX
205 AM CDT THU SEP 3 2015

...................................

...THE WACO CLIMATE SUMMARY FOR SEPTEMBER 2 2015...

CLIMATE NORMAL PERIOD 1981 TO 2010
CLIMATE RECORD PERIOD 1901 TO 2015


WEATHER ITEM   OBSERVED TIME   RECORD YEAR NORMAL DEPARTURE LAST
                VALUE   (LST)  VALUE       VALUE  FROM      YEAR
                                                  NORMAL
..................................................................
TEMPERATURE (F)
 YESTERDAY
  MAXIMUM         94    418 PM 107    2000  94      0       98
  MINIMUM         72    621 AM  58    1915  71      1       77
  AVERAGE         83                        82      1       88

PRECIPITATION (IN)
  YESTERDAY        0.00          2.91 1932   0.10  -0.10     0.00
  MONTH TO DATE    0.00                      0.20  -0.20     0.00
  SINCE SEP 1      0.00                      0.20  -0.20     0.00
  SINCE JAN 1     28.17                     22.36   5.81    20.58

DEGREE DAYS
 HEATING
  YESTERDAY        0                         0      0        0
  MONTH TO DATE    0                         0      0        0
  SINCE SEP 1      0                         0      0        0
  SINCE JUL 1      0                         0      0        0

 COOLING
  YESTERDAY       18                        17      1       23
  MONTH TO DATE   36                        35      1       45
  SINCE SEP 1     36                        35      1       45
  SINCE JAN 1   2291                      2230     61     2120
..................................................................

WIND (MPH)
  HIGHEST WIND SPEED    16   HIGHEST WIND DIRECTION     S (170)
  HIGHEST GUST SPEED    23   HIGHEST GUST DIRECTION    SE (130)
  AVERAGE WIND SPEED     8.7


SKY COVER
  POSSIBLE SUNSHINE  MM
  AVERAGE SKY COVER 0.2


WEATHER CONDITIONS
 THE FOLLOWING WEATHER WAS RECORDED YESTERDAY.
  NO SIGNIFICANT WEATHER WAS OBSERVED.


RELATIVE HUMIDITY (PERCENT)
 HIGHEST    93           500 AM
 LOWEST     38           400 PM
 AVERAGE    66

..........................................................

THE WACO CLIMATE NORMALS FOR TODAY
                         NORMAL    RECORD    YEAR
 MAXIMUM TEMPERATURE (F)   94       108      2000
 MINIMUM TEMPERATURE (F)   71        59      1987
                                             1915


SUNRISE AND SUNSET
SEPTEMBER  3 2015.....SUNRISE   706 AM CDT   SUNSET   750 PM CDT
SEPTEMBER  4 2015.....SUNRISE   706 AM CDT   SUNSET   749 PM CDT


-  INDICATES NEGATIVE NUMBERS.
R  INDICATES RECORD WAS SET OR TIED.
MM INDICATES DATA IS MISSING.
T  INDICATES TRACE AMOUNT.


$$
