000
CDUS41 KPHI 060632
CLIACY


CLIMATE REPORT
NATIONAL WEATHER SERVICE MOUNT HOLLY NJ
226 AM EDT MON JUL 6 2015


...................................

...THE ATLANTIC CITY NJ CLIMATE SUMMARY FOR JULY 5 2015...

CLIMATE NORMAL PERIOD 1981 TO 2010
CLIMATE RECORD PERIOD 1874 TO 2015


WEATHER ITEM   OBSERVED TIME   RECORD YEAR NORMAL DEPARTURE LAST
                VALUE   (LST)  VALUE       VALUE  FROM      YEAR
                                                  NORMAL
..................................................................
TEMPERATURE (F)
 YESTERDAY
  MAXIMUM         81   1258 PM  99    2010  85     -4       84
                                      1999
  MINIMUM         66    536 AM  49    1971  66      0       56
  AVERAGE         74                        76     -2       70

PRECIPITATION (IN)
  YESTERDAY        0.00          2.21 1895   0.11  -0.11     0.00
  MONTH TO DATE    1.62                      0.57   1.05     1.71
  SINCE JUN 1      9.98                      3.68   6.30     3.25
  SINCE JAN 1     27.94                     20.96   6.98    23.43

SNOWFALL (IN)
  YESTERDAY        0.0           0.0  1903   0.0    0.0      0.0
  MONTH TO DATE    0.0                       0.0    0.0      0.0
  SINCE JUN 1      0.0                       0.0    0.0      0.0
  SINCE JUL 1      0.0                       0.0    0.0      0.0
  SNOW DEPTH       0

DEGREE DAYS
 HEATING
  YESTERDAY        0                         0      0        0
  MONTH TO DATE    0                         0      0        0
  SINCE JUN 1     26                        27     -1       10
  SINCE JUL 1      0                         0      0        0

 COOLING
  YESTERDAY        9                        11     -2        5
  MONTH TO DATE   38                        52    -14       58
  SINCE JUN 1    283                       255     28      254
  SINCE JAN 1    417                       319     98      290
..................................................................


WIND (MPH)
  HIGHEST WIND SPEED    13   HIGHEST WIND DIRECTION     S (160)
  HIGHEST GUST SPEED    18   HIGHEST GUST DIRECTION     S (190)
  AVERAGE WIND SPEED     4.1


SKY COVER
  POSSIBLE SUNSHINE  MM
  AVERAGE SKY COVER 0.4


WEATHER CONDITIONS
 THE FOLLOWING WEATHER WAS RECORDED YESTERDAY.
  NO SIGNIFICANT WEATHER WAS OBSERVED.


RELATIVE HUMIDITY (PERCENT)
 HIGHEST    90          1000 PM
 LOWEST     58          1000 AM
 AVERAGE    74

..........................................................


THE ATLANTIC CITY NJ CLIMATE NORMALS FOR TODAY
                         NORMAL    RECORD    YEAR
 MAXIMUM TEMPERATURE (F)   85       102      2010
 MINIMUM TEMPERATURE (F)   66        48      1979


SUNRISE AND SUNSET
JULY  6 2015..........SUNRISE   537 AM EDT   SUNSET   828 PM EDT
JULY  7 2015..........SUNRISE   538 AM EDT   SUNSET   828 PM EDT


-  INDICATES NEGATIVE NUMBERS.
R  INDICATES RECORD WAS SET OR TIED.
MM INDICATES DATA IS MISSING.
T  INDICATES TRACE AMOUNT.




$$
