890
CDUS41 KPHI 220627
CLIACY


CLIMATE REPORT
NATIONAL WEATHER SERVICE MOUNT HOLLY NJ
226 AM EDT FRI MAY 22 2015


...................................

...THE ATLANTIC CITY NJ CLIMATE SUMMARY FOR MAY 21 2015...

CLIMATE NORMAL PERIOD 1981 TO 2010
CLIMATE RECORD PERIOD 1874 TO 2015


WEATHER ITEM   OBSERVED TIME   RECORD YEAR NORMAL DEPARTURE LAST
                VALUE   (LST)  VALUE       VALUE  FROM      YEAR
                                                  NORMAL
..................................................................
TEMPERATURE (F)
 YESTERDAY
  MAXIMUM         60   1124 AM  93    1996  73    -13       71
  MINIMUM         44    142 AM  28    1992  53     -9       59
  AVERAGE         52                        63    -11       65

PRECIPITATION (IN)
  YESTERDAY        0.57          1.21 1894   0.11   0.46      T
  MONTH TO DATE    0.71                      2.18  -1.47     1.02
  SINCE MAR 1      9.90                     10.02  -0.12    10.39
  SINCE JAN 1     17.96                     16.11   1.85    18.94

SNOWFALL (IN)
  YESTERDAY        0.0           0.0  1903   0.0    0.0      0.0
  MONTH TO DATE    0.0                       0.0    0.0      0.0
  SINCE MAR 1      7.4                       1.4    6.0     15.6
  SINCE JUL 1     22.4                      16.5    5.9     43.8
  SNOW DEPTH       0

DEGREE DAYS
 HEATING
  YESTERDAY       13                         4      9        0
  MONTH TO DATE   69                       141    -72       98
  SINCE MAR 1   1268                      1254     14     1411
  SINCE JUL 1   5143                      4845    298     5274

 COOLING
  YESTERDAY        0                         2     -2        0
  MONTH TO DATE   72                        28     44       14
  SINCE MAR 1     72                        37     35       14
  SINCE JAN 1     72                        37     35       14
..................................................................


WIND (MPH)
  HIGHEST WIND SPEED    10   HIGHEST WIND DIRECTION     S (160)
  HIGHEST GUST SPEED    14   HIGHEST GUST DIRECTION    SE (130)
  AVERAGE WIND SPEED     3.7


SKY COVER
  POSSIBLE SUNSHINE  MM
  AVERAGE SKY COVER 0.7


WEATHER CONDITIONS
 THE FOLLOWING WEATHER WAS RECORDED YESTERDAY.
  HEAVY RAIN
  RAIN
  LIGHT RAIN
  FOG


RELATIVE HUMIDITY (PERCENT)
 HIGHEST    93           700 PM
 LOWEST     57          1000 AM
 AVERAGE    75

..........................................................


THE ATLANTIC CITY NJ CLIMATE NORMALS FOR TODAY
                         NORMAL    RECORD    YEAR
 MAXIMUM TEMPERATURE (F)   73        91      1992
 MINIMUM TEMPERATURE (F)   53        36      2002


SUNRISE AND SUNSET
MAY 22 2015...........SUNRISE   539 AM EDT   SUNSET   811 PM EDT
MAY 23 2015...........SUNRISE   538 AM EDT   SUNSET   812 PM EDT


-  INDICATES NEGATIVE NUMBERS.
R  INDICATES RECORD WAS SET OR TIED.
MM INDICATES DATA IS MISSING.
T  INDICATES TRACE AMOUNT.




$$
