000
CDUS41 KPHI 270641
CLIACY


CLIMATE REPORT
NATIONAL WEATHER SERVICE MOUNT HOLLY NJ
140 AM EST TUE JAN 27 2015


...................................

...THE ATLANTIC CITY NJ CLIMATE SUMMARY FOR JANUARY 26 2015...

CLIMATE NORMAL PERIOD 1981 TO 2010
CLIMATE RECORD PERIOD 1874 TO 2015


WEATHER ITEM   OBSERVED TIME   RECORD YEAR NORMAL DEPARTURE LAST
                VALUE   (LST)  VALUE       VALUE  FROM      YEAR
                                                  NORMAL
..................................................................
TEMPERATURE (F)
 YESTERDAY
  MAXIMUM         37    140 PM  72    1967  41     -4       37
  MINIMUM         29   1159 PM   3    1961  25      4       17
  AVERAGE         33                        33      0       27

PRECIPITATION (IN)
  YESTERDAY        0.18          1.95 1986   0.09   0.09     0.00
  MONTH TO DATE    5.18                      2.71   2.47     2.82
  SINCE DEC 1     10.71                      6.40   4.31     8.88
  SINCE JAN 1      5.18                      2.71   2.47     2.82

SNOWFALL (IN)
  YESTERDAY        T            14.3  1987   0.2   -0.2      0.0
  MONTH TO DATE    3.6                       3.5    0.1     10.9
  SINCE DEC 1      4.0                       7.2   -3.2     14.2
  SINCE JUL 1      4.0                       7.4   -3.4     14.2
  SNOW DEPTH       0

DEGREE DAYS
 HEATING
  YESTERDAY       32                        32      0       38
  MONTH TO DATE  877                       830     47      932
  SINCE DEC 1   1646                      1692    -46     1729
  SINCE JUL 1   2553                      2599    -46     2732

 COOLING
  YESTERDAY        0                         0      0        0
  MONTH TO DATE    0                         0      0        0
  SINCE DEC 1      0                         0      0        0
  SINCE JAN 1      0                         0      0        0
..................................................................


WIND (MPH)
  HIGHEST WIND SPEED    26   HIGHEST WIND DIRECTION    NE (50)
  HIGHEST GUST SPEED    37   HIGHEST GUST DIRECTION    NE (50)
  AVERAGE WIND SPEED    18.8


SKY COVER
  POSSIBLE SUNSHINE  MM
  AVERAGE SKY COVER 1.0


WEATHER CONDITIONS
 THE FOLLOWING WEATHER WAS RECORDED YESTERDAY.
  RAIN
  LIGHT RAIN
  LIGHT SNOW
  FOG


RELATIVE HUMIDITY (PERCENT)
 HIGHEST    96          1000 AM
 LOWEST     64           100 AM
 AVERAGE    80

..........................................................


THE ATLANTIC CITY NJ CLIMATE NORMALS FOR TODAY
                         NORMAL    RECORD    YEAR
 MAXIMUM TEMPERATURE (F)   41        72      1974
 MINIMUM TEMPERATURE (F)   25        -1      1987


SUNRISE AND SUNSET
JANUARY 27 2015.......SUNRISE   710 AM EST   SUNSET   512 PM EST
JANUARY 28 2015.......SUNRISE   709 AM EST   SUNSET   514 PM EST


-  INDICATES NEGATIVE NUMBERS.
R  INDICATES RECORD WAS SET OR TIED.
MM INDICATES DATA IS MISSING.
T  INDICATES TRACE AMOUNT.




$$
