000
CDUS41 KPHI 140630
CLIACY


CLIMATE REPORT
NATIONAL WEATHER SERVICE MOUNT HOLLY NJ
126 AM EST SUN FEB 14 2016


...................................

...THE ATLANTIC CITY NJ CLIMATE SUMMARY FOR FEBRUARY 13 2016...

CLIMATE NORMAL PERIOD 1981 TO 2010
CLIMATE RECORD PERIOD 1874 TO 2016


WEATHER ITEM   OBSERVED TIME   RECORD YEAR NORMAL DEPARTURE LAST
                VALUE   (LST)  VALUE       VALUE  FROM      YEAR
                                                  NORMAL
..................................................................
TEMPERATURE (F)
 YESTERDAY
  MAXIMUM         26   1134 AM  65    1903  44    -18       25
  MINIMUM         12   1159 PM  -7    1967  26    -14        9
  AVERAGE         19                        35    -16       17

PRECIPITATION (IN)
  YESTERDAY        T             2.58 1966   0.09  -0.09     0.00
  MONTH TO DATE    1.64                      1.26   0.38     1.10
  SINCE DEC 1      9.92                      8.17   1.75    11.91
  SINCE JAN 1      4.48                      4.48   0.00     6.38

SNOWFALL (IN)
  YESTERDAY        T             2.4  1982   0.2   -0.2      0.0
  MONTH TO DATE    2.8                       3.3   -0.5       T
  SINCE DEC 1     19.5                      11.5    8.0      5.2
  SINCE JUL 1     19.5                      11.7    7.8      5.2
  SNOW DEPTH       T

DEGREE DAYS
 HEATING
  YESTERDAY       46                        30     16       48
  MONTH TO DATE  382                       402    -20      448
  SINCE DEC 1   1793                      2256   -463     2288
  SINCE JUL 1   2488                      3163   -675     3195

 COOLING
  YESTERDAY        0                         0      0        0
  MONTH TO DATE    0                         0      0        0
  SINCE DEC 1      3                         0      3        0
  SINCE JAN 1      0                         0      0        0
..................................................................


WIND (MPH)
  HIGHEST WIND SPEED    36   HIGHEST WIND DIRECTION    NW (310)
  HIGHEST GUST SPEED    44   HIGHEST GUST DIRECTION    NW (300)
  AVERAGE WIND SPEED    17.1


SKY COVER
  POSSIBLE SUNSHINE  MM
  AVERAGE SKY COVER 0.4


WEATHER CONDITIONS
 THE FOLLOWING WEATHER WAS RECORDED YESTERDAY.
  LIGHT SNOW
  FOG


RELATIVE HUMIDITY (PERCENT)
 HIGHEST    91           300 AM
 LOWEST     29          1100 AM
 AVERAGE    60

..........................................................


THE ATLANTIC CITY NJ CLIMATE NORMALS FOR TODAY
                         NORMAL    RECORD    YEAR
 MAXIMUM TEMPERATURE (F)   44        72      1990
 MINIMUM TEMPERATURE (F)   26        -6      1979


SUNRISE AND SUNSET
FEBRUARY 14 2016......SUNRISE   652 AM EST   SUNSET   533 PM EST
FEBRUARY 15 2016......SUNRISE   651 AM EST   SUNSET   534 PM EST


-  INDICATES NEGATIVE NUMBERS.
R  INDICATES RECORD WAS SET OR TIED.
MM INDICATES DATA IS MISSING.
T  INDICATES TRACE AMOUNT.




$$
