000
CDUS41 KPHI 170627
CLIACY


CLIMATE REPORT
NATIONAL WEATHER SERVICE MOUNT HOLLY NJ
127 AM EST TUE JAN 17 2017


...................................

...THE ATLANTIC CITY NJ CLIMATE SUMMARY FOR JANUARY 16 2017...

CLIMATE NORMAL PERIOD 1981 TO 2010
CLIMATE RECORD PERIOD 1874 TO 2017


WEATHER ITEM   OBSERVED TIME   RECORD YEAR NORMAL DEPARTURE LAST
                VALUE   (LST)  VALUE       VALUE  FROM      YEAR
                                                  NORMAL
..................................................................
TEMPERATURE (F)
 YESTERDAY
  MAXIMUM         46    200 PM  66    1953  41      5       53
  MINIMUM         22    803 AM  -4    1977  24     -2       38
                                      1893
  AVERAGE         34                        33      1       46

PRECIPITATION (IN)
  YESTERDAY        0.00          2.22 1941   0.10  -0.10     0.36
  MONTH TO DATE    2.10                      1.70   0.40     1.48
  SINCE DEC 1      5.39                      5.39   0.00     6.92
  SINCE JAN 1      2.10                      1.70   0.40     1.48

SNOWFALL (IN)
  YESTERDAY        0.0           5.0  1965   0.1   -0.1      0.0
  MONTH TO DATE    7.0                       1.9    5.1       T
  SINCE DEC 1      7.0                       5.6    1.4       T
  SINCE JUL 1      7.0                       5.8    1.2       T
  SNOW DEPTH       0

DEGREE DAYS
 HEATING
  YESTERDAY       31                        32     -1       19
  MONTH TO DATE  463                       510    -47      474
  SINCE DEC 1   1277                      1372    -95      915
  SINCE JUL 1   2024                      2279   -255     1610

 COOLING
  YESTERDAY        0                         0      0        0
  MONTH TO DATE    0                         0      0        0
  SINCE DEC 1      0                         0      0        3
  SINCE JAN 1      0                         0      0        0
..................................................................


WIND (MPH)
  HIGHEST WIND SPEED     8   HIGHEST WIND DIRECTION     S (160)
  HIGHEST GUST SPEED    10   HIGHEST GUST DIRECTION     S (160)
  AVERAGE WIND SPEED     2.9


SKY COVER
  POSSIBLE SUNSHINE  MM
  AVERAGE SKY COVER 0.3


WEATHER CONDITIONS
 THE FOLLOWING WEATHER WAS RECORDED YESTERDAY.
  NO SIGNIFICANT WEATHER WAS OBSERVED.


RELATIVE HUMIDITY (PERCENT)
 HIGHEST    81           300 AM
 LOWEST     33           100 PM
 AVERAGE    57

..........................................................


THE ATLANTIC CITY NJ CLIMATE NORMALS FOR TODAY
                         NORMAL    RECORD    YEAR
 MAXIMUM TEMPERATURE (F)   41        63      1990
                                             1973
 MINIMUM TEMPERATURE (F)   24       -10      1977


SUNRISE AND SUNSET
JANUARY 17 2017.......SUNRISE   716 AM EST   SUNSET   501 PM EST
JANUARY 18 2017.......SUNRISE   715 AM EST   SUNSET   503 PM EST


-  INDICATES NEGATIVE NUMBERS.
R  INDICATES RECORD WAS SET OR TIED.
MM INDICATES DATA IS MISSING.
T  INDICATES TRACE AMOUNT.




$$
