000
CDUS41 KPHI 260630
CLIACY


CLIMATE REPORT
NATIONAL WEATHER SERVICE MOUNT HOLLY NJ
129 AM EST SUN FEB 26 2017


...................................

...THE ATLANTIC CITY NJ CLIMATE SUMMARY FOR FEBRUARY 25 2017...

CLIMATE NORMAL PERIOD 1981 TO 2010
CLIMATE RECORD PERIOD 1874 TO 2017


WEATHER ITEM   OBSERVED TIME   RECORD YEAR NORMAL DEPARTURE LAST
                VALUE   (LST)  VALUE       VALUE  FROM      YEAR
                                                  NORMAL
..................................................................
TEMPERATURE (F)
 YESTERDAY
  MAXIMUM         65    114 PM  77    1930  47     18       61
  MINIMUM         47   1159 PM   3    1914  28     19       40
  AVERAGE         56                        37     19       51

PRECIPITATION (IN)
  YESTERDAY        0.19          1.32 1960   0.11   0.08     0.02
  MONTH TO DATE    1.16                      2.53  -1.37     4.51
  SINCE DEC 1      8.63                      9.44  -0.81    12.79
  SINCE JAN 1      5.34                      5.75  -0.41     7.35

SNOWFALL (IN)
  YESTERDAY        0.0           6.0  1934   0.2   -0.2      0.0
  MONTH TO DATE    0.3                       6.2   -5.9      3.9
  SINCE DEC 1      7.5                      14.4   -6.9     20.6
  SINCE JUL 1      7.5                      14.6   -7.1     20.6
  SNOW DEPTH       0

DEGREE DAYS
 HEATING
  YESTERDAY        9                        28    -19       14
  MONTH TO DATE  547                       749   -202      682
  SINCE DEC 1   2185                      2603   -418     2093
  SINCE JUL 1   2932                      3510   -578     2788

 COOLING
  YESTERDAY        0                         0      0        0
  MONTH TO DATE    0                         0      0        0
  SINCE DEC 1      0                         0      0        3
  SINCE JAN 1      0                         0      0        0
..................................................................


WIND (MPH)
  HIGHEST WIND SPEED    26   HIGHEST WIND DIRECTION    NW (300)
  HIGHEST GUST SPEED    37   HIGHEST GUST DIRECTION    NW (300)
  AVERAGE WIND SPEED    10.4


SKY COVER
  POSSIBLE SUNSHINE  MM
  AVERAGE SKY COVER 0.5


WEATHER CONDITIONS
 THE FOLLOWING WEATHER WAS RECORDED YESTERDAY.
  THUNDERSTORM
  HEAVY RAIN
  RAIN
  LIGHT RAIN
  FOG
  FOG W/VISIBILITY <= 1/4 MILE


RELATIVE HUMIDITY (PERCENT)
 HIGHEST   100           300 AM
 LOWEST     73          1200 PM
 AVERAGE    87

..........................................................


THE ATLANTIC CITY NJ CLIMATE NORMALS FOR TODAY
                         NORMAL    RECORD    YEAR
 MAXIMUM TEMPERATURE (F)   47        71      1890
 MINIMUM TEMPERATURE (F)   28         9      1990


SUNRISE AND SUNSET
FEBRUARY 26 2017......SUNRISE   635 AM EST   SUNSET   548 PM EST
FEBRUARY 27 2017......SUNRISE   634 AM EST   SUNSET   549 PM EST


-  INDICATES NEGATIVE NUMBERS.
R  INDICATES RECORD WAS SET OR TIED.
MM INDICATES DATA IS MISSING.
T  INDICATES TRACE AMOUNT.




$$
