000
CDUS41 KPHI 010629
CLIACY


CLIMATE REPORT
NATIONAL WEATHER SERVICE MOUNT HOLLY NJ
229 AM EDT SUN MAY 1 2016


...................................

...THE ATLANTIC CITY NJ CLIMATE SUMMARY FOR APRIL 30 2016...

CLIMATE NORMAL PERIOD 1981 TO 2010
CLIMATE RECORD PERIOD 1874 TO 2016


WEATHER ITEM   OBSERVED TIME   RECORD YEAR NORMAL DEPARTURE LAST
                VALUE   (LST)  VALUE       VALUE  FROM      YEAR
                                                  NORMAL
..................................................................
TEMPERATURE (F)
 YESTERDAY
  MAXIMUM         58    151 PM  85    2007  67     -9       70
                                      1985
  MINIMUM         46    742 PM  30    1992  46      0       48
  AVERAGE         52                        56     -4       59

PRECIPITATION (IN)
  YESTERDAY        0.00          2.44 2014   0.10  -0.10     0.00
  MONTH TO DATE    2.91                      3.63  -0.72     2.55
  SINCE MAR 1      6.03                      7.84  -1.81     7.48
  SINCE JAN 1     13.38                     13.93  -0.55    15.54

SNOWFALL (IN)
  YESTERDAY        0.0           0.0  1903   0.0    0.0      0.0
  MONTH TO DATE    1.8                       0.3    1.5      0.0
  SINCE MAR 1      6.9                       1.4    5.5      7.4
  SINCE JUL 1     27.5                      16.5   11.0     22.4
  SNOW DEPTH       0

DEGREE DAYS
 HEATING
  YESTERDAY       13                         9      4        6
  MONTH TO DATE  444                       407     37      372
  SINCE MAR 1    975                      1113   -138     1199
  SINCE JUL 1   3856                      4704   -848     5074

 COOLING
  YESTERDAY        0                         1     -1        0
  MONTH TO DATE   11                         9      2        0
  SINCE MAR 1     14                         9      5        0
  SINCE JAN 1     14                         9      5        0
..................................................................


WIND (MPH)
  HIGHEST WIND SPEED    15   HIGHEST WIND DIRECTION     E (110)
  HIGHEST GUST SPEED    21   HIGHEST GUST DIRECTION    SE (120)
  AVERAGE WIND SPEED     7.6


SKY COVER
  POSSIBLE SUNSHINE  MM
  AVERAGE SKY COVER 0.6


WEATHER CONDITIONS
 THE FOLLOWING WEATHER WAS RECORDED YESTERDAY.
  FOG


RELATIVE HUMIDITY (PERCENT)
 HIGHEST    93          1200 AM
 LOWEST     43           400 PM
 AVERAGE    68

..........................................................


THE ATLANTIC CITY NJ CLIMATE NORMALS FOR TODAY
                         NORMAL    RECORD    YEAR
 MAXIMUM TEMPERATURE (F)   67        91      2010
 MINIMUM TEMPERATURE (F)   46        26      1978


SUNRISE AND SUNSET
MAY  1 2016...........SUNRISE   559 AM EDT   SUNSET   752 PM EDT
MAY  2 2016...........SUNRISE   558 AM EDT   SUNSET   753 PM EDT


-  INDICATES NEGATIVE NUMBERS.
R  INDICATES RECORD WAS SET OR TIED.
MM INDICATES DATA IS MISSING.
T  INDICATES TRACE AMOUNT.




$$
