000
CDUS41 KPHI 020635
CLIACY


CLIMATE REPORT
NATIONAL WEATHER SERVICE MOUNT HOLLY NJ
231 AM EDT TUE SEP 2 2014


...................................

...THE ATLANTIC CITY NJ CLIMATE SUMMARY FOR SEPTEMBER 1 2014...

CLIMATE NORMAL PERIOD 1981 TO 2010
CLIMATE RECORD PERIOD 1874 TO 2014


WEATHER ITEM   OBSERVED TIME   RECORD YEAR NORMAL DEPARTURE LAST
                VALUE   (LST)  VALUE       VALUE  FROM      YEAR
                                                  NORMAL
..................................................................
TEMPERATURE (F)
 YESTERDAY
  MAXIMUM         89    148 PM  97    2010  81      8       88
  MINIMUM         71    334 AM  47    1991  62      9       73
  AVERAGE         80                        72      8       81

PRECIPITATION (IN)
  YESTERDAY        0.15          2.18 2006   0.10   0.05     0.08
  MONTH TO DATE    0.15                      0.10   0.05     0.08
  SINCE SEP 1      0.15                      0.10   0.05     0.08
  SINCE JAN 1     36.87                     28.32   8.55    31.50

SNOWFALL (IN)
  YESTERDAY        0.0           0.0  1903   0.0    0.0      0.0
  MONTH TO DATE    0.0                       0.0    0.0      0.0
  SINCE SEP 1      0.0                       0.0    0.0      0.0
  SINCE JUL 1      0.0                       0.0    0.0      0.0
  SNOW DEPTH       0

DEGREE DAYS
 HEATING
  YESTERDAY        0                         0      0        0
  MONTH TO DATE    0                         0      0        0
  SINCE SEP 1      0                         0      0        0
  SINCE JUL 1      0                         3     -3        0

 COOLING
  YESTERDAY       15                         7      8       16
  MONTH TO DATE   15                         7      8       16
  SINCE SEP 1     15                         7      8       16
  SINCE JAN 1    727                       916   -189      972
..................................................................


WIND (MPH)
  HIGHEST WIND SPEED    15   HIGHEST WIND DIRECTION     S (200)
  HIGHEST GUST SPEED    24   HIGHEST GUST DIRECTION    NE (40)
  AVERAGE WIND SPEED     6.1


SKY COVER
  POSSIBLE SUNSHINE  MM
  AVERAGE SKY COVER 0.4


WEATHER CONDITIONS
 THE FOLLOWING WEATHER WAS RECORDED YESTERDAY.
  RAIN
  LIGHT RAIN
  FOG


RELATIVE HUMIDITY (PERCENT)
 HIGHEST   100          1200 AM
 LOWEST     57           100 PM
 AVERAGE    79

..........................................................


THE ATLANTIC CITY NJ CLIMATE NORMALS FOR TODAY
                         NORMAL    RECORD    YEAR
 MAXIMUM TEMPERATURE (F)   81        94      1980
 MINIMUM TEMPERATURE (F)   62        44      1991


SUNRISE AND SUNSET
SEPTEMBER  2 2014.....SUNRISE   627 AM EDT   SUNSET   728 PM EDT
SEPTEMBER  3 2014.....SUNRISE   628 AM EDT   SUNSET   726 PM EDT


-  INDICATES NEGATIVE NUMBERS.
R  INDICATES RECORD WAS SET OR TIED.
MM INDICATES DATA IS MISSING.
T  INDICATES TRACE AMOUNT.




$$
