000
CDUS41 KPHI 050629
CLIACY


CLIMATE REPORT
NATIONAL WEATHER SERVICE MOUNT HOLLY NJ
129 AM EST MON DEC 5 2016


...................................

...THE ATLANTIC CITY NJ CLIMATE SUMMARY FOR DECEMBER 4 2016...

CLIMATE NORMAL PERIOD 1981 TO 2010
CLIMATE RECORD PERIOD 1874 TO 2016


WEATHER ITEM   OBSERVED TIME   RECORD YEAR NORMAL DEPARTURE LAST
                VALUE   (LST)  VALUE       VALUE  FROM      YEAR
                                                  NORMAL
..................................................................
TEMPERATURE (F)
 YESTERDAY
  MAXIMUM         49    206 PM  73    1998  49      0       52
  MINIMUM         32    658 AM   6    1976  32      0       33
  AVERAGE         41                        41      0       43

PRECIPITATION (IN)
  YESTERDAY        0.00          1.68 1927   0.12  -0.12     0.00
  MONTH TO DATE    0.12                      0.49  -0.37     0.88
  SINCE DEC 1      0.12                      0.49  -0.37     0.88
  SINCE JAN 1     41.85                     38.55   3.30    41.98

SNOWFALL (IN)
  YESTERDAY        0.0           4.0  1957   0.1   -0.1      0.0
  MONTH TO DATE    0.0                       0.3   -0.3      0.0
  SINCE DEC 1      0.0                       0.3   -0.3      0.0
  SINCE JUL 1      T                         0.5   -0.5      0.0
  SNOW DEPTH       0

DEGREE DAYS
 HEATING
  YESTERDAY       24                        24      0       22
  MONTH TO DATE   73                        95    -22       61
  SINCE DEC 1     73                        95    -22       61
  SINCE JUL 1    820                      1002   -182      756

 COOLING
  YESTERDAY        0                         0      0        0
  MONTH TO DATE    0                         0      0        0
  SINCE DEC 1      0                         0      0        0
  SINCE JAN 1   1340                      1055    285     1296
..................................................................


WIND (MPH)
  HIGHEST WIND SPEED    17   HIGHEST WIND DIRECTION    NW (320)
  HIGHEST GUST SPEED    23   HIGHEST GUST DIRECTION    NW (310)
  AVERAGE WIND SPEED     5.8


SKY COVER
  POSSIBLE SUNSHINE  MM
  AVERAGE SKY COVER 0.3


WEATHER CONDITIONS
 THE FOLLOWING WEATHER WAS RECORDED YESTERDAY.
  NO SIGNIFICANT WEATHER WAS OBSERVED.


RELATIVE HUMIDITY (PERCENT)
 HIGHEST    76          1000 PM
 LOWEST     39           200 PM
 AVERAGE    58

..........................................................


THE ATLANTIC CITY NJ CLIMATE NORMALS FOR TODAY
                         NORMAL    RECORD    YEAR
 MAXIMUM TEMPERATURE (F)   49        73      1982
 MINIMUM TEMPERATURE (F)   31        11      1966


SUNRISE AND SUNSET
DECEMBER  5 2016......SUNRISE   704 AM EST   SUNSET   434 PM EST
DECEMBER  6 2016......SUNRISE   704 AM EST   SUNSET   434 PM EST


-  INDICATES NEGATIVE NUMBERS.
R  INDICATES RECORD WAS SET OR TIED.
MM INDICATES DATA IS MISSING.
T  INDICATES TRACE AMOUNT.




$$
