000
CDUS41 KPHI 200548
CLIACY


CLIMATE REPORT
NATIONAL WEATHER SERVICE MOUNT HOLLY NJ
1245 AM EST SAT JAN 20 2018


...................................

...THE ATLANTIC CITY NJ CLIMATE SUMMARY FOR JANUARY 19 2018...

CLIMATE NORMAL PERIOD 1981 TO 2010
CLIMATE RECORD PERIOD 1874 TO 2018


WEATHER ITEM   OBSERVED TIME   RECORD YEAR NORMAL DEPARTURE LAST
                VALUE   (LST)  VALUE       VALUE  FROM      YEAR
                                                  NORMAL
..................................................................
TEMPERATURE (F)
 YESTERDAY
  MAXIMUM         48    242 PM  64    1929  41      7       52
  MINIMUM         17    600 AM  -3    1994  24     -7       31
  AVERAGE         33                        33      0       42

PRECIPITATION (IN)
  YESTERDAY        0.00          1.85 1936   0.10  -0.10     0.00
  MONTH TO DATE    1.44                      2.01  -0.57     2.25
  SINCE DEC 1      2.99                      5.70  -2.71     5.54
  SINCE JAN 1      1.44                      2.01  -0.57     2.25

SNOWFALL (IN)
  YESTERDAY        0.0           8.0  1961   0.2   -0.2      0.0
  MONTH TO DATE   14.2                       2.4   11.8      7.0
  SINCE DEC 1     24.2                       6.1   18.1      7.0
  SINCE JUL 1     24.2                       6.3   17.9      7.0
  SNOW DEPTH       0

DEGREE DAYS
 HEATING
  YESTERDAY       32                        32      0       23
  MONTH TO DATE  713                       606    107      534
  SINCE DEC 1   1624                      1468    156     1348
  SINCE JUL 1   2327                      2375    -48     2095

 COOLING
  YESTERDAY        0                         0      0        0
  MONTH TO DATE    0                         0      0        0
  SINCE DEC 1      0                         0      0        0
  SINCE JAN 1      0                         0      0        0
..................................................................


WIND (MPH)
  HIGHEST WIND SPEED    18   HIGHEST WIND DIRECTION     W (260)
  HIGHEST GUST SPEED    26   HIGHEST GUST DIRECTION     W (250)
  AVERAGE WIND SPEED     6.8


SKY COVER
  POSSIBLE SUNSHINE  MM
  AVERAGE SKY COVER 0.0


WEATHER CONDITIONS
 THE FOLLOWING WEATHER WAS RECORDED YESTERDAY.
  NO SIGNIFICANT WEATHER WAS OBSERVED.


RELATIVE HUMIDITY (PERCENT)
 HIGHEST    84           300 AM
 LOWEST     31          1200 PM
 AVERAGE    58

..........................................................


THE ATLANTIC CITY NJ CLIMATE NORMALS FOR TODAY
                         NORMAL    RECORD    YEAR
 MAXIMUM TEMPERATURE (F)   41        60      2006
                                             1890
 MINIMUM TEMPERATURE (F)   24        -4      1985


SUNRISE AND SUNSET
JANUARY 20 2018.......SUNRISE   714 AM EST   SUNSET   505 PM EST
JANUARY 21 2018.......SUNRISE   714 AM EST   SUNSET   506 PM EST


-  INDICATES NEGATIVE NUMBERS.
R  INDICATES RECORD WAS SET OR TIED.
MM INDICATES DATA IS MISSING.
T  INDICATES TRACE AMOUNT.




$$
