000
CDUS41 KPHI 030636
CLIACY


CLIMATE REPORT
NATIONAL WEATHER SERVICE MOUNT HOLLY NJ
132 AM EST TUE MAR 3 2015


...................................

...THE ATLANTIC CITY NJ CLIMATE SUMMARY FOR MARCH 2 2015...

CLIMATE NORMAL PERIOD 1981 TO 2010
CLIMATE RECORD PERIOD 1874 TO 2015


WEATHER ITEM   OBSERVED TIME   RECORD YEAR NORMAL DEPARTURE LAST
                VALUE   (LST)  VALUE       VALUE  FROM      YEAR
                                                  NORMAL
..................................................................
TEMPERATURE (F)
 YESTERDAY
  MAXIMUM         41   1258 PM  72    1997  48     -7       52
  MINIMUM         28   1151 PM   8    1978  29     -1       25
  AVERAGE         35                        38     -3       39

PRECIPITATION (IN)
  YESTERDAY        T             1.37 1994   0.12  -0.12     0.09
  MONTH TO DATE    0.65                      0.25   0.40     0.09
  SINCE MAR 1      0.65                      0.25   0.40     0.09
  SINCE JAN 1      8.71                      6.34   2.37     8.64

SNOWFALL (IN)
  YESTERDAY        T            11.5  1969   0.1   -0.1      0.0
  MONTH TO DATE    0.1                       0.2   -0.1      0.0
  SINCE MAR 1      0.1                       0.2   -0.1      0.0
  SINCE JUL 1     15.1                      15.3   -0.2     28.2
  SNOW DEPTH       0

DEGREE DAYS
 HEATING
  YESTERDAY       30                        27      3       26
  MONTH TO DATE   72                        54     18       64
  SINCE MAR 1     72                        54     18       64
  SINCE JUL 1   3947                      3645    302     3927

 COOLING
  YESTERDAY        0                         0      0        0
  MONTH TO DATE    0                         0      0        0
  SINCE MAR 1      0                         0      0        0
  SINCE JAN 1      0                         0      0        0
..................................................................


WIND (MPH)
  HIGHEST WIND SPEED    26   HIGHEST WIND DIRECTION    NW (320)
  HIGHEST GUST SPEED    34   HIGHEST GUST DIRECTION    NW (300)
  AVERAGE WIND SPEED    11.4


SKY COVER
  POSSIBLE SUNSHINE  MM
  AVERAGE SKY COVER 0.5


WEATHER CONDITIONS
 THE FOLLOWING WEATHER WAS RECORDED YESTERDAY.
  LIGHT SNOW
  FOG
  HAZE


RELATIVE HUMIDITY (PERCENT)
 HIGHEST    92           500 AM
 LOWEST     40           400 PM
 AVERAGE    66

..........................................................


THE ATLANTIC CITY NJ CLIMATE NORMALS FOR TODAY
                         NORMAL    RECORD    YEAR
 MAXIMUM TEMPERATURE (F)   48        73      1923
 MINIMUM TEMPERATURE (F)   29         2      2014


SUNRISE AND SUNSET
MARCH  3 2015.........SUNRISE   629 AM EST   SUNSET   552 PM EST
MARCH  4 2015.........SUNRISE   627 AM EST   SUNSET   553 PM EST


-  INDICATES NEGATIVE NUMBERS.
R  INDICATES RECORD WAS SET OR TIED.
MM INDICATES DATA IS MISSING.
T  INDICATES TRACE AMOUNT.




$$
