000
CDAK48 PADQ 212316
CLIADQ

CLIMATE REPORT
NATIONAL WEATHER SERVICE KODIAK, AK
316 PM AKDT THU AUG 21 2014

...................................
...THE KODIAK AP CLIMATE SUMMARY FOR AUGUST 21 2014...
VALID TODAY AS OF 2:00 PM LOCAL TIME

CLIMATE NORMAL PERIOD  1981 TO  2010
CLIMATE RECORD PERIOD  1949 TO  2014

WEATHER ITEM   OBSERVED TIME    RECORD YEAR NORMAL DEPARTURE LAST
               VALUE    (LST)   VALUE       VALUE  FROM      YEAR
                                                   NORMAL
...................................................................
TEMPERATURE
TODAY
 MAXIMUM            61  1149 AM    73  1995     61       0     60
 MINIMUM            48  0627 AM    38  1986     49      -1     54
 AVERAGE            55                          55       0     57

PRECIPITATION
(INCHES)
 TODAY            0.00           1.61  1972   0.14   -0.14   0.22
 MONTH TO DATE    5.48                        2.94    2.54   6.71
 SINCE JUN 1     14.28                       13.78    0.50  11.88
 SINCE JAN 1     47.81                       45.17    2.64  37.32

SNOWFALL
(INCHES)
 TODAY             0.0            0.0  2014    0.0     0.0    0.0
 MONTH TO DATE     0.0                         0.0     0.0    0.0
 SINCE JUN 1       0.0                         0.0     0.0    0.0
 SINCE JUL 1       0.0                         0.0     0.0    0.0
 SNOW DEPTH (IN)     0                                          0

DEGREE DAYS
 HEATING
  TODAY             10                          10       0      8
  MONTH TO DATE    160                         196     -36    198
  SINCE JUN 1      822                         983    -161    740
  SINCE JUL 1      400                         522    -122    409

 COOLING
  TODAY              0                           0       0      0
  MONTH TO DATE      0                           0       0      0
  SINCE JUN 1        0                           0       0      6
  SINCE JAN 1        4                           0       4      6
...................................................................

WIND (MPH)
 HIGHEST WIND SPEED     7     HIGHEST WIND DIRECTION    120
 HIGHEST GUST SPEED     9     HIGHEST GUST DIRECTION    120
 AVERAGE WIND SPEED    MM

SKY COVER
  POSSIBLE SUNSHINE  MM            AVERAGE SKY COVER MM

WEATHER CONDITIONS
 THE FOLLOWING WEATHER WAS RECORDED TODAY.
NO SIGNIFICANT WEATHER WAS OBSERVED.

RELATIVE HUMIDITY
 HIGHEST RH     MM PERCENT       MM
 LOWEST  RH     MM PERCENT       MM
 AVERAGE RH     MM PERCENT       MM
...................................................................

THE KODIAK CLIMATE NORMALS FOR TOMORROW
                        NORMAL    RECORD   YEAR
 MAXIMUM TEMPERATURE      61        77     1976
 MINIMUM TEMPERATURE      49        39     1969

SUNRISE AND SUNSET
 AUG 21 2014..........SUNRISE  6:48 AM      SUNSET  9:38 PM
 AUG 22 2014..........SUNRISE  6:50 AM      SUNSET  9:35 PM

-  INDICATES NEGATIVE NUMBERS.
R  INDICATES RECORD HAS BEEN SET OR TIED.
MM INDICATES DATA IS MISSING.
T  INDICATES TRACE OF PRECIPITATION.

&&
-------------------------------------------------------------------

AMOUNT OF DAYLIGHT TODAY  (HOUR:MIN)........14 HOURS 50 MINUTES
GAIN/LOSS SINCE YESTERDAY (HOUR:MIN:SEC)....-0:04:46

$$
*** AUG 14
