000
CDAK48 PADQ 181045
CLIADQ

CLIMATE REPORT
NATIONAL WEATHER SERVICE KODIAK, AK
145 AM AKST THU DEC 18 2014

...................................
...THE KODIAK AP CLIMATE SUMMARY FOR DECEMBER 17 2014...

CLIMATE NORMAL PERIOD  1981 TO  2010
CLIMATE RECORD PERIOD  1949 TO  2014

WEATHER ITEM   OBSERVED TIME    RECORD YEAR NORMAL DEPARTURE LAST
               VALUE    (LST)   VALUE       VALUE  FROM      YEAR
                                                   NORMAL
...................................................................
TEMPERATURE
YESTERDAY
 MAXIMUM            43  1159 PM    48  1984     36       7     29
 MINIMUM            25  0609 AM    -2  1997     26      -1     11
 AVERAGE            34                          31       3     20

PRECIPITATION
(INCHES)
 YESTERDAY        0.07           1.95  1996   0.29   -0.22      T
 MONTH TO DATE    5.93                        4.85    1.08   0.44
 SINCE DEC 1      5.93                        4.85    1.08   0.44
 SINCE JAN 1     81.58                       74.12    7.46  61.45

SNOWFALL
(INCHES)
 YESTERDAY         0.2            3.5  1974    0.5    -0.3      T
 MONTH TO DATE     0.2                         8.1    -7.9      T
 SINCE DEC 1       0.2                         8.1    -7.9    0.0
 SINCE JUL 1       0.9                        15.6   -14.7    7.3
 SNOW DEPTH (IN)     0                                          T

DEGREE DAYS
 HEATING
  YESTERDAY         31                          34      -3     45
  MONTH TO DATE    437                         573    -136    590
  SINCE DEC 1      437                         573    -136    590
  SINCE JUL 1     2833                        3365    -532   2997

 COOLING
  YESTERDAY          0                           0       0      0
  MONTH TO DATE      0                           0       0      0
  SINCE DEC 1        0                           0       0      0
  SINCE JAN 1        4                           0       4      6
...................................................................

WIND (MPH)
 HIGHEST WIND SPEED    25     HIGHEST WIND DIRECTION     60
 HIGHEST GUST SPEED    31     HIGHEST GUST DIRECTION     40
 AVERAGE WIND SPEED   9.5

SKY COVER
  POSSIBLE SUNSHINE    MM          AVERAGE SKY COVER     MM

WEATHER CONDITIONS
 THE FOLLOWING WEATHER WAS RECORDED YESTERDAY.
  FOG
RAIN
SNOW


RELATIVE HUMIDITY
 HIGHEST RH     MM PERCENT       MM
 LOWEST  RH     MM PERCENT       MM
 AVERAGE RH     MM PERCENT       MM
...................................................................

THE KODIAK CLIMATE NORMALS FOR TODAY
                           NORMAL    RECORD   YEAR
 MAXIMUM TEMPERATURE (F)     36        44     2011
 MINIMUM TEMPERATURE (F)     26         7     2009

SUNRISE AND SUNSET
 DEC 18 2014..........SUNRISE  9:51 AM      SUNSET  4:23 PM
 DEC 19 2014..........SUNRISE  9:52 AM      SUNSET  4:24 PM

-  INDICATES NEGATIVE NUMBERS.
R  INDICATES RECORD HAS BEEN SET OR TIED.
MM INDICATES DATA IS MISSING.
T  INDICATES TRACE OF PRECIPITATION.

&&
-------------------------------------------------------------------

AMOUNT OF DAYLIGHT TODAY  (HOUR:MIN)........6 HOURS 32 MINUTES
GAIN/LOSS SINCE YESTERDAY (HOUR:MIN:SEC)....-0:00:32

$$
*** DEC 14
