000
CDAK48 PADQ 290051
CLIADQ


CLIMATE REPORT
NATIONAL WEATHER SERVICE ANCHORAGE, AK
451 PM AKDT FRI APR 28 2017


...................................

...THE KODIAK CLIMATE SUMMARY FOR APRIL 28 2017...
VALID TODAY AS OF 0400 PM LOCAL TIME.

CLIMATE NORMAL PERIOD 1981 TO 2010
CLIMATE RECORD PERIOD 1913 TO 2017


WEATHER ITEM   OBSERVED TIME   RECORD YEAR NORMAL DEPARTURE LAST
                VALUE   (LST)  VALUE       VALUE  FROM      YEAR
                                                  NORMAL
..................................................................
TEMPERATURE (F)
 TODAY
  MAXIMUM         44    100 PM  69    2005  46     -2       48
  MINIMUM         30        MM  22    1937  35     -5       41
  AVERAGE         37                        41     -4       45

PRECIPITATION (IN)
  TODAY            0.02          1.10 1947   0.19  -0.17     0.43
  MONTH TO DATE    6.98                      5.44   1.54     7.57
  SINCE MAR 1      7.68                     10.97  -3.29    14.91
  SINCE JAN 1     13.22                     25.40 -12.18    37.51

SNOWFALL (IN)
  TODAY            0.0          MM      MM   0.1   -0.1      0.0
  MONTH TO DATE    1.1                       7.8   -6.7      0.0
  SINCE MAR 1      2.6                      19.1  -16.5      3.6
  SINCE JUL 1     28.4                      68.5  -40.1     20.6
  SNOW DEPTH       0

DEGREE DAYS
 HEATING
  TODAY           28                        24      4       20
  MONTH TO DATE  699                       773    -74      520
  SINCE MAR 1   1812                      1771     41     1087
  SINCE JUL 1   7153                      7643   -490     5595

 COOLING
  TODAY            0                         0      0        0
  MONTH TO DATE    0                         0      0        0
  SINCE MAR 1      0                         0      0        0
  SINCE JAN 1      0                         0      0        0
..................................................................


WIND (MPH)
  RESULTANT WIND SPEED   1   RESULTANT WIND DIRECTION   E (90)
  HIGHEST WIND SPEED    13   HIGHEST WIND DIRECTION     E (100)
  HIGHEST GUST SPEED    MM   HIGHEST GUST DIRECTION    MM
  AVERAGE WIND SPEED     7.0



WEATHER CONDITIONS
 THE FOLLOWING WEATHER WAS RECORDED TODAY.
  LIGHT RAIN


RELATIVE HUMIDITY (PERCENT)
 HIGHEST    96
 LOWEST     70
 AVERAGE    83

..........................................................


THE KODIAK CLIMATE NORMALS FOR TOMORROW
                         NORMAL    RECORD    YEAR
 MAXIMUM TEMPERATURE (F)   46        61      1995
 MINIMUM TEMPERATURE (F)   35        26      2013
                                             1985
                                             1951


SUNRISE AND SUNSET
APRIL 28 2017.........SUNRISE   625 AM AKDT  SUNSET   952 PM AKDT
APRIL 29 2017.........SUNRISE   622 AM AKDT  SUNSET   954 PM AKDT


-  INDICATES NEGATIVE NUMBERS.
R  INDICATES RECORD WAS SET OR TIED.
MM INDICATES DATA IS MISSING.
T  INDICATES TRACE AMOUNT.




$$
