000
CDUS44 KLCH 182206
CLIAEX


CLIMATE REPORT
NATIONAL WEATHER SERVICE LAKE CHARLES, LA
405 PM CST THU DEC 18 2014


...................................

...THE ALEXANDRIA CLIMATE SUMMARY FOR DECEMBER 18 2014...
VALID TODAY AS OF 0400 PM LOCAL TIME.

CLIMATE NORMAL PERIOD 1981 TO 2010
CLIMATE RECORD PERIOD 1892 TO 2014


WEATHER ITEM   OBSERVED TIME   RECORD YEAR NORMAL DEPARTURE LAST
                VALUE   (LST)  VALUE       VALUE  FROM      YEAR
                                                  NORMAL
..................................................................
TEMPERATURE (F)
 TODAY
  MAXIMUM         53    359 PM  81    1908  60     -7       69
  MINIMUM         48   1055 AM  15    1901  40      8       34
  AVERAGE         51                        50      1       52

PRECIPITATION (IN)
  TODAY            0.14          2.80 1917   0.21  -0.07     0.00
  MONTH TO DATE    0.75                      4.10  -3.35     1.02
  SINCE DEC 1      0.75                      4.10  -3.35     1.02
  SINCE JAN 1     41.22                     53.90 -12.68    53.51

SNOWFALL (IN)
  TODAY           MM             0.0    MM  MM     MM        0.0
  MONTH TO DATE    0.0                      MM     MM        0.0
  SINCE DEC 1      0.0                      MM     MM        0.0
  SINCE JUL 1      0.0                      MM     MM        0.0
  SNOW DEPTH       0

DEGREE DAYS
 HEATING
  TODAY           14                        15     -1       13
  MONTH TO DATE  183                       259    -76      294
  SINCE DEC 1    183                       259    -76      294
  SINCE JUL 1    576                       584     -8      670
..................................................................


WIND (MPH)
  HIGHEST WIND SPEED     9   HIGHEST WIND DIRECTION    NE (30)
  HIGHEST GUST SPEED    12   HIGHEST GUST DIRECTION     N (20)
  AVERAGE WIND SPEED     3.8


SKY COVER
  POSSIBLE SUNSHINE  MM
  AVERAGE SKY COVER 1.0


WEATHER CONDITIONS
 THE FOLLOWING WEATHER WAS RECORDED TODAY.
  HEAVY RAIN
  LIGHT RAIN
  FOG


RELATIVE HUMIDITY (PERCENT)
 HIGHEST    93          1000 AM
 LOWEST     71           300 AM
 AVERAGE    82

..........................................................


THE ALEXANDRIA CLIMATE NORMALS FOR TOMORROW
                         NORMAL    RECORD    YEAR
 MAXIMUM TEMPERATURE (F)   60        77      2012
                                             1984
 MINIMUM TEMPERATURE (F)   40        20      1996
                                             1929
                                             1901


SUNRISE AND SUNSET
DECEMBER 18 2014......SUNRISE   703 AM CST   SUNSET   510 PM CST
DECEMBER 19 2014......SUNRISE   704 AM CST   SUNSET   511 PM CST


-  INDICATES NEGATIVE NUMBERS.
R  INDICATES RECORD WAS SET OR TIED.
MM INDICATES DATA IS MISSING.
T  INDICATES TRACE AMOUNT.




$$
