000
CDUS44 KLCH 280816
CLIAEX


CLIMATE REPORT
NATIONAL WEATHER SERVICE LAKE CHARLES, LA
215 AM CST FRI NOV 28 2014


...................................

...THE ALEXANDRIA CLIMATE SUMMARY FOR NOVEMBER 27 2014...

CLIMATE NORMAL PERIOD 1981 TO 2010
CLIMATE RECORD PERIOD 1892 TO 2014


WEATHER ITEM   OBSERVED TIME   RECORD YEAR NORMAL DEPARTURE LAST
                VALUE   (LST)  VALUE       VALUE  FROM      YEAR
                                                  NORMAL
..................................................................
TEMPERATURE (F)
 YESTERDAY
  MAXIMUM         59    336 PM  89    1965  65     -6       47
  MINIMUM         38    651 AM  22    1903  43     -5       28
                                      1895
  AVERAGE         49                        54     -5       38

PRECIPITATION (IN)
  YESTERDAY        0.00          3.60 2001   0.23  -0.23     0.00
  MONTH TO DATE    3.70                      4.70  -1.00     4.62
  SINCE SEP 1      9.12                     12.78  -3.66    14.90
  SINCE JAN 1     40.47                     49.01  -8.54    52.49

SNOWFALL (IN)
  YESTERDAY        0.0           0.0    MM  MM     MM       MM
  MONTH TO DATE    0.0                      MM     MM        0.0
  SINCE SEP 1      0.0                      MM     MM        0.0
  SINCE JUL 1      0.0                      MM     MM        0.0
  SNOW DEPTH       0

DEGREE DAYS
 HEATING
  YESTERDAY       16                        12      4       27
  MONTH TO DATE  340                       215    125      268
  SINCE SEP 1    375                       288     87      311
  SINCE JUL 1    375                       288     87      311
..................................................................


WIND (MPH)
  HIGHEST WIND SPEED    16   HIGHEST WIND DIRECTION     N (10)
  HIGHEST GUST SPEED    20   HIGHEST GUST DIRECTION     N (10)
  AVERAGE WIND SPEED     7.1


SKY COVER
  POSSIBLE SUNSHINE  MM
  AVERAGE SKY COVER 0.0


WEATHER CONDITIONS
 THE FOLLOWING WEATHER WAS RECORDED YESTERDAY.
  NO SIGNIFICANT WEATHER WAS OBSERVED.


RELATIVE HUMIDITY (PERCENT)
 HIGHEST    83          1200 AM
 LOWEST     31           200 PM
 AVERAGE    57

..........................................................


THE ALEXANDRIA CLIMATE NORMALS FOR TODAY
                         NORMAL    RECORD    YEAR
 MAXIMUM TEMPERATURE (F)   64        85      1989
                                             1910
 MINIMUM TEMPERATURE (F)   42        21      1903


SUNRISE AND SUNSET
NOVEMBER 28 2014......SUNRISE   649 AM CST   SUNSET   507 PM CST
NOVEMBER 29 2014......SUNRISE   650 AM CST   SUNSET   507 PM CST


-  INDICATES NEGATIVE NUMBERS.
R  INDICATES RECORD WAS SET OR TIED.
MM INDICATES DATA IS MISSING.
T  INDICATES TRACE AMOUNT.




$$
