000
CDUS44 KLCH 270806
CLIAEX


CLIMATE REPORT
NATIONAL WEATHER SERVICE LAKE CHARLES, LA
306 AM CDT THU APR 27 2017


...................................

...THE ALEXANDRIA CLIMATE SUMMARY FOR APRIL 26 2017...

CLIMATE NORMAL PERIOD 1981 TO 2010
CLIMATE RECORD PERIOD 1892 TO 2017


WEATHER ITEM   OBSERVED TIME   RECORD YEAR NORMAL DEPARTURE LAST
                VALUE   (LST)  VALUE       VALUE  FROM      YEAR
                                                  NORMAL
..................................................................
TEMPERATURE (F)
 YESTERDAY
  MAXIMUM         85    126 PM  91    1944  81      4       88
                                      1925
  MINIMUM         58   1159 PM  35    1910  58      0       68
  AVERAGE         72                        69      3       78

PRECIPITATION (IN)
  YESTERDAY        0.23          2.93 1997   0.07   0.16      T
  MONTH TO DATE   10.06                      4.01   6.05     2.90
  SINCE MAR 1     12.21                      9.06   3.15    11.65
  SINCE JAN 1     19.92                     18.74   1.18    18.13

SNOWFALL (IN)
  YESTERDAY        0.0           0.0    MM  MM     MM        0.0
  MONTH TO DATE    0.0                      MM     MM        0.0
  SINCE MAR 1      0.0                      MM     MM        0.0
  SINCE JUL 1      0.5                      MM     MM        0.0
  SNOW DEPTH       0

DEGREE DAYS
 HEATING
  YESTERDAY        0                         1     -1        0
  MONTH TO DATE   16                        64    -48       26
  SINCE MAR 1    145                       279   -134      125
  SINCE JUL 1   1121                      1944   -823     1325

 COOLING
  YESTERDAY        7                         5      2       13
  MONTH TO DATE  123                        84     39       83
  SINCE MAR 1    228                       120    108      137
  SINCE JAN 1    310                       137    173      145
..................................................................


WIND (MPH)
  HIGHEST WIND SPEED    30   HIGHEST WIND DIRECTION     W (280)
  HIGHEST GUST SPEED    43   HIGHEST GUST DIRECTION    NW (300)
  AVERAGE WIND SPEED    14.1


SKY COVER
  POSSIBLE SUNSHINE  MM
  AVERAGE SKY COVER 0.9


WEATHER CONDITIONS
 THE FOLLOWING WEATHER WAS RECORDED YESTERDAY.
  THUNDERSTORM
  HEAVY RAIN
  LIGHT RAIN
  FOG
  HAZE


RELATIVE HUMIDITY (PERCENT)
 HIGHEST    90          1000 PM
 LOWEST     58           100 PM
 AVERAGE    74

..........................................................


THE ALEXANDRIA CLIMATE NORMALS FOR TODAY
                         NORMAL    RECORD    YEAR
 MAXIMUM TEMPERATURE (F)   81        93      2011
                                             1905
 MINIMUM TEMPERATURE (F)   58        39      1910


SUNRISE AND SUNSET
APRIL 27 2017.........SUNRISE   629 AM CDT   SUNSET   747 PM CDT
APRIL 28 2017.........SUNRISE   628 AM CDT   SUNSET   748 PM CDT


-  INDICATES NEGATIVE NUMBERS.
R  INDICATES RECORD WAS SET OR TIED.
MM INDICATES DATA IS MISSING.
T  INDICATES TRACE AMOUNT.




$$
