000
CDUS44 KLCH 110836
CLIAEX


CLIMATE REPORT
NATIONAL WEATHER SERVICE LAKE CHARLES, LA
236 AM CST MON DEC 11 2017


...................................

...THE ALEXANDRIA CLIMATE SUMMARY FOR DECEMBER 10 2017...

CLIMATE NORMAL PERIOD 1981 TO 2010
CLIMATE RECORD PERIOD 1892 TO 2017


WEATHER ITEM   OBSERVED TIME   RECORD YEAR NORMAL DEPARTURE LAST
                VALUE   (LST)  VALUE       VALUE  FROM      YEAR
                                                  NORMAL
..................................................................
TEMPERATURE (F)
 YESTERDAY
  MAXIMUM         61    350 PM  83    2007  61      0       53
  MINIMUM         27    545 AM  20    1917  41    -14       28
  AVERAGE         44                        51     -7       41

PRECIPITATION (IN)
  YESTERDAY        0.00          1.84 1932   0.26  -0.26     0.00
  MONTH TO DATE    0.11                      2.56  -2.45     7.57
  SINCE DEC 1      0.11                      2.56  -2.45     7.57
  SINCE JAN 1     45.75                     52.36  -6.61    54.54

SNOWFALL (IN)
  YESTERDAY       MM             1.0  1898  MM     MM        0.0
  MONTH TO DATE    2.1                      MM     MM        0.0
  SINCE DEC 1      2.1                      MM     MM        0.0
  SINCE JUL 1      2.1                      MM     MM        0.0
  SNOW DEPTH       0

DEGREE DAYS
 HEATING
  YESTERDAY       21                        15      6       24
  MONTH TO DATE  142                       139      3      170
  SINCE DEC 1    142                       139      3      170
  SINCE JUL 1    412                       464    -52      345
..................................................................


WIND (MPH)
  HIGHEST WIND SPEED    10   HIGHEST WIND DIRECTION    NW (300)
  HIGHEST GUST SPEED    15   HIGHEST GUST DIRECTION     W (280)
  AVERAGE WIND SPEED     2.6


SKY COVER
  POSSIBLE SUNSHINE  MM
  AVERAGE SKY COVER 0.0


WEATHER CONDITIONS
 THE FOLLOWING WEATHER WAS RECORDED YESTERDAY.
  LIGHT SNOW


RELATIVE HUMIDITY (PERCENT)
 HIGHEST   100           400 AM
 LOWEST     32           300 PM
 AVERAGE    66

..........................................................


THE ALEXANDRIA CLIMATE NORMALS FOR TODAY
                         NORMAL    RECORD    YEAR
 MAXIMUM TEMPERATURE (F)   61        82      2015
                                             2007
 MINIMUM TEMPERATURE (F)   41        20      1898


SUNRISE AND SUNSET
DECEMBER 11 2017......SUNRISE   659 AM CST   SUNSET   508 PM CST
DECEMBER 12 2017......SUNRISE   700 AM CST   SUNSET   508 PM CST


-  INDICATES NEGATIVE NUMBERS.
R  INDICATES RECORD WAS SET OR TIED.
MM INDICATES DATA IS MISSING.
T  INDICATES TRACE AMOUNT.




$$
