000
CDUS44 KLCH 301009
CLIAEX


CLIMATE REPORT
NATIONAL WEATHER SERVICE LAKE CHARLES, LA
508 AM CDT SAT AUG 30 2014


...................................

...THE ALEXANDRIA CLIMATE SUMMARY FOR AUGUST 29 2014...

CLIMATE NORMAL PERIOD 1981 TO 2010
CLIMATE RECORD PERIOD 1892 TO 2014


WEATHER ITEM   OBSERVED TIME   RECORD YEAR NORMAL DEPARTURE LAST
                VALUE   (LST)  VALUE       VALUE  FROM      YEAR
                                                  NORMAL
..................................................................
TEMPERATURE (F)
 YESTERDAY
  MAXIMUM         92   1240 PM 103    1954  93     -1       95
  MINIMUM         74    500 AM  55    1896  70      4       69
  AVERAGE         83                        82      1       82

PRECIPITATION (IN)
  YESTERDAY        T             5.30 2010   0.11  -0.11     0.00
  MONTH TO DATE    2.54                      3.27  -0.73     4.68
  SINCE JUN 1     10.57                     12.00  -1.43    12.33
  SINCE JAN 1     28.79                     36.00  -7.21    37.59

DEGREE DAYS
 COOLING
  YESTERDAY       18                        17      1       17
  MONTH TO DATE  502                       513    -11      528
  SINCE JUN 1   1470                      1505    -35     1536
  SINCE JAN 1   1881                      1959    -78     1929
..................................................................


WIND (MPH)
  HIGHEST WIND SPEED    17   HIGHEST WIND DIRECTION    SE (120)
  HIGHEST GUST SPEED    21   HIGHEST GUST DIRECTION    SE (120)
  AVERAGE WIND SPEED     5.1


SKY COVER
  POSSIBLE SUNSHINE  MM
  AVERAGE SKY COVER 0.2


WEATHER CONDITIONS
 THE FOLLOWING WEATHER WAS RECORDED YESTERDAY.
  LIGHT RAIN


RELATIVE HUMIDITY (PERCENT)
 HIGHEST    94           100 AM
 LOWEST     49           100 PM
 AVERAGE    72

..........................................................


THE ALEXANDRIA CLIMATE NORMALS FOR TODAY
                         NORMAL    RECORD    YEAR
 MAXIMUM TEMPERATURE (F)   93       105      1954
 MINIMUM TEMPERATURE (F)   70        57      1986
                                             1906
                                             1893


SUNRISE AND SUNSET
AUGUST 30 2014........SUNRISE   645 AM CDT   SUNSET   736 PM CDT
AUGUST 31 2014........SUNRISE   646 AM CDT   SUNSET   735 PM CDT


-  INDICATES NEGATIVE NUMBERS.
R  INDICATES RECORD WAS SET OR TIED.
MM INDICATES DATA IS MISSING.
T  INDICATES TRACE AMOUNT.




$$
