000
CDUS44 KLCH 010958
CLIAEX


CLIMATE REPORT
NATIONAL WEATHER SERVICE LAKE CHARLES, LA
357 AM CST SUN FEB 1 2015


...................................

...THE ALEXANDRIA CLIMATE SUMMARY FOR JANUARY 31 2015...

CLIMATE NORMAL PERIOD 1981 TO 2010
CLIMATE RECORD PERIOD 1892 TO 2015


WEATHER ITEM   OBSERVED TIME   RECORD YEAR NORMAL DEPARTURE LAST
                VALUE   (LST)  VALUE       VALUE  FROM      YEAR
                                                  NORMAL
..................................................................
TEMPERATURE (F)
 YESTERDAY
  MAXIMUM         60    203 PM  82    2002  60      0       68
                                      1957
                                      1911
  MINIMUM         39    557 AM  15    1966  39      0       40
  AVERAGE         50                        49      1       54

PRECIPITATION (IN)
  YESTERDAY        T             1.29 1951   0.21  -0.21     0.00
  MONTH TO DATE    3.71                      5.22  -1.51     1.72
  SINCE DEC 1      6.10                     11.34  -5.24     4.32
  SINCE JAN 1      3.71                      5.22  -1.51     1.72

SNOWFALL (IN)
  YESTERDAY       MM             1.0  1951  MM     MM        0.0
  MONTH TO DATE    0.0                      MM     MM        4.5
  SINCE DEC 1      0.0                      MM     MM        4.5
  SINCE JUL 1      0.0                      MM     MM        4.5
  SNOW DEPTH       0

DEGREE DAYS
 HEATING
  YESTERDAY       15                        16     -1       11
  MONTH TO DATE  571                       496     75      684
  SINCE DEC 1    961                       966     -5     1193
  SINCE JUL 1   1354                      1291     63     1569
..................................................................


WIND (MPH)
  HIGHEST WIND SPEED    15   HIGHEST WIND DIRECTION    SE (130)
  HIGHEST GUST SPEED    19   HIGHEST GUST DIRECTION    SE (130)
  AVERAGE WIND SPEED     9.1


SKY COVER
  POSSIBLE SUNSHINE  MM
  AVERAGE SKY COVER 0.1


WEATHER CONDITIONS
 THE FOLLOWING WEATHER WAS RECORDED YESTERDAY.
  LIGHT RAIN


RELATIVE HUMIDITY (PERCENT)
 HIGHEST    79           600 AM
 LOWEST     46          1100 AM
 AVERAGE    63

..........................................................


THE ALEXANDRIA CLIMATE NORMALS FOR TODAY
                         NORMAL    RECORD    YEAR
 MAXIMUM TEMPERATURE (F)   60        82      1907
 MINIMUM TEMPERATURE (F)   39        12      1951


SUNRISE AND SUNSET
FEBRUARY  1 2015......SUNRISE   703 AM CST   SUNSET   545 PM CST
FEBRUARY  2 2015......SUNRISE   702 AM CST   SUNSET   546 PM CST


-  INDICATES NEGATIVE NUMBERS.
R  INDICATES RECORD WAS SET OR TIED.
MM INDICATES DATA IS MISSING.
T  INDICATES TRACE AMOUNT.




$$
