000
CDUS44 KLCH 222206
CLIAEX


CLIMATE REPORT
NATIONAL WEATHER SERVICE LAKE CHARLES, LA
406 PM CST THU FEB 22 2018


...................................

...THE ALEXANDRIA CLIMATE SUMMARY FOR FEBRUARY 22 2018...
VALID TODAY AS OF 0400 PM LOCAL TIME.

CLIMATE NORMAL PERIOD 1981 TO 2010
CLIMATE RECORD PERIOD 1892 TO 2018


WEATHER ITEM   OBSERVED TIME   RECORD YEAR NORMAL DEPARTURE LAST
                VALUE   (LST)  VALUE       VALUE  FROM      YEAR
                                                  NORMAL
..................................................................
TEMPERATURE (F)
 TODAY
  MAXIMUM         81    341 PM  82    1993  65     16       73
                                      1909
  MINIMUM         58    316 AM  21    1978  43     15       56
                                      1968
  AVERAGE         70                        54     16       65

PRECIPITATION (IN)
  TODAY            0.37          2.40 1969   0.16   0.21     0.03
  MONTH TO DATE    7.21                      3.51   3.70     1.91
  SINCE DEC 1     14.63                     14.85  -0.22    16.73
  SINCE JAN 1     12.30                      8.73   3.57     7.68

SNOWFALL (IN)
  TODAY            0.0           0.0    MM  MM     MM        0.0
  MONTH TO DATE    0.0                      MM     MM        0.0
  SINCE DEC 1      2.9                      MM     MM        0.5
  SINCE JUL 1      2.9                      MM     MM        0.5
  SNOW DEPTH       0

DEGREE DAYS
 HEATING
  TODAY            0                        12    -12        0
  MONTH TO DATE  190                       308   -118      115
  SINCE DEC 1   1340                      1274     66      780
  SINCE JUL 1   1610                      1599     11      955
..................................................................


WIND (MPH)
  HIGHEST WIND SPEED    22   HIGHEST WIND DIRECTION     S (180)
  HIGHEST GUST SPEED    26   HIGHEST GUST DIRECTION     S (170)
  AVERAGE WIND SPEED     8.7


SKY COVER
  POSSIBLE SUNSHINE  MM
  AVERAGE SKY COVER 1.0


WEATHER CONDITIONS
 THE FOLLOWING WEATHER WAS RECORDED TODAY.
  THUNDERSTORM
  HEAVY RAIN
  RAIN
  LIGHT RAIN
  FOG


RELATIVE HUMIDITY (PERCENT)
 HIGHEST   100           200 AM
 LOWEST     67           300 PM
 AVERAGE    84

..........................................................


THE ALEXANDRIA CLIMATE NORMALS FOR TOMORROW
                         NORMAL    RECORD    YEAR
 MAXIMUM TEMPERATURE (F)   65        84      1907
 MINIMUM TEMPERATURE (F)   43        19      1968


SUNRISE AND SUNSET
FEBRUARY 22 2018......SUNRISE   645 AM CST   SUNSET   603 PM CST
FEBRUARY 23 2018......SUNRISE   643 AM CST   SUNSET   604 PM CST


-  INDICATES NEGATIVE NUMBERS.
R  INDICATES RECORD WAS SET OR TIED.
MM INDICATES DATA IS MISSING.
T  INDICATES TRACE AMOUNT.




$$
