000
CDUS42 KCAE 290531
CLIAGS


CLIMATE REPORT
NATIONAL WEATHER SERVICE COLUMBIA SC
130 AM EDT SUN MAR 29 2015


...................................

...THE AUGUSTA REGIONAL BUSH FIELD GA CLIMATE SUMMARY FOR MARCH 28 2015...

CLIMATE NORMAL PERIOD 1981 TO 2010
CLIMATE RECORD PERIOD 1873 TO 2015


WEATHER ITEM   OBSERVED TIME   RECORD YEAR NORMAL DEPARTURE LAST
                VALUE   (LST)  VALUE       VALUE  FROM      YEAR
                                                  NORMAL
..................................................................
TEMPERATURE (F)
 YESTERDAY
  MAXIMUM         58    423 PM  91    1907  73    -15       62
  MINIMUM         39    644 AM  27    2001  44     -5       43
                                      1955
  AVERAGE         49                        59    -10       53

PRECIPITATION (IN)
  YESTERDAY        0.00          2.33 1920   0.13  -0.13     0.30
  MONTH TO DATE    2.95                      3.81  -0.86     2.50
  SINCE MAR 1      2.95                      3.81  -0.86     2.50
  SINCE JAN 1      9.75                     11.64  -1.89     8.71

SNOWFALL (IN)
  YESTERDAY        0.0          MM      MM   0.0             0.0
  MONTH TO DATE    0.0                       0.0             0.0
  SINCE MAR 1      0.0                       0.0             0.0
  SINCE JUL 1      T                         0.9             3.3

DEGREE DAYS
 HEATING
  YESTERDAY       16                         7      9       12
  MONTH TO DATE  177                       276    -99      382
  SINCE MAR 1    177                       276    -99      382
  SINCE JUL 1   2463                      2308    155     2544

 COOLING
  YESTERDAY        0                         1     -1        0
  MONTH TO DATE   12                        14     -2        0
  SINCE MAR 1     12                        14     -2        0
  SINCE JAN 1     12                        17     -5        2
..................................................................


WIND (MPH)
  HIGHEST WIND SPEED    18   HIGHEST WIND DIRECTION    NW (310)
  HIGHEST GUST SPEED    26   HIGHEST GUST DIRECTION    NW (330)
  AVERAGE WIND SPEED    10.1


SKY COVER
  AVERAGE SKY COVER 0.1


WEATHER CONDITIONS
 THE FOLLOWING WEATHER WAS RECORDED YESTERDAY.
  NO SIGNIFICANT WEATHER WAS OBSERVED.


RELATIVE HUMIDITY (PERCENT)
 HIGHEST    93          1200 AM
 LOWEST     20           400 PM
 AVERAGE    57

..........................................................


THE AUGUSTA REGIONAL BUSH FIELD GA CLIMATE NORMALS FOR TODAY
                         NORMAL    RECORD    YEAR
 MAXIMUM TEMPERATURE (F)   73        89      1907
 MINIMUM TEMPERATURE (F)   45        24      1955


SUNRISE AND SUNSET
MARCH 29 2015.........SUNRISE   720 AM EDT   SUNSET   746 PM EDT
MARCH 30 2015.........SUNRISE   719 AM EDT   SUNSET   747 PM EDT


-  INDICATES NEGATIVE NUMBERS.
R  INDICATES RECORD WAS SET OR TIED.
MM INDICATES DATA IS MISSING.
T  INDICATES TRACE AMOUNT.




$$
