000
CDUS42 KCAE 280526
CLIAGS


CLIMATE REPORT
NATIONAL WEATHER SERVICE COLUMBIA SC
125 AM EDT WED JUN 28 2017


...................................

...THE AUGUSTA REGIONAL BUSH FIELD GA CLIMATE SUMMARY FOR JUNE 27 2017...

CLIMATE NORMAL PERIOD 1981 TO 2010
CLIMATE RECORD PERIOD 1873 TO 2017


WEATHER ITEM   OBSERVED TIME   RECORD YEAR NORMAL DEPARTURE LAST
                VALUE   (LST)  VALUE       VALUE  FROM      YEAR
                                                  NORMAL
..................................................................
TEMPERATURE (F)
 YESTERDAY
  MAXIMUM         91    243 PM 104    1952  93     -2       94
                                      1950
  MINIMUM         65    554 AM  56    2012  68     -3       73
  AVERAGE         78                        80     -2       84

PRECIPITATION (IN)
  YESTERDAY        0.00          1.86 1982   0.15  -0.15     0.30
  MONTH TO DATE    3.10                      4.29  -1.19     2.63
  SINCE JUN 1      3.10                      4.29  -1.19     2.63
  SINCE JAN 1     23.05                     21.79   1.26    21.36

SNOWFALL (IN)
  YESTERDAY        0.0          MM      MM   0.0             0.0
  MONTH TO DATE    0.0                       0.0             0.0
  SINCE JUN 1      0.0                       0.0             0.0
  SINCE JUL 1      T                         0.9             0.5

DEGREE DAYS
 HEATING
  YESTERDAY        0                         0      0        0
  MONTH TO DATE    0                         0      0        0
  SINCE JUN 1      0                         0      0        0
  SINCE JUL 1   1407                      2471  -1064     1856

 COOLING
  YESTERDAY       13                        15     -2       19
  MONTH TO DATE  412                       361     51      424
  SINCE JUN 1    412                       361     51      424
  SINCE JAN 1    953                       644    309      739
..................................................................


WIND (MPH)
  HIGHEST WIND SPEED    13   HIGHEST WIND DIRECTION     N (360)
  HIGHEST GUST SPEED    19   HIGHEST GUST DIRECTION    NW (330)
  AVERAGE WIND SPEED     3.2


SKY COVER
  AVERAGE SKY COVER 0.1


WEATHER CONDITIONS
 THE FOLLOWING WEATHER WAS RECORDED YESTERDAY.
  FOG
  HAZE


RELATIVE HUMIDITY (PERCENT)
 HIGHEST   100           300 AM
 LOWEST     34           200 PM
 AVERAGE    67

..........................................................


THE AUGUSTA REGIONAL BUSH FIELD GA CLIMATE NORMALS FOR TODAY
                         NORMAL    RECORD    YEAR
 MAXIMUM TEMPERATURE (F)   93       105      1931
 MINIMUM TEMPERATURE (F)   69        54      1968


SUNRISE AND SUNSET
JUNE 28 2017..........SUNRISE   621 AM EDT   SUNSET   841 PM EDT
JUNE 29 2017..........SUNRISE   621 AM EDT   SUNSET   841 PM EDT


-  INDICATES NEGATIVE NUMBERS.
R  INDICATES RECORD WAS SET OR TIED.
MM INDICATES DATA IS MISSING.
T  INDICATES TRACE AMOUNT.




$$
