000
CDUS42 KCAE 310540
CLIAGS


CLIMATE REPORT
NATIONAL WEATHER SERVICE COLUMBIA SC
140 AM EDT FRI OCT 31 2014


...................................

...THE AUGUSTA REGIONAL BUSH FIELD GA CLIMATE SUMMARY FOR OCTOBER 30 2014...

CLIMATE NORMAL PERIOD 1981 TO 2010
CLIMATE RECORD PERIOD 1873 TO 2014


WEATHER ITEM   OBSERVED TIME   RECORD YEAR NORMAL DEPARTURE LAST
                VALUE   (LST)  VALUE       VALUE  FROM      YEAR
                                                  NORMAL
..................................................................
TEMPERATURE (F)
 YESTERDAY
  MAXIMUM         73    416 PM  90    1984  74     -1       81
  MINIMUM         43   1151 PM  22    1952  46     -3       47
  AVERAGE         58                        60     -2       64

PRECIPITATION (IN)
  YESTERDAY        0.00          2.60 1993   0.08  -0.08     0.00
  MONTH TO DATE    0.61                      3.18  -2.57     0.36
  SINCE SEP 1      2.87                      6.40  -3.53     1.48
  SINCE JAN 1     31.29                     37.27  -5.98    46.80

SNOWFALL (IN)
  YESTERDAY        0.0          MM      MM   0.0             0.0
  MONTH TO DATE    0.0                       0.0             0.0
  SINCE SEP 1      0.0                       0.0             0.0
  SINCE JUL 1      0.0                       0.0             0.0

DEGREE DAYS
 HEATING
  YESTERDAY        7                         6      1        1
  MONTH TO DATE   79                        99    -20       76
  SINCE SEP 1     81                       106    -25       76
  SINCE JUL 1     81                       106    -25       76

 COOLING
  YESTERDAY        0                         1     -1        0
  MONTH TO DATE  108                        86     22       87
  SINCE SEP 1    441                       382     59      380
  SINCE JAN 1   2092                      2070     22     1855
..................................................................


WIND (MPH)
  HIGHEST WIND SPEED    15   HIGHEST WIND DIRECTION    NE (30)
  HIGHEST GUST SPEED    19   HIGHEST GUST DIRECTION    NE (30)
  AVERAGE WIND SPEED     5.7


SKY COVER
  AVERAGE SKY COVER 0.2


WEATHER CONDITIONS
 THE FOLLOWING WEATHER WAS RECORDED YESTERDAY.
  NO SIGNIFICANT WEATHER WAS OBSERVED.


RELATIVE HUMIDITY (PERCENT)
 HIGHEST    93          1100 PM
 LOWEST     29           300 PM
 AVERAGE    61

..........................................................


THE AUGUSTA REGIONAL BUSH FIELD GA CLIMATE NORMALS FOR TODAY
                         NORMAL    RECORD    YEAR
 MAXIMUM TEMPERATURE (F)   74        89      1961
 MINIMUM TEMPERATURE (F)   46        29      1963
                                             1952


SUNRISE AND SUNSET
OCTOBER 31 2014.......SUNRISE   746 AM EDT   SUNSET   637 PM EDT
NOVEMBER  1 2014......SUNRISE   746 AM EDT   SUNSET   636 PM EDT


-  INDICATES NEGATIVE NUMBERS.
R  INDICATES RECORD WAS SET OR TIED.
MM INDICATES DATA IS MISSING.
T  INDICATES TRACE AMOUNT.




$$
