000
CDUS42 KCAE 200527
CLIAGS


CLIMATE REPORT
NATIONAL WEATHER SERVICE COLUMBIA SC
127 AM EDT FRI OCT 20 2017


...................................

...THE AUGUSTA REGIONAL BUSH FIELD GA CLIMATE SUMMARY FOR OCTOBER 19 2017...

CLIMATE NORMAL PERIOD 1981 TO 2010
CLIMATE RECORD PERIOD 1873 TO 2017


WEATHER ITEM   OBSERVED TIME   RECORD YEAR NORMAL DEPARTURE LAST
                VALUE   (LST)  VALUE       VALUE  FROM      YEAR
                                                  NORMAL
..................................................................
TEMPERATURE (F)
 YESTERDAY
  MAXIMUM         80    432 PM  92    1926  77      3       91
  MINIMUM         44    604 AM  34    2009  50     -6       59
                                      1981
  AVERAGE         62                        63     -1       75

PRECIPITATION (IN)
  YESTERDAY        0.00          2.27 1873   0.10  -0.10     0.00
  MONTH TO DATE    0.63                      2.19  -1.56     2.09
  SINCE SEP 1      4.91                      5.41  -0.50     6.67
  SINCE JAN 1     39.29                     36.28   3.01    33.24

SNOWFALL (IN)
  YESTERDAY        0.0          MM      MM   0.0             0.0
  MONTH TO DATE    0.0                       0.0             0.0
  SINCE SEP 1      0.0                       0.0             0.0
  SINCE JUL 1      0.0                       0.0             0.0

DEGREE DAYS
 HEATING
  YESTERDAY        3                         4     -1        0
  MONTH TO DATE   15                        44    -29        8
  SINCE SEP 1     15                        51    -36        8
  SINCE JUL 1     15                        51    -36        8

 COOLING
  YESTERDAY        0                         2     -2       10
  MONTH TO DATE  179                        69    110       97
  SINCE SEP 1    538                       365    173      481
  SINCE JAN 1   2666                      2053    613     2452
..................................................................


WIND (MPH)
  HIGHEST WIND SPEED     8   HIGHEST WIND DIRECTION     N (10)
  HIGHEST GUST SPEED    12   HIGHEST GUST DIRECTION    NE (50)
  AVERAGE WIND SPEED     2.3


SKY COVER
  AVERAGE SKY COVER 0.0


WEATHER CONDITIONS
 THE FOLLOWING WEATHER WAS RECORDED YESTERDAY.
  FOG


RELATIVE HUMIDITY (PERCENT)
 HIGHEST    93           100 AM
 LOWEST     33           300 PM
 AVERAGE    63

..........................................................


THE AUGUSTA REGIONAL BUSH FIELD GA CLIMATE NORMALS FOR TODAY
                         NORMAL    RECORD    YEAR
 MAXIMUM TEMPERATURE (F)   76        89      1984
 MINIMUM TEMPERATURE (F)   49        30      1981


SUNRISE AND SUNSET
OCTOBER 20 2017.......SUNRISE   737 AM EDT   SUNSET   648 PM EDT
OCTOBER 21 2017.......SUNRISE   737 AM EDT   SUNSET   647 PM EDT


-  INDICATES NEGATIVE NUMBERS.
R  INDICATES RECORD WAS SET OR TIED.
MM INDICATES DATA IS MISSING.
T  INDICATES TRACE AMOUNT.




$$
