000
CDUS42 KCAE 230625
CLIAGS


CLIMATE REPORT
NATIONAL WEATHER SERVICE COLUMBIA SC
225 AM EDT SAT AUG 23 2014


...................................

...THE AUGUSTA REGIONAL BUSH FIELD GA CLIMATE SUMMARY FOR AUGUST 22 2014...

CLIMATE NORMAL PERIOD 1981 TO 2010
CLIMATE RECORD PERIOD 1873 TO 2014


WEATHER ITEM   OBSERVED TIME   RECORD YEAR NORMAL DEPARTURE LAST
                VALUE   (LST)  VALUE       VALUE  FROM      YEAR
                                                  NORMAL
..................................................................
TEMPERATURE (F)
 YESTERDAY
  MAXIMUM         99    411 PM 107    1983  91      8       92
  MINIMUM         70    632 AM  57    1998  69      1       70
  AVERAGE         85                        80      5       81

PRECIPITATION (IN)
  YESTERDAY        0.00          1.98 1952   0.14  -0.14     0.10
  MONTH TO DATE    1.64                      3.16  -1.52     5.77
  SINCE JUN 1      9.44                     12.21  -2.77    25.65
  SINCE JAN 1     28.30                     29.71  -1.41    45.25

SNOWFALL (IN)
  YESTERDAY        0.0          MM      MM   0.0             0.0
  MONTH TO DATE    0.0                       0.0             0.0
  SINCE JUN 1      0.0                       0.0             0.0
  SINCE JUL 1      0.0                       0.0             0.0

DEGREE DAYS
 HEATING
  YESTERDAY        0                         0      0        0
  MONTH TO DATE    0                         0      0        0
  SINCE JUN 1      0                         0      0        0
  SINCE JUL 1      0                         0      0        0

 COOLING
  YESTERDAY       20                        15      5       16
  MONTH TO DATE  331                       352    -21      311
  SINCE JUN 1   1235                      1275    -40     1160
  SINCE JAN 1   1519                      1558    -39     1369
..................................................................


WIND (MPH)
  HIGHEST WIND SPEED    15   HIGHEST WIND DIRECTION    NW (310)
  HIGHEST GUST SPEED    22   HIGHEST GUST DIRECTION    NW (320)
  AVERAGE WIND SPEED     4.2


SKY COVER
  AVERAGE SKY COVER 0.1


WEATHER CONDITIONS
 THE FOLLOWING WEATHER WAS RECORDED YESTERDAY.
  FOG


RELATIVE HUMIDITY (PERCENT)
 HIGHEST   100           200 AM
 LOWEST     38           300 PM
 AVERAGE    69

..........................................................


THE AUGUSTA REGIONAL BUSH FIELD GA CLIMATE NORMALS FOR TODAY
                         NORMAL    RECORD    YEAR
 MAXIMUM TEMPERATURE (F)   91       104      1968
 MINIMUM TEMPERATURE (F)   69        58      1930


SUNRISE AND SUNSET
AUGUST 23 2014........SUNRISE   656 AM EDT   SUNSET   804 PM EDT
AUGUST 24 2014........SUNRISE   657 AM EDT   SUNSET   803 PM EDT


-  INDICATES NEGATIVE NUMBERS.
R  INDICATES RECORD WAS SET OR TIED.
MM INDICATES DATA IS MISSING.
T  INDICATES TRACE AMOUNT.




$$
