000
CDUS42 KCAE 300558
CLIAGS


CLIMATE REPORT
NATIONAL WEATHER SERVICE COLUMBIA SC
158 AM EDT SAT MAY 30 2015


...................................

...THE AUGUSTA REGIONAL BUSH FIELD GA CLIMATE SUMMARY FOR MAY 29 2015...

CLIMATE NORMAL PERIOD 1981 TO 2010
CLIMATE RECORD PERIOD 1873 TO 2015


WEATHER ITEM   OBSERVED TIME   RECORD YEAR NORMAL DEPARTURE LAST
                VALUE   (LST)  VALUE       VALUE  FROM      YEAR
                                                  NORMAL
..................................................................
TEMPERATURE (F)
 YESTERDAY
  MAXIMUM         87    428 PM  99    1914  88     -1       88
  MINIMUM         62    541 AM  50    1968  62      0       63
  AVERAGE         75                        75      0       76

PRECIPITATION (IN)
  YESTERDAY        0.00          2.08 2001   0.11  -0.11     0.23
  MONTH TO DATE    0.93                      2.41  -1.48     5.46
  SINCE MAR 1      8.83                      9.43  -0.60    12.61
  SINCE JAN 1     15.63                     17.26  -1.63    18.82

SNOWFALL (IN)
  YESTERDAY        0.0          MM      MM   0.0             0.0
  MONTH TO DATE    0.0                       0.0             0.0
  SINCE MAR 1      0.0                       0.0             0.0
  SINCE JUL 1      T                         0.9             3.3

DEGREE DAYS
 HEATING
  YESTERDAY        0                         0      0        0
  MONTH TO DATE   10                        18     -8       13
  SINCE MAR 1    277                       438   -161      514
  SINCE JUL 1   2563                      2470     93     2676

 COOLING
  YESTERDAY       10                        10      0       11
  MONTH TO DATE  223                       190     33      205
  SINCE MAR 1    337                       260     77      258
  SINCE JAN 1    337                       263     74      260
..................................................................


WIND (MPH)
  HIGHEST WIND SPEED    14   HIGHEST WIND DIRECTION    SE (130)
  HIGHEST GUST SPEED    18   HIGHEST GUST DIRECTION    SE (120)
  AVERAGE WIND SPEED     4.8


SKY COVER
  AVERAGE SKY COVER 0.1


WEATHER CONDITIONS
 THE FOLLOWING WEATHER WAS RECORDED YESTERDAY.
  FOG


RELATIVE HUMIDITY (PERCENT)
 HIGHEST   100           600 AM
 LOWEST     36           200 PM
 AVERAGE    68

..........................................................


THE AUGUSTA REGIONAL BUSH FIELD GA CLIMATE NORMALS FOR TODAY
                         NORMAL    RECORD    YEAR
 MAXIMUM TEMPERATURE (F)   88        99      1941
                                             1898
 MINIMUM TEMPERATURE (F)   62        50      1971


SUNRISE AND SUNSET
MAY 30 2015...........SUNRISE   620 AM EDT   SUNSET   831 PM EDT
MAY 31 2015...........SUNRISE   620 AM EDT   SUNSET   832 PM EDT


-  INDICATES NEGATIVE NUMBERS.
R  INDICATES RECORD WAS SET OR TIED.
MM INDICATES DATA IS MISSING.
T  INDICATES TRACE AMOUNT.




$$
