000
CDUS42 KFFC 020825
CLIAHN


CLIMATE REPORT
NATIONAL WEATHER SERVICE PEACHTREE CITY GA
424 AM EDT TUE SEP 2 2014


...................................

...THE ATHENS CLIMATE SUMMARY FOR SEPTEMBER 1 2014...

CLIMATE NORMAL PERIOD 1981 TO 2010
CLIMATE RECORD PERIOD 1898 TO 2014


WEATHER ITEM   OBSERVED TIME   RECORD YEAR NORMAL DEPARTURE LAST
                VALUE   (LST)  VALUE       VALUE  FROM      YEAR
                                                  NORMAL
..................................................................
TEMPERATURE (F)
 YESTERDAY
  MAXIMUM         96    243 PM  99    1957  88      8       89
                                      1912
  MINIMUM         71    611 AM  56    1946  67      4       70
  AVERAGE         84                        78      6       80

PRECIPITATION (IN)
  YESTERDAY        T             2.90 1893   0.11  -0.11     0.34
  MONTH TO DATE    T                         0.11  -0.11     0.34
  SINCE SEP 1      T                         0.11  -0.11     0.34
  SINCE JAN 1     29.49                     31.40  -1.91    46.50

DEGREE DAYS
 COOLING
  YESTERDAY       19                        13      6       15
  MONTH TO DATE   19                        13      6       15
  SINCE SEP 1     19                        13      6       15
  SINCE JAN 1   1604                      1568     36     1342
..................................................................


WIND (MPH)
  RESULTANT WIND SPEED   0   RESULTANT WIND DIRECTION   W (260)
  HIGHEST WIND SPEED    10   HIGHEST WIND DIRECTION    NW (320)
  HIGHEST GUST SPEED    14   HIGHEST GUST DIRECTION    NW (310)
  AVERAGE WIND SPEED     1.2


SKY COVER
  POSSIBLE SUNSHINE  MM
  AVERAGE SKY COVER 0.1


WEATHER CONDITIONS
 THE FOLLOWING WEATHER WAS RECORDED YESTERDAY.
  LIGHT RAIN


RELATIVE HUMIDITY (PERCENT)
 HIGHEST    93           100 AM
 LOWEST     42           200 PM
 AVERAGE    68

..........................................................


THE ATHENS CLIMATE NORMALS FOR TODAY
                         NORMAL    RECORD    YEAR
 MAXIMUM TEMPERATURE (F)   88        99      1957
                                             1925
                                             1921
 MINIMUM TEMPERATURE (F)   67        55      1967


SUNRISE AND SUNSET
SEPTEMBER  2 2014.....SUNRISE   708 AM EDT   SUNSET   758 PM EDT
SEPTEMBER  3 2014.....SUNRISE   708 AM EDT   SUNSET   756 PM EDT


-  INDICATES NEGATIVE NUMBERS.
R  INDICATES RECORD WAS SET OR TIED.
MM INDICATES DATA IS MISSING.
T  INDICATES TRACE AMOUNT.




$$
