000
CDUS42 KFFC 270034
CLIAHN


CLIMATE REPORT
NATIONAL WEATHER SERVICE PEACHTREE CITY GA
834 PM EDT FRI MAY 26 2017


...................................

...THE ATHENS CLIMATE SUMMARY FOR MAY 26 2017...
VALID AS OF 0800 PM LOCAL TIME.

CLIMATE NORMAL PERIOD 1981 TO 2010
CLIMATE RECORD PERIOD 1898 TO 2017


WEATHER ITEM   OBSERVED TIME   RECORD YEAR NORMAL DEPARTURE LAST
                VALUE   (LST)  VALUE       VALUE  FROM      YEAR
                                                  NORMAL
..................................................................
TEMPERATURE (F)
 TODAY
  MAXIMUM         84    416 PM  99    1911  84      0       88
  MINIMUM         53    552 AM  41    1979  61     -8       64
  AVERAGE         69                        73     -4       76

PRECIPITATION (IN)
  TODAY            0.00          5.47 1959   0.09  -0.09     0.00
  MONTH TO DATE    5.47                      2.50   2.97     2.33
  SINCE MAR 1     16.64                     10.08   6.56     6.85
  SINCE JAN 1     24.34                     18.61   5.73    15.02

SNOWFALL (IN)
  TODAY            0.0           0.0  2002   0.0    0.0      0.0
                                      2001
                                      2000
  MONTH TO DATE    0.0                       0.0    0.0      0.0
  SINCE MAR 1      0.0                       0.8   -0.8      0.0
  SINCE JUL 1      0.0                       2.9   -2.9      0.1
  SNOW DEPTH       0

DEGREE DAYS
 HEATING
  TODAY            0                         0      0        0
  MONTH TO DATE   23                        25     -2       23
  SINCE MAR 1    364                       513   -149      320
  SINCE JUL 1   1888                      2768   -880     2163

 COOLING
  TODAY            4                         8     -4       11
  MONTH TO DATE  150                       138     12      138
  SINCE MAR 1    306                       195    111      245
  SINCE JAN 1    315                       196    119      245
..................................................................


WIND (MPH)
  HIGHEST WIND SPEED    14   HIGHEST WIND DIRECTION    NW (300)
  HIGHEST GUST SPEED    21   HIGHEST GUST DIRECTION    NW (300)
  AVERAGE WIND SPEED     4.5


SKY COVER
  AVERAGE SKY COVER 0.0


WEATHER CONDITIONS
 THE FOLLOWING WEATHER WAS RECORDED TODAY.
  NO SIGNIFICANT WEATHER WAS OBSERVED.


RELATIVE HUMIDITY (PERCENT)
 HIGHEST    93           300 AM
 LOWEST     45           100 PM

..........................................................


THE ATHENS CLIMATE NORMALS FOR TOMORROW
                         NORMAL    RECORD    YEAR
 MAXIMUM TEMPERATURE (F)   85        97      1916
 MINIMUM TEMPERATURE (F)   62        40      1961


SUNRISE AND SUNSET
MAY 26 2017...........SUNRISE   625 AM EDT   SUNSET   836 PM EDT
MAY 27 2017...........SUNRISE   625 AM EDT   SUNSET   836 PM EDT


-  INDICATES NEGATIVE NUMBERS.
R  INDICATES RECORD WAS SET OR TIED.
MM INDICATES DATA IS MISSING.
T  INDICATES TRACE AMOUNT.




$$
