000
CDUS42 KFFC 162150
CLIAHN


CLIMATE REPORT
NATIONAL WEATHER SERVICE PEACHTREE CITY GA
450 PM EST MON JAN 16 2017


...................................

...THE ATHENS CLIMATE SUMMARY FOR JANUARY 16 2017...
VALID TODAY AS OF 0400 PM LOCAL TIME.

CLIMATE NORMAL PERIOD 1981 TO 2010
CLIMATE RECORD PERIOD 1898 TO 2017


WEATHER ITEM   OBSERVED TIME   RECORD YEAR NORMAL DEPARTURE LAST
                VALUE   (LST)  VALUE       VALUE  FROM      YEAR
                                                  NORMAL
..................................................................
TEMPERATURE (F)
 TODAY
  MAXIMUM         64    244 PM  76    1952  54     10       61
                                      1928
  MINIMUM         48    503 AM   9    1927  33     15       44
                                      1912
  AVERAGE         56                        43     13       53

PRECIPITATION (IN)
  TODAY            0.00          2.02 1954   0.13  -0.13     0.00
  MONTH TO DATE    2.85                      1.99   0.86     1.57
  SINCE DEC 1      5.27                      5.72  -0.45    13.94
  SINCE JAN 1      2.85                      1.99   0.86     1.57

SNOWFALL (IN)
  TODAY            0.0           0.0  2002   0.1   -0.1      0.0
  MONTH TO DATE    0.0                       0.7   -0.7      0.0
  SINCE DEC 1      0.0                       0.8   -0.8      0.0
  SINCE JUL 1      0.0                       0.8   -0.8      0.0
  SNOW DEPTH       0

DEGREE DAYS
 HEATING
  TODAY            9                        22    -13       12
  MONTH TO DATE  254                       352    -98      354
  SINCE DEC 1    800                       962   -162      633
  SINCE JUL 1   1086                      1442   -356      993

 COOLING
  TODAY            0                         0      0        0
  MONTH TO DATE    0                         0      0        0
  SINCE DEC 1      0                         1     -1       19
  SINCE JAN 1      0                         0      0        0
..................................................................


WIND (MPH)
  HIGHEST WIND SPEED    10   HIGHEST WIND DIRECTION     E (80)
  HIGHEST GUST SPEED    13   HIGHEST GUST DIRECTION     E (80)
  AVERAGE WIND SPEED     4.0


SKY COVER
  AVERAGE SKY COVER 0.5


WEATHER CONDITIONS
 THE FOLLOWING WEATHER WAS RECORDED TODAY.
  FOG


RELATIVE HUMIDITY (PERCENT)
 HIGHEST   100           600 AM
 LOWEST     72           200 PM
 AVERAGE    86

..........................................................


THE ATHENS CLIMATE NORMALS FOR TOMORROW
                         NORMAL    RECORD    YEAR
 MAXIMUM TEMPERATURE (F)   54        79      1928
 MINIMUM TEMPERATURE (F)   33         6      1977


SUNRISE AND SUNSET
JANUARY 16 2017.......SUNRISE   738 AM EST   SUNSET   549 PM EST
JANUARY 17 2017.......SUNRISE   738 AM EST   SUNSET   549 PM EST


-  INDICATES NEGATIVE NUMBERS.
R  INDICATES RECORD WAS SET OR TIED.
MM INDICATES DATA IS MISSING.
T  INDICATES TRACE AMOUNT.




$$
