000
CDUS45 KCYS 020730
CLIAIA


CLIMATE REPORT
NATIONAL WEATHER SERVICE CHEYENNE WY
128 AM MDT SAT AUG 2 2014


...................................

...THE ALLIANCE NE AIRPORT CLIMATE SUMMARY FOR AUGUST 1 2014...

CLIMATE NORMAL PERIOD 1981 TO 2010
CLIMATE RECORD PERIOD 1896 TO 2014


WEATHER ITEM   OBSERVED TIME   RECORD YEAR NORMAL DEPARTURE LAST
                VALUE   (LST)  VALUE       VALUE  FROM      YEAR
                                                  NORMAL
..................................................................
TEMPERATURE (F)
 YESTERDAY
  MAXIMUM         90    149 PM 103    1901  89      1       90
  MINIMUM         47    503 AM  43    2009  57    -10       57
  AVERAGE         69                        73     -4       74

PRECIPITATION (IN)
  YESTERDAY        0.00          1.14 2013   0.06  -0.06     1.14
  MONTH TO DATE    0.00                      0.06  -0.06     1.14
  SINCE JAN 1     12.30                     10.77   1.53     7.86

DEGREE DAYS
 HEATING
  YESTERDAY        0                         0      0        0
  MONTH TO DATE    0                         0      0        0
  SINCE JUN 1    126                       105     21       70
  SINCE JUL 1     27                        12     15        8

 COOLING
  YESTERDAY        4                         8     -4        9
  MONTH TO DATE    4                         8     -4        9
  SINCE JUN 1    262                       330    -68      383
  SINCE JAN 1    276                       340    -64      405
..................................................................


WIND (MPH)
  HIGHEST WIND SPEED    14   HIGHEST WIND DIRECTION     S (180)
  HIGHEST GUST SPEED    15   HIGHEST GUST DIRECTION     S (170)
  AVERAGE WIND SPEED     4.6


SKY COVER
  AVERAGE SKY COVER 0.1


WEATHER CONDITIONS
 THE FOLLOWING WEATHER WAS RECORDED YESTERDAY.
  NO SIGNIFICANT WEATHER WAS OBSERVED.


RELATIVE HUMIDITY (PERCENT)
 HIGHEST    93           500 AM
 LOWEST     15           100 PM
 AVERAGE    54

..........................................................


THE ALLIANCE NE AIRPORT CLIMATE NORMALS FOR TODAY
                         NORMAL    RECORD    YEAR
 MAXIMUM TEMPERATURE (F)   89       106      2008
 MINIMUM TEMPERATURE (F)   57        45      1978


SUNRISE AND SUNSET
AUGUST  2 2014........SUNRISE   546 AM MDT   SUNSET   809 PM MDT
AUGUST  3 2014........SUNRISE   547 AM MDT   SUNSET   807 PM MDT


-  INDICATES NEGATIVE NUMBERS.
R  INDICATES RECORD WAS SET OR TIED.
MM INDICATES DATA IS MISSING.
T  INDICATES TRACE AMOUNT.




$$
