000
CDUS45 KCYS 100728
CLIAIA


CLIMATE REPORT
NATIONAL WEATHER SERVICE CHEYENNE WY
1228 AM MST WED FEB 10 2016


...................................

...THE ALLIANCE NE AIRPORT CLIMATE SUMMARY FOR FEBRUARY 9 2016...

CLIMATE NORMAL PERIOD 1981 TO 2010
CLIMATE RECORD PERIOD 1896 TO 2016


WEATHER ITEM   OBSERVED TIME   RECORD YEAR NORMAL DEPARTURE LAST
                VALUE   (LST)  VALUE       VALUE  FROM      YEAR
                                                  NORMAL
..................................................................
TEMPERATURE (F)
 YESTERDAY
  MAXIMUM         40    525 PM  68    2015  40      0       68
  MINIMUM         21    638 AM -28    1936  12      9       23
  AVERAGE         31                        26      5       46

PRECIPITATION (IN)
  YESTERDAY        0.00          0.44 1953   0.01  -0.01     0.00
  MONTH TO DATE    0.05                      0.11  -0.06     0.40
  SINCE JAN 1      0.07                      0.29  -0.22     0.85

DEGREE DAYS
 HEATING
  YESTERDAY       34                        39     -5       19
  MONTH TO DATE  378                       358     20      298
  SINCE DEC 1   3042                      2904    138     2809
  SINCE JUL 1   4529                      4703   -174     4517

 COOLING
  YESTERDAY        0                         0      0        0
  MONTH TO DATE    0                         0      0        0
  SINCE DEC 1      0                         0      0        0
  SINCE JAN 1      0                         0      0        0
..................................................................


WIND (MPH)
  HIGHEST WIND SPEED    18   HIGHEST WIND DIRECTION     W (290)
  HIGHEST GUST SPEED    22   HIGHEST GUST DIRECTION    NW (300)
  AVERAGE WIND SPEED    12.4


SKY COVER
  AVERAGE SKY COVER 0.3


WEATHER CONDITIONS
 THE FOLLOWING WEATHER WAS RECORDED YESTERDAY.
  NO SIGNIFICANT WEATHER WAS OBSERVED.


RELATIVE HUMIDITY (PERCENT)
 HIGHEST    92           700 AM
 LOWEST     69           300 AM
 AVERAGE    81

..........................................................


THE ALLIANCE NE AIRPORT CLIMATE NORMALS FOR TODAY
                         NORMAL    RECORD    YEAR
 MAXIMUM TEMPERATURE (F)   40        74      1962
 MINIMUM TEMPERATURE (F)   12       -28      1986
                                             2010


SUNRISE AND SUNSET
FEBRUARY 10 2016......SUNRISE   654 AM MST   SUNSET   517 PM MST
FEBRUARY 11 2016......SUNRISE   653 AM MST   SUNSET   518 PM MST


-  INDICATES NEGATIVE NUMBERS.
R  INDICATES RECORD WAS SET OR TIED.
MM INDICATES DATA IS MISSING.
T  INDICATES TRACE AMOUNT.




$$
