000
CDUS45 KCYS 300731
CLIAIA


CLIMATE REPORT
NATIONAL WEATHER SERVICE CHEYENNE WY
130 AM MDT SAT APR 30 2016


...................................

...THE ALLIANCE NE AIRPORT CLIMATE SUMMARY FOR APRIL 29 2016...

CLIMATE NORMAL PERIOD 1981 TO 2010
CLIMATE RECORD PERIOD 1896 TO 2016


WEATHER ITEM   OBSERVED TIME   RECORD YEAR NORMAL DEPARTURE LAST
                VALUE   (LST)  VALUE       VALUE  FROM      YEAR
                                                  NORMAL
..................................................................
TEMPERATURE (F)
 YESTERDAY
  MAXIMUM         45   1037 AM  84    1987  64    -19       73
                                      1934
  MINIMUM         32   1159 PM  13    1956  33     -1       35
  AVERAGE         39                        49    -10       54

PRECIPITATION (IN)
  YESTERDAY        0.28          1.42 1953   0.06   0.22     0.00
  MONTH TO DATE    2.24                      1.40   0.84     2.45
  SINCE JAN 1      4.12                      2.81   1.31     3.43

DEGREE DAYS
 HEATING
  YESTERDAY       26                        16     10       11
  MONTH TO DATE  545                       587    -42      543
  SINCE MAR 1   1349                      1469   -120     1263
  SINCE JUL 1   6424                      6873   -449     6490

 COOLING
  YESTERDAY        0                         0      0        0
  MONTH TO DATE    0                         0      0        0
  SINCE MAR 1      0                         0      0        0
  SINCE JAN 1      0                         0      0        0
..................................................................


WIND (MPH)
  HIGHEST WIND SPEED    20   HIGHEST WIND DIRECTION    NE (50)
  HIGHEST GUST SPEED    23   HIGHEST GUST DIRECTION    NE (60)
  AVERAGE WIND SPEED     9.7


SKY COVER
  AVERAGE SKY COVER 1.0


WEATHER CONDITIONS
 THE FOLLOWING WEATHER WAS RECORDED YESTERDAY.
  LIGHT RAIN
  LIGHT SNOW
  FOG


RELATIVE HUMIDITY (PERCENT)
 HIGHEST   100           100 AM
 LOWEST     70          1000 AM
 AVERAGE    85

..........................................................


THE ALLIANCE NE AIRPORT CLIMATE NORMALS FOR TODAY
                         NORMAL    RECORD    YEAR
 MAXIMUM TEMPERATURE (F)   65        87      1987
                                             1934
                                             1905
 MINIMUM TEMPERATURE (F)   34        13      1950


SUNRISE AND SUNSET
APRIL 30 2016.........SUNRISE   548 AM MDT   SUNSET   750 PM MDT
MAY  1 2016...........SUNRISE   546 AM MDT   SUNSET   751 PM MDT


-  INDICATES NEGATIVE NUMBERS.
R  INDICATES RECORD WAS SET OR TIED.
MM INDICATES DATA IS MISSING.
T  INDICATES TRACE AMOUNT.




$$
