000
CDAK48 PAKN 260940
CLIAKN


CLIMATE REPORT
NATIONAL WEATHER SERVICE ANCHORAGE, AK
140 AM AKDT WED JUL 26 2017


...................................

...THE KING SALMON CLIMATE SUMMARY FOR JULY 25 2017...

CLIMATE NORMAL PERIOD 1981 TO 2010
CLIMATE RECORD PERIOD 1917 TO 2017


WEATHER ITEM   OBSERVED TIME   RECORD YEAR NORMAL DEPARTURE LAST
                VALUE   (LST)  VALUE       VALUE  FROM      YEAR
                                                  NORMAL
..................................................................
TEMPERATURE (F)
 YESTERDAY
  MAXIMUM         59    241 PM  80    2013  64     -5       73
                                      1953
  MINIMUM         52   1159 PM  36    1976  48      4       52
  AVERAGE         56                        56      0       63

PRECIPITATION (IN)
  YESTERDAY        0.07          0.67 2010   0.08  -0.01      T
  MONTH TO DATE    1.59                      1.79  -0.20     2.45
  SINCE JUN 1      3.99                      3.44   0.55     4.73
  SINCE JAN 1      7.06                      8.14  -1.08    12.14

SNOWFALL (IN)
  YESTERDAY        0.0          MM      MM   0.0    0.0      0.0
  MONTH TO DATE    0.0                       0.0    0.0      0.0
  SINCE JUN 1      0.0                       T      0.0      0.0
  SINCE JUL 1      0.0                       0.0    0.0      0.0
  SNOW DEPTH       0

DEGREE DAYS
 HEATING
  YESTERDAY        9                         9      0        2
  MONTH TO DATE  179                       236    -57      140
  SINCE JUN 1    509                       643   -134      399
  SINCE JUL 1    179                       236    -57      140

 COOLING
  YESTERDAY        0                         0      0        0
  MONTH TO DATE    1                         0      1        0
  SINCE JUN 1      1                         0      1        0
  SINCE JAN 1      1                         0      1        0
..................................................................


WIND (MPH)
  RESULTANT WIND SPEED   9   RESULTANT WIND DIRECTION   S (200)
  HIGHEST WIND SPEED    17   HIGHEST WIND DIRECTION    SW (210)
  HIGHEST GUST SPEED    23   HIGHEST GUST DIRECTION     S (200)
  AVERAGE WIND SPEED     9.7



WEATHER CONDITIONS
 THE FOLLOWING WEATHER WAS RECORDED YESTERDAY.
  LIGHT RAIN
  FOG


RELATIVE HUMIDITY (PERCENT)
 HIGHEST   100
 LOWEST     86
 AVERAGE    93

..........................................................


THE KING SALMON CLIMATE NORMALS FOR TODAY
                         NORMAL    RECORD    YEAR
 MAXIMUM TEMPERATURE (F)   64        82      2013
 MINIMUM TEMPERATURE (F)   48        36      1970


SUNRISE AND SUNSET
JULY 26 2017..........SUNRISE   604 AM AKDT  SUNSET  1101 PM AKDT
JULY 27 2017..........SUNRISE   606 AM AKDT  SUNSET  1059 PM AKDT


-  INDICATES NEGATIVE NUMBERS.
R  INDICATES RECORD WAS SET OR TIED.
MM INDICATES DATA IS MISSING.
T  INDICATES TRACE AMOUNT.




$$
