780
CDAK48 PAFC 231311 RRA
CLIAKN

CLIMATE REPORT
NATIONAL WEATHER SERVICE ANCHORAGE, AK
509 AM AKDT SUN APR 23 2017


...................................

...THE KING SALMON CLIMATE SUMMARY FOR APRIL 22 2017...

CLIMATE NORMAL PERIOD 1981 TO 2010
CLIMATE RECORD PERIOD 1917 TO 2017


WEATHER ITEM   OBSERVED TIME   RECORD YEAR NORMAL DEPARTURE LAST
                VALUE   (LST)  VALUE       VALUE  FROM      YEAR
                                                  NORMAL
..................................................................
TEMPERATURE (F)
 YESTERDAY
  MAXIMUM         51    441 PM  56    2008  45      6       57
                                      1957
  MINIMUM         40    148 AM   9    1948  28     12       32
  AVERAGE         46                        36     10       45

PRECIPITATION (IN)
  YESTERDAY        T             0.67 1961   0.04  -0.04      T
  MONTH TO DATE    0.49                      0.69  -0.20     0.64
  SINCE MAR 1      0.54                      1.39  -0.85     2.59
  SINCE JAN 1      1.74                      3.17  -1.43     4.03

SNOWFALL (IN)
  YESTERDAY        0.0          MM      MM   0.1   -0.1     MM
  MONTH TO DATE    2.9                       3.3   -0.4      0.0
  SINCE MAR 1      3.3                       9.7   -6.4      0.0
  SINCE JUL 1     26.0                      45.2  -19.2     13.1
  SNOW DEPTH       0

DEGREE DAYS
 HEATING
  YESTERDAY       19                        29    -10       20
  MONTH TO DATE  591                       724   -133      489
  SINCE MAR 1   2215                      1990    225     1438
  SINCE JUL 1   9348                      9610   -262     7129

 COOLING
  YESTERDAY        0                         0      0        0
  MONTH TO DATE    0                         0      0        0
  SINCE MAR 1      0                         0      0        0
  SINCE JAN 1      0                         0      0        0
..................................................................


WIND (MPH)
  RESULTANT WIND SPEED  14   RESULTANT WIND DIRECTION   E (70)
  HIGHEST WIND SPEED    23   HIGHEST WIND DIRECTION     E (80)
  HIGHEST GUST SPEED    30   HIGHEST GUST DIRECTION     E (90)
  AVERAGE WIND SPEED    14.9



WEATHER CONDITIONS
 THE FOLLOWING WEATHER WAS RECORDED YESTERDAY.
  LIGHT RAIN


RELATIVE HUMIDITY (PERCENT)
 HIGHEST    76
 LOWEST     56
 AVERAGE    66

..........................................................


THE KING SALMON CLIMATE NORMALS FOR TODAY
                         NORMAL    RECORD    YEAR
 MAXIMUM TEMPERATURE (F)   46        64      1936
 MINIMUM TEMPERATURE (F)   28         7      1948


SUNRISE AND SUNSET
APRIL 23 2017.........SUNRISE   651 AM AKDT  SUNSET  1001 PM AKDT
APRIL 24 2017.........SUNRISE   648 AM AKDT  SUNSET  1003 PM AKDT

CIVIL TWILIGHT
APRIL 23 2017           START    604 AM GMT     END   1048 PM GMT
APRIL 24 2017           START    601 AM GMT     END   1051 PM GMT



-  INDICATES NEGATIVE NUMBERS.
R  INDICATES RECORD WAS SET OR TIED.
MM INDICATES DATA IS MISSING.
T  INDICATES TRACE AMOUNT.




$$
&&
------------------------------------------------------
AMOUNT OF DAYLIGHT TODAY  (HOUR:MIN)........15:10
GAIN/LOSS SINCE YESTERDAY (HOUR:MIN:SEC)....+0:05:00
