000
CDAK48 PAFC 300043
CLIAKN

CLIMATE REPORT
NATIONAL WEATHER SERVICE ANCHORAGE, AK
441 PM AKDT THU SEP 29 2016


...................................

...THE KING SALMON CLIMATE SUMMARY FOR SEPTEMBER 29 2016...
VALID TODAY AS OF 0400 PM LOCAL TIME.

CLIMATE NORMAL PERIOD 1981 TO 2010
CLIMATE RECORD PERIOD 1917 TO 2016


WEATHER ITEM   OBSERVED TIME   RECORD YEAR NORMAL DEPARTURE LAST
                VALUE   (LST)  VALUE       VALUE  FROM      YEAR
                                                  NORMAL
..................................................................
TEMPERATURE (F)
 TODAY
  MAXIMUM         61        MM  67    1954  50     11       45
  MINIMUM         45        MM  19    1957  34     11       33
  AVERAGE         53                        42     11       39

PRECIPITATION (IN)
  TODAY            0.00          1.04 2004   0.10  -0.10      T
  MONTH TO DATE    4.83                      3.10   1.73     2.93
  SINCE SEP 1      4.83                      3.10   1.73     2.93
  SINCE JAN 1     22.80                     14.70   8.10    15.87

SNOWFALL (IN)
  TODAY            0.0          MM      MM   0.0    0.0     MM
  MONTH TO DATE    0.0                       0.1   -0.1      0.0
  SINCE SEP 1      0.0                       0.1   -0.1      0.0
  SINCE JUL 1      0.0                       0.1   -0.1      0.0
  SNOW DEPTH       0

DEGREE DAYS
 HEATING
  TODAY           12                        23    -11       26
  MONTH TO DATE  380                       499   -119      449
  SINCE SEP 1    380                       499   -119      449
  SINCE JUL 1    697                      1115   -418      936

 COOLING
  TODAY            0                         0      0        0
  MONTH TO DATE    0                         0      0        0
  SINCE SEP 1      0                         0      0        0
  SINCE JAN 1      0                         1     -1        2
..................................................................


WIND (MPH)
  RESULTANT WIND SPEED   2   RESULTANT WIND DIRECTION   S (160)
  HIGHEST WIND SPEED     6   HIGHEST WIND DIRECTION     S (170)
  HIGHEST GUST SPEED    MM   HIGHEST GUST DIRECTION    MM
  AVERAGE WIND SPEED     2.8



WEATHER CONDITIONS
 THE FOLLOWING WEATHER WAS RECORDED TODAY.
  FOG
  FOG W/VISIBILITY <= 1/4 MILE


RELATIVE HUMIDITY (PERCENT)
 HIGHEST   100
 LOWEST     51
 AVERAGE    76

..........................................................


THE KING SALMON CLIMATE NORMALS FOR TOMORROW
                         NORMAL    RECORD    YEAR
 MAXIMUM TEMPERATURE (F)   49        70      1954
 MINIMUM TEMPERATURE (F)   33        16      1957


SUNRISE AND SUNSET
SEPTEMBER 29 2016.....SUNRISE   828 AM AKDT  SUNSET   804 PM AKDT
SEPTEMBER 30 2016.....SUNRISE   831 AM AKDT  SUNSET   801 PM AKDT

CIVIL TWILIGHT
SEPTEMBER 29 2016       START   721 AM AKDT     END   819 PM AKDT
SEPTEMBER 30 2016       START   723 AM AKDT     END   816 PM AKDT



-  INDICATES NEGATIVE NUMBERS.
R  INDICATES RECORD WAS SET OR TIED.
MM INDICATES DATA IS MISSING.
T  INDICATES TRACE AMOUNT.




$$
&&
------------------------------------------------------
AMOUNT OF DAYLIGHT TODAY  (HOUR:MIN)........11:32
GAIN/LOSS SINCE YESTERDAY (HOUR:MIN:SEC)....-0:05:39
