678
CDAK48 PAFC 230059
CLIAKN


CLIMATE REPORT
NATIONAL WEATHER SERVICE ANCHORAGE, AK
459 PM AKDT FRI SEP 22 2017


...................................

...THE KING SALMON CLIMATE SUMMARY FOR SEPTEMBER 22 2017...
VALID TODAY AS OF 0400 PM LOCAL TIME.

CLIMATE NORMAL PERIOD 1981 TO 2010
CLIMATE RECORD PERIOD 1917 TO 2017


WEATHER ITEM   OBSERVED TIME   RECORD YEAR NORMAL DEPARTURE LAST
                VALUE   (LST)  VALUE       VALUE  FROM      YEAR
                                                  NORMAL
..................................................................
TEMPERATURE (F)
 TODAY
  MAXIMUM         52        MM  70    1934  53     -1       52
  MINIMUM         46        MM  15    2003  37      9       39
  AVERAGE         49                        45      4       46

PRECIPITATION (IN)
  TODAY            0.82R         0.73 1953   0.10   0.72     0.35
  MONTH TO DATE    3.19                      2.38   0.81     4.12
  SINCE SEP 1      3.19                      2.38   0.81     4.12
  SINCE JAN 1     13.88                     13.98  -0.10    22.09

SNOWFALL (IN)
  TODAY            0.0          MM      MM   0.0    0.0      0.0
  MONTH TO DATE    T                         0.0    0.0      0.0
  SINCE SEP 1      T                         0.0    0.0      0.0
  SINCE JUL 1      T                         0.0    0.0      0.0
  SNOW DEPTH       0

DEGREE DAYS
 HEATING
  TODAY           16                        20     -4       19
  MONTH TO DATE  326                       347    -21      249
  SINCE SEP 1    326                       347    -21      249
  SINCE JUL 1    823                       963   -140      566

 COOLING
  TODAY            0                         0      0        0
  MONTH TO DATE    0                         0      0        0
  SINCE SEP 1      0                         0      0        0
  SINCE JAN 1      1                         1      0        0
..................................................................


WIND (MPH)
  RESULTANT WIND SPEED   3   RESULTANT WIND DIRECTION   N (340)
  HIGHEST WIND SPEED     9   HIGHEST WIND DIRECTION     N (340)
  HIGHEST GUST SPEED    MM   HIGHEST GUST DIRECTION    MM
  AVERAGE WIND SPEED     4.6



WEATHER CONDITIONS
 THE FOLLOWING WEATHER WAS RECORDED TODAY.
  RAIN
  LIGHT RAIN
  FOG


RELATIVE HUMIDITY (PERCENT)
 HIGHEST   100
 LOWEST    100
 AVERAGE   100

..........................................................


THE KING SALMON CLIMATE NORMALS FOR TOMORROW
                         NORMAL    RECORD    YEAR
 MAXIMUM TEMPERATURE (F)   53        67      1934
 MINIMUM TEMPERATURE (F)   37        17      1956


SUNRISE AND SUNSET
SEPTEMBER 22 2017.....SUNRISE   812 AM AKDT  SUNSET   825 PM AKDT
SEPTEMBER 23 2017.....SUNRISE   815 AM AKDT  SUNSET   822 PM AKDT


-  INDICATES NEGATIVE NUMBERS.
R  INDICATES RECORD WAS SET OR TIED.
MM INDICATES DATA IS MISSING.
T  INDICATES TRACE AMOUNT.




$$
