000
CDAK48 PAKN 231210
CLIAKN

CLIMATE REPORT
NATIONAL WEATHER SERVICE KING SALMON, AK
411 AM AKDT SAT MAY 23 2015

...................................
...THE KING SALMON AP CLIMATE SUMMARY FOR MAY 22 2015...

CLIMATE NORMAL PERIOD  1981 TO  2010
CLIMATE RECORD PERIOD  1917 TO  2015

WEATHER ITEM   OBSERVED TIME    RECORD YEAR NORMAL DEPARTURE LAST
               VALUE    (LST)   VALUE       VALUE  FROM      YEAR
                                                   NORMAL
...................................................................
TEMPERATURE
YESTERDAY
 MAXIMUM            53  0344 PM    75  1934     56      -3     68
 MINIMUM            43  1227 AM    26  1975     36       7     28
 AVERAGE            48                          46       2     48

PRECIPITATION
(INCHES)
 YESTERDAY        0.09           0.46  2000   0.04    0.05      T
 MONTH TO DATE    2.78                        0.84    1.94   0.41
 SINCE MAR 1      5.91                        2.51    3.40   1.69
 SINCE JAN 1      6.70                        4.29    2.41   3.50

SNOWFALL
(INCHES)
 YESTERDAY         0.0            0.9  1966    0.0     0.0    0.0
 MONTH TO DATE     0.0                         0.7    -0.7    0.0
 SINCE MAR 1      12.4                        11.0     1.4    9.3
 SINCE JUL 1      26.1                        46.5   -20.4   36.0
 SNOW DEPTH (IN)     0                                          0

DEGREE DAYS
 HEATING
  YESTERDAY         17                          19      -2     17
  MONTH TO DATE    403                         484     -81    339
  SINCE MAR 1     2328                        2689    -361   2386
  SINCE JUL 1     8525                       10307   -1782   8746

 COOLING
  YESTERDAY          0                           0       0      0
  MONTH TO DATE      0                           0       0      0
  SINCE MAR 1        0                           0       0      0
  SINCE JAN 1        0                           0       0      0
...................................................................

WIND (MPH)
 HIGHEST WIND SPEED    33     HIGHEST WIND DIRECTION    150
 HIGHEST GUST SPEED    41     HIGHEST GUST DIRECTION    140
 AVERAGE WIND SPEED   7.8

SKY COVER
  POSSIBLE SUNSHINE    MM          AVERAGE SKY COVER     MM

WEATHER CONDITIONS
 THE FOLLOWING WEATHER WAS RECORDED YESTERDAY.
  FOG
RAIN


RELATIVE HUMIDITY
 HIGHEST RH     MM PERCENT       MM
 LOWEST  RH     MM PERCENT       MM
 AVERAGE RH     MM PERCENT       MM
...................................................................

THE KING SALMON CLIMATE NORMALS FOR TODAY
                           NORMAL    RECORD   YEAR
 MAXIMUM TEMPERATURE (F)     56        74     2006
 MINIMUM TEMPERATURE (F)     36        25     1964

SUNRISE AND SUNSET
 MAY 23 2015..........SUNRISE  5:43 AM      SUNSET 11:07 PM
 MAY 24 2015..........SUNRISE  5:41 AM      SUNSET 11:09 PM

-  INDICATES NEGATIVE NUMBERS.
R  INDICATES RECORD HAS BEEN SET OR TIED.
MM INDICATES DATA IS MISSING.
T  INDICATES TRACE OF PRECIPITATION.

&&
-------------------------------------------------------------------

AMOUNT OF DAYLIGHT TODAY  (HOUR:MIN)........17 HOURS 24 MINUTES
GAIN SINCE YESTERDAY (HOUR:MIN:SEC).........+0:03:47

$$
AM MAY 15
