000
CDAK48 PAKN 171200
CLIAKN

CLIMATE REPORT
NATIONAL WEATHER SERVICE KING SALMON, AK
400 AM AKDT WED SEP 17 2014

...................................
...THE KING SALMON AP CLIMATE SUMMARY FOR SEPTEMBER 16 2014...

CLIMATE NORMAL PERIOD  1981 TO  2010
CLIMATE RECORD PERIOD  1917 TO  2013

WEATHER ITEM   OBSERVED TIME    RECORD YEAR NORMAL DEPARTURE LAST
               VALUE    (LST)   VALUE       VALUE  FROM      YEAR
                                                   NORMAL
...................................................................
TEMPERATURE
YESTERDAY
 MAXIMUM            55  0240 PM    74  1954     56      -1     57
 MINIMUM            44  0317 AM    23  1996     40       4     35
 AVERAGE            50                          48       2     46

PRECIPITATION
(INCHES)
 YESTERDAY        0.43           0.79  1989   0.11    0.32   0.00
 MONTH TO DATE    2.48                        1.74    0.74   1.02
 SINCE SEP 1      2.48                        1.74    0.74   1.02
 SINCE JAN 1     16.75                       13.34    3.41  15.11

SNOWFALL
(INCHES)
 YESTERDAY         0.0              T  1993    0.0     0.0    0.0
 MONTH TO DATE     0.0                         0.0     0.0    0.0
 SINCE SEP 1       0.0                         0.0     0.0    0.0
 SINCE JUL 1       0.0                         0.0     0.0    0.0
 SNOW DEPTH (IN)     0                                          0

DEGREE DAYS
 HEATING
  YESTERDAY         15                          17      -2     19
  MONTH TO DATE    143                         235     -92    192
  SINCE SEP 1      143                         235     -92    192
  SINCE JUL 1      617                         847    -230    695

 COOLING
  YESTERDAY          0                           0       0      0
  MONTH TO DATE      0                           0       0      0
  SINCE SEP 1        0                           0       0      0
  SINCE JAN 1        0                           0       0      4
...................................................................

WIND (MPH)
 HIGHEST WIND SPEED    20     HIGHEST WIND DIRECTION     90
 HIGHEST GUST SPEED    27     HIGHEST GUST DIRECTION     80
 AVERAGE WIND SPEED  11.0

SKY COVER
  POSSIBLE SUNSHINE    MM          AVERAGE SKY COVER     MM

WEATHER CONDITIONS
 THE FOLLOWING WEATHER WAS RECORDED YESTERDAY.
  FOG
  RAIN


RELATIVE HUMIDITY
 HIGHEST RH     MM PERCENT       MM
 LOWEST  RH     MM PERCENT       MM
 AVERAGE RH     MM PERCENT       MM
...................................................................

THE KING SALMON CLIMATE NORMALS FOR TODAY
                           NORMAL    RECORD   YEAR
 MAXIMUM TEMPERATURE (F)     55        66     1944
 MINIMUM TEMPERATURE (F)     40        25     1983

SUNRISE AND SUNSET
 SEP 17 2014..........SUNRISE  8:01 AM      SUNSET  8:40 PM
 SEP 18 2014..........SUNRISE  8:03 AM      SUNSET  8:37 PM

-  INDICATES NEGATIVE NUMBERS.
R  INDICATES RECORD HAS BEEN SET OR TIED.
MM INDICATES DATA IS MISSING.
T  INDICATES TRACE OF PRECIPITATION.

&&
-------------------------------------------------------------------

AMOUNT OF DAYLIGHT TODAY  (HOUR:MIN)........12 HOURS 39 MINUTES
LOSS SINCE YESTERDAY (HOUR:MIN:SEC).........-0:05:06

$$

DT SEP 14
