000
CDAK48 PAKN 030006
CLIAKN

CLIMATE REPORT
NATIONAL WEATHER SERVICE KING SALMON, AK
406 PM AKDT TUE SEP 2 2014

...................................
...THE KING SALMON AP CLIMATE SUMMARY FOR SEPTEMBER 2 2014...
VALID TODAY AS OF 2:00 PM LOCAL TIME

CLIMATE NORMAL PERIOD  1981 TO  2010
CLIMATE RECORD PERIOD  1949 TO  2014

WEATHER ITEM   OBSERVED TIME    RECORD YEAR NORMAL DEPARTURE LAST
               VALUE    (LST)   VALUE       VALUE  FROM      YEAR
                                                   NORMAL
...................................................................
TEMPERATURE
TODAY
 MAXIMUM            59  0305 PM    70  1963     60      -1     68
 MINIMUM            52  0804 AM    25  1980     44       8     49
 AVERAGE            56                          52       4     59

PRECIPITATION
(INCHES)
 TODAY            0.06           0.58  1951   0.11   -0.05   0.03
 MONTH TO DATE    0.07                        0.22   -0.15   0.07
 SINCE SEP 1      0.07                        0.22   -0.15   0.07
 SINCE JAN 1     14.34                       11.82    2.52  14.16

SNOWFALL
(INCHES)
 TODAY             0.0            0.0  2014    0.0     0.0    0.0
 MONTH TO DATE     0.0                         0.0     0.0    0.0
 SINCE SEP 1       0.0                         0.0     0.0    0.0
 SINCE JUL 1       0.0                         0.0     0.0    0.0
 SNOW DEPTH (IN)     0                                          0

DEGREE DAYS
 HEATING
  TODAY              9                          13      -4      6
  MONTH TO DATE     28                          26       2     10
  SINCE SEP 1       28                          26       2     10
  SINCE JUL 1      502                         638    -136    513

 COOLING
  TODAY              0                           0       0      0
  MONTH TO DATE      0                           0       0      0
  SINCE SEP 1        0                           0       0      0
  SINCE JAN 1        0                           0       0      4
...................................................................

WIND (MPH)
 HIGHEST WIND SPEED    22     HIGHEST WIND DIRECTION    240
 HIGHEST GUST SPEED    28     HIGHEST GUST DIRECTION    230
 AVERAGE WIND SPEED    MM

SKY COVER
  POSSIBLE SUNSHINE  MM            AVERAGE SKY COVER MM

WEATHER CONDITIONS
 THE FOLLOWING WEATHER WAS RECORDED TODAY.
FOG
RAIN


RELATIVE HUMIDITY
 HIGHEST RH     MM PERCENT       MM
 LOWEST  RH     MM PERCENT       MM
 AVERAGE RH     MM PERCENT       MM
...................................................................

THE KING SALMON CLIMATE NORMALS FOR TOMORROW
                        NORMAL    RECORD   YEAR
 MAXIMUM TEMPERATURE      60        74     1974
 MINIMUM TEMPERATURE      44        27     1984

SUNRISE AND SUNSET
 SEP 2 2014..........SUNRISE  7:28 AM      SUNSET  9:24 PM
 SEP 3 2014..........SUNRISE  7:30 AM      SUNSET  9:21 PM

-  INDICATES NEGATIVE NUMBERS.
R  INDICATES RECORD HAS BEEN SET OR TIED.
MM INDICATES DATA IS MISSING.
T  INDICATES TRACE OF PRECIPITATION.

&&
-------------------------------------------------------------------

AMOUNT OF DAYLIGHT TODAY  (HOUR:MIN)........13 HOURS 56 MINUTES
GAIN/LOSS SINCE YESTERDAY (HOUR:MIN:SEC)....-0:05:04

$$
FS SEP 14
