000
CDAK48 PAKN 261255
CLIAKN


CLIMATE REPORT
NATIONAL WEATHER SERVICE ANCHORAGE, AK
454 AM AKDT FRI MAY 26 2017


...................................

...THE KING SALMON CLIMATE SUMMARY FOR MAY 25 2017...

CLIMATE NORMAL PERIOD 1981 TO 2010
CLIMATE RECORD PERIOD 1917 TO 2017


WEATHER ITEM   OBSERVED TIME   RECORD YEAR NORMAL DEPARTURE LAST
                VALUE   (LST)  VALUE       VALUE  FROM      YEAR
                                                  NORMAL
..................................................................
TEMPERATURE (F)
 YESTERDAY
  MAXIMUM         48        MM  80    1997  57     -9       53
  MINIMUM         34        MM  25    2000  37     -3       44
  AVERAGE         41                        47     -6       49

PRECIPITATION (IN)
  YESTERDAY        0.03          1.60 1919   0.05  -0.02      T
  MONTH TO DATE    0.95                      0.98  -0.03     3.05
  SINCE MAR 1      1.75                      2.65  -0.90     5.85
  SINCE JAN 1      2.95                      4.43  -1.48     7.29

SNOWFALL (IN)
  YESTERDAY        0.0          MM      MM   0.0    0.0     MM
  MONTH TO DATE    0.0                       0.7   -0.7      0.0
  SINCE MAR 1      3.3                      11.0   -7.7      0.0
  SINCE JUL 1     26.0                      46.5  -20.5     13.1
  SNOW DEPTH       0

DEGREE DAYS
 HEATING
  YESTERDAY       24                        18      6       16
  MONTH TO DATE  499                       540    -41      387
  SINCE MAR 1   2898                      2745    153     1983
  SINCE JUL 1  10031                     10365   -334     7674

 COOLING
  YESTERDAY        0                         0      0        0
  MONTH TO DATE    0                         0      0        0
  SINCE MAR 1      0                         0      0        0
  SINCE JAN 1      0                         0      0        0
..................................................................


WIND (MPH)
  RESULTANT WIND SPEED  13   RESULTANT WIND DIRECTION  SW (230)
  HIGHEST WIND SPEED    23   HIGHEST WIND DIRECTION    SW (240)
  HIGHEST GUST SPEED    35   HIGHEST GUST DIRECTION    SW (240)
  AVERAGE WIND SPEED    13.9



WEATHER CONDITIONS
 THE FOLLOWING WEATHER WAS RECORDED YESTERDAY.
  LIGHT RAIN
  FOG


RELATIVE HUMIDITY (PERCENT)
 HIGHEST   100
 LOWEST     58
 AVERAGE    79

..........................................................


THE KING SALMON CLIMATE NORMALS FOR TODAY
                         NORMAL    RECORD    YEAR
 MAXIMUM TEMPERATURE (F)   57        85      2006
 MINIMUM TEMPERATURE (F)   37        20      1931


SUNRISE AND SUNSET
MAY 26 2017...........SUNRISE   536 AM AKDT  SUNSET  1113 PM AKDT
MAY 27 2017...........SUNRISE   534 AM AKDT  SUNSET  1114 PM AKDT


-  INDICATES NEGATIVE NUMBERS.
R  INDICATES RECORD WAS SET OR TIED.
MM INDICATES DATA IS MISSING.
T  INDICATES TRACE AMOUNT.




$$
