000
CDAK48 PAFC 200053
CLIAKN


CLIMATE REPORT
NATIONAL WEATHER SERVICE ANCHORAGE, AK
353 PM AKST MON FEB 19 2018


...................................

...THE KING SALMON CLIMATE SUMMARY FOR FEBRUARY 19 2018...
VALID TODAY AS OF 0300 PM LOCAL TIME.

CLIMATE NORMAL PERIOD 1981 TO 2010
CLIMATE RECORD PERIOD 1917 TO 2018


WEATHER ITEM   OBSERVED TIME   RECORD YEAR NORMAL DEPARTURE LAST
                VALUE   (LST)  VALUE       VALUE  FROM      YEAR
                                                  NORMAL
..................................................................
TEMPERATURE (F)
 TODAY
  MAXIMUM         42    259 PM  48    1936  28     14       10
  MINIMUM         21    851 AM -32    1954  12      9      -18
  AVERAGE         32                        20     12       -4

PRECIPITATION (IN)
  TODAY            0.00          0.29 1962   0.03  -0.03      T
  MONTH TO DATE    1.30                      0.53   0.77     0.54
  SINCE SEP 1     13.08                      9.44   3.64     8.67
  SINCE JAN 1      2.78                      1.55   1.23     0.69

SNOWFALL (IN)
  TODAY            0.0          MM      MM   0.2   -0.2       T
  MONTH TO DATE    3.6                       4.1   -0.5      7.1
  SINCE SEP 1     16.1                      33.6  -17.5     20.2
  SINCE JUL 1     16.1                      33.6  -17.5     20.2
  SNOW DEPTH       1

DEGREE DAYS
 HEATING
  TODAY           33                        45    -12       69
  MONTH TO DATE  714                       891   -177      998
  SINCE DEC 1   3218                      3842   -624     4036
  SINCE JUL 1   6154                      7219  -1065     6762

 COOLING
  TODAY            0                         0      0        0
  MONTH TO DATE    0                         0      0        0
  SINCE DEC 1      0                         0      0        0
  SINCE JAN 1      0                         0      0        0
..................................................................


WIND (MPH)
  RESULTANT WIND SPEED   3   RESULTANT WIND DIRECTION  NE (60)
  HIGHEST WIND SPEED     9   HIGHEST WIND DIRECTION     E (80)
  HIGHEST GUST SPEED    12   HIGHEST GUST DIRECTION     E (90)
  AVERAGE WIND SPEED     4.4



WEATHER CONDITIONS
 THE FOLLOWING WEATHER WAS RECORDED TODAY.
  FOG


RELATIVE HUMIDITY (PERCENT)
 HIGHEST   100
 LOWEST     55
 AVERAGE    78

..........................................................


THE KING SALMON CLIMATE NORMALS FOR TOMORROW
                         NORMAL    RECORD    YEAR
 MAXIMUM TEMPERATURE (F)   28        46      1934
 MINIMUM TEMPERATURE (F)   12       -36      1954


SUNRISE AND SUNSET
FEBRUARY 19 2018......SUNRISE   849 AM AKST  SUNSET   633 PM AKST
FEBRUARY 20 2018......SUNRISE   846 AM AKST  SUNSET   635 PM AKST


-  INDICATES NEGATIVE NUMBERS.
R  INDICATES RECORD WAS SET OR TIED.
MM INDICATES DATA IS MISSING.
T  INDICATES TRACE AMOUNT.




$$
