000
CDUS45 KBOU 240725
CLIAKO


CLIMATE REPORT
NATIONAL WEATHER SERVICE DENVER/BOULDER CO
125 AM MDT SAT JUN 24 2017


...................................

...THE AKRON CO CLIMATE SUMMARY FOR JUNE 23 2017...

CLIMATE NORMAL PERIOD 1981 TO 2010
CLIMATE RECORD PERIOD 9999 TO 9999


WEATHER ITEM   OBSERVED TIME   RECORD YEAR NORMAL DEPARTURE LAST
                VALUE   (LST)  VALUE       VALUE  FROM      YEAR
                                                  NORMAL
..................................................................
TEMPERATURE (F)
 YESTERDAY
  MAXIMUM         70    434 PM 105    1954  84    -14
  MINIMUM         52    649 AM  42    1947  56     -4
  AVERAGE         61                        70     -9

PRECIPITATION (IN)
  YESTERDAY        0.12          0.76 2014   0.07   0.05     0.17
  MONTH TO DATE    0.60                      2.00  -1.40     2.59
  SINCE JUN 1      0.60                      2.00  -1.40     2.59
  SINCE JAN 1      7.25                      8.18  -0.93     9.10

DEGREE DAYS
 HEATING
  YESTERDAY        4
  MONTH TO DATE    7

 COOLING
  YESTERDAY        0
  MONTH TO DATE  121
..................................................................


WIND (MPH)
  HIGHEST WIND SPEED    30   HIGHEST WIND DIRECTION    NE (30)
  HIGHEST GUST SPEED    35   HIGHEST GUST DIRECTION    NE (30)




RELATIVE HUMIDITY (PERCENT)
 HIGHEST    77
 LOWEST     37
 AVERAGE    57

..........................................................


THE AKRON CO CLIMATE NORMALS FOR TODAY
                         NORMAL    RECORD    YEAR
 MAXIMUM TEMPERATURE (F)   85       106      2012
 MINIMUM TEMPERATURE (F)   56        41      1993


SUNRISE AND SUNSET
JUNE 24 2017..........SUNRISE   525 AM MDT   SUNSET   826 PM MDT
JUNE 25 2017..........SUNRISE   525 AM MDT   SUNSET   826 PM MDT


-  INDICATES NEGATIVE NUMBERS.
R  INDICATES RECORD WAS SET OR TIED.
MM INDICATES DATA IS MISSING.
T  INDICATES TRACE AMOUNT.




$$
