000
CDUS45 KBOU 041226
CLIAKO


CLIMATE REPORT
NATIONAL WEATHER SERVICE BOULDER, CO
626 AM MDT SAT JUL 4 2015


...................................

...THE AKRON CO CLIMATE SUMMARY FOR JULY 3 2015...

CLIMATE NORMAL PERIOD 1981 TO 2010
CLIMATE RECORD PERIOD 9999 TO 9999


WEATHER ITEM   OBSERVED TIME   RECORD YEAR NORMAL DEPARTURE LAST
                VALUE   (LST)  VALUE       VALUE  FROM      YEAR
                                                  NORMAL
..................................................................
TEMPERATURE (F)
 YESTERDAY
  MAXIMUM         84    441 PM 101    1978  87     -3
  MINIMUM         58    335 AM  43    1972  58      0
  AVERAGE         71                        73     -2

PRECIPITATION (IN)
  YESTERDAY        0.36          0.93 1960   0.08   0.28     0.00
  MONTH TO DATE    0.48                      0.21   0.27     0.00
  SINCE JUN 1      1.53                      2.67  -1.14     3.82
  SINCE JAN 1      9.54                      8.85   0.69     8.52

DEGREE DAYS
 HEATING
  YESTERDAY        0
  MONTH TO DATE    0

 COOLING
  YESTERDAY        6
  MONTH TO DATE   25
..................................................................


WIND (MPH)
  HIGHEST WIND SPEED    22   HIGHEST WIND DIRECTION    NE (40)
  HIGHEST GUST SPEED    31   HIGHEST GUST DIRECTION    NE (30)




RELATIVE HUMIDITY (PERCENT)
 HIGHEST    87
 LOWEST     40
 AVERAGE    64

..........................................................


THE AKRON CO CLIMATE NORMALS FOR TODAY
                         NORMAL    RECORD    YEAR
 MAXIMUM TEMPERATURE (F)   88       102      1937
 MINIMUM TEMPERATURE (F)   59        43      1972


SUNRISE AND SUNSET
JULY  4 2015..........SUNRISE   529 AM MDT   SUNSET   826 PM MDT
JULY  5 2015..........SUNRISE   529 AM MDT   SUNSET   825 PM MDT


-  INDICATES NEGATIVE NUMBERS.
R  INDICATES RECORD WAS SET OR TIED.
MM INDICATES DATA IS MISSING.
T  INDICATES TRACE AMOUNT.




$$
