800
CDUS45 KBOU 171257
CLIAKO


CLIMATE REPORT
NATIONAL WEATHER SERVICE DENVER/BOULDER CO
552 AM MST SAT FEB 17 2018


...................................

...THE AKRON CO CLIMATE SUMMARY FOR FEBRUARY 16 2018...

CLIMATE NORMAL PERIOD 1981 TO 2010
CLIMATE RECORD PERIOD 9999 TO 9999


WEATHER ITEM   OBSERVED TIME   RECORD YEAR NORMAL DEPARTURE LAST
                VALUE   (LST)  VALUE       VALUE  FROM      YEAR
                                                  NORMAL
..................................................................
TEMPERATURE (F)
 YESTERDAY
  MAXIMUM         42    238 PM  73    2017  43     -1
  MINIMUM         12    222 AM  -9    1993  20     -8
  AVERAGE         27                        31     -4

PRECIPITATION (IN)
  YESTERDAY        0.00          0.09 1945   0.01  -0.01     0.00
  MONTH TO DATE    0.38                      0.22   0.16      T
  SINCE DEC 1      1.11                      0.92   0.19     0.25
  SINCE JAN 1      1.09                      0.52   0.57     0.11

SNOWFALL (IN)
  YESTERDAY        0.0
  SNOW DEPTH       0

DEGREE DAYS
 HEATING
  YESTERDAY       38
  MONTH TO DATE  585

 COOLING
  YESTERDAY        0
  MONTH TO DATE    0
..................................................................


WIND (MPH)
  HIGHEST WIND SPEED    26   HIGHEST WIND DIRECTION     S (190)
  HIGHEST GUST SPEED    38   HIGHEST GUST DIRECTION     S (180)




RELATIVE HUMIDITY (PERCENT)
 HIGHEST    92
 LOWEST     45
 AVERAGE    69

..........................................................


THE AKRON CO CLIMATE NORMALS FOR TODAY
                         NORMAL    RECORD    YEAR
 MAXIMUM TEMPERATURE (F)   44        73      1970
 MINIMUM TEMPERATURE (F)   20       -16      1942


SUNRISE AND SUNSET
FEBRUARY 17 2018......SUNRISE   643 AM MST   SUNSET   531 PM MST
FEBRUARY 18 2018......SUNRISE   642 AM MST   SUNSET   532 PM MST


-  INDICATES NEGATIVE NUMBERS.
R  INDICATES RECORD WAS SET OR TIED.
MM INDICATES DATA IS MISSING.
T  INDICATES TRACE AMOUNT.




$$
