000
CDUS45 KBOU 231058
CLIAKO

CLIMATE REPORT
NATIONAL WEATHER SERVICE BOULDER, CO
125 AM MDT SAT AUG 23 2014


...................................

...THE AKRON CO CLIMATE SUMMARY FOR AUGUST 22 2014...

CLIMATE NORMAL PERIOD 1981 TO 2010

WEATHER ITEM   OBSERVED TIME   RECORD YEAR NORMAL DEPARTURE LAST
                VALUE   (LST)  VALUE       VALUE  FROM      YEAR
                                                  NORMAL
..................................................................
TEMPERATURE (F)
 YESTERDAY
  MAXIMUM         76    229 PM  98    2003  85     -9
  MINIMUM         60   1105 PM  44    1966  58      2
  AVERAGE         68                        71     -3

PRECIPITATION (IN)
  YESTERDAY        1.55R         0.70 1965   0.06   1.49     0.00
  MONTH TO DATE    2.85                      1.76   1.09     2.40
  SINCE JUN 1      8.94                      6.77   2.17     7.52
  SINCE JAN 1     13.64                     12.95   0.69    11.41

DEGREE DAYS
 HEATING
  YESTERDAY        0
  MONTH TO DATE    0

 COOLING
  YESTERDAY        3
  MONTH TO DATE  191
..................................................................


WIND (MPH)
  HIGHEST WIND SPEED    28   HIGHEST WIND DIRECTION     N (20)
  HIGHEST GUST SPEED    34   HIGHEST GUST DIRECTION     N (20)




RELATIVE HUMIDITY (PERCENT)
 HIGHEST    97
 LOWEST     53
 AVERAGE    75

..........................................................


THE AKRON CO CLIMATE NORMALS FOR TODAY
                         NORMAL    RECORD    YEAR
 MAXIMUM TEMPERATURE (F)   85        98      2006
 MINIMUM TEMPERATURE (F)   57        41      1964


SUNRISE AND SUNSET
AUGUST 23 2014........SUNRISE   612 AM MDT   SUNSET   738 PM MDT
AUGUST 24 2014........SUNRISE   613 AM MDT   SUNSET   737 PM MDT


-  INDICATES NEGATIVE NUMBERS.
R  INDICATES RECORD WAS SET OR TIED.
MM INDICATES DATA IS MISSING.
T  INDICATES TRACE AMOUNT.




$$
