000
CDUS45 KBOU 230725
CLIAKO


CLIMATE REPORT
NATIONAL WEATHER SERVICE DENVER/BOULDER CO
1225 AM MST MON JAN 23 2017


...................................

...THE AKRON CO CLIMATE SUMMARY FOR JANUARY 22 2017...

CLIMATE NORMAL PERIOD 1981 TO 2010
CLIMATE RECORD PERIOD 9999 TO 9999


WEATHER ITEM   OBSERVED TIME   RECORD YEAR NORMAL DEPARTURE LAST
                VALUE   (LST)  VALUE       VALUE  FROM      YEAR
                                                  NORMAL
..................................................................
TEMPERATURE (F)
 YESTERDAY
  MAXIMUM         44    303 PM  70    1950  40      4
  MINIMUM         22    635 AM -11    1962  17      5
  AVERAGE         33                        29      4

PRECIPITATION (IN)
  YESTERDAY        0.00          0.19 1965   0.01  -0.01     0.00
  MONTH TO DATE    0.11                      0.19  -0.08     0.09
  SINCE DEC 1      0.25                      0.59  -0.34     0.11
  SINCE JAN 1      0.11                      0.19  -0.08     0.09

DEGREE DAYS
 HEATING
  YESTERDAY       32
  MONTH TO DATE  885

 COOLING
  YESTERDAY        0
  MONTH TO DATE    0
..................................................................


WIND (MPH)
  HIGHEST WIND SPEED    23   HIGHEST WIND DIRECTION    NW (320)
  HIGHEST GUST SPEED    28   HIGHEST GUST DIRECTION    NW (310)




RELATIVE HUMIDITY (PERCENT)
 HIGHEST    88
 LOWEST     28
 AVERAGE    58

..........................................................


THE AKRON CO CLIMATE NORMALS FOR TODAY
                         NORMAL    RECORD    YEAR
 MAXIMUM TEMPERATURE (F)   40        64      1970
 MINIMUM TEMPERATURE (F)   17       -14      1963


SUNRISE AND SUNSET
JANUARY 23 2017.......SUNRISE   709 AM MST   SUNSET   501 PM MST
JANUARY 24 2017.......SUNRISE   708 AM MST   SUNSET   502 PM MST


-  INDICATES NEGATIVE NUMBERS.
R  INDICATES RECORD WAS SET OR TIED.
MM INDICATES DATA IS MISSING.
T  INDICATES TRACE AMOUNT.




$$
