000
CDUS45 KBOU 100725
CLIAKO


CLIMATE REPORT
NATIONAL WEATHER SERVICE DENVER/BOULDER CO
1225 AM MST SAT DEC 10 2016


...................................

...THE AKRON CO CLIMATE SUMMARY FOR DECEMBER 9 2016...

CLIMATE NORMAL PERIOD 1981 TO 2010
CLIMATE RECORD PERIOD 9999 TO 9999


WEATHER ITEM   OBSERVED TIME   RECORD YEAR NORMAL DEPARTURE LAST
                VALUE   (LST)  VALUE       VALUE  FROM      YEAR
                                                  NORMAL
..................................................................
TEMPERATURE (F)
 YESTERDAY
  MAXIMUM         35    235 PM  70    2015  40     -5
  MINIMUM          5    728 AM -19    1972  17    -12
  AVERAGE         20                        28     -8

PRECIPITATION (IN)
  YESTERDAY        0.00          0.22 1944   0.02  -0.02     0.00
  MONTH TO DATE    T                         0.16  -0.16     0.00
  SINCE DEC 1      T                         0.16  -0.16     0.00
  SINCE JAN 1     16.65                     16.50   0.15    13.29

DEGREE DAYS
 HEATING
  YESTERDAY       45
  MONTH TO DATE  383

 COOLING
  YESTERDAY        0
  MONTH TO DATE    0
..................................................................


WIND (MPH)
  HIGHEST WIND SPEED    18   HIGHEST WIND DIRECTION     S (160)
  HIGHEST GUST SPEED    24   HIGHEST GUST DIRECTION     S (160)




RELATIVE HUMIDITY (PERCENT)
 HIGHEST    84
 LOWEST     54
 AVERAGE    69

..........................................................


THE AKRON CO CLIMATE NORMALS FOR TODAY
                         NORMAL    RECORD    YEAR
 MAXIMUM TEMPERATURE (F)   40        65      1981
 MINIMUM TEMPERATURE (F)   17       -17      1972


SUNRISE AND SUNSET
DECEMBER 10 2016......SUNRISE   705 AM MST   SUNSET   427 PM MST
DECEMBER 11 2016......SUNRISE   705 AM MST   SUNSET   427 PM MST


-  INDICATES NEGATIVE NUMBERS.
R  INDICATES RECORD WAS SET OR TIED.
MM INDICATES DATA IS MISSING.
T  INDICATES TRACE AMOUNT.




$$
