000
CDUS45 KBOU 310725
CLIAKO


CLIMATE REPORT
NATIONAL WEATHER SERVICE DENVER/BOULDER CO
125 AM MDT TUE MAY 31 2016


...................................

...THE AKRON CO CLIMATE SUMMARY FOR MAY 30 2016...

CLIMATE NORMAL PERIOD 1981 TO 2010
CLIMATE RECORD PERIOD 9999 TO 9999


WEATHER ITEM   OBSERVED TIME   RECORD YEAR NORMAL DEPARTURE LAST
                VALUE   (LST)  VALUE       VALUE  FROM      YEAR
                                                  NORMAL
..................................................................
TEMPERATURE (F)
 YESTERDAY
  MAXIMUM         80    142 PM  94    2002  75      5
  MINIMUM         49    516 AM  38    1975  48      1
  AVERAGE         65                        62      3

PRECIPITATION (IN)
  YESTERDAY        0.09          1.50 1982   0.11  -0.02     0.00
  MONTH TO DATE    3.11                      2.82   0.29     6.02
  SINCE MAR 1      6.39                      5.34   1.05     7.73
  SINCE JAN 1      6.50                      6.08   0.42     8.01

DEGREE DAYS
 HEATING
  YESTERDAY        0
  MONTH TO DATE  313

 COOLING
  YESTERDAY        0
  MONTH TO DATE    5
..................................................................


WIND (MPH)
  HIGHEST WIND SPEED    32   HIGHEST WIND DIRECTION     N (360)
  HIGHEST GUST SPEED    40   HIGHEST GUST DIRECTION     N (360)




RELATIVE HUMIDITY (PERCENT)
 HIGHEST    93
 LOWEST     31
 AVERAGE    62

..........................................................


THE AKRON CO CLIMATE NORMALS FOR TODAY
                         NORMAL    RECORD    YEAR
 MAXIMUM TEMPERATURE (F)   75        95      2002
 MINIMUM TEMPERATURE (F)   48        37      1946


SUNRISE AND SUNSET
MAY 31 2016...........SUNRISE   526 AM MDT   SUNSET   816 PM MDT
JUNE  1 2016..........SUNRISE   525 AM MDT   SUNSET   817 PM MDT


-  INDICATES NEGATIVE NUMBERS.
R  INDICATES RECORD WAS SET OR TIED.
MM INDICATES DATA IS MISSING.
T  INDICATES TRACE AMOUNT.




$$
