587
CDUS41 KALY 292043
CLIALB


CLIMATE REPORT
NATIONAL WEATHER SERVICE ALBANY NY
442 PM EDT WED MAR 29 2017


...................................

...THE ALBANY NY CLIMATE SUMMARY FOR MARCH 29 2017...
VALID TODAY AS OF 0400 PM LOCAL TIME.

CLIMATE NORMAL PERIOD 1981 TO 2010
CLIMATE RECORD PERIOD 1874 TO 2017


WEATHER ITEM   OBSERVED TIME   RECORD YEAR NORMAL DEPARTURE LAST
                VALUE   (LST)  VALUE       VALUE  FROM      YEAR
                                                  NORMAL
..................................................................
TEMPERATURE (F)
 TODAY
  MAXIMUM         50    324 PM  85    1946  50      0       46
  MINIMUM         38    822 AM   0    1923  31      7       34
  AVERAGE         44                        40      4       40

PRECIPITATION (IN)
  TODAY            0.07          1.37 1993   0.11  -0.04     0.00
  MONTH TO DATE    2.81                      3.00  -0.19     1.18
  SINCE MAR 1      2.81                      3.00  -0.19     1.18
  SINCE JAN 1      8.79                      7.79   1.00     6.49

SNOWFALL (IN)
  TODAY           MM             5.6  1984   0.2   MM        0.0
  MONTH TO DATE   17.6                      10.6    7.0      0.2
  SINCE MAR 1     17.6                      10.6    7.0      0.2
  SINCE JUL 1     58.8                      57.5    1.3     10.5
  SNOW DEPTH       0

DEGREE DAYS
 HEATING
  TODAY           21                        25     -4       25
  MONTH TO DATE  966                       880     86      656
  SINCE MAR 1    966                       880     86      656
  SINCE JUL 1   5129                      5824   -695     4585

 COOLING
  TODAY            0                         0      0        0
  MONTH TO DATE    0                         0      0        0
  SINCE MAR 1      0                         0      0        0
  SINCE JAN 1      0                         0      0        0
..................................................................


WIND (MPH)
  HIGHEST WIND SPEED    20   HIGHEST WIND DIRECTION    NW (330)
  HIGHEST GUST SPEED    25   HIGHEST GUST DIRECTION    NW (330)
  AVERAGE WIND SPEED     7.0


SKY COVER
  AVERAGE SKY COVER 0.8



RELATIVE HUMIDITY (PERCENT)
 HIGHEST    92           300 AM
 LOWEST     42           200 PM
 AVERAGE    67

..........................................................


THE ALBANY NY CLIMATE NORMALS FOR TOMORROW
                         NORMAL    RECORD    YEAR
 MAXIMUM TEMPERATURE (F)   51        86      1986
 MINIMUM TEMPERATURE (F)   31         7      1970


SUNRISE AND SUNSET
MARCH 29 2017.........SUNRISE   642 AM EDT   SUNSET   718 PM EDT
MARCH 30 2017.........SUNRISE   641 AM EDT   SUNSET   719 PM EDT


-  INDICATES NEGATIVE NUMBERS.
R  INDICATES RECORD WAS SET OR TIED.
MM INDICATES DATA IS MISSING.
T  INDICATES TRACE AMOUNT.




$$
