000
CDUS41 KALY 042112
CLIALB


CLIMATE REPORT
NATIONAL WEATHER SERVICE ALBANY NY
512 PM EDT FRI SEP 4 2015


...................................

...THE ALBANY NY CLIMATE SUMMARY FOR SEPTEMBER 4 2015...
VALID TODAY AS OF 0400 PM LOCAL TIME.

CLIMATE NORMAL PERIOD 1981 TO 2010
CLIMATE RECORD PERIOD 1874 TO 2015


WEATHER ITEM   OBSERVED TIME   RECORD YEAR NORMAL DEPARTURE LAST
                VALUE   (LST)  VALUE       VALUE  FROM      YEAR
                                                  NORMAL
..................................................................
TEMPERATURE (F)
 TODAY
  MAXIMUM         85    305 PM  97    1929  77      8       85
  MINIMUM         64    326 AM  37    1946  56      8       56
  AVERAGE         75                        66      9       71

PRECIPITATION (IN)
  TODAY            0.00          2.56 1966   0.11  -0.11     0.00
  MONTH TO DATE    0.65                      0.40   0.25     0.15
  SINCE SEP 1      0.65                      0.40   0.25     0.15
  SINCE JAN 1     23.79                     26.55  -2.76    26.93

DEGREE DAYS
 HEATING
  TODAY            0                         2     -2        0
  MONTH TO DATE    0                         7     -7        0
  SINCE SEP 1      0                         7     -7        0
  SINCE JUL 1      1                        30    -29        8

 COOLING
  TODAY           10                         3      7        6
  MONTH TO DATE   43                        14     29       39
  SINCE SEP 1     43                        14     29       39
  SINCE JAN 1    791                       557    234      606
..................................................................


WIND (MPH)
  HIGHEST WIND SPEED    12   HIGHEST WIND DIRECTION     N (10)
  HIGHEST GUST SPEED    17   HIGHEST GUST DIRECTION     N (20)
  AVERAGE WIND SPEED     5.2


SKY COVER
  AVERAGE SKY COVER 0.4



RELATIVE HUMIDITY (PERCENT)
 HIGHEST    73           300 AM
 LOWEST     51           300 PM
 AVERAGE    62

..........................................................


THE ALBANY NY CLIMATE NORMALS FOR TOMORROW
                         NORMAL    RECORD    YEAR
 MAXIMUM TEMPERATURE (F)   76        91      1973
 MINIMUM TEMPERATURE (F)   56        37      1974


SUNRISE AND SUNSET
SEPTEMBER  4 2015.....SUNRISE   623 AM EDT   SUNSET   725 PM EDT
SEPTEMBER  5 2015.....SUNRISE   624 AM EDT   SUNSET   723 PM EDT


-  INDICATES NEGATIVE NUMBERS.
R  INDICATES RECORD WAS SET OR TIED.
MM INDICATES DATA IS MISSING.
T  INDICATES TRACE AMOUNT.




$$
