911
CDUS41 KALY 240629
CLIALB


CLIMATE REPORT
NATIONAL WEATHER SERVICE ALBANY NY
228 AM EDT WED AUG 24 2016


...................................

...THE ALBANY NY CLIMATE SUMMARY FOR AUGUST 23 2016...

CLIMATE NORMAL PERIOD 1981 TO 2010
CLIMATE RECORD PERIOD 1874 TO 2016


WEATHER ITEM   OBSERVED TIME   RECORD YEAR NORMAL DEPARTURE LAST
                VALUE   (LST)  VALUE       VALUE  FROM      YEAR
                                                  NORMAL
..................................................................
TEMPERATURE (F)
 YESTERDAY
  MAXIMUM         80    439 PM  94    1947  80      0       85
  MINIMUM         50    443 AM  44    1988  59     -9       60
  AVERAGE         65                        69     -4       73

PRECIPITATION (IN)
  YESTERDAY        0.00          1.62 1890   0.11  -0.11     0.00
  MONTH TO DATE    3.62                      2.67   0.95     3.85
  SINCE JUN 1     12.37                     10.58   1.79    13.97
  SINCE JAN 1     23.13                     25.36  -2.23    22.69

DEGREE DAYS
 HEATING
  YESTERDAY        0                         1     -1        0
  MONTH TO DATE    1                         6     -5        0
  SINCE JUN 1     39                        63    -24       52
  SINCE JUL 1      1                        11    -10        1

 COOLING
  YESTERDAY        0                         5     -5        8
  MONTH TO DATE  222                       143     79      208
  SINCE JUN 1    650                       479    171      574
  SINCE JAN 1    725                       509    216      697
..................................................................


WIND (MPH)
  HIGHEST WIND SPEED    14   HIGHEST WIND DIRECTION     W (280)
  HIGHEST GUST SPEED    20   HIGHEST GUST DIRECTION     W (250)
  AVERAGE WIND SPEED     3.1


SKY COVER
  AVERAGE SKY COVER 0.1



RELATIVE HUMIDITY (PERCENT)
 HIGHEST    89
 LOWEST     39
 AVERAGE    64

..........................................................


THE ALBANY NY CLIMATE NORMALS FOR TODAY
                         NORMAL    RECORD    YEAR
 MAXIMUM TEMPERATURE (F)   79        95      1947
 MINIMUM TEMPERATURE (F)   59        42      1971


SUNRISE AND SUNSET
AUGUST 24 2016........SUNRISE   612 AM EDT   SUNSET   742 PM EDT
AUGUST 25 2016........SUNRISE   613 AM EDT   SUNSET   741 PM EDT


-  INDICATES NEGATIVE NUMBERS.
R  INDICATES RECORD WAS SET OR TIED.
MM INDICATES DATA IS MISSING.
T  INDICATES TRACE AMOUNT.




$$
