000
CDUS43 KDMX 110655 RRA
CLIALO

CLIMATE REPORT
NATIONAL WEATHER SERVICE DES MOINES IA
1244 AM CST MON DEC 11 2017


...................................

...THE WATERLOO IA CLIMATE SUMMARY FOR DECEMBER 10 2017...

CLIMATE NORMAL PERIOD 1981 TO 2010
CLIMATE RECORD PERIOD 1895 TO 2017


WEATHER ITEM   OBSERVED TIME   RECORD YEAR NORMAL DEPARTURE LAST
                VALUE   (LST)  VALUE       VALUE  FROM      YEAR
                                                  NORMAL
..................................................................
TEMPERATURE (F)
 YESTERDAY
  MAXIMUM         37    319 PM  58    1979  32      5       22
  MINIMUM         20    215 AM -29    1919  15      5       14
  AVERAGE         29                        24      5       18

PRECIPITATION (IN)
  YESTERDAY        0.00          1.28 1964   0.04  -0.04     0.20
  MONTH TO DATE    0.01                      0.47  -0.46     0.74
  SINCE DEC 1      0.01                      0.47  -0.46     0.74
  SINCE JAN 1     29.47                     33.87  -4.40    40.71

SNOWFALL (IN)
  YESTERDAY        0.0           3.5  1909   0.3   -0.3      2.8
  MONTH TO DATE    T                         3.1   -3.1      5.4
  SINCE DEC 1      T                         3.1   -3.1      5.4
  SINCE JUL 1      T                         6.5   -6.5      5.4
  SNOW DEPTH       0

DEGREE DAYS
 HEATING
  YESTERDAY       36                        41     -5       47
  MONTH TO DATE  340                       394    -54      385
  SINCE DEC 1    340                       394    -54      385
  SINCE JUL 1   1731                      1877   -146     1374

 COOLING
  YESTERDAY        0                         0      0        0
  MONTH TO DATE    0                         0      0        0
  SINCE DEC 1      0                         0      0        0
  SINCE JAN 1    720                       799    -79      869
..................................................................


WIND (MPH)
  HIGHEST WIND SPEED    23   HIGHEST WIND DIRECTION    NW (330)
  HIGHEST GUST SPEED    28   HIGHEST GUST DIRECTION    NW (320)
  AVERAGE WIND SPEED     9.2


SKY COVER
  POSSIBLE SUNSHINE  MM
  AVERAGE SKY COVER 0.3


WEATHER CONDITIONS
 THE FOLLOWING WEATHER WAS RECORDED YESTERDAY.
  NO SIGNIFICANT WEATHER WAS OBSERVED.


RELATIVE HUMIDITY (PERCENT)
 HIGHEST    84           500 AM
 LOWEST     52           100 PM
 AVERAGE    68

..........................................................


THE WATERLOO IA CLIMATE NORMALS FOR TODAY
                         NORMAL    RECORD    YEAR
 MAXIMUM TEMPERATURE (F)   32        61      1965
 MINIMUM TEMPERATURE (F)   15       -18      1976


SUNRISE AND SUNSET
DECEMBER 11 2017......SUNRISE   730 AM CST   SUNSET   436 PM CST
DECEMBER 12 2017......SUNRISE   730 AM CST   SUNSET   437 PM CST


-  INDICATES NEGATIVE NUMBERS.
R  INDICATES RECORD WAS SET OR TIED.
MM INDICATES DATA IS MISSING.
T  INDICATES TRACE AMOUNT.




$$
