000
CDUS43 KDMX 260630 RRB
CLIALO

CLIMATE REPORT
NATIONAL WEATHER SERVICE DES MOINES IA
1229 AM CST WED NOV 26 2014


...................................

...THE WATERLOO IA CLIMATE SUMMARY FOR NOVEMBER 25 2014...

CLIMATE NORMAL PERIOD 1981 TO 2010
CLIMATE RECORD PERIOD 1895 TO 2014


WEATHER ITEM   OBSERVED TIME   RECORD YEAR NORMAL DEPARTURE LAST
                VALUE   (LST)  VALUE       VALUE  FROM      YEAR
                                                  NORMAL
..................................................................
TEMPERATURE (F)
 YESTERDAY
  MAXIMUM         24    324 PM  72    1896  40    -16       33
  MINIMUM         10    742 AM  -9    1977  22    -12       21
  AVERAGE         17                        31    -14       27

PRECIPITATION (IN)
  YESTERDAY        T             0.78 1992   0.06  -0.06     0.21
  MONTH TO DATE    0.61                      1.72  -1.11     2.03
  SINCE SEP 1      5.92                      6.83  -0.91     5.65
  SINCE JAN 1     33.21                     33.11   0.10    39.87

SNOWFALL (IN)
  YESTERDAY        T             7.8  1992   0.1   -0.1      3.0
  MONTH TO DATE    4.8                       2.1    2.7      4.9
  SINCE SEP 1      4.8                       2.4    2.4      5.9
  SINCE JUL 1      4.8                       2.4    2.4      5.9
  SNOW DEPTH       1

DEGREE DAYS
 HEATING
  YESTERDAY       48                        34     14       38
  MONTH TO DATE  884                       680    204      778
  SINCE SEP 1   1527                      1283    244     1358
  SINCE JUL 1   1544                      1303    241     1378

 COOLING
  YESTERDAY        0                         0      0        0
  MONTH TO DATE    0                         0      0        0
  SINCE SEP 1     51                        87    -36      141
  SINCE JAN 1    658                       799   -141      837
..................................................................


WIND (MPH)
  HIGHEST WIND SPEED    14   HIGHEST WIND DIRECTION    NW (310)
  HIGHEST GUST SPEED    18   HIGHEST GUST DIRECTION    NW (320)
  AVERAGE WIND SPEED     6.9


SKY COVER
  POSSIBLE SUNSHINE  MM
  AVERAGE SKY COVER 0.3


WEATHER CONDITIONS
 THE FOLLOWING WEATHER WAS RECORDED YESTERDAY.
  LIGHT SNOW
  FOG
  HAZE


RELATIVE HUMIDITY (PERCENT)
 HIGHEST    92           800 AM
 LOWEST     67          1100 AM
 AVERAGE    80

..........................................................


THE WATERLOO IA CLIMATE NORMALS FOR TODAY
                         NORMAL    RECORD    YEAR
 MAXIMUM TEMPERATURE (F)   39        67      1998
 MINIMUM TEMPERATURE (F)   21       -17      1977


SUNRISE AND SUNSET
NOVEMBER 26 2014......SUNRISE   714 AM CST   SUNSET   439 PM CST
NOVEMBER 27 2014......SUNRISE   715 AM CST   SUNSET   439 PM CST


-  INDICATES NEGATIVE NUMBERS.
R  INDICATES RECORD WAS SET OR TIED.
MM INDICATES DATA IS MISSING.
T  INDICATES TRACE AMOUNT.




$$
