000
CDUS43 KDMX 050627 RRA
CLIALO

CLIMATE REPORT
NATIONAL WEATHER SERVICE DES MOINES IA
126 AM CDT WED AUG 5 2015


...................................

...THE WATERLOO IA CLIMATE SUMMARY FOR AUGUST 4 2015...

CLIMATE NORMAL PERIOD 1981 TO 2010
CLIMATE RECORD PERIOD 1895 TO 2015


WEATHER ITEM   OBSERVED TIME   RECORD YEAR NORMAL DEPARTURE LAST
                VALUE   (LST)  VALUE       VALUE  FROM      YEAR
                                                  NORMAL
..................................................................
TEMPERATURE (F)
 YESTERDAY
  MAXIMUM         81    209 PM  98    1947  83     -2       85
  MINIMUM         53    437 AM  45    1978  62     -9       63
  AVERAGE         67                        72     -5       74

PRECIPITATION (IN)
  YESTERDAY        0.00          2.13 1968   0.15  -0.15      T
  MONTH TO DATE    0.00                      0.57  -0.57      T
  SINCE JUN 1      8.82                     10.46  -1.64    10.77
  SINCE JAN 1     19.69                     22.58  -2.89    24.80

SNOWFALL (IN)
  YESTERDAY        0.0          MM      MM   0.0    0.0      0.0
  MONTH TO DATE    0.0                       0.0    0.0      0.0
  SINCE JUN 1      0.0                       0.0    0.0      0.0
  SINCE JUL 1      0.0                       0.0    0.0      0.0
  SNOW DEPTH       0

DEGREE DAYS
 HEATING
  YESTERDAY        0                         0      0        0
  MONTH TO DATE    0                         0      0        0
  SINCE JUN 1     23                        30     -7       24
  SINCE JUL 1     11                         4      7       17

 COOLING
  YESTERDAY        2                         8     -6        9
  MONTH TO DATE   26                        32     -6       27
  SINCE JUN 1    408                       480    -72      346
  SINCE JAN 1    455                       536    -81      413
..................................................................


WIND (MPH)
  HIGHEST WIND SPEED    10   HIGHEST WIND DIRECTION    NE (30)
  HIGHEST GUST SPEED    15   HIGHEST GUST DIRECTION     W (290)
  AVERAGE WIND SPEED     2.9


SKY COVER
  POSSIBLE SUNSHINE  MM
  AVERAGE SKY COVER 0.1


WEATHER CONDITIONS
 THE FOLLOWING WEATHER WAS RECORDED YESTERDAY.
  FOG


RELATIVE HUMIDITY (PERCENT)
 HIGHEST   100           300 AM
 LOWEST     42           200 PM
 AVERAGE    71

..........................................................


THE WATERLOO IA CLIMATE NORMALS FOR TODAY
                         NORMAL    RECORD    YEAR
 MAXIMUM TEMPERATURE (F)   83       104      1918
 MINIMUM TEMPERATURE (F)   62        44      1994


SUNRISE AND SUNSET
AUGUST  5 2015........SUNRISE   606 AM CDT   SUNSET   825 PM CDT
AUGUST  6 2015........SUNRISE   607 AM CDT   SUNSET   824 PM CDT


-  INDICATES NEGATIVE NUMBERS.
R  INDICATES RECORD WAS SET OR TIED.
MM INDICATES DATA IS MISSING.
T  INDICATES TRACE AMOUNT.




$$
