000
CDUS43 KDMX 250729
CLIALO

CLIMATE REPORT
NATIONAL WEATHER SERVICE DES MOINES IA
226 AM CDT WED MAY 25 2016

...................................

...THE WATERLOO IA CLIMATE SUMMARY FOR MAY 24 2016...

CLIMATE NORMAL PERIOD 1981 TO 2010
CLIMATE RECORD PERIOD 1895 TO 2016

WEATHER ITEM   OBSERVED TIME   RECORD YEAR NORMAL DEPARTURE LAST
                VALUE   (LST)  VALUE       VALUE  FROM      YEAR
                                                  NORMAL
..................................................................
TEMPERATURE (F)
 YESTERDAY
  MAXIMUM         84    520 PM  94    1926  75      9       68
  MINIMUM         63   1045 PM  34    1924  52     11       58
  AVERAGE         74                        63     11       63

PRECIPITATION (IN)
  YESTERDAY        0.02          1.54 1907   0.15  -0.13     0.61
  MONTH TO DATE    0.86                      3.46  -2.60     3.43
  SINCE MAR 1      6.34                      9.23  -2.89     7.39
  SINCE JAN 1      8.06                     11.05  -2.99     9.42

SNOWFALL (IN)
  YESTERDAY        0.0          MM      MM   0.0    0.0      0.0
  MONTH TO DATE    0.0                       0.0    0.0      0.0
  SINCE MAR 1      2.9                       6.4   -3.5      0.7
  SINCE JUL 1     46.0                      35.3   10.7     29.2
  SNOW DEPTH       0

DEGREE DAYS
 HEATING
  YESTERDAY        0                         4     -4        2
  MONTH TO DATE  210                       165     45      151
  SINCE MAR 1   1429                      1562   -133     1514
  SINCE JUL 1   6128                      6981   -853     7275

 COOLING
  YESTERDAY        9                         2      7        0
  MONTH TO DATE   21                        32    -11       25
  SINCE MAR 1     24                        40    -16       25
  SINCE JAN 1     24                        40    -16       25
..................................................................

WIND (MPH)
  HIGHEST WIND SPEED    17   HIGHEST WIND DIRECTION    SW (210)
  HIGHEST GUST SPEED    21   HIGHEST GUST DIRECTION     S (200)
  AVERAGE WIND SPEED     6.1

SKY COVER
  POSSIBLE SUNSHINE  MM
  AVERAGE SKY COVER 0.2

WEATHER CONDITIONS
 THE FOLLOWING WEATHER WAS RECORDED YESTERDAY.
  NO SIGNIFICANT WEATHER WAS OBSERVED.

RELATIVE HUMIDITY (PERCENT)
 HIGHEST    93           500 AM
 LOWEST     43           500 PM
 AVERAGE    68
..........................................................

THE WATERLOO IA CLIMATE NORMALS FOR TODAY
                         NORMAL    RECORD    YEAR
 MAXIMUM TEMPERATURE (F)   75        92      1967
 MINIMUM TEMPERATURE (F)   52        29      1925

SUNRISE AND SUNSET
MAY 25 2016...........SUNRISE   539 AM CDT   SUNSET   835 PM CDT
MAY 26 2016...........SUNRISE   538 AM CDT   SUNSET   836 PM CDT

-  INDICATES NEGATIVE NUMBERS.
R  INDICATES RECORD WAS SET OR TIED.
MM INDICATES DATA IS MISSING.
T  INDICATES TRACE AMOUNT.

$$

FAB
