000
CDUS43 KDMX 182335 RRA
CLIALO

CLIMATE REPORT
NATIONAL WEATHER SERVICE DES MOINES IA
534 PM CST WED JAN 18 2017


...................................

...THE WATERLOO IA CLIMATE SUMMARY FOR JANUARY 18 2017...
VALID TODAY AS OF 0500 PM LOCAL TIME.

CLIMATE NORMAL PERIOD 1981 TO 2010
CLIMATE RECORD PERIOD 1895 TO 2017


WEATHER ITEM   OBSERVED TIME   RECORD YEAR NORMAL DEPARTURE LAST
                VALUE   (LST)  VALUE       VALUE  FROM      YEAR
                                                  NORMAL
..................................................................
TEMPERATURE (F)
 TODAY
  MAXIMUM         37    411 PM  53    1944  27     10        4
  MINIMUM         28    648 AM -28    1930   9     19      -10
  AVERAGE         33                        18     15       -3

PRECIPITATION (IN)
  TODAY            0.00          0.73 1996   0.02  -0.02     0.00
  MONTH TO DATE    1.93                      0.47   1.46     0.54
  SINCE DEC 1      3.80                      1.67   2.13     6.46
  SINCE JAN 1      1.93                      0.47   1.46     0.54

SNOWFALL (IN)
  TODAY            0.0          10.0  1931   0.2   -0.2      0.0
  MONTH TO DATE    0.6                       4.5   -3.9      0.8
  SINCE DEC 1     11.1                      14.4   -3.3     14.8
  SINCE JUL 1     11.1                      17.8   -6.7     27.5
  SNOW DEPTH       0

DEGREE DAYS
 HEATING
  TODAY           32                        47    -15       68
  MONTH TO DATE  828                       842    -14      883
  SINCE DEC 1   2151                      2170    -19     1839
  SINCE JUL 1   3140                      3653   -513     3054

 COOLING
  TODAY            0                         0      0        0
  MONTH TO DATE    0                         0      0        0
  SINCE DEC 1      0                         0      0        0
  SINCE JAN 1      0                         0      0        0
..................................................................


WIND (MPH)
  HIGHEST WIND SPEED    18   HIGHEST WIND DIRECTION     S (190)
  HIGHEST GUST SPEED    23   HIGHEST GUST DIRECTION    SW (240)
  AVERAGE WIND SPEED    10.8


SKY COVER
  POSSIBLE SUNSHINE  MM
  AVERAGE SKY COVER 0.8


WEATHER CONDITIONS
 THE FOLLOWING WEATHER WAS RECORDED TODAY.
  FOG


RELATIVE HUMIDITY (PERCENT)
 HIGHEST   100          1200 AM
 LOWEST     85           600 AM
 AVERAGE    93

..........................................................


THE WATERLOO IA CLIMATE NORMALS FOR TOMORROW
                         NORMAL    RECORD    YEAR
 MAXIMUM TEMPERATURE (F)   27        50      2013
 MINIMUM TEMPERATURE (F)    9       -28      1970


SUNRISE AND SUNSET
JANUARY 18 2017.......SUNRISE   735 AM CST   SUNSET   506 PM CST
JANUARY 19 2017.......SUNRISE   734 AM CST   SUNSET   507 PM CST


-  INDICATES NEGATIVE NUMBERS.
R  INDICATES RECORD WAS SET OR TIED.
MM INDICATES DATA IS MISSING.
T  INDICATES TRACE AMOUNT.

$$
