000
CDUS43 KDMX 290645
CLIALO

CLIMATE REPORT
NATIONAL WEATHER SERVICE DES MOINES IA
139 AM CDT MON MAY 29 2017

...................................

...THE WATERLOO IA CLIMATE SUMMARY FOR MAY 28 2017...

CLIMATE NORMAL PERIOD 1981 TO 2010
CLIMATE RECORD PERIOD 1895 TO 2017


WEATHER ITEM   OBSERVED TIME   RECORD YEAR NORMAL DEPARTURE LAST
                VALUE   (LST)  VALUE       VALUE  FROM      YEAR
                                                  NORMAL
..................................................................
TEMPERATURE (F)
 YESTERDAY
  MAXIMUM         78    428 PM  93    2006  76      2       76
                                      1998
                                      1895
  MINIMUM         50    159 AM  32    1965  53     -3       62
  AVERAGE         64                        64      0       69

PRECIPITATION (IN)
  YESTERDAY        0.00          2.65 1954   0.15  -0.15     0.15
  MONTH TO DATE    3.52                      4.06  -0.54     1.86
  SINCE MAR 1      9.09                      9.83  -0.74     7.34
  SINCE JAN 1     13.02                     11.65   1.37     9.11

SNOWFALL (IN)
  YESTERDAY        0.0           T    1947   0.0    0.0      0.0
  MONTH TO DATE    0.0                       0.0    0.0      0.0
  SINCE MAR 1     10.6                       6.4    4.2      2.9
  SINCE JUL 1     26.2                      35.3   -9.1     46.0
  SNOW DEPTH       0

DEGREE DAYS
 HEATING
  YESTERDAY        1                         3     -2        0
  MONTH TO DATE  229                       179     50      210
  SINCE MAR 1   1558                      1576    -18     1429
  SINCE JUL 1   6020                      6995   -975     6129

 COOLING
  YESTERDAY        0                         3     -3        4
  MONTH TO DATE   30                        41    -11       43
  SINCE MAR 1     36                        49    -13       46
  SINCE JAN 1     36                        49    -13       46
..................................................................


WIND (MPH)
  HIGHEST WIND SPEED    26   HIGHEST WIND DIRECTION     W (270)
  HIGHEST GUST SPEED    33   HIGHEST GUST DIRECTION     W (270)
  AVERAGE WIND SPEED     9.4


SKY COVER
  POSSIBLE SUNSHINE  MM
  AVERAGE SKY COVER 0.2


WEATHER CONDITIONS
 THE FOLLOWING WEATHER WAS RECORDED YESTERDAY.
  HAZE


RELATIVE HUMIDITY (PERCENT)
 HIGHEST    93          1200 AM
 LOWEST     27           600 PM
 AVERAGE    60

..........................................................


THE WATERLOO IA CLIMATE NORMALS FOR TODAY
                         NORMAL    RECORD    YEAR
 MAXIMUM TEMPERATURE (F)   76       101      1934
 MINIMUM TEMPERATURE (F)   54        29      1965


SUNRISE AND SUNSET
MAY 29 2017...........SUNRISE   536 AM CDT   SUNSET   838 PM CDT
MAY 30 2017...........SUNRISE   536 AM CDT   SUNSET   839 PM CDT


-  INDICATES NEGATIVE NUMBERS.
R  INDICATES RECORD WAS SET OR TIED.
MM INDICATES DATA IS MISSING.
T  INDICATES TRACE AMOUNT.

$$

ANSORGE
