000
CDUS43 KDMX 250640
CLIALO

CLIMATE REPORT
NATIONAL WEATHER SERVICE DES MOINES IA
138 AM CDT THU AUG 25 2016


...................................

...THE WATERLOO IA CLIMATE SUMMARY FOR AUGUST 24 2016...

CLIMATE NORMAL PERIOD 1981 TO 2010
CLIMATE RECORD PERIOD 1895 TO 2016


WEATHER ITEM   OBSERVED TIME   RECORD YEAR NORMAL DEPARTURE LAST
                VALUE   (LST)  VALUE       VALUE  FROM      YEAR
                                                  NORMAL
..................................................................
TEMPERATURE (F)
 YESTERDAY
  MAXIMUM         81   1107 AM 100    1936  82     -1       71
  MINIMUM         65   1159 PM  41    1942  59      6       50
                                      1934
  AVERAGE         73                        70      3       61

PRECIPITATION (IN)
  YESTERDAY        0.00          1.20 2007   0.13  -0.13     0.00
  MONTH TO DATE    4.86                      3.40   1.46     1.40
  SINCE JUN 1     17.84                     13.29   4.55    10.22
  SINCE JAN 1     28.28                     25.41   2.87    21.08

SNOWFALL (IN)
  YESTERDAY        0.0          MM      MM   0.0    0.0      0.0
  MONTH TO DATE    0.0                       0.0    0.0      0.0
  SINCE JUN 1      0.0                       0.0    0.0      0.0
  SINCE JUL 1      0.0                       0.0    0.0      0.0
  SNOW DEPTH       0

DEGREE DAYS
 HEATING
  YESTERDAY        0                         1     -1        4
  MONTH TO DATE    1                         7     -6        9
  SINCE JUN 1      7                        37    -30       32
  SINCE JUL 1      3                        11     -8       20

 COOLING
  YESTERDAY        8                         6      2        0
  MONTH TO DATE  193                       170     23      139
  SINCE JUN 1    660                       618     42      520
  SINCE JAN 1    723                       674     49      567
..................................................................


WIND (MPH)
  HIGHEST WIND SPEED    18   HIGHEST WIND DIRECTION     S (170)
  HIGHEST GUST SPEED    24   HIGHEST GUST DIRECTION     S (170)
  AVERAGE WIND SPEED     8.3


SKY COVER
  POSSIBLE SUNSHINE  MM
  AVERAGE SKY COVER 0.5


WEATHER CONDITIONS
 THE FOLLOWING WEATHER WAS RECORDED YESTERDAY.
  THUNDERSTORM


RELATIVE HUMIDITY (PERCENT)
 HIGHEST    93           200 AM
 LOWEST     69          1100 AM
 AVERAGE    81

..........................................................


THE WATERLOO IA CLIMATE NORMALS FOR TODAY
                         NORMAL    RECORD    YEAR
 MAXIMUM TEMPERATURE (F)   82        98      2003
                                             1910
 MINIMUM TEMPERATURE (F)   59        39      1915


SUNRISE AND SUNSET
AUGUST 25 2016........SUNRISE   628 AM CDT   SUNSET   755 PM CDT
AUGUST 26 2016........SUNRISE   629 AM CDT   SUNSET   753 PM CDT


-  INDICATES NEGATIVE NUMBERS.
R  INDICATES RECORD WAS SET OR TIED.
MM INDICATES DATA IS MISSING.
T  INDICATES TRACE AMOUNT.




$$
