000
CDUS43 KDMX 010657
CLIALO

CLIMATE REPORT
NATIONAL WEATHER SERVICE DES MOINES IA
1243 AM CST WED MAR 1 2017

...................................

...THE WATERLOO IA CLIMATE SUMMARY FOR FEBRUARY 28 2017...

CLIMATE NORMAL PERIOD 1981 TO 2010
CLIMATE RECORD PERIOD 1895 TO 2017

WEATHER ITEM   OBSERVED TIME   RECORD YEAR NORMAL DEPARTURE LAST
                VALUE   (LST)  VALUE       VALUE  FROM      YEAR
                                                  NORMAL
..................................................................
TEMPERATURE (F)
 YESTERDAY
  MAXIMUM         58   1148 AM  61    2000  37     21       53
                                      1932
  MINIMUM         34    358 AM -29    1962  20     14       30
  AVERAGE         46                        29     17       42

PRECIPITATION (IN)
  YESTERDAY        0.03          1.80 1948   0.05  -0.02     0.00
  MONTH TO DATE    1.04                      0.99   0.05     0.86
  SINCE DEC 1      5.80                      3.02   2.78     7.56
  SINCE JAN 1      3.93                      1.82   2.11     1.64

SNOWFALL (IN)
  YESTERDAY        0.0           4.2  1939   0.2   -0.2      0.0
  MONTH TO DATE    1.4                       7.4   -6.0     11.3
  SINCE DEC 1     15.6                      25.5   -9.9     28.8
  SINCE JUL 1     15.6                      28.9  -13.3     41.5
  SNOW DEPTH       0

DEGREE DAYS
 HEATING
  YESTERDAY       19                        36    -17       23
  MONTH TO DATE  873                      1163   -290     1074
  SINCE DEC 1   3473                      3936   -463     3456
  SINCE JUL 1   4462                      5419   -957     4671

 COOLING
  YESTERDAY        0                         0      0        0
  MONTH TO DATE    0                         0      0        0
  SINCE DEC 1      0                         0      0        0
  SINCE JAN 1      0                         0      0        0
..................................................................

WIND (MPH)
  HIGHEST WIND SPEED    21   HIGHEST WIND DIRECTION    NW (330)
  HIGHEST GUST SPEED    25   HIGHEST GUST DIRECTION    NW (320)
  AVERAGE WIND SPEED     8.0

SKY COVER
  POSSIBLE SUNSHINE  MM
  AVERAGE SKY COVER 0.6

WEATHER CONDITIONS
 THE FOLLOWING WEATHER WAS RECORDED YESTERDAY.
  THUNDERSTORM
  LIGHT RAIN
  FOG
  HAZE

RELATIVE HUMIDITY (PERCENT)
 HIGHEST   100           700 PM
 LOWEST     76          1200 AM
 AVERAGE    88
..........................................................

THE WATERLOO IA CLIMATE NORMALS FOR TODAY
                         NORMAL    RECORD    YEAR
 MAXIMUM TEMPERATURE (F)   38        67      1923
 MINIMUM TEMPERATURE (F)   20       -34      1962

SUNRISE AND SUNSET
MARCH  1 2017.........SUNRISE   645 AM CST   SUNSET   600 PM CST
MARCH  2 2017.........SUNRISE   643 AM CST   SUNSET   601 PM CST

-  INDICATES NEGATIVE NUMBERS.
R  INDICATES RECORD WAS SET OR TIED.
MM INDICATES DATA IS MISSING.
T  INDICATES TRACE AMOUNT.

$$

FAB
