000
CDUS43 KDMX 230646 RRA
CLIALO

CLIMATE REPORT
NATIONAL WEATHER SERVICE DES MOINES IA
136 AM CDT SUN APR 23 2017

...................................

...THE WATERLOO IA CLIMATE SUMMARY FOR APRIL 22 2017...

CLIMATE NORMAL PERIOD 1981 TO 2010
CLIMATE RECORD PERIOD 1895 TO 2017


WEATHER ITEM   OBSERVED TIME   RECORD YEAR NORMAL DEPARTURE LAST
                VALUE   (LST)  VALUE       VALUE  FROM      YEAR
                                                  NORMAL
..................................................................
TEMPERATURE (F)
 YESTERDAY
  MAXIMUM         67    412 PM 100    1980  64      3       61
  MINIMUM         35    538 AM  20    1986  40     -5       42
  AVERAGE         51                        52     -1       52

PRECIPITATION (IN)
  YESTERDAY        0.00          2.11 1968   0.13  -0.13     0.00
  MONTH TO DATE    2.44                      2.57  -0.13     1.17
  SINCE MAR 1      4.50                      4.63  -0.13     4.05
  SINCE JAN 1      8.43                      6.45   1.98     5.82

SNOWFALL (IN)
  YESTERDAY        0.0           1.3  1984   0.0    0.0      0.0
  MONTH TO DATE    0.0                       1.6   -1.6       T
  SINCE MAR 1     10.6                       6.2    4.4      2.9
  SINCE JUL 1     26.2                      35.1   -8.9     46.0
  SNOW DEPTH       0

DEGREE DAYS
 HEATING
  YESTERDAY       14                        14      0       13
  MONTH TO DATE  277                       396   -119      374
  SINCE MAR 1   1194                      1302   -108     1120
  SINCE JUL 1   5656                      6721  -1065     5820

 COOLING
  YESTERDAY        0                         0      0        0
  MONTH TO DATE    6                         0      6        0
  SINCE MAR 1      6                         0      6        0
  SINCE JAN 1      6                         0      6        0
..................................................................


WIND (MPH)
  HIGHEST WIND SPEED    12   HIGHEST WIND DIRECTION     N (20)
  HIGHEST GUST SPEED    15   HIGHEST GUST DIRECTION     N (10)
  AVERAGE WIND SPEED     4.4


SKY COVER
  POSSIBLE SUNSHINE  MM
  AVERAGE SKY COVER 0.0


WEATHER CONDITIONS
 THE FOLLOWING WEATHER WAS RECORDED YESTERDAY.
  NO SIGNIFICANT WEATHER WAS OBSERVED.


RELATIVE HUMIDITY (PERCENT)
 HIGHEST    82           600 AM
 LOWEST     24           200 PM
 AVERAGE    53

..........................................................


THE WATERLOO IA CLIMATE NORMALS FOR TODAY
                         NORMAL    RECORD    YEAR
 MAXIMUM TEMPERATURE (F)   64        89      1925
 MINIMUM TEMPERATURE (F)   40        19      1927


SUNRISE AND SUNSET
APRIL 23 2017.........SUNRISE   615 AM CDT   SUNSET   801 PM CDT
APRIL 24 2017.........SUNRISE   614 AM CDT   SUNSET   802 PM CDT


-  INDICATES NEGATIVE NUMBERS.
R  INDICATES RECORD WAS SET OR TIED.
MM INDICATES DATA IS MISSING.
T  INDICATES TRACE AMOUNT.




$$
