338
CDUS45 KPUB 291035
CLIALS


CLIMATE REPORT
NATIONAL WEATHER SERVICE PUEBLO
435 AM MDT SAT JUL 29 2017


...................................

...THE ALAMOSA CO CLIMATE SUMMARY FOR JULY 28 2017...

CLIMATE NORMAL PERIOD 1981 TO 2010
CLIMATE RECORD PERIOD 1932 TO 2017


WEATHER ITEM   OBSERVED TIME   RECORD YEAR NORMAL DEPARTURE LAST
                VALUE   (LST)  VALUE       VALUE  FROM      YEAR
                                                  NORMAL
..................................................................
TEMPERATURE (F)
 YESTERDAY
  MAXIMUM         83    243 PM  90    2016  82      1       90
  MINIMUM         52    521 AM  35    1986  48      4       49
  AVERAGE         68                        65      3       70

PRECIPITATION (IN)
  YESTERDAY        0.10          1.55 1939   0.04   0.06     0.00
  MONTH TO DATE    2.97                      0.86   2.11     0.31
  SINCE JUN 1      3.16                      1.35   1.81     0.82
  SINCE JAN 1      7.41                      3.57   3.84     5.19

SNOWFALL (IN)
  YESTERDAY        0.0           0.0  2002   0.0    0.0      0.0
                                      2001
  MONTH TO DATE    T                         0.0    0.0      0.0
  SINCE JUN 1      T                         0.0    0.0      0.0
  SINCE JUL 1      T                         0.0    0.0      0.0
  SNOW DEPTH       0

DEGREE DAYS
 HEATING
  YESTERDAY        0                         1     -1        0
  MONTH TO DATE    8                        37    -29       13
  SINCE JUN 1     99                       205   -106       69
  SINCE JUL 1      8                        37    -29       13

 COOLING
  YESTERDAY        3                         1      2        5
  MONTH TO DATE   55                        28     27       59
  SINCE JUN 1     73                        34     39       88
  SINCE JAN 1     73                        34     39       88
..................................................................


WIND (MPH)
  HIGHEST WIND SPEED    25   HIGHEST WIND DIRECTION     S (160)
  HIGHEST GUST SPEED    31   HIGHEST GUST DIRECTION     S (160)
  AVERAGE WIND SPEED     5.1


SKY COVER
  POSSIBLE SUNSHINE  MM
  AVERAGE SKY COVER 0.3


WEATHER CONDITIONS
 THE FOLLOWING WEATHER WAS RECORDED YESTERDAY.
  THUNDERSTORM
  LIGHT RAIN
  FOG


RELATIVE HUMIDITY (PERCENT)
 HIGHEST    93           200 AM
 LOWEST     35           100 PM
 AVERAGE    64

..........................................................


THE ALAMOSA CO CLIMATE NORMALS FOR TODAY
                         NORMAL    RECORD    YEAR
 MAXIMUM TEMPERATURE (F)   82        91      2016
 MINIMUM TEMPERATURE (F)   48        39      1986


SUNRISE AND SUNSET
JULY 29 2017..........SUNRISE   606 AM MDT   SUNSET   814 PM MDT
JULY 30 2017..........SUNRISE   606 AM MDT   SUNSET   813 PM MDT


-  INDICATES NEGATIVE NUMBERS.
R  INDICATES RECORD WAS SET OR TIED.
MM INDICATES DATA IS MISSING.
T  INDICATES TRACE AMOUNT.




$$
