000
CDUS45 KPUB 211025
CLIALS


CLIMATE REPORT
NATIONAL WEATHER SERVICE PUEBLO
425 AM MDT MON APR 21 2014


...................................

...THE ALAMOSA CO CLIMATE SUMMARY FOR APRIL 20 2014...

CLIMATE NORMAL PERIOD 1981 TO 2010
CLIMATE RECORD PERIOD 1932 TO 2014


WEATHER ITEM   OBSERVED TIME   RECORD YEAR NORMAL DEPARTURE LAST
                VALUE   (LST)  VALUE       VALUE  FROM      YEAR
                                                  NORMAL
..................................................................
TEMPERATURE (F)
 YESTERDAY
  MAXIMUM         68    351 PM  80    1989  61      7       54
  MINIMUM         41   1159 PM  11    1982  26     15       24
  AVERAGE         55                        43     12       39

PRECIPITATION (IN)
  YESTERDAY        0.00          1.22 1952   0.02  -0.02      T
  MONTH TO DATE    0.98                      0.38   0.60     0.32
  SINCE MAR 1      1.38                      0.91   0.47     0.66
  SINCE JAN 1      1.50                      1.43   0.07     0.88

SNOWFALL (IN)
  YESTERDAY        0.0           6.4  1977   0.1   -0.1      0.0
  MONTH TO DATE    6.6                       2.6    4.0      2.2
  SINCE MAR 1     10.0                       7.6    2.4      5.6
  SINCE JUL 1     38.1                      25.7   12.4     21.1
  SNOW DEPTH       0

DEGREE DAYS
 HEATING
  YESTERDAY       10                        22    -12       26
  MONTH TO DATE  453                       493    -40      494
  SINCE MAR 1   1328                      1470   -142     1453
  SINCE JUL 1   7896                      7799     97     8240

 COOLING
  YESTERDAY        0                         0      0        0
  MONTH TO DATE    0                         0      0        0
  SINCE MAR 1      0                         0      0        0
  SINCE JAN 1      0                         0      0        0
..................................................................


WIND (MPH)
  HIGHEST WIND SPEED    18   HIGHEST WIND DIRECTION     N (20)
  HIGHEST GUST SPEED    24   HIGHEST GUST DIRECTION     N (360)
  AVERAGE WIND SPEED     5.1


SKY COVER
  POSSIBLE SUNSHINE  MM
  AVERAGE SKY COVER 0.4


WEATHER CONDITIONS
 THE FOLLOWING WEATHER WAS RECORDED YESTERDAY.
  NO SIGNIFICANT WEATHER WAS OBSERVED.


RELATIVE HUMIDITY (PERCENT)
 HIGHEST    89           500 AM
 LOWEST     20           400 PM
 AVERAGE    55

..........................................................


THE ALAMOSA CO CLIMATE NORMALS FOR TODAY
                         NORMAL    RECORD    YEAR
 MAXIMUM TEMPERATURE (F)   61        79      1989
 MINIMUM TEMPERATURE (F)   26        10      1907


SUNRISE AND SUNSET
APRIL 21 2014.........SUNRISE   621 AM MDT   SUNSET   744 PM MDT
APRIL 22 2014.........SUNRISE   619 AM MDT   SUNSET   745 PM MDT


-  INDICATES NEGATIVE NUMBERS.
R  INDICATES RECORD WAS SET OR TIED.
MM INDICATES DATA IS MISSING.
T  INDICATES TRACE AMOUNT.




$$
