000
CDUS45 KPUB 301024
CLIALS


CLIMATE REPORT
NATIONAL WEATHER SERVICE PUEBLO
424 AM MDT THU OCT 30 2014


...................................

...THE ALAMOSA CO CLIMATE SUMMARY FOR OCTOBER 29 2014...

CLIMATE NORMAL PERIOD 1981 TO 2010
CLIMATE RECORD PERIOD 1932 TO 2014


WEATHER ITEM   OBSERVED TIME   RECORD YEAR NORMAL DEPARTURE LAST
                VALUE   (LST)  VALUE       VALUE  FROM      YEAR
                                                  NORMAL
..................................................................
TEMPERATURE (F)
 YESTERDAY
  MAXIMUM         63    207 PM  76    1950  56      7       55
  MINIMUM         14    641 AM   4    1993  20     -6       28
  AVERAGE         39                        38      1       42

PRECIPITATION (IN)
  YESTERDAY        0.00          1.10 1961   0.02  -0.02     0.04
  MONTH TO DATE    0.70                      0.64   0.06     0.53
  SINCE SEP 1      1.11                      1.55  -0.44     3.51
  SINCE JAN 1      4.99                      6.50  -1.51     8.38

SNOWFALL (IN)
  YESTERDAY        0.0          10.7  1961   0.2   -0.2      0.0
  MONTH TO DATE    T                         1.9   -1.9      3.5
  SINCE SEP 1      T                         1.9   -1.9      3.5
  SINCE JUL 1      T                         1.9   -1.9      3.5
  SNOW DEPTH       0

DEGREE DAYS
 HEATING
  YESTERDAY       26                        27     -1       23
  MONTH TO DATE  510                       623   -113      640
  SINCE SEP 1    689                       925   -236      862
  SINCE JUL 1    810                      1054   -244      937

 COOLING
  YESTERDAY        0                         0      0        0
  MONTH TO DATE    0                         0      0        0
  SINCE SEP 1      0                         0      0       14
  SINCE JAN 1     60                        51      9      113
..................................................................


WIND (MPH)
  HIGHEST WIND SPEED     9   HIGHEST WIND DIRECTION     W (250)
  HIGHEST GUST SPEED    11   HIGHEST GUST DIRECTION     N (20)
  AVERAGE WIND SPEED     3.0


SKY COVER
  POSSIBLE SUNSHINE  MM
  AVERAGE SKY COVER 0.0


WEATHER CONDITIONS
 THE FOLLOWING WEATHER WAS RECORDED YESTERDAY.
  NO SIGNIFICANT WEATHER WAS OBSERVED.


RELATIVE HUMIDITY (PERCENT)
 HIGHEST    74           300 AM
 LOWEST     11           200 PM
 AVERAGE    43

..........................................................


THE ALAMOSA CO CLIMATE NORMALS FOR TODAY
                         NORMAL    RECORD    YEAR
 MAXIMUM TEMPERATURE (F)   56        73      1950
 MINIMUM TEMPERATURE (F)   19        -2      1989
                                             1967


SUNRISE AND SUNSET
OCTOBER 30 2014.......SUNRISE   726 AM MDT   SUNSET   607 PM MDT
OCTOBER 31 2014.......SUNRISE   727 AM MDT   SUNSET   606 PM MDT


-  INDICATES NEGATIVE NUMBERS.
R  INDICATES RECORD WAS SET OR TIED.
MM INDICATES DATA IS MISSING.
T  INDICATES TRACE AMOUNT.




$$
