000
CDUS45 KPUB 121154
CLIALS


CLIMATE REPORT
NATIONAL WEATHER SERVICE PUEBLO
454 AM MST FRI FEB 12 2016


...................................

...THE ALAMOSA CO CLIMATE SUMMARY FOR FEBRUARY 11 2016...

CLIMATE NORMAL PERIOD 1981 TO 2010
CLIMATE RECORD PERIOD 1932 TO 2016


WEATHER ITEM   OBSERVED TIME   RECORD YEAR NORMAL DEPARTURE LAST
                VALUE   (LST)  VALUE       VALUE  FROM      YEAR
                                                  NORMAL
..................................................................
TEMPERATURE (F)
 YESTERDAY
  MAXIMUM         52    349 PM  64    1951  39     13       47
  MINIMUM         11    657 AM -24    1939   4      7       21
  AVERAGE         32                        21     11       34

PRECIPITATION (IN)
  YESTERDAY        0.00          0.16 1948   0.01  -0.01     0.07
  MONTH TO DATE    0.15                      0.10   0.05     0.07
  SINCE DEC 1      0.98                      0.71   0.27     0.61
  SINCE JAN 1      0.73                      0.36   0.37     0.40

SNOWFALL (IN)
  YESTERDAY        0.0           3.7  1948   0.2   -0.2      1.2
  MONTH TO DATE    2.0                       1.6    0.4      1.2
  SINCE DEC 1     12.4                      10.1    2.3      6.8
  SINCE JUL 1     16.7                      15.9    0.8      8.4
  SNOW DEPTH       0

DEGREE DAYS
 HEATING
  YESTERDAY       33                        44    -11       31
  MONTH TO DATE  515                       498     17      352
  SINCE DEC 1   3451                      3470    -19     2969
  SINCE JUL 1   5229                      5645   -416     4812

 COOLING
  YESTERDAY        0                         0      0        0
  MONTH TO DATE    0                         0      0        0
  SINCE DEC 1      0                         0      0        0
  SINCE JAN 1      0                         0      0        0
..................................................................


WIND (MPH)
  HIGHEST WIND SPEED    10   HIGHEST WIND DIRECTION     E (80)
  HIGHEST GUST SPEED    13   HIGHEST GUST DIRECTION     E (100)
  AVERAGE WIND SPEED     2.9


SKY COVER
  POSSIBLE SUNSHINE  MM
  AVERAGE SKY COVER 0.0


WEATHER CONDITIONS
 THE FOLLOWING WEATHER WAS RECORDED YESTERDAY.
  NO SIGNIFICANT WEATHER WAS OBSERVED.


RELATIVE HUMIDITY (PERCENT)
 HIGHEST    92           100 AM
 LOWEST     17           100 PM
 AVERAGE    55

..........................................................


THE ALAMOSA CO CLIMATE NORMALS FOR TODAY
                         NORMAL    RECORD    YEAR
 MAXIMUM TEMPERATURE (F)   39        59      1990
 MINIMUM TEMPERATURE (F)    4       -33      1948


SUNRISE AND SUNSET
FEBRUARY 12 2016......SUNRISE   656 AM MST   SUNSET   539 PM MST
FEBRUARY 13 2016......SUNRISE   655 AM MST   SUNSET   540 PM MST


-  INDICATES NEGATIVE NUMBERS.
R  INDICATES RECORD WAS SET OR TIED.
MM INDICATES DATA IS MISSING.
T  INDICATES TRACE AMOUNT.




$$
