000
CDUS45 KPUB 221126
CLIALS


CLIMATE REPORT
NATIONAL WEATHER SERVICE PUEBLO
426 AM MST MON DEC 22 2014


...................................

...THE ALAMOSA CO CLIMATE SUMMARY FOR DECEMBER 21 2014...

CLIMATE NORMAL PERIOD 1981 TO 2010
CLIMATE RECORD PERIOD 1932 TO 2014


WEATHER ITEM   OBSERVED TIME   RECORD YEAR NORMAL DEPARTURE LAST
                VALUE   (LST)  VALUE       VALUE  FROM      YEAR
                                                  NORMAL
..................................................................
TEMPERATURE (F)
 YESTERDAY
  MAXIMUM         41    242 PM  52    2010  34      7       30
  MINIMUM          6    512 AM -28    1967  -1      7       -6
  AVERAGE         24                        16      8       12

PRECIPITATION (IN)
  YESTERDAY        0.00          0.31 2007   0.01  -0.01     0.01
  MONTH TO DATE    0.16                      0.25  -0.09     0.04
  SINCE DEC 1      0.16                      0.25  -0.09     0.04
  SINCE JAN 1      5.49                      7.21  -1.72    10.05

SNOWFALL (IN)
  YESTERDAY        0.0           4.5  2007   0.2   -0.2      0.3
  MONTH TO DATE    0.9                       3.2   -2.3      1.0
  SINCE DEC 1      0.9                       3.2   -2.3      1.0
  SINCE JUL 1      2.5                       9.0   -6.5     22.6
  SNOW DEPTH       0

DEGREE DAYS
 HEATING
  YESTERDAY       41                        49     -8       53
  MONTH TO DATE  798                       972   -174     1198
  SINCE DEC 1    798                       972   -174     1198
  SINCE JUL 1   2641                      3147   -506     3298

 COOLING
  YESTERDAY        0                         0      0        0
  MONTH TO DATE    0                         0      0        0
  SINCE DEC 1      0                         0      0        0
  SINCE JAN 1     60                        51      9      113
..................................................................


WIND (MPH)
  HIGHEST WIND SPEED    10   HIGHEST WIND DIRECTION     S (200)
  HIGHEST GUST SPEED    14   HIGHEST GUST DIRECTION     E (110)
  AVERAGE WIND SPEED     4.3


SKY COVER
  POSSIBLE SUNSHINE  MM
  AVERAGE SKY COVER 0.3


WEATHER CONDITIONS
 THE FOLLOWING WEATHER WAS RECORDED YESTERDAY.
  NO SIGNIFICANT WEATHER WAS OBSERVED.


RELATIVE HUMIDITY (PERCENT)
 HIGHEST    91           600 AM
 LOWEST     44           200 PM
 AVERAGE    68

..........................................................


THE ALAMOSA CO CLIMATE NORMALS FOR TODAY
                         NORMAL    RECORD    YEAR
 MAXIMUM TEMPERATURE (F)   34        56      1955
 MINIMUM TEMPERATURE (F)   -1       -30      1967


SUNRISE AND SUNSET
DECEMBER 22 2014......SUNRISE   715 AM MST   SUNSET   450 PM MST
DECEMBER 23 2014......SUNRISE   715 AM MST   SUNSET   450 PM MST


-  INDICATES NEGATIVE NUMBERS.
R  INDICATES RECORD WAS SET OR TIED.
MM INDICATES DATA IS MISSING.
T  INDICATES TRACE AMOUNT.




$$
