000
CDUS44 KAMA 280727
CLIAMA


CLIMATE REPORT
NATIONAL WEATHER SERVICE AMARILLO TX
126 AM CST FRI NOV 28 2014


...................................

...THE AMARILLO CLIMATE SUMMARY FOR NOVEMBER 27 2014...

CLIMATE NORMAL PERIOD 1981 TO 2010
CLIMATE RECORD PERIOD 1892 TO 2014


WEATHER ITEM   OBSERVED TIME   RECORD YEAR NORMAL DEPARTURE LAST
                VALUE   (LST)  VALUE       VALUE  FROM      YEAR
                                                  NORMAL
..................................................................
TEMPERATURE (F)
 YESTERDAY
  MAXIMUM         60    435 PM  79    1998  54      6       54
  MINIMUM         25    650 AM   6    1976  28     -3       22
                                      1919
  AVERAGE         43                        41      2       38

PRECIPITATION (IN)
  YESTERDAY        0.00          0.94 1923   0.02  -0.02     0.00
  MONTH TO DATE    0.34                      0.75  -0.41     0.51
  SINCE SEP 1      5.58                      4.33   1.25     2.51
  SINCE JAN 1     19.27                     19.60  -0.33    14.88

SNOWFALL (IN)
  YESTERDAY        0.0           8.5  1923   0.1   -0.1      0.0
  MONTH TO DATE    2.5                       2.2    0.3      4.3
  SINCE SEP 1      2.5                       2.4    0.1      4.3
  SINCE JUL 1      2.5                       2.4    0.1      4.3
  SNOW DEPTH       0

DEGREE DAYS
 HEATING
  YESTERDAY       22                        24     -2       27
  MONTH TO DATE  607                       490    117      539
  SINCE SEP 1    771                       769      2      783
  SINCE JUL 1    771                       770      1      783

 COOLING
  YESTERDAY        0                         0      0        0
  MONTH TO DATE    0                         0      0        0
  SINCE SEP 1    204                       206     -2      310
  SINCE JAN 1   1534                      1398    136     1806
..................................................................


WIND (MPH)
  RESULTANT WIND SPEED  14   RESULTANT WIND DIRECTION   S (180)
  HIGHEST WIND SPEED    25   HIGHEST WIND DIRECTION     S (200)
  HIGHEST GUST SPEED    30   HIGHEST GUST DIRECTION     S (190)
  AVERAGE WIND SPEED    15.0


SKY COVER
  AVERAGE SKY COVER 0.0


WEATHER CONDITIONS
 THE FOLLOWING WEATHER WAS RECORDED YESTERDAY.
  NO SIGNIFICANT WEATHER WAS OBSERVED.


RELATIVE HUMIDITY (PERCENT)
 HIGHEST    75          1200 AM
 LOWEST     32           400 PM
 AVERAGE    54

..........................................................


THE AMARILLO CLIMATE NORMALS FOR TODAY
                         NORMAL    RECORD    YEAR
 MAXIMUM TEMPERATURE (F)   54        81      1949
 MINIMUM TEMPERATURE (F)   27         0      1976


SUNRISE AND SUNSET
NOVEMBER 28 2014......SUNRISE   734 AM CST   SUNSET   535 PM CST
NOVEMBER 29 2014......SUNRISE   735 AM CST   SUNSET   535 PM CST


-  INDICATES NEGATIVE NUMBERS.
R  INDICATES RECORD WAS SET OR TIED.
MM INDICATES DATA IS MISSING.
T  INDICATES TRACE AMOUNT.




$$
