000
CDUS44 KAMA 211408
CLIAMA


CLIMATE REPORT
NATIONAL WEATHER SERVICE AMARILLO TX
908 AM CDT MON APR 21 2014


...................................

...THE AMARILLO CLIMATE SUMMARY FOR APRIL 21 2014...
VALID AS OF 0900 AM LOCAL TIME.

CLIMATE NORMAL PERIOD 1981 TO 2010
CLIMATE RECORD PERIOD 1892 TO 2014


WEATHER ITEM   OBSERVED TIME   RECORD YEAR NORMAL DEPARTURE LAST
                VALUE   (LST)  VALUE       VALUE  FROM      YEAR
                                                  NORMAL
..................................................................
TEMPERATURE (F)
 TODAY
  MINIMUM         46    304 AM  27    1982  43      3       38

PRECIPITATION (IN)
  TODAY            0.00          0.73 1948   0.05  -0.05     0.00
  MONTH TO DATE    0.57                      0.93  -0.36     0.05
  SINCE MAR 1      0.77                      2.32  -1.55     0.20
  SINCE JAN 1      1.16                      3.60  -2.44     3.49

SNOWFALL (IN)
  TODAY            0.0           5.0  1907   0.0    0.0      0.0
  MONTH TO DATE    0.4                       0.6   -0.2       T
  SINCE MAR 1      0.7                       3.5   -2.8      0.1
  SINCE JUL 1     12.8                      17.5   -4.7     29.7
  SNOW DEPTH       0

..................................................................


WIND (MPH)
  RESULTANT WIND SPEED   5   RESULTANT WIND DIRECTION   W (270)
  HIGHEST WIND SPEED    15   HIGHEST WIND DIRECTION    NW (310)
  HIGHEST GUST SPEED    20   HIGHEST GUST DIRECTION    NW (310)
  AVERAGE WIND SPEED     9.1


SKY COVER
  AVERAGE SKY COVER 0.5


WEATHER CONDITIONS
 THE FOLLOWING WEATHER WAS RECORDED TODAY.
  FOG
  FOG W/VISIBILITY <= 1/4 MILE


RELATIVE HUMIDITY (PERCENT)
 HIGHEST   100          1200 AM
 LOWEST     77           700 AM
 AVERAGE    89

..........................................................


THE AMARILLO CLIMATE NORMALS FOR TOMORROW
                         NORMAL    RECORD    YEAR
 MAXIMUM TEMPERATURE (F)   73        98      1989
                                             1965
 MINIMUM TEMPERATURE (F)   44        24      1907


SUNRISE AND SUNSET
APRIL 21 2014.........SUNRISE   707 AM CDT   SUNSET   824 PM CDT
APRIL 22 2014.........SUNRISE   706 AM CDT   SUNSET   825 PM CDT


-  INDICATES NEGATIVE NUMBERS.
R  INDICATES RECORD WAS SET OR TIED.
MM INDICATES DATA IS MISSING.
T  INDICATES TRACE AMOUNT.




$$
