000
CDUS44 KAMA 042250
CLIAMA


CLIMATE REPORT
NATIONAL WEATHER SERVICE AMARILLO TX
449 PM CST WED MAR 4 2015


...................................

...THE AMARILLO CLIMATE SUMMARY FOR MARCH 4 2015...
VALID TODAY AS OF 0400 PM LOCAL TIME.

CLIMATE NORMAL PERIOD 1981 TO 2010
CLIMATE RECORD PERIOD 1892 TO 2015


WEATHER ITEM   OBSERVED TIME   RECORD YEAR NORMAL DEPARTURE LAST
                VALUE   (LST)  VALUE       VALUE  FROM      YEAR
                                                  NORMAL
..................................................................
TEMPERATURE (F)
 TODAY
  MAXIMUM         37   1234 AM  85    2009  59    -22       64
  MINIMUM         20    315 PM   6    1917  30    -10       24
  AVERAGE         29                        45    -16       44

PRECIPITATION (IN)
  TODAY            0.02          1.09 2004   0.04  -0.02     0.00
  MONTH TO DATE    0.03                      0.13  -0.10     0.07
  SINCE MAR 1      0.03                      0.13  -0.10     0.07
  SINCE JAN 1      2.11                      1.41   0.70     0.46

SNOWFALL (IN)
  TODAY            0.1           2.8  1915   0.1    0.0      0.0
  MONTH TO DATE    0.1                       0.3   -0.2      0.3
  SINCE MAR 1      0.1                       0.3   -0.2      0.3
  SINCE JUL 1     23.9                      14.3    9.6     12.4
  SNOW DEPTH       0

DEGREE DAYS
 HEATING
  TODAY           36                        20     16       21
  MONTH TO DATE  125                        83     42      144
  SINCE MAR 1    125                        83     42      144
  SINCE JUL 1   3250                      3360   -110     3497

 COOLING
  TODAY            0                         0      0        0
  MONTH TO DATE    0                         0      0        0
  SINCE MAR 1      0                         0      0        0
  SINCE JAN 1      0                         0      0        0
..................................................................


WIND (MPH)
  RESULTANT WIND SPEED  18   RESULTANT WIND DIRECTION  NE (30)
  HIGHEST WIND SPEED    29   HIGHEST WIND DIRECTION    NE (30)
  HIGHEST GUST SPEED    35   HIGHEST GUST DIRECTION     N (20)
  AVERAGE WIND SPEED    18.8


SKY COVER
  AVERAGE SKY COVER 1.0


WEATHER CONDITIONS
 THE FOLLOWING WEATHER WAS RECORDED TODAY.
  LT FREEZING RAIN
  LIGHT SNOW
  FOG


RELATIVE HUMIDITY (PERCENT)
 HIGHEST   100           900 AM
 LOWEST     82           200 AM
 AVERAGE    91

..........................................................


THE AMARILLO CLIMATE NORMALS FOR TOMORROW
                         NORMAL    RECORD    YEAR
 MAXIMUM TEMPERATURE (F)   59        87      1910
 MINIMUM TEMPERATURE (F)   31         4      1948


SUNRISE AND SUNSET
MARCH  4 2015.........SUNRISE   713 AM CST   SUNSET   645 PM CST
MARCH  5 2015.........SUNRISE   711 AM CST   SUNSET   646 PM CST


-  INDICATES NEGATIVE NUMBERS.
R  INDICATES RECORD WAS SET OR TIED.
MM INDICATES DATA IS MISSING.
T  INDICATES TRACE AMOUNT.




$$
