000
CDUS44 KAMA 242135
CLIAMA


CLIMATE REPORT
NATIONAL WEATHER SERVICE AMARILLO TX
434 PM CDT THU JUL 24 2014


...................................

...THE AMARILLO CLIMATE SUMMARY FOR JULY 24 2014...
VALID TODAY AS OF 0400 PM LOCAL TIME.

CLIMATE NORMAL PERIOD 1981 TO 2010
CLIMATE RECORD PERIOD 1892 TO 2014


WEATHER ITEM   OBSERVED TIME   RECORD YEAR NORMAL DEPARTURE LAST
                VALUE   (LST)  VALUE       VALUE  FROM      YEAR
                                                  NORMAL
..................................................................
TEMPERATURE (F)
 TODAY
  MAXIMUM         95    253 PM 101    2000  91      4       94
  MINIMUM         68    350 AM  56    1904  65      3       66
  AVERAGE         82                        78      4       80

PRECIPITATION (IN)
  TODAY            0.00          1.65 1985   0.09  -0.09     0.30
  MONTH TO DATE    1.48                      2.14  -0.66     1.55
  SINCE JUN 1      6.88                      5.30   1.58     4.35
  SINCE JAN 1     11.59                     11.66  -0.07    10.64

SNOWFALL (IN)
  TODAY            0.0           T    1995   0.0    0.0      0.0
  MONTH TO DATE    0.0                       0.0    0.0      0.0
  SINCE JUN 1      0.0                       0.0    0.0      0.0
  SINCE JUL 1      0.0                       0.0    0.0      0.0
  SNOW DEPTH       0

DEGREE DAYS
 HEATING
  TODAY            0                         0      0        0
  MONTH TO DATE    0                         0      0        0
  SINCE JUN 1      4                         7     -3        0
  SINCE JUL 1      0                         0      0        0

 COOLING
  TODAY           17                        13      4       15
  MONTH TO DATE  278                       320    -42      318
  SINCE JUN 1    596                       608    -12      709
  SINCE JAN 1    793                       733     60      957
..................................................................


WIND (MPH)
  RESULTANT WIND SPEED  10   RESULTANT WIND DIRECTION  SW (210)
  HIGHEST WIND SPEED    17   HIGHEST WIND DIRECTION    SW (230)
  HIGHEST GUST SPEED    22   HIGHEST GUST DIRECTION    SW (230)
  AVERAGE WIND SPEED    11.1


SKY COVER
  AVERAGE SKY COVER 0.0


WEATHER CONDITIONS
 THE FOLLOWING WEATHER WAS RECORDED TODAY.
  NO SIGNIFICANT WEATHER WAS OBSERVED.


RELATIVE HUMIDITY (PERCENT)
 HIGHEST    78           300 AM
 LOWEST     28           300 PM
 AVERAGE    53

..........................................................


THE AMARILLO CLIMATE NORMALS FOR TOMORROW
                         NORMAL    RECORD    YEAR
 MAXIMUM TEMPERATURE (F)   91       103      1954
 MINIMUM TEMPERATURE (F)   65        54      1911


SUNRISE AND SUNSET
JULY 24 2014..........SUNRISE   650 AM CDT   SUNSET   856 PM CDT
JULY 25 2014..........SUNRISE   651 AM CDT   SUNSET   856 PM CDT


-  INDICATES NEGATIVE NUMBERS.
R  INDICATES RECORD WAS SET OR TIED.
MM INDICATES DATA IS MISSING.
T  INDICATES TRACE AMOUNT.




$$
