000
CDUS44 KAMA 220728
CLIAMA


CLIMATE REPORT
NATIONAL WEATHER SERVICE AMARILLO TX
127 AM CST WED NOV 22 2017


...................................

...THE AMARILLO CLIMATE SUMMARY FOR NOVEMBER 21 2017...

CLIMATE NORMAL PERIOD 1981 TO 2010
CLIMATE RECORD PERIOD 1892 TO 2017


WEATHER ITEM   OBSERVED TIME   RECORD YEAR NORMAL DEPARTURE LAST
                VALUE   (LST)  VALUE       VALUE  FROM      YEAR
                                                  NORMAL
..................................................................
TEMPERATURE (F)
 YESTERDAY
  MAXIMUM         66   1258 PM  81    1966  57      9       72
  MINIMUM         32   1153 PM   4    1906  30      2       40
  AVERAGE         49                        44      5       56

PRECIPITATION (IN)
  YESTERDAY        0.00          0.44 2011   0.03  -0.03      T
  MONTH TO DATE    T                         0.62  -0.62     1.05
  SINCE SEP 1      5.60                      4.20   1.40     2.00
  SINCE JAN 1     26.48                     19.47   7.01    16.88

SNOWFALL (IN)
  YESTERDAY        0.0           3.4  1916   0.1   -0.1      0.0
  MONTH TO DATE    T                         1.5   -1.5      0.0
  SINCE SEP 1      T                         1.7   -1.7      0.0
  SINCE JUL 1      T                         1.7   -1.7       T
  SNOW DEPTH       0

DEGREE DAYS
 HEATING
  YESTERDAY       16                        21     -5        9
  MONTH TO DATE  246                       352   -106      215
  SINCE SEP 1    514                       631   -117      301
  SINCE JUL 1    514                       632   -118      301

 COOLING
  YESTERDAY        0                         0      0        0
  MONTH TO DATE    8                         0      8        3
  SINCE SEP 1    240                       206     34      320
  SINCE JAN 1   1487                      1398     89     1694
..................................................................


WIND (MPH)
  RESULTANT WIND SPEED  13   RESULTANT WIND DIRECTION   N (360)
  HIGHEST WIND SPEED    35   HIGHEST WIND DIRECTION     N (10)
  HIGHEST GUST SPEED    45   HIGHEST GUST DIRECTION     N (10)
  AVERAGE WIND SPEED    15.1


SKY COVER
  AVERAGE SKY COVER 0.0


WEATHER CONDITIONS
 THE FOLLOWING WEATHER WAS RECORDED YESTERDAY.
  NO SIGNIFICANT WEATHER WAS OBSERVED.


RELATIVE HUMIDITY (PERCENT)
 HIGHEST    75          1000 PM
 LOWEST     22          1100 AM
 AVERAGE    49

..........................................................


THE AMARILLO CLIMATE NORMALS FOR TODAY
                         NORMAL    RECORD    YEAR
 MAXIMUM TEMPERATURE (F)   57        83      1998
 MINIMUM TEMPERATURE (F)   30         7      1929


SUNRISE AND SUNSET
NOVEMBER 22 2017......SUNRISE   729 AM CST   SUNSET   537 PM CST
NOVEMBER 23 2017......SUNRISE   730 AM CST   SUNSET   537 PM CST


-  INDICATES NEGATIVE NUMBERS.
R  INDICATES RECORD WAS SET OR TIED.
MM INDICATES DATA IS MISSING.
T  INDICATES TRACE AMOUNT.




$$
