000
CDUS44 KAMA 300631
CLIAMA


CLIMATE REPORT
NATIONAL WEATHER SERVICE AMARILLO TX
129 AM CDT THU MAR 30 2017


...................................

...THE AMARILLO CLIMATE SUMMARY FOR MARCH 29 2017...

CLIMATE NORMAL PERIOD 1981 TO 2010
CLIMATE RECORD PERIOD 1892 TO 2017


WEATHER ITEM   OBSERVED TIME   RECORD YEAR NORMAL DEPARTURE LAST
                VALUE   (LST)  VALUE       VALUE  FROM      YEAR
                                                  NORMAL
..................................................................
TEMPERATURE (F)
 YESTERDAY
  MAXIMUM         48    619 PM  87    2012  66    -18       81
                                      1967
  MINIMUM         39   1037 AM  13    1944  36      3       47
  AVERAGE         44                        51     -7       64

PRECIPITATION (IN)
  YESTERDAY        0.88          1.12 1926   0.05   0.83     0.00
  MONTH TO DATE    1.97                      1.29   0.68     0.27
  SINCE MAR 1      1.97                      1.29   0.68     0.27
  SINCE JAN 1      5.65                      2.57   3.08     0.96

SNOWFALL (IN)
  YESTERDAY        0.0           9.8  1926   0.0    0.0      0.0
  MONTH TO DATE    0.0                       2.7   -2.7      1.3
  SINCE MAR 1      0.0                       2.7   -2.7      1.3
  SINCE JUL 1      8.0                      16.7   -8.7     13.4
  SNOW DEPTH       0

DEGREE DAYS
 HEATING
  YESTERDAY       21                        14      7        1
  MONTH TO DATE  326                       506   -180      348
  SINCE MAR 1    326                       506   -180      348
  SINCE JUL 1   2884                      3783   -899     3089

 COOLING
  YESTERDAY        0                         0      0        0
  MONTH TO DATE   12                         0     12        2
  SINCE MAR 1     12                         0     12        2
  SINCE JAN 1     17                         0     17        3
..................................................................


WIND (MPH)
  RESULTANT WIND SPEED  16   RESULTANT WIND DIRECTION   N (340)
  HIGHEST WIND SPEED    44   HIGHEST WIND DIRECTION    NE (40)
  HIGHEST GUST SPEED    52   HIGHEST GUST DIRECTION    NE (30)
  AVERAGE WIND SPEED    19.6


SKY COVER
  AVERAGE SKY COVER 0.8


WEATHER CONDITIONS
 THE FOLLOWING WEATHER WAS RECORDED YESTERDAY.
  RAIN
  LIGHT RAIN
  FOG


RELATIVE HUMIDITY (PERCENT)
 HIGHEST   100           100 AM
 LOWEST     76           500 PM
 AVERAGE    88

..........................................................


THE AMARILLO CLIMATE NORMALS FOR TODAY
                         NORMAL    RECORD    YEAR
 MAXIMUM TEMPERATURE (F)   67        87      2010
                                             1946
 MINIMUM TEMPERATURE (F)   37        12      1987


SUNRISE AND SUNSET
MARCH 30 2017.........SUNRISE   736 AM CDT   SUNSET   807 PM CDT
MARCH 31 2017.........SUNRISE   735 AM CDT   SUNSET   808 PM CDT


-  INDICATES NEGATIVE NUMBERS.
R  INDICATES RECORD WAS SET OR TIED.
MM INDICATES DATA IS MISSING.
T  INDICATES TRACE AMOUNT.




$$
