000
CDUS44 KAMA 210632
CLIAMA


CLIMATE REPORT
NATIONAL WEATHER SERVICE AMARILLO TX
132 AM CDT SUN SEP 21 2014


...................................

...THE AMARILLO CLIMATE SUMMARY FOR SEPTEMBER 20 2014...

CLIMATE NORMAL PERIOD 1981 TO 2010
CLIMATE RECORD PERIOD 1892 TO 2014


WEATHER ITEM   OBSERVED TIME   RECORD YEAR NORMAL DEPARTURE LAST
                VALUE   (LST)  VALUE       VALUE  FROM      YEAR
                                                  NORMAL
..................................................................
TEMPERATURE (F)
 YESTERDAY
  MAXIMUM         82    549 PM  97    1977  81      1       74
                                      1956
  MINIMUM         62    223 AM  37    1983  55      7       56
                                      1918
  AVERAGE         72                        68      4       65

PRECIPITATION (IN)
  YESTERDAY        0.00          1.16 1955   0.06  -0.06     0.00
  MONTH TO DATE    2.54                      1.31   1.23     1.29
  SINCE SEP 1      2.54                      1.31   1.23     1.29
  SINCE JAN 1     16.23                     16.58  -0.35    13.66

SNOWFALL (IN)
  YESTERDAY        0.0           T    1955   0.0    0.0      0.0
  MONTH TO DATE    T                         0.0    0.0      0.0
  SINCE SEP 1      T                         0.0    0.0      0.0
  SINCE JUL 1      T                         0.0    0.0      0.0
  SNOW DEPTH       0

DEGREE DAYS
 HEATING
  YESTERDAY        0                         2     -2        0
  MONTH TO DATE   24                        14     10        0
  SINCE SEP 1     24                        14     10        0
  SINCE JUL 1     24                        15      9        0

 COOLING
  YESTERDAY        7                         5      2        0
  MONTH TO DATE  125                       144    -19      235
  SINCE SEP 1    125                       144    -19      235
  SINCE JAN 1   1455                      1336    119     1731
..................................................................


WIND (MPH)
  RESULTANT WIND SPEED   5   RESULTANT WIND DIRECTION   S (160)
  HIGHEST WIND SPEED    14   HIGHEST WIND DIRECTION     S (160)
  HIGHEST GUST SPEED    17   HIGHEST GUST DIRECTION    SE (140)
  AVERAGE WIND SPEED     5.8


SKY COVER
  AVERAGE SKY COVER 0.5


WEATHER CONDITIONS
 THE FOLLOWING WEATHER WAS RECORDED YESTERDAY.
  FOG


RELATIVE HUMIDITY (PERCENT)
 HIGHEST   100           200 AM
 LOWEST     54           200 PM
 AVERAGE    77

..........................................................


THE AMARILLO CLIMATE NORMALS FOR TODAY
                         NORMAL    RECORD    YEAR
 MAXIMUM TEMPERATURE (F)   81        97      1980
                                             1930
 MINIMUM TEMPERATURE (F)   54        31      1983


SUNRISE AND SUNSET
SEPTEMBER 21 2014.....SUNRISE   734 AM CDT   SUNSET   745 PM CDT
SEPTEMBER 22 2014.....SUNRISE   735 AM CDT   SUNSET   744 PM CDT


-  INDICATES NEGATIVE NUMBERS.
R  INDICATES RECORD WAS SET OR TIED.
MM INDICATES DATA IS MISSING.
T  INDICATES TRACE AMOUNT.




$$
