000
CDUS44 KAMA 230631
CLIAMA


CLIMATE REPORT
NATIONAL WEATHER SERVICE AMARILLO TX
131 AM CDT SUN JUL 23 2017


...................................

...THE AMARILLO CLIMATE SUMMARY FOR JULY 22 2017...

CLIMATE NORMAL PERIOD 1981 TO 2010
CLIMATE RECORD PERIOD 1892 TO 2017


WEATHER ITEM   OBSERVED TIME   RECORD YEAR NORMAL DEPARTURE LAST
                VALUE   (LST)  VALUE       VALUE  FROM      YEAR
                                                  NORMAL
..................................................................
TEMPERATURE (F)
 YESTERDAY
  MAXIMUM         99    144 PM 105    1981  91      8       99
  MINIMUM         69    616 AM  55    1942  65      4       69
  AVERAGE         84                        78      6       84

PRECIPITATION (IN)
  YESTERDAY        0.00          1.94 2004   0.10  -0.10     0.00
                                      1928
  MONTH TO DATE    1.07                      1.96  -0.89     1.54
  SINCE JUN 1      2.57                      5.12  -2.55     2.92
  SINCE JAN 1     10.72                     11.48  -0.76     8.81

SNOWFALL (IN)
  YESTERDAY        0.0           T    1955   0.0    0.0      0.0
  MONTH TO DATE    0.0                       0.0    0.0       T
  SINCE JUN 1      0.0                       0.0    0.0       T
  SINCE JUL 1      0.0                       0.0    0.0       T
  SNOW DEPTH       0

DEGREE DAYS
 HEATING
  YESTERDAY        0                         0      0        0
  MONTH TO DATE    0                         0      0        0
  SINCE JUN 1      1                         7     -6        0
  SINCE JUL 1      0                         0      0        0

 COOLING
  YESTERDAY       19                        13      6       19
  MONTH TO DATE  337                       294     43      420
  SINCE JUN 1    704                       582    122      796
  SINCE JAN 1    834                       707    127      884
..................................................................


WIND (MPH)
  RESULTANT WIND SPEED   8   RESULTANT WIND DIRECTION   S (200)
  HIGHEST WIND SPEED    26   HIGHEST WIND DIRECTION     S (200)
  HIGHEST GUST SPEED    36   HIGHEST GUST DIRECTION     S (200)
  AVERAGE WIND SPEED     9.8


SKY COVER
  AVERAGE SKY COVER 0.1


WEATHER CONDITIONS
 THE FOLLOWING WEATHER WAS RECORDED YESTERDAY.
  THUNDERSTORM


RELATIVE HUMIDITY (PERCENT)
 HIGHEST    73           600 AM
 LOWEST     24           100 PM
 AVERAGE    49

..........................................................


THE AMARILLO CLIMATE NORMALS FOR TODAY
                         NORMAL    RECORD    YEAR
 MAXIMUM TEMPERATURE (F)   91       102      2012
                                             2001
                                             1981
 MINIMUM TEMPERATURE (F)   65        57      2009
                                             1947
                                             1904


SUNRISE AND SUNSET
JULY 23 2017..........SUNRISE   649 AM CDT   SUNSET   857 PM CDT
JULY 24 2017..........SUNRISE   650 AM CDT   SUNSET   856 PM CDT


-  INDICATES NEGATIVE NUMBERS.
R  INDICATES RECORD WAS SET OR TIED.
MM INDICATES DATA IS MISSING.
T  INDICATES TRACE AMOUNT.




$$
