000
CDUS44 KAMA 100728
CLIAMA


CLIMATE REPORT
NATIONAL WEATHER SERVICE AMARILLO TX
127 AM CST WED FEB 10 2016


...................................

...THE AMARILLO CLIMATE SUMMARY FOR FEBRUARY 9 2016...

CLIMATE NORMAL PERIOD 1981 TO 2010
CLIMATE RECORD PERIOD 1892 TO 2016


WEATHER ITEM   OBSERVED TIME   RECORD YEAR NORMAL DEPARTURE LAST
                VALUE   (LST)  VALUE       VALUE  FROM      YEAR
                                                  NORMAL
..................................................................
TEMPERATURE (F)
 YESTERDAY
  MAXIMUM         65    326 PM  82    1976  53     12       78
  MINIMUM         26    646 AM  -8    1933  25      1       39
  AVERAGE         46                        39      7       59

PRECIPITATION (IN)
  YESTERDAY        0.00          0.36 1898   0.02  -0.02     0.00
  MONTH TO DATE    0.11                      0.20  -0.09      T
  SINCE DEC 1      1.08                      1.63  -0.55     1.74
  SINCE JAN 1      0.30                      0.92  -0.62     1.61

SNOWFALL (IN)
  YESTERDAY        0.0           2.1  1986   0.1   -0.1      0.0
  MONTH TO DATE    T                         1.3   -1.3       T
  SINCE DEC 1      7.6                       9.7   -2.1     14.5
  SINCE JUL 1      8.9                      12.4   -3.5     17.0
  SNOW DEPTH       0

DEGREE DAYS
 HEATING
  YESTERDAY       19                        26     -7        6
  MONTH TO DATE  250                       239     11      160
  SINCE DEC 1   1792                      1980   -188     1806
  SINCE JUL 1   2451                      2824   -373     2600

 COOLING
  YESTERDAY        0                         0      0        0
  MONTH TO DATE    0                         0      0        0
  SINCE DEC 1      0                         0      0        0
  SINCE JAN 1      0                         0      0        0
..................................................................


WIND (MPH)
  RESULTANT WIND SPEED  10   RESULTANT WIND DIRECTION  NW (300)
  HIGHEST WIND SPEED    24   HIGHEST WIND DIRECTION     W (280)
  HIGHEST GUST SPEED    29   HIGHEST GUST DIRECTION    NW (320)
  AVERAGE WIND SPEED    11.0


SKY COVER
  AVERAGE SKY COVER 0.0


WEATHER CONDITIONS
 THE FOLLOWING WEATHER WAS RECORDED YESTERDAY.
  NO SIGNIFICANT WEATHER WAS OBSERVED.


RELATIVE HUMIDITY (PERCENT)
 HIGHEST    69          1200 AM
 LOWEST     19           300 PM
 AVERAGE    44

..........................................................


THE AMARILLO CLIMATE NORMALS FOR TODAY
                         NORMAL    RECORD    YEAR
 MAXIMUM TEMPERATURE (F)   53        82      1962
 MINIMUM TEMPERATURE (F)   25        -6      2011


SUNRISE AND SUNSET
FEBRUARY 10 2016......SUNRISE   739 AM CST   SUNSET   624 PM CST
FEBRUARY 11 2016......SUNRISE   738 AM CST   SUNSET   625 PM CST


-  INDICATES NEGATIVE NUMBERS.
R  INDICATES RECORD WAS SET OR TIED.
MM INDICATES DATA IS MISSING.
T  INDICATES TRACE AMOUNT.




$$
