000
CDUS44 KAMA 010625
CLIAMA


CLIMATE REPORT
NATIONAL WEATHER SERVICE AMARILLO TX
125 AM CDT FRI AUG 1 2014


...................................

...THE AMARILLO CLIMATE SUMMARY FOR JULY 31 2014...

CLIMATE NORMAL PERIOD 1981 TO 2010
CLIMATE RECORD PERIOD 1892 TO 2014


WEATHER ITEM   OBSERVED TIME   RECORD YEAR NORMAL DEPARTURE LAST
                VALUE   (LST)  VALUE       VALUE  FROM      YEAR
                                                  NORMAL
..................................................................
TEMPERATURE (F)
 YESTERDAY
  MAXIMUM         81    420 PM 105    1934  91    -10       93
  MINIMUM         58    644 AM  54    1971  65     -7       68
  AVERAGE         70                        78     -8       81

PRECIPITATION (IN)
  YESTERDAY        0.00          1.35 1908   0.10  -0.10      T
  MONTH TO DATE    1.82                      2.84  -1.02     1.86
  SINCE JUN 1      7.22                      6.00   1.22     4.66
  SINCE JAN 1     11.93                     12.36  -0.43    10.95

SNOWFALL (IN)
  YESTERDAY        0.0           T    1999   0.0    0.0      0.0
  MONTH TO DATE    0.0                       0.0    0.0      0.0
  SINCE JUN 1      0.0                       0.0    0.0      0.0
  SINCE JUL 1      0.0                       0.0    0.0      0.0
  SNOW DEPTH       0

DEGREE DAYS
 HEATING
  YESTERDAY        0                         0      0        0
  MONTH TO DATE    0                         0      0        0
  SINCE JUN 1      4                         7     -3        0
  SINCE JUL 1      0                         0      0        0

 COOLING
  YESTERDAY        5                        13     -8       16
  MONTH TO DATE  363                       412    -49      408
  SINCE JUN 1    681                       700    -19      799
  SINCE JAN 1    878                       825     53     1047
..................................................................


WIND (MPH)
  RESULTANT WIND SPEED   8   RESULTANT WIND DIRECTION   N (20)
  HIGHEST WIND SPEED    18   HIGHEST WIND DIRECTION     N (20)
  HIGHEST GUST SPEED    22   HIGHEST GUST DIRECTION     N (20)
  AVERAGE WIND SPEED     9.0


SKY COVER
  AVERAGE SKY COVER 0.3


WEATHER CONDITIONS
 THE FOLLOWING WEATHER WAS RECORDED YESTERDAY.
  FOG


RELATIVE HUMIDITY (PERCENT)
 HIGHEST    97           200 AM
 LOWEST     36           400 PM
 AVERAGE    67

..........................................................


THE AMARILLO CLIMATE NORMALS FOR TODAY
                         NORMAL    RECORD    YEAR
 MAXIMUM TEMPERATURE (F)   91       105      2012
                                             1944
 MINIMUM TEMPERATURE (F)   65        55      1925


SUNRISE AND SUNSET
AUGUST  1 2014........SUNRISE   656 AM CDT   SUNSET   850 PM CDT
AUGUST  2 2014........SUNRISE   657 AM CDT   SUNSET   849 PM CDT


-  INDICATES NEGATIVE NUMBERS.
R  INDICATES RECORD WAS SET OR TIED.
MM INDICATES DATA IS MISSING.
T  INDICATES TRACE AMOUNT.




$$
