000
CDUS42 KJAX 282225
CLIAMG


CLIMATE REPORT
NATIONAL WEATHER SERVICE JACKSONVILLE FL
525 PM EST SUN DEC 28 2014


...................................

...THE ALMA CLIMATE SUMMARY FOR DECEMBER 28 2014...
VALID TODAY AS OF 0500 PM LOCAL TIME.

CLIMATE NORMAL PERIOD 1981 TO 2010
CLIMATE RECORD PERIOD 1948 TO 2014


WEATHER ITEM   OBSERVED TIME   RECORD YEAR NORMAL DEPARTURE LAST
                VALUE   (LST)  VALUE       VALUE  FROM      YEAR
                                                  NORMAL
..................................................................
TEMPERATURE (F)
 TODAY
  MAXIMUM         80R   341 PM  79    2008  61     19       59
                                      1971
  MINIMUM         52    644 AM  20    2010  40     12       44
  AVERAGE         66                        51     15       52

PRECIPITATION (IN)
  TODAY            0.00          2.19 2000   0.11  -0.11      T
  MONTH TO DATE    4.27                      2.94   1.33     1.96
  SINCE DEC 1      4.27                      2.94   1.33     1.96
  SINCE JAN 1     42.12                     46.30  -4.18    51.60

SNOWFALL (IN)
  TODAY            0.0           0.0    MM   0.0    0.0      0.0
  MONTH TO DATE    0.0                       0.1   -0.1      0.0
  SINCE DEC 1      0.0                       0.1   -0.1      0.0
  SINCE JUL 1      0.0                       0.1   -0.1      0.0
  SNOW DEPTH       0

DEGREE DAYS
 HEATING
  TODAY            0                        15    -15       13
  MONTH TO DATE  292                       350    -58      256
  SINCE DEC 1    292                       350    -58      256
  SINCE JUL 1    690                       594     96      531

 COOLING
  TODAY            1                         0      1        0
  MONTH TO DATE    1                         7     -6       30
  SINCE DEC 1      1                         7     -6       30
  SINCE JAN 1   2440                      2472    -32     2350
..................................................................


WIND (MPH)
  HIGHEST WIND SPEED    17   HIGHEST WIND DIRECTION    SW (210)
  HIGHEST GUST SPEED    23   HIGHEST GUST DIRECTION    SW (230)
  AVERAGE WIND SPEED     4.8


SKY COVER
  POSSIBLE SUNSHINE  MM
  AVERAGE SKY COVER 0.4


WEATHER CONDITIONS
 THE FOLLOWING WEATHER WAS RECORDED TODAY.
  FOG
  FOG W/VISIBILITY <= 1/4 MILE


RELATIVE HUMIDITY (PERCENT)
 HIGHEST   100           100 AM
 LOWEST     54           200 PM
 AVERAGE    77

..........................................................


THE ALMA CLIMATE NORMALS FOR TOMORROW
                         NORMAL    RECORD    YEAR
 MAXIMUM TEMPERATURE (F)   61        81      1996
 MINIMUM TEMPERATURE (F)   40        23      1977


SUNRISE AND SUNSET
DECEMBER 28 2014......SUNRISE   728 AM EST   SUNSET   535 PM EST
DECEMBER 29 2014......SUNRISE   729 AM EST   SUNSET   536 PM EST


-  INDICATES NEGATIVE NUMBERS.
R  INDICATES RECORD WAS SET OR TIED.
MM INDICATES DATA IS MISSING.
T  INDICATES TRACE AMOUNT.




$$
