000
CDUS42 KJAX 230531
CLIAMG


CLIMATE REPORT
NATIONAL WEATHER SERVICE JACKSONVILLE FL
1231 AM EST SUN NOV 23 2014


...................................

...THE ALMA CLIMATE SUMMARY FOR NOVEMBER 22 2014...

CLIMATE NORMAL PERIOD 1981 TO 2010
CLIMATE RECORD PERIOD 1948 TO 2014


WEATHER ITEM   OBSERVED TIME   RECORD YEAR NORMAL DEPARTURE LAST
                VALUE   (LST)  VALUE       VALUE  FROM      YEAR
                                                  NORMAL
..................................................................
TEMPERATURE (F)
 YESTERDAY
  MAXIMUM         70    109 PM  83    2011  70      0       77
  MINIMUM         44   1202 AM  26    1981  47     -3       58
  AVERAGE         57                        58     -1       68

PRECIPITATION (IN)
  YESTERDAY        0.10          0.92 2009   0.08   0.02     0.50
  MONTH TO DATE    0.30                      1.78  -1.48     1.12
  SINCE SEP 1      5.34                      8.45  -3.11     3.96
  SINCE JAN 1     33.20                     42.66  -9.46    46.83

SNOWFALL (IN)
  YESTERDAY        0.0           0.0    MM   0.0    0.0      0.0
  MONTH TO DATE    0.0                       0.0    0.0      0.0
  SINCE SEP 1      0.0                       0.0    0.0      0.0
  SINCE JUL 1      0.0                       0.0    0.0      0.0
  SNOW DEPTH       0

DEGREE DAYS
 HEATING
  YESTERDAY        8                         8      0        0
  MONTH TO DATE  259                       124    135      120
  SINCE SEP 1    307                       174    133      164
  SINCE JUL 1    307                       174    133      164

 COOLING
  YESTERDAY        0                         1     -1        3
  MONTH TO DATE    3                        34    -31       24
  SINCE SEP 1    527                       552    -25      543
  SINCE JAN 1   2434                      2459    -25     2320
..................................................................


WIND (MPH)
  HIGHEST WIND SPEED    15   HIGHEST WIND DIRECTION     E (90)
  HIGHEST GUST SPEED    24   HIGHEST GUST DIRECTION     E (80)
  AVERAGE WIND SPEED     8.0


SKY COVER
  POSSIBLE SUNSHINE  MM
  AVERAGE SKY COVER 0.6


WEATHER CONDITIONS
 THE FOLLOWING WEATHER WAS RECORDED YESTERDAY.
  LIGHT RAIN
  FOG


RELATIVE HUMIDITY (PERCENT)
 HIGHEST    87           900 PM
 LOWEST     52          1200 PM
 AVERAGE    70

..........................................................


THE ALMA CLIMATE NORMALS FOR TODAY
                         NORMAL    RECORD    YEAR
 MAXIMUM TEMPERATURE (F)   69        82      2010
 MINIMUM TEMPERATURE (F)   46        22      1956


SUNRISE AND SUNSET
NOVEMBER 23 2014......SUNRISE   705 AM EST   SUNSET   528 PM EST
NOVEMBER 24 2014......SUNRISE   706 AM EST   SUNSET   528 PM EST


-  INDICATES NEGATIVE NUMBERS.
R  INDICATES RECORD WAS SET OR TIED.
MM INDICATES DATA IS MISSING.
T  INDICATES TRACE AMOUNT.




$$
