000
CDUS42 KJAX 252135
CLIAMG


CLIMATE REPORT
NATIONAL WEATHER SERVICE JACKSONVILLE FL
534 PM EDT MON MAY 25 2015


...................................

...THE ALMA CLIMATE SUMMARY FOR MAY 25 2015...
VALID TODAY AS OF 0500 PM LOCAL TIME.

CLIMATE NORMAL PERIOD 1981 TO 2010
CLIMATE RECORD PERIOD 1948 TO 2015


WEATHER ITEM   OBSERVED TIME   RECORD YEAR NORMAL DEPARTURE LAST
                VALUE   (LST)  VALUE       VALUE  FROM      YEAR
                                                  NORMAL
..................................................................
TEMPERATURE (F)
 TODAY
  MAXIMUM         88   1252 PM  99    1962  88      0       92
  MINIMUM         67    459 AM  48    1954  65      2       66
  AVERAGE         78                        76      2       79

PRECIPITATION (IN)
  TODAY            0.12          2.04 1970   0.10   0.02     0.00
  MONTH TO DATE    0.73                      1.84  -1.11     2.10
  SINCE MAR 1      6.89                      9.40  -2.51    12.98
  SINCE JAN 1     12.72                     17.46  -4.74    16.50

SNOWFALL (IN)
  TODAY            0.0           0.0    MM   0.0    0.0      0.0
  MONTH TO DATE    0.0                       0.0    0.0      0.0
  SINCE MAR 1      0.0                       0.0    0.0      0.0
  SINCE JUL 1      0.0                       0.1   -0.1       T
  SNOW DEPTH       0

DEGREE DAYS
 HEATING
  TODAY            0                         0      0        0
  MONTH TO DATE    4                         3      1        3
  SINCE MAR 1    145                       255   -110      340
  SINCE JUL 1   1820                      1656    164     1807

 COOLING
  TODAY           13                        11      2       14
  MONTH TO DATE  225                       204     21      204
  SINCE MAR 1    449                       342    107      298
  SINCE JAN 1    452                       358     94      306
..................................................................


WIND (MPH)
  HIGHEST WIND SPEED    13   HIGHEST WIND DIRECTION    SE (130)
  HIGHEST GUST SPEED    21   HIGHEST GUST DIRECTION    SE (130)
  AVERAGE WIND SPEED     5.6


SKY COVER
  POSSIBLE SUNSHINE  MM
  AVERAGE SKY COVER 0.8


WEATHER CONDITIONS
 THE FOLLOWING WEATHER WAS RECORDED TODAY.
  THUNDERSTORM
  HEAVY RAIN
  RAIN
  LIGHT RAIN
  FOG


RELATIVE HUMIDITY (PERCENT)
 HIGHEST    93           200 AM
 LOWEST     55           100 PM
 AVERAGE    74

..........................................................


THE ALMA CLIMATE NORMALS FOR TOMORROW
                         NORMAL    RECORD    YEAR
 MAXIMUM TEMPERATURE (F)   88        99      1962
 MINIMUM TEMPERATURE (F)   65        47      1979


SUNRISE AND SUNSET
MAY 25 2015...........SUNRISE   628 AM EDT   SUNSET   826 PM EDT
MAY 26 2015...........SUNRISE   628 AM EDT   SUNSET   826 PM EDT


-  INDICATES NEGATIVE NUMBERS.
R  INDICATES RECORD WAS SET OR TIED.
MM INDICATES DATA IS MISSING.
T  INDICATES TRACE AMOUNT.




$$
