000
CDUS42 KJAX 272126
CLIAMG


CLIMATE REPORT
NATIONAL WEATHER SERVICE JACKSONVILLE FL
525 PM EDT THU APR 27 2017


...................................

...THE ALMA CLIMATE SUMMARY FOR APRIL 27 2017...
VALID TODAY AS OF 0500 PM LOCAL TIME.

CLIMATE NORMAL PERIOD 1981 TO 2010
CLIMATE RECORD PERIOD 1948 TO 2017


WEATHER ITEM   OBSERVED TIME   RECORD YEAR NORMAL DEPARTURE LAST
                VALUE   (LST)  VALUE       VALUE  FROM      YEAR
                                                  NORMAL
..................................................................
TEMPERATURE (F)
 TODAY
  MAXIMUM         91    236 PM  96    1986  81     10       89
  MINIMUM         57    304 AM  41    1972  56      1       63
  AVERAGE         74                        69      5       76

PRECIPITATION (IN)
  TODAY            0.00          1.55 1964   0.08  -0.08     0.00
  MONTH TO DATE    2.46                      2.59  -0.13     3.31
  SINCE MAR 1      3.00                      7.34  -4.34     6.18
  SINCE JAN 1     11.13                     15.40  -4.27    15.43

SNOWFALL (IN)
  TODAY            0.0           0.0    MM   0.0    0.0      0.0
  MONTH TO DATE    0.0                       0.0    0.0      0.0
  SINCE MAR 1      0.0                       0.0    0.0      0.0
  SINCE JUL 1      0.0                       0.1   -0.1      0.0
  SNOW DEPTH       0

DEGREE DAYS
 HEATING
  TODAY            0                         1     -1        0
  MONTH TO DATE   27                        60    -33       56
  SINCE MAR 1    224                       248    -24      169
  SINCE JUL 1   1080                      1649   -569     1267

 COOLING
  TODAY            9                         5      4       11
  MONTH TO DATE  128                        85     43       55
  SINCE MAR 1    191                       123     68      135
  SINCE JAN 1    246                       139    107      148
..................................................................


WIND (MPH)
  HIGHEST WIND SPEED    20   HIGHEST WIND DIRECTION     S (180)
  HIGHEST GUST SPEED    27   HIGHEST GUST DIRECTION     S (160)
  AVERAGE WIND SPEED     7.6


SKY COVER
  POSSIBLE SUNSHINE  MM
  AVERAGE SKY COVER 0.5


WEATHER CONDITIONS
 THE FOLLOWING WEATHER WAS RECORDED TODAY.
  HAZE


RELATIVE HUMIDITY (PERCENT)
 HIGHEST    93           200 AM
 LOWEST     41           200 PM
 AVERAGE    67

..........................................................


THE ALMA CLIMATE NORMALS FOR TOMORROW
                         NORMAL    RECORD    YEAR
 MAXIMUM TEMPERATURE (F)   82        92      1970
 MINIMUM TEMPERATURE (F)   57        41      2004


SUNRISE AND SUNSET
APRIL 27 2017.........SUNRISE   648 AM EDT   SUNSET   807 PM EDT
APRIL 28 2017.........SUNRISE   647 AM EDT   SUNSET   808 PM EDT


-  INDICATES NEGATIVE NUMBERS.
R  INDICATES RECORD WAS SET OR TIED.
MM INDICATES DATA IS MISSING.
T  INDICATES TRACE AMOUNT.




$$
