000
CDUS42 KJAX 210631
CLIAMG


CLIMATE REPORT
NATIONAL WEATHER SERVICE JACKSONVILLE FL
130 AM EST SUN JAN 21 2018


...................................

...THE ALMA CLIMATE SUMMARY FOR JANUARY 20 2018...

CLIMATE NORMAL PERIOD 1981 TO 2010
CLIMATE RECORD PERIOD 1948 TO 2018


WEATHER ITEM   OBSERVED TIME   RECORD YEAR NORMAL DEPARTURE LAST
                VALUE   (LST)  VALUE       VALUE  FROM      YEAR
                                                  NORMAL
..................................................................
TEMPERATURE (F)
 YESTERDAY
  MAXIMUM         64    257 PM  78    1951  62      2       77
  MINIMUM         29    738 AM  18    1971  40    -11       63
  AVERAGE         47                        51     -4       70

PRECIPITATION (IN)
  YESTERDAY        0.00          1.93 1963   0.14  -0.14     0.05
  MONTH TO DATE    0.90                      2.65  -1.75     1.96
  SINCE DEC 1      2.76                      5.94  -3.18     6.68
  SINCE JAN 1      0.90                      2.65  -1.75     1.96

SNOWFALL (IN)
  YESTERDAY        0.0           0.0    MM   0.0    0.0      0.0
  MONTH TO DATE    3.0                       0.0    3.0      0.0
  SINCE DEC 1      3.0                       0.1    2.9      0.0
  SINCE JUL 1      3.0                       0.1    2.9      0.0
  SNOW DEPTH       0

DEGREE DAYS
 HEATING
  YESTERDAY       18                        14      4        0
  MONTH TO DATE  424                       298    126      147
  SINCE DEC 1    795                       694    101      415
  SINCE JUL 1   1006                       938     68      603

 COOLING
  YESTERDAY        0                         0      0        5
  MONTH TO DATE    5                         0      5       22
  SINCE DEC 1     18                        11      7       35
  SINCE JAN 1      5                         0      5       22
..................................................................


WIND (MPH)
  HIGHEST WIND SPEED     9   HIGHEST WIND DIRECTION     W (250)
  HIGHEST GUST SPEED    14   HIGHEST GUST DIRECTION    SW (240)
  AVERAGE WIND SPEED     1.1


SKY COVER
  POSSIBLE SUNSHINE  MM
  AVERAGE SKY COVER 0.0


WEATHER CONDITIONS
 THE FOLLOWING WEATHER WAS RECORDED YESTERDAY.
  FOG
  HAZE


RELATIVE HUMIDITY (PERCENT)
 HIGHEST    92           600 AM
 LOWEST     16           100 PM
 AVERAGE    54

..........................................................


THE ALMA CLIMATE NORMALS FOR TODAY
                         NORMAL    RECORD    YEAR
 MAXIMUM TEMPERATURE (F)   62        81      1959
 MINIMUM TEMPERATURE (F)   40        -1      1985


SUNRISE AND SUNSET
JANUARY 21 2018.......SUNRISE   728 AM EST   SUNSET   555 PM EST
JANUARY 22 2018.......SUNRISE   728 AM EST   SUNSET   556 PM EST


-  INDICATES NEGATIVE NUMBERS.
R  INDICATES RECORD WAS SET OR TIED.
MM INDICATES DATA IS MISSING.
T  INDICATES TRACE AMOUNT.




$$
