000
CDUS42 KJAX 280531
CLIAMG


CLIMATE REPORT
NATIONAL WEATHER SERVICE JACKSONVILLE FL
130 AM EDT SAT MAR 28 2015


...................................

...THE ALMA CLIMATE SUMMARY FOR MARCH 27 2015...

CLIMATE NORMAL PERIOD 1981 TO 2010
CLIMATE RECORD PERIOD 1948 TO 2015


WEATHER ITEM   OBSERVED TIME   RECORD YEAR NORMAL DEPARTURE LAST
                VALUE   (LST)  VALUE       VALUE  FROM      YEAR
                                                  NORMAL
..................................................................
TEMPERATURE (F)
 YESTERDAY
  MAXIMUM         71        MM  86    1994  75     -4       71
  MINIMUM         50        MM  24    1955  50      0       34
  AVERAGE         61                        62     -1       53

PRECIPITATION (IN)
  YESTERDAY        0.01          1.60 2005   0.15  -0.14     0.00
  MONTH TO DATE    2.51                      4.18  -1.67     2.98
  SINCE MAR 1      2.51                      4.18  -1.67     2.98
  SINCE JAN 1      8.34                     12.24  -3.90     6.50

SNOWFALL (IN)
  YESTERDAY        0.0           0.0    MM   0.0    0.0      0.0
  MONTH TO DATE    0.0                       0.0    0.0      0.0
  SINCE MAR 1      0.0                       0.0    0.0      0.0
  SINCE JUL 1      0.0                       0.1   -0.1       T
  SNOW DEPTH       0

DEGREE DAYS
 HEATING
  YESTERDAY        4                         4      0       12
  MONTH TO DATE   95                       172    -77      264
  SINCE MAR 1     95                       172    -77      264
  SINCE JUL 1   1770                      1573    197     1731

 COOLING
  YESTERDAY        0                         2     -2        0
  MONTH TO DATE   51                        29     22        1
  SINCE MAR 1     51                        29     22        1
  SINCE JAN 1     54                        45      9        9
..................................................................


WIND (MPH)
  HIGHEST WIND SPEED    15   HIGHEST WIND DIRECTION    NW (310)
  HIGHEST GUST SPEED    27   HIGHEST GUST DIRECTION     W (290)
  AVERAGE WIND SPEED     8.9


SKY COVER
  POSSIBLE SUNSHINE  MM
  AVERAGE SKY COVER 0.6


WEATHER CONDITIONS
 THE FOLLOWING WEATHER WAS RECORDED YESTERDAY.
  LIGHT RAIN
  FOG


RELATIVE HUMIDITY (PERCENT)
 HIGHEST   100           100 AM
 LOWEST     47           600 PM
 AVERAGE    74

..........................................................


THE ALMA CLIMATE NORMALS FOR TODAY
                         NORMAL    RECORD    YEAR
 MAXIMUM TEMPERATURE (F)   75        87      2007
 MINIMUM TEMPERATURE (F)   50        25      1955


SUNRISE AND SUNSET
MARCH 28 2015.........SUNRISE   724 AM EDT   SUNSET   747 PM EDT
MARCH 29 2015.........SUNRISE   723 AM EDT   SUNSET   747 PM EDT


-  INDICATES NEGATIVE NUMBERS.
R  INDICATES RECORD WAS SET OR TIED.
MM INDICATES DATA IS MISSING.
T  INDICATES TRACE AMOUNT.




$$
