000
CDUS44 KBMX 280739
CLIANB


CLIMATE REPORT
NATIONAL WEATHER SERVICE BIRMINGHAM, AL
239 AM CDT TUE MAR 28 2017


...................................

...THE ANNISTON CLIMATE SUMMARY FOR MARCH 27 2017...

CLIMATE NORMAL PERIOD 1981 TO 2010
CLIMATE RECORD PERIOD 1903 TO 2017


WEATHER ITEM   OBSERVED TIME   RECORD YEAR NORMAL DEPARTURE LAST
                VALUE   (LST)  VALUE       VALUE  FROM      YEAR
                                                  NORMAL
..................................................................
TEMPERATURE (F)
 YESTERDAY
  MAXIMUM         80    309 PM  84    1994  69     11       67
  MINIMUM         56    255 AM  18    1955  45     11       59
  AVERAGE         68                        57     11       63

PRECIPITATION (IN)
  YESTERDAY        0.22          1.48 1976   0.15   0.07     0.36
  MONTH TO DATE    3.30                      4.36  -1.06     2.88
  SINCE MAR 1      3.30                      4.36  -1.06     2.88
  SINCE JAN 1     13.82                     13.96  -0.14    11.72

SNOWFALL (IN)
  YESTERDAY        0.0                       0.0             0.0
  MONTH TO DATE    0.0                       0.7             0.0
  SINCE MAR 1      0.0                       0.7             0.0
  SINCE JUL 1      0.0                       1.8              T

DEGREE DAYS
 HEATING
  YESTERDAY        0
  MONTH TO DATE  272
  SINCE MAR 1    272
  SINCE JUL 1   1745
..................................................................


WIND (MPH)
  HIGHEST WIND SPEED    20   HIGHEST WIND DIRECTION     S (170)
  HIGHEST GUST SPEED    28   HIGHEST GUST DIRECTION     S (160)
  AVERAGE WIND SPEED     5.5


SKY COVER
  AVERAGE SKY COVER 0.4


WEATHER CONDITIONS
 THE FOLLOWING WEATHER WAS RECORDED YESTERDAY.
  THUNDERSTORM
  LIGHT RAIN
  FOG


RELATIVE HUMIDITY (PERCENT)
 HIGHEST   100
 LOWEST     47
 AVERAGE    74

..........................................................


THE ANNISTON CLIMATE NORMALS FOR TODAY
                         NORMAL    RECORD    YEAR
 MAXIMUM TEMPERATURE (F)   70        84      1989
 MINIMUM TEMPERATURE (F)   45        30      1969
                                             1955


SUNRISE AND SUNSET
MARCH 28 2017.........SUNRISE   636 AM CDT   SUNSET   701 PM CDT
MARCH 29 2017.........SUNRISE   635 AM CDT   SUNSET   702 PM CDT


-  INDICATES NEGATIVE NUMBERS.
R  INDICATES RECORD WAS SET OR TIED.
MM INDICATES DATA IS MISSING.
T  INDICATES TRACE AMOUNT.




$$
