000
CDUS44 KBMX 100837
CLIANB


CLIMATE REPORT
NATIONAL WEATHER SERVICE BIRMINGHAM, AL
235 AM CST WED FEB 10 2016


...................................

...THE ANNISTON CLIMATE SUMMARY FOR FEBRUARY 9 2016...

CLIMATE NORMAL PERIOD 1981 TO 2010
CLIMATE RECORD PERIOD 1903 TO 2016


WEATHER ITEM   OBSERVED TIME   RECORD YEAR NORMAL DEPARTURE LAST
                VALUE   (LST)  VALUE       VALUE  FROM      YEAR
                                                  NORMAL
..................................................................
TEMPERATURE (F)
 YESTERDAY
  MAXIMUM         39   1242 AM  80    1965  57    -18       65
  MINIMUM         27   1149 PM  13    1971  35     -8       40
  AVERAGE         33                        46    -13       53

PRECIPITATION (IN)
  YESTERDAY        T             3.68 1946   0.18  -0.18     0.09
  MONTH TO DATE    0.94                      1.58  -0.64     0.68
  SINCE DEC 1     13.42                     10.22   3.20    12.40
  SINCE JAN 1      4.13                      6.10  -1.97     6.18

SNOWFALL (IN)
  YESTERDAY        T                         0.0             0.0
  MONTH TO DATE    T                         0.2             0.0
  SINCE DEC 1      T                         0.9             0.0
  SINCE JUL 1      T                         0.9             0.0

DEGREE DAYS
 HEATING
  YESTERDAY       32
  MONTH TO DATE  156
  SINCE DEC 1   1135
  SINCE JUL 1   1426
..................................................................


WIND (MPH)
  HIGHEST WIND SPEED    22   HIGHEST WIND DIRECTION     W (270)
  HIGHEST GUST SPEED    32   HIGHEST GUST DIRECTION     W (250)
  AVERAGE WIND SPEED     9.8


SKY COVER
  AVERAGE SKY COVER 0.7


WEATHER CONDITIONS
 THE FOLLOWING WEATHER WAS RECORDED YESTERDAY.
  LIGHT SNOW


RELATIVE HUMIDITY (PERCENT)
 HIGHEST    63
 LOWEST     40
 AVERAGE    52

..........................................................


THE ANNISTON CLIMATE NORMALS FOR TODAY
                         NORMAL    RECORD    YEAR
 MAXIMUM TEMPERATURE (F)   57        77      1957
 MINIMUM TEMPERATURE (F)   35        11      1971


SUNRISE AND SUNSET
FEBRUARY 10 2016......SUNRISE   633 AM CST   SUNSET   523 PM CST
FEBRUARY 11 2016......SUNRISE   632 AM CST   SUNSET   524 PM CST


-  INDICATES NEGATIVE NUMBERS.
R  INDICATES RECORD WAS SET OR TIED.
MM INDICATES DATA IS MISSING.
T  INDICATES TRACE AMOUNT.




$$
