000
CDUS44 KBMX 210741
CLIANB


CLIMATE REPORT
NATIONAL WEATHER SERVICE BIRMINGHAM, AL
241 AM CDT MON AUG 21 2017


...................................

...THE ANNISTON CLIMATE SUMMARY FOR AUGUST 20 2017...

CLIMATE NORMAL PERIOD 1981 TO 2010
CLIMATE RECORD PERIOD 1903 TO 2017


WEATHER ITEM   OBSERVED TIME   RECORD YEAR NORMAL DEPARTURE LAST
                VALUE   (LST)  VALUE       VALUE  FROM      YEAR
                                                  NORMAL
..................................................................
TEMPERATURE (F)
 YESTERDAY
  MAXIMUM         93    224 PM 102    1983  90      3       90
  MINIMUM         70    525 AM  60    1961  70      0       73
  AVERAGE         82                        80      2       82

PRECIPITATION (IN)
  YESTERDAY        0.00          2.15 1988   0.11  -0.11     0.05
  MONTH TO DATE    4.22                      2.19   2.03     1.56
  SINCE JUN 1     16.89                     10.89   6.00     6.14
  SINCE JAN 1     42.81                     33.82   8.99    25.86

..................................................................


WIND (MPH)
  HIGHEST WIND SPEED     9   HIGHEST WIND DIRECTION     E (70)
  HIGHEST GUST SPEED    12   HIGHEST GUST DIRECTION     E (110)
  AVERAGE WIND SPEED     2.1


SKY COVER
  AVERAGE SKY COVER 0.1


WEATHER CONDITIONS
 THE FOLLOWING WEATHER WAS RECORDED YESTERDAY.
  NO SIGNIFICANT WEATHER WAS OBSERVED.


RELATIVE HUMIDITY (PERCENT)
 HIGHEST    94
 LOWEST     47
 AVERAGE    71

..........................................................


THE ANNISTON CLIMATE NORMALS FOR TODAY
                         NORMAL    RECORD    YEAR
 MAXIMUM TEMPERATURE (F)   90       106      1983
 MINIMUM TEMPERATURE (F)   69        58      1991


SUNRISE AND SUNSET
AUGUST 21 2017........SUNRISE   610 AM CDT   SUNSET   722 PM CDT
AUGUST 22 2017........SUNRISE   611 AM CDT   SUNSET   721 PM CDT


-  INDICATES NEGATIVE NUMBERS.
R  INDICATES RECORD WAS SET OR TIED.
MM INDICATES DATA IS MISSING.
T  INDICATES TRACE AMOUNT.




$$
