000
CDUS44 KBMX 190741
CLIANB


CLIMATE REPORT
NATIONAL WEATHER SERVICE BIRMINGHAM, AL
241 AM CDT THU OCT 19 2017


...................................

...THE ANNISTON CLIMATE SUMMARY FOR OCTOBER 18 2017...

CLIMATE NORMAL PERIOD 1981 TO 2010
CLIMATE RECORD PERIOD 1903 TO 2017


WEATHER ITEM   OBSERVED TIME   RECORD YEAR NORMAL DEPARTURE LAST
                VALUE   (LST)  VALUE       VALUE  FROM      YEAR
                                                  NORMAL
..................................................................
TEMPERATURE (F)
 YESTERDAY
  MAXIMUM         73    303 PM  89    2016  74     -1       89
  MINIMUM         47    610 AM  32    1948  50     -3       58
  AVERAGE         60                        62     -2       74

PRECIPITATION (IN)
  YESTERDAY        0.00          3.05 1966   0.10  -0.10     0.00
  MONTH TO DATE    5.04                      1.75   3.29     0.00
  SINCE SEP 1      9.02                      4.68   4.34     0.61
  SINCE JAN 1     53.32                     39.60  13.72    26.47

SNOWFALL (IN)
  YESTERDAY        0.0                       0.0             0.0
  MONTH TO DATE    0.0                       0.0             0.0
  SINCE SEP 1      0.0                       0.0             0.0
  SINCE JUL 1      0.0                       0.0             0.0

DEGREE DAYS
 HEATING
  YESTERDAY        5
  MONTH TO DATE   15
  SINCE SEP 1     24
  SINCE JUL 1     24
..................................................................


WIND (MPH)
  HIGHEST WIND SPEED    12   HIGHEST WIND DIRECTION     E (80)
  HIGHEST GUST SPEED    15   HIGHEST GUST DIRECTION     E (90)
  AVERAGE WIND SPEED     5.3


SKY COVER
  AVERAGE SKY COVER 0.0


WEATHER CONDITIONS
 THE FOLLOWING WEATHER WAS RECORDED YESTERDAY.
  NO SIGNIFICANT WEATHER WAS OBSERVED.


RELATIVE HUMIDITY (PERCENT)
 HIGHEST    93
 LOWEST     35
 AVERAGE    64

..........................................................


THE ANNISTON CLIMATE NORMALS FOR TODAY
                         NORMAL    RECORD    YEAR
 MAXIMUM TEMPERATURE (F)   74        90      2016
 MINIMUM TEMPERATURE (F)   50        30      1948


SUNRISE AND SUNSET
OCTOBER 19 2017.......SUNRISE   651 AM CDT   SUNSET   605 PM CDT
OCTOBER 20 2017.......SUNRISE   652 AM CDT   SUNSET   603 PM CDT


-  INDICATES NEGATIVE NUMBERS.
R  INDICATES RECORD WAS SET OR TIED.
MM INDICATES DATA IS MISSING.
T  INDICATES TRACE AMOUNT.




$$
