000
CDUS44 KBMX 170836
CLIANB


CLIMATE REPORT
NATIONAL WEATHER SERVICE BIRMINGHAM, AL
236 AM CST SUN DEC 17 2017


...................................

...THE ANNISTON CLIMATE SUMMARY FOR DECEMBER 16 2017...

CLIMATE NORMAL PERIOD 1981 TO 2010
CLIMATE RECORD PERIOD 1903 TO 2017


WEATHER ITEM   OBSERVED TIME   RECORD YEAR NORMAL DEPARTURE LAST
                VALUE   (LST)  VALUE       VALUE  FROM      YEAR
                                                  NORMAL
..................................................................
TEMPERATURE (F)
 YESTERDAY
  MAXIMUM         54    249 PM  77    1971  55     -1       56
  MINIMUM         22    319 AM  13    1989  35    -13       28
  AVERAGE         38                        45     -7       42

PRECIPITATION (IN)
  YESTERDAY        0.00          1.66 1992   0.13  -0.13     0.00
  MONTH TO DATE    1.54                      2.27  -0.73     1.49
  SINCE DEC 1      1.54                      2.27  -0.73     1.49
  SINCE JAN 1     57.99                     47.82  10.17    30.98

SNOWFALL (IN)
  YESTERDAY        0.0                       0.0             0.0
  MONTH TO DATE    0.0                       0.0             0.0
  SINCE DEC 1      0.0                       0.0             0.0
  SINCE JUL 1      0.0                       0.0             0.0

DEGREE DAYS
 HEATING
  YESTERDAY       27
  MONTH TO DATE  326
  SINCE DEC 1    326
  SINCE JUL 1    782
..................................................................


WIND (MPH)
  HIGHEST WIND SPEED     8   HIGHEST WIND DIRECTION     S (200)
  HIGHEST GUST SPEED    10   HIGHEST GUST DIRECTION     S (200)
  AVERAGE WIND SPEED     1.9


SKY COVER
  AVERAGE SKY COVER 0.0


WEATHER CONDITIONS
 THE FOLLOWING WEATHER WAS RECORDED YESTERDAY.
  FOG


RELATIVE HUMIDITY (PERCENT)
 HIGHEST    92
 LOWEST     35
 AVERAGE    64

..........................................................


THE ANNISTON CLIMATE NORMALS FOR TODAY
                         NORMAL    RECORD    YEAR
 MAXIMUM TEMPERATURE (F)   55        75      1990
                                             1984
 MINIMUM TEMPERATURE (F)   35        14      1945


SUNRISE AND SUNSET
DECEMBER 17 2017......SUNRISE   642 AM CST   SUNSET   438 PM CST
DECEMBER 18 2017......SUNRISE   642 AM CST   SUNSET   438 PM CST


-  INDICATES NEGATIVE NUMBERS.
R  INDICATES RECORD WAS SET OR TIED.
MM INDICATES DATA IS MISSING.
T  INDICATES TRACE AMOUNT.




$$
