000
CDAK48 PAFC 311240
CLIANC

CLIMATE REPORT
NATIONAL WEATHER SERVICE ANCHORAGE, AK
439 AM AKDT THU JUL 31 2014


...................................

...THE ANCHORAGE AK CLIMATE SUMMARY FOR JULY 30 2014...

CLIMATE NORMAL PERIOD 1981 TO 2010
CLIMATE RECORD PERIOD 1915 TO 2014


WEATHER ITEM   OBSERVED RECORD YEAR NORMAL DEPARTURE LAST
                VALUE   VALUE       VALUE  FROM      YEAR
                                           NORMAL
...........................................................
TEMPERATURE (F)
 YESTERDAY
  MAXIMUM         74     78    2002  66      8       73
  MINIMUM         52     41    1916  53     -1       55
  AVERAGE         63                 59      4       64

PRECIPITATION (IN)
  YESTERDAY        0.00   0.64 1987   0.08  -0.08
  MONTH TO DATE    3.23               1.75   1.48
  SINCE JUN 1      6.56               2.72   3.84
  SINCE JAN 1      9.79               5.96   3.83

SNOWFALL (IN)
  YESTERDAY        0.0    0.0    MM   0.0    0.0
  MONTH TO DATE    0.0                0.0    0.0
  SINCE JUN 1      0.0                0.0    0.0
  SINCE JUL 1      0.0                0.0    0.0
  SNOW DEPTH       0

DEGREE DAYS
 HEATING
  YESTERDAY        2                        -4
  MONTH TO DATE  149                       -40
  SINCE JUN 1    477                        -5
  SINCE JUL 1    149                       -40

 COOLING
  YESTERDAY        0                         0
  MONTH TO DATE    3                         3
  SINCE JUN 1      3                         3
  SINCE JAN 1      3                         3
...........................................................


WIND (MPH)
  HIGHEST WIND SPEED    13   HIGHEST WIND DIRECTION     S (160)
  HIGHEST GUST SPEED    30   HIGHEST GUST DIRECTION     S (170)
  AVERAGE WIND SPEED     6.7




RELATIVE HUMIDITY (PERCENT)
 HIGHEST    89
 LOWEST     44
 AVERAGE    67

..........................................................


THE ANCHORAGE AK CLIMATE NORMALS FOR TODAY
                         NORMAL    RECORD    YEAR
 MAXIMUM TEMPERATURE (F)   65        79      2002
 MINIMUM TEMPERATURE (F)   53        39      1951


SUNRISE AND SUNSET
JULY 31 2014..........SUNRISE   531 AM AKDT  SUNSET  1040 PM AKDT
AUGUST  1 2014........SUNRISE   533 AM AKDT  SUNSET  1038 PM AKDT

CIVIL TWILIGHT
JULY 31 2014            START   424 AM AKDT     END  1146 PM AKDT
AUGUST 1 2014           START   428 AM AKDT     END  1143 PM AKDT



-  INDICATES NEGATIVE NUMBERS.
R  INDICATES RECORD WAS SET OR TIED.
MM INDICATES DATA IS MISSING.
T  INDICATES TRACE AMOUNT.




$$
&&
------------------------------------------------------
AMOUNT OF DAYLIGHT TODAY  (HOUR:MIN)........17:10
GAIN/LOSS SINCE YESTERDAY (HOUR:MIN:SEC)....-0:05:09
