000
CDAK48 PAFC 031227
CLIANC

CLIMATE REPORT
NATIONAL WEATHER SERVICE ANCHORAGE, AK
427 AM AKDT MON AUG 3 2015


...................................

...THE ANCHORAGE AK CLIMATE SUMMARY FOR AUGUST 2 2015...

CLIMATE NORMAL PERIOD 1981 TO 2010
CLIMATE RECORD PERIOD 1952 TO 2015


WEATHER ITEM   OBSERVED RECORD YEAR NORMAL DEPARTURE LAST
                VALUE   VALUE       VALUE  FROM      YEAR
                                           NORMAL
...........................................................
TEMPERATURE (F)
 YESTERDAY
  MAXIMUM         73     82    1978  65      8       68
  MINIMUM         57     44    2009  52      5       52
  AVERAGE         65                 59      6       60

PRECIPITATION (IN)
  YESTERDAY        0.00   0.80 1953   0.09  -0.09
  MONTH TO DATE    0.00               0.17  -0.17
  SINCE JUN 1      3.27               2.97   0.30
  SINCE JAN 1      6.33               6.21   0.12

SNOWFALL (IN)
  YESTERDAY        0.0    0.0    MM   0.0    0.0
  MONTH TO DATE    0.0                0.0    0.0
  SINCE JUN 1      0.0                0.0    0.0
  SINCE JUL 1      0.0                0.0    0.0
  SNOW DEPTH       0

DEGREE DAYS
 HEATING
  YESTERDAY        0                        -6
  MONTH TO DATE    0                       -12
  SINCE JUN 1    266                      -233
  SINCE JUL 1     93                      -113

 COOLING
  YESTERDAY        0                         0
  MONTH TO DATE    2                         2
  SINCE JUN 1     28                        26
  SINCE JAN 1     28                        26
...........................................................


WIND (MPH)
  HIGHEST WIND SPEED    10   HIGHEST WIND DIRECTION     S (160)
  HIGHEST GUST SPEED    MM   HIGHEST GUST DIRECTION    MM
  AVERAGE WIND SPEED     5.2




RELATIVE HUMIDITY (PERCENT)
 HIGHEST    78
 LOWEST     53
 AVERAGE    66

..........................................................


THE ANCHORAGE AK CLIMATE NORMALS FOR TODAY
                         NORMAL    RECORD    YEAR
 MAXIMUM TEMPERATURE (F)   65        76      1999
                                             1994
 MINIMUM TEMPERATURE (F)   52        41      1991


SUNRISE AND SUNSET
AUGUST  3 2015........SUNRISE   538 AM AKDT  SUNSET  1033 PM AKDT
AUGUST  4 2015........SUNRISE   540 AM AKDT  SUNSET  1030 PM AKDT

CIVIL TWILIGHT
AUGUST 3 2015           START   434 AM AKDT     END  1136 PM AKDT
AUGUST 4 2015           START   438 AM AKDT     END  1133 PM AKDT



-  INDICATES NEGATIVE NUMBERS.
R  INDICATES RECORD WAS SET OR TIED.
MM INDICATES DATA IS MISSING.
T  INDICATES TRACE AMOUNT.




$$
&&
------------------------------------------------------
AMOUNT OF DAYLIGHT TODAY  (HOUR:MIN)........16:55
GAIN/LOSS SINCE YESTERDAY (HOUR:MIN:SEC)....-0:05:16
