000
CDAK48 PAFC 051851
CLIANC

CLIMATE REPORT
NATIONAL WEATHER SERVICE ANCHORAGE, AK
1051 AM AKDT SUN JUL 5 2015


...................................

...THE ANCHORAGE AK CLIMATE SUMMARY FOR JULY 4 2015...

CLIMATE NORMAL PERIOD 1981 TO 2010
CLIMATE RECORD PERIOD 1952 TO 2015


WEATHER ITEM   OBSERVED RECORD YEAR NORMAL DEPARTURE LAST
                VALUE   VALUE       VALUE  FROM      YEAR
                                           NORMAL
...........................................................
TEMPERATURE (F)
 YESTERDAY
  MAXIMUM         66     77    1999  65      1       75
  MINIMUM         61     43    1952  51     10       56
  AVERAGE         64                 58      6       66

PRECIPITATION (IN)
  YESTERDAY        0.02   1.52 2001   0.04  -0.02
  MONTH TO DATE    0.02               0.17  -0.15
  SINCE JUN 1      0.95               1.14  -0.19
  SINCE JAN 1      4.01               4.38  -0.37

SNOWFALL (IN)
  YESTERDAY        0.0    0.0    MM   0.0    0.0
  MONTH TO DATE    0.0                0.0    0.0
  SINCE JUN 1      0.0                0.0    0.0
  SINCE JUL 1      0.0                0.0    0.0
  SNOW DEPTH       0

DEGREE DAYS
 HEATING
  YESTERDAY        1                        -6
  MONTH TO DATE   18                       -10
  SINCE JUN 1    191                      -130
  SINCE JUL 1     18                       -10

 COOLING
  YESTERDAY        0                         0
  MONTH TO DATE    0                         0
  SINCE JUN 1     16                        16
  SINCE JAN 1     16                        16
...........................................................


WIND (MPH)
  HIGHEST WIND SPEED    16   HIGHEST WIND DIRECTION    SE (140)
  HIGHEST GUST SPEED    25   HIGHEST GUST DIRECTION    SE (150)
  AVERAGE WIND SPEED     7.7




RELATIVE HUMIDITY (PERCENT)
 HIGHEST    65
 LOWEST     42
 AVERAGE    54

..........................................................


THE ANCHORAGE AK CLIMATE NORMALS FOR TODAY
                         NORMAL    RECORD    YEAR
 MAXIMUM TEMPERATURE (F)   65        77      1999
 MINIMUM TEMPERATURE (F)   51        39      1956


SUNRISE AND SUNSET
JULY  5 2015..........SUNRISE   434 AM AKDT  SUNSET  1135 PM AKDT
JULY  6 2015..........SUNRISE   435 AM AKDT  SUNSET  1133 PM AKDT

CIVIL TWILIGHT
JULY 5 2015             START   217 AM AKDT     END   142 AM AKDT
JULY 6 2015             START   229 AM AKDT     END   134 AM AKDT



-  INDICATES NEGATIVE NUMBERS.
R  INDICATES RECORD WAS SET OR TIED.
MM INDICATES DATA IS MISSING.
T  INDICATES TRACE AMOUNT.




$$
&&
------------------------------------------------------
AMOUNT OF DAYLIGHT TODAY  (HOUR:MIN)........19:01
GAIN/LOSS SINCE YESTERDAY (HOUR:MIN:SEC)....-0:02:39

-
