235
CDAK48 PAFC 270054
CLIANC


CLIMATE REPORT
NATIONAL WEATHER SERVICE ANCHORAGE, AK
454 PM AKDT SUN MAR 26 2017


...................................

...THE ANCHORAGE AK CLIMATE SUMMARY FOR MARCH 26 2017...
VALID TODAY AS OF 0400 PM LOCAL TIME.

CLIMATE NORMAL PERIOD 1981 TO 2010
CLIMATE RECORD PERIOD 1952 TO 2017


WEATHER ITEM   OBSERVED TIME   RECORD YEAR NORMAL DEPARTURE LAST
                VALUE   (LST)  VALUE       VALUE  FROM      YEAR
                                                  NORMAL
..................................................................
TEMPERATURE (F)
 TODAY
  MAXIMUM         33    100 PM  50    1984  37     -4       41
  MINIMUM         16        MM   2    2013  22     -6       28
                                      1961
  AVERAGE         25                        29     -4       35

PRECIPITATION (IN)
  TODAY            0.00          0.37 1986   0.01  -0.01     0.00
  MONTH TO DATE    0.00                      0.51  -0.51     0.81
  SINCE MAR 1      0.00                      0.51  -0.51     0.81
  SINCE JAN 1      2.70                      1.96   0.74     1.39

SNOWFALL (IN)
  TODAY            0.0           7.0  1986   0.3   -0.3      0.0
  MONTH TO DATE    0.0                       8.5   -8.5     10.7
  SINCE MAR 1      0.0                       8.5   -8.5     10.7
  SINCE JUL 1     72.1                      68.8    3.3     38.3
  SNOW DEPTH      20

DEGREE DAYS
 HEATING
  TODAY           40                        36      4       30
  MONTH TO DATE 1231                      1018    213      843
  SINCE MAR 1   1231                      1018    213      843
  SINCE JUL 1   8269                      8347    -78     7179

 COOLING
  TODAY            0                         0      0        0
  MONTH TO DATE    0                         0      0        0
  SINCE MAR 1      0                         0      0        0
  SINCE JAN 1      0                         0      0        0
..................................................................


WIND (MPH)
  RESULTANT WIND SPEED   8   RESULTANT WIND DIRECTION   N (0)
  HIGHEST WIND SPEED    13   HIGHEST WIND DIRECTION     N (340)
  HIGHEST GUST SPEED    MM   HIGHEST GUST DIRECTION    MM
  AVERAGE WIND SPEED     9.0


SKY COVER
  POSSIBLE SUNSHINE  MM
  AVERAGE SKY COVER 0.7


WEATHER CONDITIONS
 THE FOLLOWING WEATHER WAS RECORDED TODAY.
  NO SIGNIFICANT WEATHER WAS OBSERVED.


RELATIVE HUMIDITY (PERCENT)
 HIGHEST    65          1200 AM
 LOWEST     46          1100 AM
 AVERAGE    56

..........................................................


THE ANCHORAGE AK CLIMATE NORMALS FOR TOMORROW
                         NORMAL    RECORD    YEAR
 MAXIMUM TEMPERATURE (F)   37        48      2015
                                             1996
 MINIMUM TEMPERATURE (F)   22         0      2013


SUNRISE AND SUNSET
MARCH 26 2017.........SUNRISE   741 AM AKDT  SUNSET   832 PM AKDT
MARCH 27 2017.........SUNRISE   738 AM AKDT  SUNSET   834 PM AKDT


-  INDICATES NEGATIVE NUMBERS.
R  INDICATES RECORD WAS SET OR TIED.
MM INDICATES DATA IS MISSING.
T  INDICATES TRACE AMOUNT.




$$
