000
CDAK48 PAFC 020044
CLIANC

CLIMATE REPORT
NATIONAL WEATHER SERVICE ANCHORAGE, AK
343 PM AKST SUN MAR 1 2015


...................................

...THE ANCHORAGE AK CLIMATE SUMMARY FOR MARCH 1 2015...
VALID TODAY AS OF 0300 PM LOCAL TIME.

CLIMATE NORMAL PERIOD 1981 TO 2010
CLIMATE RECORD PERIOD 1952 TO 2015


WEATHER ITEM   OBSERVED RECORD YEAR NORMAL DEPARTURE LAST
                VALUE   VALUE       VALUE  FROM      YEAR
                                           NORMAL
...........................................................
TEMPERATURE (F)
 TODAY
  MAXIMUM         31     43    2003  30      1       38
                               1968
                               1958
  MINIMUM         26    -21    1956  16     10       23
  AVERAGE         29                 23              31

PRECIPITATION (IN)
  TODAY            T      0.23 1994   0.02  -0.02     0.00
  MONTH TO DATE    T                  0.02  -0.02     0.00
  SINCE MAR 1      T                  0.02  -0.02     0.00
  SINCE JAN 1      1.08               1.47  -0.39     2.02

SNOWFALL (IN)
  TODAY            T      8.1  1994   0.3   -0.3      0.0
  MONTH TO DATE    T                  0.3   -0.3      0.0
  SINCE MAR 1      T                  0.3   -0.3      0.0
  SINCE JUL 1     20.5               60.6  -40.1     53.4
  SNOW DEPTH       1

DEGREE DAYS
 HEATING
  TODAY           36                 42     -6       34
  MONTH TO DATE   36                 42     -6       34
  SINCE MAR 1     36                 42     -6       34
  SINCE JUL 1   6388               7371   -983     6783

 COOLING
  TODAY            0                  0      0        0
  MONTH TO DATE    0                  0      0        0
  SINCE MAR 1      0                  0      0        0
  SINCE JAN 1      0                  0      0        0
...........................................................


WIND (MPH)
  RESULTANT WIND SPEED   3   RESULTANT WIND DIRECTION   N (10)
  HIGHEST WIND SPEED     7   HIGHEST WIND DIRECTION     N (20)
  HIGHEST GUST SPEED    MM   HIGHEST GUST DIRECTION    MM
  AVERAGE WIND SPEED     3.7


SKY COVER
  POSSIBLE SUNSHINE  MM
  AVERAGE SKY COVER 1.0


WEATHER CONDITIONS
 THE FOLLOWING WEATHER WAS RECORDED TODAY.
  LIGHT SNOW
  FOG
  FOG W/VISIBILITY <= 1/4 MILE


RELATIVE HUMIDITY (PERCENT)
 HIGHEST   100           100 AM
 LOWEST     84           600 AM
 AVERAGE    92

..........................................................


THE ANCHORAGE AK CLIMATE NORMALS FOR TOMORROW
                         NORMAL    RECORD    YEAR
 MAXIMUM TEMPERATURE (F)   30        45      1958
 MINIMUM TEMPERATURE (F)   16       -22      1956


SUNRISE AND SUNSET
MARCH  1 2015.........SUNRISE   801 AM AKST  SUNSET   625 PM AKST
MARCH  2 2015.........SUNRISE   758 AM AKST  SUNSET   628 PM AKST

CIVIL TWILIGHT
MARCH 1 2015            START   718 AM AKST     END   709 PM AKST
MARCH 2 2015            START   715 AM AKST     END   712 PM AKST



-  INDICATES NEGATIVE NUMBERS.
R  INDICATES RECORD WAS SET OR TIED.
MM INDICATES DATA IS MISSING.
T  INDICATES TRACE AMOUNT.




$$
&&
------------------------------------------------------
AMOUNT OF DAYLIGHT TODAY  (HOUR:MIN)........10:24
GAIN/LOSS SINCE YESTERDAY (HOUR:MIN:SEC)....+0:05:44
