976
CDAK48 PAFC 191256
CLIANC

CLIMATE REPORT
NATIONAL WEATHER SERVICE ANCHORAGE, AK
455 AM AKDT THU OCT 19 2017


...................................

...THE ANCHORAGE AK CLIMATE SUMMARY FOR OCTOBER 18 2017...

CLIMATE NORMAL PERIOD 1981 TO 2010
CLIMATE RECORD PERIOD 1952 TO 2017


WEATHER ITEM   OBSERVED TIME   RECORD YEAR NORMAL DEPARTURE LAST
                VALUE   (LST)  VALUE       VALUE  FROM      YEAR
                                                  NORMAL
..................................................................
TEMPERATURE (F)
 YESTERDAY
  MAXIMUM         40        MM  54    2013  39      1       42
  MINIMUM         27        MM   2    1959  28     -1       27
  AVERAGE         34                        34      0       35

PRECIPITATION (IN)
  YESTERDAY        0.00          0.57 1987   0.06  -0.06
  MONTH TO DATE    1.85                      1.39   0.46
  SINCE SEP 1      4.31                      4.38  -0.07
  SINCE JAN 1     16.25                     13.67   2.58

SNOWFALL (IN)
  YESTERDAY        0.0           3.3  2001   0.3   -0.3      0.0
  MONTH TO DATE    0.0                       3.6   -3.6       T
  SINCE SEP 1      0.0                       4.0   -4.0       T
  SINCE JUL 1      0.0                       4.0   -4.0       T
  SNOW DEPTH       0

DEGREE DAYS
 HEATING
  YESTERDAY       31                                0
  MONTH TO DATE  403                              -77
  SINCE SEP 1    800                             -174
  SINCE JUL 1   1168                             -256

 COOLING
  YESTERDAY        0                                0
  MONTH TO DATE    0                                0
  SINCE SEP 1      0                                0
  SINCE JAN 1      3                                1
..................................................................


WIND (MPH)
  HIGHEST WIND SPEED    16   HIGHEST WIND DIRECTION    NW (320)
  HIGHEST GUST SPEED    21   HIGHEST GUST DIRECTION    NW (330)
  AVERAGE WIND SPEED     9.8




RELATIVE HUMIDITY (PERCENT)
 HIGHEST    69
 LOWEST     37
 AVERAGE    53

..........................................................


THE ANCHORAGE AK CLIMATE NORMALS FOR TODAY
                         NORMAL    RECORD    YEAR
 MAXIMUM TEMPERATURE (F)   39        56      1957
 MINIMUM TEMPERATURE (F)   28         2      1996


SUNRISE AND SUNSET
OCTOBER 19 2017.......SUNRISE   854 AM AKDT  SUNSET   635 PM AKDT
OCTOBER 20 2017.......SUNRISE   857 AM AKDT  SUNSET   632 PM AKDT

CIVIL TWILIGHT
OCTOBER 19 2017         START    810 AM GMT     END    719 PM GMT
OCTOBER 20 2017         START    812 AM GMT     END    717 PM GMT



-  INDICATES NEGATIVE NUMBERS.
R  INDICATES RECORD WAS SET OR TIED.
MM INDICATES DATA IS MISSING.
T  INDICATES TRACE AMOUNT.




$$
&&
------------------------------------------------------
AMOUNT OF DAYLIGHT TODAY  (HOUR:MIN)........ 9:41
GAIN/LOSS SINCE YESTERDAY (HOUR:MIN:SEC)....-0:05:37
