000
CDAK48 PAFC 290050
CLIANC

CLIMATE REPORT
NATIONAL WEATHER SERVICE ANCHORAGE, AK
449 PM AKDT WED SEP 28 2016


...................................

...THE ANCHORAGE AK CLIMATE SUMMARY FOR SEPTEMBER 28 2016...
VALID TODAY AS OF 0400 PM LOCAL TIME.

CLIMATE NORMAL PERIOD 1981 TO 2010
CLIMATE RECORD PERIOD 1952 TO 2016


WEATHER ITEM   OBSERVED TIME   RECORD YEAR NORMAL DEPARTURE LAST
                VALUE   (LST)  VALUE       VALUE  FROM      YEAR
                                                  NORMAL
..................................................................
TEMPERATURE (F)
 TODAY
  MAXIMUM         53        MM  59    1978  50      3       52
  MINIMUM         36        MM  20    1956  38     -2       44
  AVERAGE         45                        44      1       48

PRECIPITATION (IN)
  TODAY            0.00          1.10 1960   0.10  -0.10     0.41
  MONTH TO DATE    2.35                      2.79  -0.44     5.96
  SINCE SEP 1      2.35                      2.79  -0.44     5.96
  SINCE JAN 1     14.15                     12.08   2.07    13.26

SNOWFALL (IN)
  TODAY            0.0           0.4  1972   0.1   -0.1      0.0
  MONTH TO DATE    0.0                       0.3   -0.3      0.0
  SINCE SEP 1      0.0                       0.3   -0.3      0.0
  SINCE JUL 1      0.0                       0.3   -0.3      0.0
  SNOW DEPTH       0

DEGREE DAYS
 HEATING
  TODAY           20                        21     -1       17
  MONTH TO DATE  350                       449    -99      501
  SINCE SEP 1    350                       449    -99      501
  SINCE JUL 1    554                       899   -345      783

 COOLING
  TODAY            0                         0      0        0
  MONTH TO DATE    0                         0      0        0
  SINCE SEP 1      0                         0      0        0
  SINCE JAN 1     13                         2     11       34
..................................................................


WIND (MPH)
  RESULTANT WIND SPEED   5   RESULTANT WIND DIRECTION   S (160)
  HIGHEST WIND SPEED     8   HIGHEST WIND DIRECTION     S (170)
  HIGHEST GUST SPEED    MM   HIGHEST GUST DIRECTION    MM
  AVERAGE WIND SPEED     5.8


SKY COVER
  POSSIBLE SUNSHINE  MM
  AVERAGE SKY COVER 0.4


WEATHER CONDITIONS
 THE FOLLOWING WEATHER WAS RECORDED TODAY.
  NO SIGNIFICANT WEATHER WAS OBSERVED.


RELATIVE HUMIDITY (PERCENT)
 HIGHEST    92          1200 AM
 LOWEST     52          1200 PM
 AVERAGE    72

..........................................................


THE ANCHORAGE AK CLIMATE NORMALS FOR TOMORROW
                         NORMAL    RECORD    YEAR
 MAXIMUM TEMPERATURE (F)   49        65      1959
 MINIMUM TEMPERATURE (F)   37        25      1974


SUNRISE AND SUNSET
SEPTEMBER 28 2016.....SUNRISE   801 AM AKDT  SUNSET   739 PM AKDT
SEPTEMBER 29 2016.....SUNRISE   803 AM AKDT  SUNSET   736 PM AKDT

CIVIL TWILIGHT
SEPTEMBER 28 2016       START   718 AM AKDT     END   822 PM AKDT
SEPTEMBER 29 2016       START   721 AM AKDT     END   819 PM AKDT



-  INDICATES NEGATIVE NUMBERS.
R  INDICATES RECORD WAS SET OR TIED.
MM INDICATES DATA IS MISSING.
T  INDICATES TRACE AMOUNT.




$$
&&
------------------------------------------------------
AMOUNT OF DAYLIGHT TODAY  (HOUR:MIN)........11:38
GAIN/LOSS SINCE YESTERDAY (HOUR:MIN:SEC)....-0:05:39
