000
CDAK48 PAFC 291302
CLIANC


CLIMATE REPORT
NATIONAL WEATHER SERVICE ANCHORAGE, AK
502 AM AKDT SAT APR 29 2017


...................................

...THE ANCHORAGE AK CLIMATE SUMMARY FOR APRIL 28 2017...

CLIMATE NORMAL PERIOD 1981 TO 2010
CLIMATE RECORD PERIOD 1952 TO 2017


WEATHER ITEM   OBSERVED TIME   RECORD YEAR NORMAL DEPARTURE LAST
                VALUE   (LST)  VALUE       VALUE  FROM      YEAR
                                                  NORMAL
..................................................................
TEMPERATURE (F)
 YESTERDAY
  MAXIMUM         54    234 PM  65    2005  50      4       48
  MINIMUM         39    653 AM  25    1972  34      5       35
                                      1955
  AVERAGE         47                        42      5       42

PRECIPITATION (IN)
  YESTERDAY        0.13          0.17 1988   0.02   0.11
  MONTH TO DATE    0.40                      0.44  -0.04
  SINCE MAR 1      1.07                      1.04   0.03
  SINCE JAN 1      3.77                      2.49   1.28

SNOWFALL (IN)
  YESTERDAY        0.0           1.5  1968   0.1   -0.1      0.0
  MONTH TO DATE    T                         3.9   -3.9      0.0
  SINCE MAR 1     10.3                      13.8   -3.5     10.7
  SINCE JUL 1     82.4                      74.1    8.3     38.3
  SNOW DEPTH       0

DEGREE DAYS
 HEATING
  YESTERDAY       18                               -5
  MONTH TO DATE  693                             -107
  SINCE MAR 1   2102                              110
  SINCE JUL 1   9140                             -181

 COOLING
  YESTERDAY        0                                0
  MONTH TO DATE    0                                0
  SINCE MAR 1      0                                0
  SINCE JAN 1      0                                0
..................................................................


WIND (MPH)
  HIGHEST WIND SPEED    21   HIGHEST WIND DIRECTION    SW (230)
  HIGHEST GUST SPEED    34   HIGHEST GUST DIRECTION     S (160)
  AVERAGE WIND SPEED     8.7




RELATIVE HUMIDITY (PERCENT)
 HIGHEST    92
 LOWEST     50
 AVERAGE    71

..........................................................


THE ANCHORAGE AK CLIMATE NORMALS FOR TODAY
                         NORMAL    RECORD    YEAR
 MAXIMUM TEMPERATURE (F)   50        69      2005
 MINIMUM TEMPERATURE (F)   34        23      2013


SUNRISE AND SUNSET
APRIL 29 2017.........SUNRISE   556 AM AKDT  SUNSET  1001 PM AKDT
APRIL 30 2017.........SUNRISE   553 AM AKDT  SUNSET  1003 PM AKDT


-  INDICATES NEGATIVE NUMBERS.
R  INDICATES RECORD WAS SET OR TIED.
MM INDICATES DATA IS MISSING.
T  INDICATES TRACE AMOUNT.




$$
