933
CDAK48 PAFC 191311
CLIANC

CLIMATE REPORT
NATIONAL WEATHER SERVICE ANCHORAGE, AK
409 AM AKST MON FEB 19 2018


...................................

...THE ANCHORAGE AK CLIMATE SUMMARY FOR FEBRUARY 18 2018...

CLIMATE NORMAL PERIOD 1981 TO 2010
CLIMATE RECORD PERIOD 1952 TO 2018


WEATHER ITEM   OBSERVED TIME   RECORD YEAR NORMAL DEPARTURE LAST
                VALUE   (LST)  VALUE       VALUE  FROM      YEAR
                                                  NORMAL
..................................................................
TEMPERATURE (F)
 YESTERDAY
  MAXIMUM         27    442 PM  44    1988  27      0       29
  MINIMUM         11    133 AM -20    1954  14     -3       26
  AVERAGE         19                        21     -2       28

PRECIPITATION (IN)
  YESTERDAY        0.02          0.48 2011   0.03  -0.01
  MONTH TO DATE    0.87                      0.49   0.38
  SINCE SEP 1      8.40                      8.51  -0.11
  SINCE JAN 1      1.69                      1.22   0.47

SNOWFALL (IN)
  YESTERDAY        0.1           6.2  1967   0.5   -0.4      0.8
  MONTH TO DATE    9.0                       7.4    1.6     13.1
  SINCE SEP 1     31.2                      56.8  -25.6     65.6
  SINCE JUL 1     31.2                      56.8  -25.6     65.6
  SNOW DEPTH      13

DEGREE DAYS
 HEATING
  YESTERDAY       46                                2
  MONTH TO DATE  845                               21
  SINCE DEC 1   3412                             -323
  SINCE JUL 1   6286                             -613

 COOLING
  YESTERDAY        0                                0
  MONTH TO DATE    0                                0
  SINCE DEC 1      0                                0
  SINCE JAN 1      0                                0
..................................................................


WIND (MPH)
  HIGHEST WIND SPEED    10   HIGHEST WIND DIRECTION    NW (320)
  HIGHEST GUST SPEED    14   HIGHEST GUST DIRECTION    SW (210)
  AVERAGE WIND SPEED     2.4




RELATIVE HUMIDITY (PERCENT)
 HIGHEST    92
 LOWEST     80
 AVERAGE    86

..........................................................


THE ANCHORAGE AK CLIMATE NORMALS FOR TODAY
                         NORMAL    RECORD    YEAR
 MAXIMUM TEMPERATURE (F)   28        48      1977
 MINIMUM TEMPERATURE (F)   15       -21      1965


SUNRISE AND SUNSET
FEBRUARY 19 2018......SUNRISE   830 AM AKST  SUNSET   559 PM AKST
FEBRUARY 20 2018......SUNRISE   827 AM AKST  SUNSET   602 PM AKST

CIVIL TWILIGHT
FEBRUARY 19 2018        START    746 AM GMT     END    644 PM GMT
FEBRUARY 20 2018        START    743 AM GMT     END    647 PM GMT



-  INDICATES NEGATIVE NUMBERS.
R  INDICATES RECORD WAS SET OR TIED.
MM INDICATES DATA IS MISSING.
T  INDICATES TRACE AMOUNT.




$$
&&
------------------------------------------------------
AMOUNT OF DAYLIGHT TODAY  (HOUR:MIN)........ 9:29
GAIN/LOSS SINCE YESTERDAY (HOUR:MIN:SEC)....+0:05:41
