000
CDUS43 KAPX 050527
CLIANJ


CLIMATE REPORT
NATIONAL WEATHER SERVICE GAYLORD MI
127 AM EDT SAT SEP 5 2015


...................................

...THE SAULT STE MARIE MI CLIMATE SUMMARY FOR SEPTEMBER 4 2015...

CLIMATE NORMAL PERIOD 1981 TO 2010
CLIMATE RECORD PERIOD 1888 TO 2015


WEATHER ITEM   OBSERVED TIME   RECORD YEAR NORMAL DEPARTURE LAST
                VALUE   (LST)  VALUE       VALUE  FROM      YEAR
                                                  NORMAL
..................................................................
TEMPERATURE (F)
 YESTERDAY
  MAXIMUM         80    323 PM  89    1929  71      9       72
  MINIMUM         63    604 AM  36    1942  51     12       61
  AVERAGE         72                        61     11       67

PRECIPITATION (IN)
  YESTERDAY        0.00          5.27 1916   0.11  -0.11     0.05
  MONTH TO DATE    0.02                      0.46  -0.44     0.84
  SINCE SEP 1      0.02                      0.46  -0.44     0.84
  SINCE JAN 1     17.27                     19.63  -2.36    19.76

DEGREE DAYS
 HEATING
  YESTERDAY        0                         5     -5        0
  MONTH TO DATE    0                        19    -19        2
  SINCE SEP 1      0                        19    -19        2
  SINCE JUL 1    101                       166    -65      183

 COOLING
  YESTERDAY        7                         1      6        2
  MONTH TO DATE   30                         4     26        3
  SINCE SEP 1     30                         4     26        3
  SINCE JAN 1    222                       182     40      111
..................................................................


WIND (MPH)
  HIGHEST WIND SPEED    14   HIGHEST WIND DIRECTION    SE (120)
  HIGHEST GUST SPEED    19   HIGHEST GUST DIRECTION    SE (120)
  AVERAGE WIND SPEED     7.0




RELATIVE HUMIDITY (PERCENT)
 HIGHEST    79
 LOWEST     61
 AVERAGE    70

..........................................................


THE SAULT STE MARIE MI CLIMATE NORMALS FOR TODAY
                         NORMAL    RECORD    YEAR
 MAXIMUM TEMPERATURE (F)   71        88      1948
 MINIMUM TEMPERATURE (F)   51        34      1984


SUNRISE AND SUNSET
SEPTEMBER  5 2015.....SUNRISE   702 AM EDT   SUNSET   809 PM EDT
SEPTEMBER  6 2015.....SUNRISE   704 AM EDT   SUNSET   807 PM EDT


-  INDICATES NEGATIVE NUMBERS.
R  INDICATES RECORD WAS SET OR TIED.
MM INDICATES DATA IS MISSING.
T  INDICATES TRACE AMOUNT.




$$
