000
CDUS43 KAPX 170532
CLIANJ


CLIMATE REPORT
NATIONAL WEATHER SERVICE GAYLORD MI
132 AM EDT THU APR 17 2014


...................................

...THE SAULT STE MARIE MI CLIMATE SUMMARY FOR APRIL 16 2014...

CLIMATE NORMAL PERIOD 1981 TO 2010
CLIMATE RECORD PERIOD 1888 TO 2014


WEATHER ITEM   OBSERVED TIME   RECORD YEAR NORMAL DEPARTURE LAST
                VALUE   (LST)  VALUE       VALUE  FROM      YEAR
                                                  NORMAL
..................................................................
TEMPERATURE (F)
 YESTERDAY
  MAXIMUM         35    552 PM  83    2002  50    -15       42
  MINIMUM          9R   544 AM  14    1904  32    -23       30
  AVERAGE         22                        41    -19       36

PRECIPITATION (IN)
  YESTERDAY        0.18          0.99 2011   0.09   0.09     0.00
  MONTH TO DATE    1.77                      1.33   0.44     1.88
  SINCE MAR 1      3.48                      3.28   0.20     4.48
  SINCE JAN 1      6.84                      6.81   0.03    10.57

SNOWFALL (IN)
  YESTERDAY        1.4           4.2  1990   0.2    1.2      0.0
  MONTH TO DATE    8.0                       4.7    3.3     13.5
  SINCE OCT 1    132.3                     118.3   14.0    153.1
  SINCE JUL 1    132.3                     118.3   14.0    153.1
  SNOW DEPTH       9

DEGREE DAYS
 HEATING
  YESTERDAY       43                        24     19       29
  MONTH TO DATE  522                       448     74      547
  SINCE MAR 1   1956                      1648    308     1761
  SINCE JUL 1   8736                      7774    962     7493

 COOLING
  YESTERDAY        0                         0      0        0
  MONTH TO DATE    0                         0      0        0
  SINCE MAR 1      0                         0      0        0
  SINCE JAN 1      0                         0      0        0
..................................................................


WIND (MPH)
  HIGHEST WIND SPEED    13   HIGHEST WIND DIRECTION     E (90)
  HIGHEST GUST SPEED    17   HIGHEST GUST DIRECTION     E (90)
  AVERAGE WIND SPEED     4.8




RELATIVE HUMIDITY (PERCENT)
 HIGHEST    92
 LOWEST     35
 AVERAGE    64

..........................................................


THE SAULT STE MARIE MI CLIMATE NORMALS FOR TODAY
                         NORMAL    RECORD    YEAR
 MAXIMUM TEMPERATURE (F)   50        76      2002
 MINIMUM TEMPERATURE (F)   32        17      1990
                                             1983
                                             1923


SUNRISE AND SUNSET
APRIL 17 2014.........SUNRISE   647 AM EDT   SUNSET   828 PM EDT
APRIL 18 2014.........SUNRISE   645 AM EDT   SUNSET   829 PM EDT


-  INDICATES NEGATIVE NUMBERS.
R  INDICATES RECORD WAS SET OR TIED.
MM INDICATES DATA IS MISSING.
T  INDICATES TRACE AMOUNT.




$$
