000
CDUS43 KAPX 260536
CLIANJ


CLIMATE REPORT
NATIONAL WEATHER SERVICE GAYLORD MI
134 AM EDT SUN MAR 26 2017


...................................

...THE SAULT STE MARIE MI CLIMATE SUMMARY FOR MARCH 25 2017...

CLIMATE NORMAL PERIOD 1981 TO 2010
CLIMATE RECORD PERIOD 1888 TO 2017


WEATHER ITEM   OBSERVED TIME   RECORD YEAR NORMAL DEPARTURE LAST
                VALUE   (LST)  VALUE       VALUE  FROM      YEAR
                                                  NORMAL
..................................................................
TEMPERATURE (F)
 YESTERDAY
  MAXIMUM         41    404 PM  60    1946  38      3       40
  MINIMUM         30    836 AM -14    2014  22      8       15
  AVERAGE         36                        30      6       28

PRECIPITATION (IN)
  YESTERDAY        T             1.13 1920   0.07  -0.07      T
  MONTH TO DATE    1.45                      1.52  -0.07     1.50
  SINCE MAR 1      1.45                      1.52  -0.07     1.50
  SINCE JAN 1      7.41                      5.05   2.36     5.21

SNOWFALL (IN)
  YESTERDAY        0.0           4.8  2008   0.3   -0.3       T
  MONTH TO DATE   13.8                      11.4    2.4      8.2
  SINCE OCT 1    136.9                     111.6   25.3     72.4
  SINCE JUL 1    136.9                     111.6   25.3     72.4
  SNOW DEPTH      13

DEGREE DAYS
 HEATING
  YESTERDAY       29                        35     -6       37
  MONTH TO DATE 1037                       999     38      840
  SINCE MAR 1   1037                       999     38      840
  SINCE JUL 1   5911                      7125  -1214     5981

 COOLING
  YESTERDAY        0                         0      0        0
  MONTH TO DATE    0                         0      0        0
  SINCE MAR 1      0                         0      0        0
  SINCE JAN 1      0                         0      0        0
..................................................................


WIND (MPH)
  HIGHEST WIND SPEED    15   HIGHEST WIND DIRECTION    SE (130)
  HIGHEST GUST SPEED    21   HIGHEST GUST DIRECTION    SE (130)
  AVERAGE WIND SPEED     8.6




RELATIVE HUMIDITY (PERCENT)
 HIGHEST    82
 LOWEST     35
 AVERAGE    59

..........................................................


THE SAULT STE MARIE MI CLIMATE NORMALS FOR TODAY
                         NORMAL    RECORD    YEAR
 MAXIMUM TEMPERATURE (F)   39        65      1945
 MINIMUM TEMPERATURE (F)   22        -9      1923


SUNRISE AND SUNSET
MARCH 26 2017.........SUNRISE   728 AM EDT   SUNSET   759 PM EDT
MARCH 27 2017.........SUNRISE   726 AM EDT   SUNSET   800 PM EDT


-  INDICATES NEGATIVE NUMBERS.
R  INDICATES RECORD WAS SET OR TIED.
MM INDICATES DATA IS MISSING.
T  INDICATES TRACE AMOUNT.




$$
