000
CDUS43 KAPX 270527
CLIANJ


CLIMATE REPORT
NATIONAL WEATHER SERVICE GAYLORD MI
127 AM EDT SAT MAY 27 2017


...................................

...THE SAULT STE MARIE MI CLIMATE SUMMARY FOR MAY 26 2017...

CLIMATE NORMAL PERIOD 1981 TO 2010
CLIMATE RECORD PERIOD 1888 TO 2017


WEATHER ITEM   OBSERVED TIME   RECORD YEAR NORMAL DEPARTURE LAST
                VALUE   (LST)  VALUE       VALUE  FROM      YEAR
                                                  NORMAL
..................................................................
TEMPERATURE (F)
 YESTERDAY
  MAXIMUM         73    437 PM  86    2010  66      7       74
  MINIMUM         48    603 AM  24    1969  43      5       57
  AVERAGE         61                        55      6       66

PRECIPITATION (IN)
  YESTERDAY        0.00          1.73 1956   0.09  -0.09     0.36
  MONTH TO DATE    2.61                      2.12   0.49     1.05
  SINCE MAR 1      7.23                      6.46   0.77     6.13
  SINCE JAN 1     13.19                      9.99   3.20     9.84

DEGREE DAYS
 HEATING
  YESTERDAY        4                        11     -7        0
  MONTH TO DATE  367                       364      3      339
  SINCE MAR 1   2217                      2307    -90     2193
  SINCE JUL 1   7091                      8433  -1342     7334

 COOLING
  YESTERDAY        0                         0      0        1
  MONTH TO DATE    1                         0      1        2
  SINCE MAR 1      1                         0      1        2
  SINCE JAN 1      1                         0      1        2
..................................................................


WIND (MPH)
  HIGHEST WIND SPEED    13   HIGHEST WIND DIRECTION     W (260)
  HIGHEST GUST SPEED    16   HIGHEST GUST DIRECTION     W (260)
  AVERAGE WIND SPEED     3.9




RELATIVE HUMIDITY (PERCENT)
 HIGHEST    93
 LOWEST     49
 AVERAGE    71

..........................................................


THE SAULT STE MARIE MI CLIMATE NORMALS FOR TODAY
                         NORMAL    RECORD    YEAR
 MAXIMUM TEMPERATURE (F)   66        90      1911
 MINIMUM TEMPERATURE (F)   44        27      1983


SUNRISE AND SUNSET
MAY 27 2017...........SUNRISE   552 AM EDT   SUNSET   918 PM EDT
MAY 28 2017...........SUNRISE   551 AM EDT   SUNSET   919 PM EDT


-  INDICATES NEGATIVE NUMBERS.
R  INDICATES RECORD WAS SET OR TIED.
MM INDICATES DATA IS MISSING.
T  INDICATES TRACE AMOUNT.




$$
