000
CDUS43 KAPX 250526
CLIANJ


CLIMATE REPORT
NATIONAL WEATHER SERVICE GAYLORD MI
1226 AM EST SUN FEB 25 2018


...................................

...THE SAULT STE MARIE MI CLIMATE SUMMARY FOR FEBRUARY 24 2018...

CLIMATE NORMAL PERIOD 1981 TO 2010
CLIMATE RECORD PERIOD 1888 TO 2018


WEATHER ITEM   OBSERVED TIME   RECORD YEAR NORMAL DEPARTURE LAST
                VALUE   (LST)  VALUE       VALUE  FROM      YEAR
                                                  NORMAL
..................................................................
TEMPERATURE (F)
 YESTERDAY
  MAXIMUM         37    413 PM  49    2000  28      9       32
  MINIMUM         30   1151 PM -26    1894  11     19       23
  AVERAGE         34                        20     14       28

PRECIPITATION (IN)
  YESTERDAY        0.00          1.00 1977   0.05  -0.05     0.04
  MONTH TO DATE    0.98                      1.14  -0.16     3.04
  SINCE DEC 1      6.49                      6.12   0.37     9.95
  SINCE JAN 1      2.77                      3.33  -0.56     5.70

SNOWFALL (IN)
  YESTERDAY        0.0           4.6  1980   0.6   -0.6      0.3
  MONTH TO DATE   12.7                      16.4   -3.7     33.0
  SINCE OCT 1     87.6                      98.0  -10.4    118.0
  SINCE JUL 1     87.6                      98.0  -10.4    118.0
  SNOW DEPTH      18

DEGREE DAYS
 HEATING
  YESTERDAY       31                        45    -14       37
  MONTH TO DATE 1157                      1147     10      950
  SINCE DEC 1   4118                      4015    103     3448
  SINCE JUL 1   5703                      5947   -244     4718
..................................................................


WIND (MPH)
  HIGHEST WIND SPEED    20   HIGHEST WIND DIRECTION     E (110)
  HIGHEST GUST SPEED    30   HIGHEST GUST DIRECTION    SE (120)
  AVERAGE WIND SPEED     7.3




RELATIVE HUMIDITY (PERCENT)
 HIGHEST    78
 LOWEST     52
 AVERAGE    65

..........................................................


THE SAULT STE MARIE MI CLIMATE NORMALS FOR TODAY
                         NORMAL    RECORD    YEAR
 MAXIMUM TEMPERATURE (F)   28        46      1911
 MINIMUM TEMPERATURE (F)   12       -30      1928


SUNRISE AND SUNSET
FEBRUARY 25 2018......SUNRISE   724 AM EST   SUNSET   618 PM EST
FEBRUARY 26 2018......SUNRISE   722 AM EST   SUNSET   619 PM EST


-  INDICATES NEGATIVE NUMBERS.
R  INDICATES RECORD WAS SET OR TIED.
MM INDICATES DATA IS MISSING.
T  INDICATES TRACE AMOUNT.




$$
