000
CDUS43 KAPX 090528
CLIANJ


CLIMATE REPORT
NATIONAL WEATHER SERVICE GAYLORD MI
1227 AM EST TUE FEB 9 2016


...................................

...THE SAULT STE MARIE MI CLIMATE SUMMARY FOR FEBRUARY 8 2016...

CLIMATE NORMAL PERIOD 1981 TO 2010
CLIMATE RECORD PERIOD 1888 TO 2016


WEATHER ITEM   OBSERVED TIME   RECORD YEAR NORMAL DEPARTURE LAST
                VALUE   (LST)  VALUE       VALUE  FROM      YEAR
                                                  NORMAL
..................................................................
TEMPERATURE (F)
 YESTERDAY
  MAXIMUM         37    414 PM  44    1898  24     13       17
  MINIMUM         28   1159 PM -37    1934   8     20        4
  AVERAGE         33                        16     17       11

PRECIPITATION (IN)
  YESTERDAY        T             0.79 1900   0.05  -0.05     0.01
  MONTH TO DATE    0.61                      0.41   0.20     0.66
  SINCE DEC 1      7.57                      5.39   2.18     6.00
  SINCE JAN 1      2.16                      2.60  -0.44     2.66

SNOWFALL (IN)
  YESTERDAY        T             6.6  1975   0.8   -0.8      0.2
  MONTH TO DATE    8.9                       6.4    2.5      8.9
  SINCE OCT 1     47.9                      88.0  -40.1    137.9
  SINCE JUL 1     47.9                      88.0  -40.1    137.9
  SNOW DEPTH      16

DEGREE DAYS
 HEATING
  YESTERDAY       32                        49    -17       54
  MONTH TO DATE  311                       394    -83      457
  SINCE DEC 1   2676                      3262   -586     3344
  SINCE JUL 1   4167                      5194  -1027     5506
..................................................................


WIND (MPH)
  HIGHEST WIND SPEED    17   HIGHEST WIND DIRECTION    NW (300)
  HIGHEST GUST SPEED    22   HIGHEST GUST DIRECTION     W (290)
  AVERAGE WIND SPEED     6.8




RELATIVE HUMIDITY (PERCENT)
 HIGHEST    96
 LOWEST     85
 AVERAGE    91

..........................................................


THE SAULT STE MARIE MI CLIMATE NORMALS FOR TODAY
                         NORMAL    RECORD    YEAR
 MAXIMUM TEMPERATURE (F)   25        41      1966
                                             1925
 MINIMUM TEMPERATURE (F)    8       -35      1934


SUNRISE AND SUNSET
FEBRUARY  9 2016......SUNRISE   751 AM EST   SUNSET   553 PM EST
FEBRUARY 10 2016......SUNRISE   749 AM EST   SUNSET   555 PM EST


-  INDICATES NEGATIVE NUMBERS.
R  INDICATES RECORD WAS SET OR TIED.
MM INDICATES DATA IS MISSING.
T  INDICATES TRACE AMOUNT.




$$
