000
CDUS43 KAPX 230538
CLIANJ


CLIMATE REPORT
NATIONAL WEATHER SERVICE GAYLORD MI
1238 AM EST SUN NOV 23 2014


...................................

...THE SAULT STE MARIE MI CLIMATE SUMMARY FOR NOVEMBER 22 2014...

CLIMATE NORMAL PERIOD 1981 TO 2010
CLIMATE RECORD PERIOD 1888 TO 2014


WEATHER ITEM   OBSERVED TIME   RECORD YEAR NORMAL DEPARTURE LAST
                VALUE   (LST)  VALUE       VALUE  FROM      YEAR
                                                  NORMAL
..................................................................
TEMPERATURE (F)
 YESTERDAY
  MAXIMUM         37        MM  65    2012  37      0       38
  MINIMUM         28        MM  -3    1956  26      2       24
  AVERAGE         33                        32      1       31

PRECIPITATION (IN)
  YESTERDAY        0.00          1.79 1934   0.11  -0.11     0.10
  MONTH TO DATE    4.56                      2.49   2.07     5.87
  SINCE SEP 1     16.15                     10.11   6.04    17.22
  SINCE JAN 1     35.07                     29.28   5.79    45.51

SNOWFALL (IN)
  YESTERDAY        0.0           7.0  1994   0.6   -0.6      0.7
  MONTH TO DATE   56.8                       9.2   47.6      8.7
  SINCE OCT 1     56.8                      10.8   46.0     15.4
  SINCE JUL 1     56.8                      10.8   46.0     15.4
  SNOW DEPTH      25

DEGREE DAYS
 HEATING
  YESTERDAY       32                        33     -1       34
  MONTH TO DATE  812                       644    168      617
  SINCE SEP 1   1669                      1502    167     1419
  SINCE JUL 1   1850                      1649    201     1535
..................................................................


WIND (MPH)
  HIGHEST WIND SPEED    18   HIGHEST WIND DIRECTION     S (200)
  HIGHEST GUST SPEED    24   HIGHEST GUST DIRECTION     S (200)
  AVERAGE WIND SPEED     9.4




RELATIVE HUMIDITY (PERCENT)
 HIGHEST    89
 LOWEST     75
 AVERAGE    82

..........................................................


THE SAULT STE MARIE MI CLIMATE NORMALS FOR TODAY
                         NORMAL    RECORD    YEAR
 MAXIMUM TEMPERATURE (F)   37        59      1931
 MINIMUM TEMPERATURE (F)   26        -5      1956


SUNRISE AND SUNSET
NOVEMBER 23 2014......SUNRISE   750 AM EST   SUNSET   457 PM EST
NOVEMBER 24 2014......SUNRISE   752 AM EST   SUNSET   456 PM EST


-  INDICATES NEGATIVE NUMBERS.
R  INDICATES RECORD WAS SET OR TIED.
MM INDICATES DATA IS MISSING.
T  INDICATES TRACE AMOUNT.




$$
