000
CDUS43 KAPX 062145
CLIANJ


CLIMATE REPORT
NATIONAL WEATHER SERVICE GAYLORD MI
532 PM EDT FRI MAY 6 2016


...................................

...THE SAULT STE MARIE MI CLIMATE SUMMARY FOR MAY 6 2016...
VALID TODAY AS OF 0500 PM LOCAL TIME.

CLIMATE NORMAL PERIOD 1981 TO 2010
CLIMATE RECORD PERIOD 1888 TO 2016


WEATHER ITEM   OBSERVED TIME   RECORD YEAR NORMAL DEPARTURE LAST
                VALUE   (LST)  VALUE       VALUE  FROM      YEAR
                                                  NORMAL
..................................................................
TEMPERATURE (F)
 TODAY
  MAXIMUM         75    318 PM  82    2000  60     15       70
                                      1939
  MINIMUM         38    538 AM  22    1976  38      0       40
  AVERAGE         57                        49      8       55

PRECIPITATION (IN)
  TODAY            0.00          1.43 1960   0.08  -0.08     0.00
  MONTH TO DATE    0.06                      0.46  -0.40     0.31
  SINCE MAR 1      5.14                      4.80   0.34     3.47
  SINCE JAN 1      8.85                      8.33   0.52     6.84

DEGREE DAYS
 HEATING
  TODAY            8                        16     -8       10
  MONTH TO DATE   87                       102    -15       57
  SINCE MAR 1   1941                      2045   -104     2180
  SINCE JUL 1   7082                      8171  -1089     8959

 COOLING
  TODAY            0                         0      0        0
  MONTH TO DATE    0                         0      0        0
  SINCE MAR 1      0                         0      0        0
  SINCE JAN 1      0                         0      0        0
..................................................................


WIND (MPH)
  RESULTANT WIND SPEED   4   RESULTANT WIND DIRECTION   S (180)
  HIGHEST WIND SPEED    17   HIGHEST WIND DIRECTION    SW (220)
  HIGHEST GUST SPEED    24   HIGHEST GUST DIRECTION     S (200)
  AVERAGE WIND SPEED     5.4


SKY COVER
  POSSIBLE SUNSHINE  MM
  AVERAGE SKY COVER 0.1


WEATHER CONDITIONS
 THE FOLLOWING WEATHER WAS RECORDED TODAY.
  NO SIGNIFICANT WEATHER WAS OBSERVED.


RELATIVE HUMIDITY (PERCENT)
 HIGHEST    85           600 AM
 LOWEST     27           400 PM
 AVERAGE    56

..........................................................


THE SAULT STE MARIE MI CLIMATE NORMALS FOR TOMORROW
                         NORMAL    RECORD    YEAR
 MAXIMUM TEMPERATURE (F)   60        84      1889
 MINIMUM TEMPERATURE (F)   39        18      1966


SUNRISE AND SUNSET
MAY  6 2016...........SUNRISE   615 AM EDT   SUNSET   854 PM EDT
MAY  7 2016...........SUNRISE   614 AM EDT   SUNSET   855 PM EDT


-  INDICATES NEGATIVE NUMBERS.
R  INDICATES RECORD WAS SET OR TIED.
MM INDICATES DATA IS MISSING.
T  INDICATES TRACE AMOUNT.




$$
