000
CDUS43 KAPX 040558
CLIANJ


CLIMATE REPORT
NATIONAL WEATHER SERVICE GAYLORD MI
1258 AM EST WED MAR 4 2015


...................................

...THE SAULT STE MARIE MI CLIMATE SUMMARY FOR MARCH 3 2015...

CLIMATE NORMAL PERIOD 1981 TO 2010
CLIMATE RECORD PERIOD 1888 TO 2015


WEATHER ITEM   OBSERVED TIME   RECORD YEAR NORMAL DEPARTURE LAST
                VALUE   (LST)  VALUE       VALUE  FROM      YEAR
                                                  NORMAL
..................................................................
TEMPERATURE (F)
 YESTERDAY
  MAXIMUM         25   1148 PM  50    1974  30     -5       13
  MINIMUM         -2    508 AM -24    1943  13    -15      -13
  AVERAGE         12                        22    -10        0

PRECIPITATION (IN)
  YESTERDAY        0.31          1.08 2008   0.05   0.26     0.00
  MONTH TO DATE    0.33                      0.16   0.17      T
  SINCE MAR 1      0.33                      0.16   0.17      T
  SINCE JAN 1      3.70                      3.69   0.01     3.36

SNOWFALL (IN)
  YESTERDAY        4.5           5.5  2012   0.6    3.9      0.0
  MONTH TO DATE    5.2                       1.7    3.5      0.1
  SINCE OCT 1    153.9                     101.9   52.0    106.2
  SINCE JUL 1    153.9                     101.9   52.0    106.2
  SNOW DEPTH      28

DEGREE DAYS
 HEATING
  YESTERDAY       53                        43     10       65
  MONTH TO DATE  157                       131     26      200
  SINCE MAR 1    157                       131     26      200
  SINCE JUL 1   6936                      6257    679     6980

 COOLING
  YESTERDAY        0                         0      0        0
  MONTH TO DATE    0                         0      0        0
  SINCE MAR 1      0                         0      0        0
  SINCE JAN 1      0                         0      0        0
..................................................................


WIND (MPH)
  HIGHEST WIND SPEED    21   HIGHEST WIND DIRECTION     W (270)
  HIGHEST GUST SPEED    30   HIGHEST GUST DIRECTION     W (290)
  AVERAGE WIND SPEED     5.6




RELATIVE HUMIDITY (PERCENT)
 HIGHEST    92
 LOWEST     77
 AVERAGE    85

..........................................................


THE SAULT STE MARIE MI CLIMATE NORMALS FOR TODAY
                         NORMAL    RECORD    YEAR
 MAXIMUM TEMPERATURE (F)   30        50      1894
 MINIMUM TEMPERATURE (F)   13       -18      1904


SUNRISE AND SUNSET
MARCH  4 2015.........SUNRISE   712 AM EST   SUNSET   627 PM EST
MARCH  5 2015.........SUNRISE   710 AM EST   SUNSET   629 PM EST


-  INDICATES NEGATIVE NUMBERS.
R  INDICATES RECORD WAS SET OR TIED.
MM INDICATES DATA IS MISSING.
T  INDICATES TRACE AMOUNT.




$$
