684
CDUS43 KAPX 240526
CLIANJ


CLIMATE REPORT
NATIONAL WEATHER SERVICE GAYLORD MI
126 AM EDT SUN SEP 24 2017


...................................

...THE SAULT STE MARIE MI CLIMATE SUMMARY FOR SEPTEMBER 23 2017...

CLIMATE NORMAL PERIOD 1981 TO 2010
CLIMATE RECORD PERIOD 1888 TO 2017


WEATHER ITEM   OBSERVED TIME   RECORD YEAR NORMAL DEPARTURE LAST
                VALUE   (LST)  VALUE       VALUE  FROM      YEAR
                                                  NORMAL
..................................................................
TEMPERATURE (F)
 YESTERDAY
  MAXIMUM         90R   224 PM  84    1936  64     26       67
  MINIMUM         65    651 AM  25    1981  45     20       50
  AVERAGE         78                        54     24       59

PRECIPITATION (IN)
  YESTERDAY        0.00          2.35 2010   0.14  -0.14     0.00
  MONTH TO DATE    0.96                      2.91  -1.95     3.44
  SINCE SEP 1      0.96                      2.91  -1.95     3.44
  SINCE JAN 1     28.72                     22.08   6.64    23.52

DEGREE DAYS
 HEATING
  YESTERDAY        0                        11    -11        6
  MONTH TO DATE   92                       168    -76       38
  SINCE SEP 1     92                       168    -76       38
  SINCE JUL 1    175                       315   -140       73

 COOLING
  YESTERDAY       13                         0     13        0
  MONTH TO DATE   50                        15     35       35
  SINCE SEP 1     50                        15     35       35
  SINCE JAN 1    178                       193    -15      361
..................................................................


WIND (MPH)
  HIGHEST WIND SPEED    17   HIGHEST WIND DIRECTION    SW (210)
  HIGHEST GUST SPEED    23   HIGHEST GUST DIRECTION    SW (210)
  AVERAGE WIND SPEED     4.8




RELATIVE HUMIDITY (PERCENT)
 HIGHEST   100
 LOWEST     50
 AVERAGE    75

..........................................................


THE SAULT STE MARIE MI CLIMATE NORMALS FOR TODAY
                         NORMAL    RECORD    YEAR
 MAXIMUM TEMPERATURE (F)   63        88      1892
 MINIMUM TEMPERATURE (F)   45        28      1980


SUNRISE AND SUNSET
SEPTEMBER 24 2017.....SUNRISE   727 AM EDT   SUNSET   731 PM EDT
SEPTEMBER 25 2017.....SUNRISE   728 AM EDT   SUNSET   729 PM EDT


-  INDICATES NEGATIVE NUMBERS.
R  INDICATES RECORD WAS SET OR TIED.
MM INDICATES DATA IS MISSING.
T  INDICATES TRACE AMOUNT.




$$
