000
CDUS43 KAPX 010538
CLIANJ


CLIMATE REPORT
NATIONAL WEATHER SERVICE GAYLORD MI
137 AM EDT WED JUL 1 2015


...................................

...THE SAULT STE MARIE MI CLIMATE SUMMARY FOR JUNE 30 2015...

CLIMATE NORMAL PERIOD 1981 TO 2010
CLIMATE RECORD PERIOD 1888 TO 2015


WEATHER ITEM   OBSERVED TIME   RECORD YEAR NORMAL DEPARTURE LAST
                VALUE   (LST)  VALUE       VALUE  FROM      YEAR
                                                  NORMAL
..................................................................
TEMPERATURE (F)
 YESTERDAY
  MAXIMUM         72   1129 AM  93    1927  75     -3       83
  MINIMUM         51   1159 PM  36    1992  52     -1       62
  AVERAGE         62                        64     -2       73

PRECIPITATION (IN)
  YESTERDAY        0.90          2.00 1956   0.08   0.82     0.02
  MONTH TO DATE    2.73                      2.70   0.03     2.92
  SINCE JUN 1      2.73                      2.70   0.03     2.92
  SINCE JAN 1     11.43                     13.14  -1.71    14.96

DEGREE DAYS
 HEATING
  YESTERDAY        3                         4     -1        0
  MONTH TO DATE  188                       181      7      109
  SINCE JUN 1    188                       180      8      109
  SINCE JUL 1   9458                      8663    795     9726

 COOLING
  YESTERDAY        0                         2     -2        8
  MONTH TO DATE    7                        30    -23       37
  SINCE JUN 1      7                        30    -23       37
  SINCE JAN 1      9                        35    -26       39
..................................................................


WIND (MPH)
  HIGHEST WIND SPEED    14   HIGHEST WIND DIRECTION     W (260)
  HIGHEST GUST SPEED    18   HIGHEST GUST DIRECTION     W (270)
  AVERAGE WIND SPEED     4.1




RELATIVE HUMIDITY (PERCENT)
 HIGHEST    93
 LOWEST     68
 AVERAGE    81

..........................................................


THE SAULT STE MARIE MI CLIMATE NORMALS FOR TODAY
                         NORMAL    RECORD    YEAR
 MAXIMUM TEMPERATURE (F)   75        97      1931
 MINIMUM TEMPERATURE (F)   52        37      1982


SUNRISE AND SUNSET
JULY  1 2015..........SUNRISE   548 AM EDT   SUNSET   934 PM EDT
JULY  2 2015..........SUNRISE   549 AM EDT   SUNSET   934 PM EDT


-  INDICATES NEGATIVE NUMBERS.
R  INDICATES RECORD WAS SET OR TIED.
MM INDICATES DATA IS MISSING.
T  INDICATES TRACE AMOUNT.




$$
