000
CDUS43 KAPX 290536
CLIANJ


CLIMATE REPORT
NATIONAL WEATHER SERVICE GAYLORD MI
136 AM EDT FRI MAY 29 2015


...................................

...THE SAULT STE MARIE MI CLIMATE SUMMARY FOR MAY 28 2015...

CLIMATE NORMAL PERIOD 1981 TO 2010
CLIMATE RECORD PERIOD 1888 TO 2015


WEATHER ITEM   OBSERVED TIME   RECORD YEAR NORMAL DEPARTURE LAST
                VALUE   (LST)  VALUE       VALUE  FROM      YEAR
                                                  NORMAL
..................................................................
TEMPERATURE (F)
 YESTERDAY
  MAXIMUM         73    504 PM  89    1919  66      7       72
  MINIMUM         48    429 AM  30    1970  44      4       44
                                      1907
  AVERAGE         61                        55      6       58

PRECIPITATION (IN)
  YESTERDAY        0.00          2.40 1896   0.09  -0.09     0.00
  MONTH TO DATE    2.04                      2.30  -0.26     2.77
  SINCE MAR 1      5.20                      6.64  -1.44     8.68
  SINCE JAN 1      8.57                     10.17  -1.60    12.04

DEGREE DAYS
 HEATING
  YESTERDAY        4                        10     -6        7
  MONTH TO DATE  329                       384    -55      450
  SINCE MAR 1   2452                      2327    125     2834
  SINCE JUL 1   9231                      8453    778     9614

 COOLING
  YESTERDAY        0                         0      0        0
  MONTH TO DATE    2                         0      2        2
  SINCE MAR 1      2                         0      2        2
  SINCE JAN 1      2                         0      2        2
..................................................................


WIND (MPH)
  HIGHEST WIND SPEED    15   HIGHEST WIND DIRECTION    SE (130)
  HIGHEST GUST SPEED    19   HIGHEST GUST DIRECTION    SE (140)
  AVERAGE WIND SPEED     4.6




RELATIVE HUMIDITY (PERCENT)
 HIGHEST    96
 LOWEST     53
 AVERAGE    75

..........................................................


THE SAULT STE MARIE MI CLIMATE NORMALS FOR TODAY
                         NORMAL    RECORD    YEAR
 MAXIMUM TEMPERATURE (F)   67        89      2006
                                             1895
 MINIMUM TEMPERATURE (F)   44        30      1958


SUNRISE AND SUNSET
MAY 29 2015...........SUNRISE   551 AM EDT   SUNSET   920 PM EDT
MAY 30 2015...........SUNRISE   550 AM EDT   SUNSET   921 PM EDT


-  INDICATES NEGATIVE NUMBERS.
R  INDICATES RECORD WAS SET OR TIED.
MM INDICATES DATA IS MISSING.
T  INDICATES TRACE AMOUNT.




$$
