000
CDAK47 PANT 260900
CLIANN

CLIMATE REPORT
NATIONAL WEATHER SERVICE ANNETTE, AK
1228 AM AKST WED NOV 26 2014

...................................
...THE ANNETTE WSO AP CLIMATE SUMMARY FOR NOVEMBER 25 2014...

CLIMATE NORMAL PERIOD  1981 TO  2010
CLIMATE RECORD PERIOD  1948 TO  2014

WEATHER ITEM   OBSERVED TIME    RECORD YEAR NORMAL DEPARTURE LAST
               VALUE    (LST)   VALUE       VALUE  FROM      YEAR
                                                   NORMAL
...................................................................
TEMPERATURE
YESTERDAY
 MAXIMUM            44  0251 AM    52  2013     43       1     52
 MINIMUM            36  0950 PM     1  1985     34       2     40
 AVERAGE            40                          39       1     46

PRECIPITATION
(INCHES)
 YESTERDAY        0.24           2.32  1987   0.39   -0.15   0.66
 MONTH TO DATE    8.81                       10.40   -1.59   9.65
 SINCE SEP 1     32.88                       34.11   -1.23  25.86
 SINCE JAN 1     94.96                       89.02    5.94  77.46

SNOWFALL
(INCHES)
 YESTERDAY         0.0            3.1  1988    0.2    -0.2    0.0
 MONTH TO DATE     0.0                         2.7    -2.7    5.7
 SINCE SEP 1       0.0                         2.8    -2.8    5.7
 SINCE JUL 1       0.0                         2.8    -2.8    5.7
 SNOW DEPTH (IN)     0                                          0

DEGREE DAYS
 HEATING
  YESTERDAY         25                          26      -1     19
  MONTH TO DATE    569                         615     -46    632
  SINCE SEP 1     1270                        1514    -244   1404
  SINCE JUL 1     1839                        1915     -76   1706

 COOLING
  YESTERDAY          0                           0       0      0
  MONTH TO DATE      0                           0       0      0
  SINCE SEP 1        0                           0       0      0
  SINCE JAN 1       MM                           0      MM     22
...................................................................

WIND (MPH)
 HIGHEST WIND SPEED     9     HIGHEST WIND DIRECTION    130
 HIGHEST GUST SPEED    13     HIGHEST GUST DIRECTION    100
 AVERAGE WIND SPEED   3.1

SKY COVER
  POSSIBLE SUNSHINE    MM          AVERAGE SKY COVER     MM

WEATHER CONDITIONS
 THE FOLLOWING WEATHER WAS RECORDED YESTERDAY.
  FOG
RAIN


RELATIVE HUMIDITY
 HIGHEST RH     MM PERCENT       MM
 LOWEST  RH     MM PERCENT       MM
 AVERAGE RH     MM PERCENT       MM
...................................................................

THE ANNETTE CLIMATE NORMALS FOR TODAY
                           NORMAL    RECORD   YEAR
 MAXIMUM TEMPERATURE (F)     43        54     2002
 MINIMUM TEMPERATURE (F)     34        -3     1985

SUNRISE AND SUNSET
 NOV 26 2014..........SUNRISE  7:40 AM      SUNSET  3:28 PM
 NOV 27 2014..........SUNRISE  7:42 AM      SUNSET  3:27 PM

-  INDICATES NEGATIVE NUMBERS.
R  INDICATES RECORD HAS BEEN SET OR TIED.
MM INDICATES DATA IS MISSING.
T  INDICATES TRACE OF PRECIPITATION.

&&
-------------------------------------------------------------------

AMOUNT OF DAYLIGHT TODAY  (HOUR:MIN)........7 HOURS 48 MINUTES
GAIN/LOSS SINCE YESTERDAY (HOUR:MIN:SEC)....-0:02:52

$$
LTB NOV 14
