000
CDAK47 PANT 231200
CLIANN

CLIMATE REPORT
NATIONAL WEATHER SERVICE ANNETTE, AK
405 AM AKDT THU OCT 23 2014

...................................
...THE ANNETTE WSO AP CLIMATE SUMMARY FOR OCTOBER 22 2014...

CLIMATE NORMAL PERIOD  1981 TO  2010
CLIMATE RECORD PERIOD  1948 TO  2014

WEATHER ITEM   OBSERVED TIME    RECORD YEAR NORMAL DEPARTURE LAST
               VALUE    (LST)   VALUE       VALUE  FROM      YEAR
                                                   NORMAL
...................................................................
TEMPERATURE
YESTERDAY
 MAXIMUM            52  1136 AM    61  1986     50       2     54
 MINIMUM            45  0811 PM    30  1955     40       5     48
 AVERAGE            49                          45       4     51

PRECIPITATION
(INCHES)
 YESTERDAY        0.39           3.10  1960   0.47   -0.08   0.01
 MONTH TO DATE   12.26                        9.63    2.63   7.53
 SINCE SEP 1     21.94                       19.42    2.52  15.04
 SINCE JAN 1     84.02                       74.33    9.69  66.64

SNOWFALL
(INCHES)
 YESTERDAY         0.0              T  1951    0.0     0.0    0.0
 MONTH TO DATE     0.0                         0.0     0.0    0.0
 SINCE SEP 1       0.0                         0.0     0.0    0.0
 SINCE JUL 1       0.0                         0.0     0.0    0.0
 SNOW DEPTH (IN)     0                                          0

DEGREE DAYS
 HEATING
  YESTERDAY         16                          20      -4     14
  MONTH TO DATE    302                         375     -73    350
  SINCE SEP 1      533                         709    -176    610
  SINCE JUL 1     1102                        1110      -8    912

 COOLING
  YESTERDAY          0                           0       0      0
  MONTH TO DATE      0                           0       0      0
  SINCE SEP 1        0                           0       0      0
  SINCE JAN 1       MM                           0      MM     22
...................................................................

WIND (MPH)
 HIGHEST WIND SPEED    23     HIGHEST WIND DIRECTION    140
 HIGHEST GUST SPEED    32     HIGHEST GUST DIRECTION    140
 AVERAGE WIND SPEED   9.9

SKY COVER
  POSSIBLE SUNSHINE    MM          AVERAGE SKY COVER     MM

WEATHER CONDITIONS
 THE FOLLOWING WEATHER WAS RECORDED YESTERDAY.
  FOG
RAIN


RELATIVE HUMIDITY
 HIGHEST RH     MM PERCENT       MM
 LOWEST  RH     MM PERCENT       MM
 AVERAGE RH     MM PERCENT       MM
...................................................................

THE ANNETTE CLIMATE NORMALS FOR TODAY
                           NORMAL    RECORD   YEAR
 MAXIMUM TEMPERATURE (F)     50        63     1980
 MINIMUM TEMPERATURE (F)     40        32     2012

SUNRISE AND SUNSET
 OCT 23 2014..........SUNRISE  7:33 AM      SUNSET  5:29 PM
 OCT 24 2014..........SUNRISE  7:35 AM      SUNSET  5:26 PM

-  INDICATES NEGATIVE NUMBERS.
R  INDICATES RECORD HAS BEEN SET OR TIED.
MM INDICATES DATA IS MISSING.
T  INDICATES TRACE OF PRECIPITATION.

&&
-------------------------------------------------------------------

AMOUNT OF DAYLIGHT TODAY  (HOUR:MIN)........9 HOURS 56 MINUTES
GAIN/LOSS SINCE YESTERDAY (HOUR:MIN:SEC)....-0:04:18

$$
JZ OCT 14
