000
CDAK47 PANT 030927
CLIANN

CLIMATE REPORT
NATIONAL WEATHER SERVICE ANNETTE, AK
127 AM AKDT THU SEP 3 2015

...................................
...THE ANNETTE WSO AP CLIMATE SUMMARY FOR SEPTEMBER 2 2015...

CLIMATE NORMAL PERIOD  1981 TO  2010
CLIMATE RECORD PERIOD  1948 TO  2015

WEATHER ITEM   OBSERVED TIME    RECORD YEAR NORMAL DEPARTURE LAST
               VALUE    (LST)   VALUE       VALUE  FROM      YEAR
                                                   NORMAL
...................................................................
TEMPERATURE
YESTERDAY
 MAXIMUM            61  0123 PM    79  1974     62      -1     68
 MINIMUM            43  0555 AM    43  2015     51      -8     48
 AVERAGE            52                          57      -5     58

PRECIPITATION
(INCHES)
 YESTERDAY           T           4.36  2010   0.28   -0.28   0.00
 MONTH TO DATE    1.05                        0.56    0.49   0.04
 SINCE SEP 1      1.05                        0.56    0.49   0.04
 SINCE JAN 1     65.77                       55.47   10.30  62.12

SNOWFALL
(INCHES)
 YESTERDAY         0.0            0.0  2015    0.0     0.0    0.0
 MONTH TO DATE     0.0                         0.0     0.0    0.0
 SINCE SEP 1       0.0                         0.0     0.0    0.0
 SINCE JUL 1       0.0                         0.0     0.0    0.0
 SNOW DEPTH (IN)     0                                          0

DEGREE DAYS
 HEATING
  YESTERDAY         13                           9       4      7
  MONTH TO DATE     26                          17       9     15
  SINCE SEP 1       26                          17       9     15
  SINCE JUL 1      318                         418    -100     MM

 COOLING
  YESTERDAY          0                           0       0      0
  MONTH TO DATE      0                           0       0      0
  SINCE SEP 1        0                           0       0      0
  SINCE JAN 1       37                           0      37     MM
...................................................................

WIND (MPH)
 HIGHEST WIND SPEED     9     HIGHEST WIND DIRECTION    150
 HIGHEST GUST SPEED    12     HIGHEST GUST DIRECTION    160
 AVERAGE WIND SPEED   2.5

SKY COVER
  POSSIBLE SUNSHINE    MM          AVERAGE SKY COVER     MM

WEATHER CONDITIONS
 THE FOLLOWING WEATHER WAS RECORDED YESTERDAY.
  RAIN


RELATIVE HUMIDITY
 HIGHEST RH     MM PERCENT       MM
 LOWEST  RH     MM PERCENT       MM
 AVERAGE RH     MM PERCENT       MM
...................................................................

THE ANNETTE CLIMATE NORMALS FOR TODAY
                           NORMAL    RECORD   YEAR
 MAXIMUM TEMPERATURE (F)     62        78     1988
 MINIMUM TEMPERATURE (F)     51        43     1956

SUNRISE AND SUNSET
 SEP 3 2015..........SUNRISE  5:57 AM      SUNSET  7:34 PM
 SEP 4 2015..........SUNRISE  5:58 AM      SUNSET  7:32 PM

-  INDICATES NEGATIVE NUMBERS.
R  INDICATES RECORD HAS BEEN SET OR TIED.
MM INDICATES DATA IS MISSING.
T  INDICATES TRACE OF PRECIPITATION.

&&
-------------------------------------------------------------------

AMOUNT OF DAYLIGHT TODAY  (HOUR:MIN)........13 HOURS 37 MINUTES
GAIN/LOSS SINCE YESTERDAY (HOUR:MIN:SEC)....-0:04:22

$$
MM SEP 15
