000
CDAK47 PANT 050930
CLIANN

CLIMATE REPORT
NATIONAL WEATHER SERVICE ANNETTE, AK
130 AM AKDT THU MAY 5 2016

...................................
...THE ANNETTE WSO AP CLIMATE SUMMARY FOR MAY 4 2016...

CLIMATE NORMAL PERIOD  1981 TO  2010
CLIMATE RECORD PERIOD  1948 TO  2016

WEATHER ITEM   OBSERVED TIME    RECORD YEAR NORMAL DEPARTURE LAST
               VALUE    (LST)   VALUE       VALUE  FROM      YEAR
                                                   NORMAL
...................................................................
TEMPERATURE
YESTERDAY
 MAXIMUM            55  0130 PM    68  1956     54       1     60
 MINIMUM            39  0335 AM    33  1965     42      -3     46
 AVERAGE            47                          48      -1     53

PRECIPITATION
(INCHES)
 YESTERDAY        0.00           1.74  1974   0.19   -0.19   0.00
 MONTH TO DATE    2.16                        0.78    1.38   0.17
 SINCE MAR 1     20.57                       15.60    4.97  22.09
 SINCE JAN 1     45.61                       33.64   11.97  43.15

SNOWFALL
(INCHES)
 YESTERDAY         0.0              T  1999    0.0     0.0    0.0
 MONTH TO DATE     0.0                         0.0     0.0    0.0
 SINCE MAR 1       0.0                         8.3    -8.3    0.0
 SINCE JUL 1       5.0                        34.8   -29.8   10.2
 SNOW DEPTH (IN)     0                                          0

DEGREE DAYS
 HEATING
  YESTERDAY         18                          17       1     12
  MONTH TO DATE     56                          71     -15     69
  SINCE MAR 1     1318                        1478    -160   1305
  SINCE JUL 1     5396                        6016    -620     MM

 COOLING
  YESTERDAY          0                           0       0      0
  MONTH TO DATE      0                           0       0      0
  SINCE MAR 1        0                           0       0      0
  SINCE JAN 1        0                           0       0      0
...................................................................

WIND (MPH)
 HIGHEST WIND SPEED    10     HIGHEST WIND DIRECTION    190
 HIGHEST GUST SPEED    16     HIGHEST GUST DIRECTION    200
 AVERAGE WIND SPEED   2.7

SKY COVER
  POSSIBLE SUNSHINE    MM          AVERAGE SKY COVER     MM

WEATHER CONDITIONS
 THE FOLLOWING WEATHER WAS RECORDED YESTERDAY.
  NO SIGNIFICANT WEATHER WAS OBSERVED.

RELATIVE HUMIDITY
 HIGHEST RH     MM PERCENT       MM
 LOWEST  RH     MM PERCENT       MM
 AVERAGE RH     MM PERCENT       MM
...................................................................

THE ANNETTE CLIMATE NORMALS FOR TODAY
                           NORMAL    RECORD   YEAR
 MAXIMUM TEMPERATURE (F)     54        75     1972
 MINIMUM TEMPERATURE (F)     42        32     1965

SUNRISE AND SUNSET
 MAY 5 2016..........SUNRISE  4:57 AM      SUNSET  8:31 PM
 MAY 6 2016..........SUNRISE  4:55 AM      SUNSET  8:33 PM

-  INDICATES NEGATIVE NUMBERS.
R  INDICATES RECORD HAS BEEN SET OR TIED.
MM INDICATES DATA IS MISSING.
T  INDICATES TRACE OF PRECIPITATION.

&&
-------------------------------------------------------------------

AMOUNT OF DAYLIGHT TODAY  (HOUR:MIN)........15 HOURS 34 MINUTES
GAIN/LOSS SINCE YESTERDAY (HOUR:MIN:SEC)....+0:03:57

$$
JH MAY 16
