000
CDAK47 PANT 010907
CLIANN

CLIMATE REPORT
NATIONAL WEATHER SERVICE ANNETTE, AK
107 AM AKDT MON JUN 1 2015

...................................
...THE ANNETTE WSO AP CLIMATE SUMMARY FOR MAY 31 2015...

CLIMATE NORMAL PERIOD  1981 TO  2010
CLIMATE RECORD PERIOD  1948 TO  2015

WEATHER ITEM   OBSERVED TIME    RECORD YEAR NORMAL DEPARTURE LAST
               VALUE    (LST)   VALUE       VALUE  FROM      YEAR
                                                   NORMAL
...................................................................
TEMPERATURE
YESTERDAY
 MAXIMUM            62  0316 PM    77  2011     59       3     67
 MINIMUM            48  1153 PM    40  1999     47       1     48
 AVERAGE            55                          53       2     58

PRECIPITATION
(INCHES)
 YESTERDAY        0.00           2.25  1959   0.17   -0.17   0.01
 MONTH TO DATE    0.50                        5.56   -5.06   4.96
 SINCE MAR 1     22.42                       20.38    2.04  28.70
 SINCE JAN 1     43.48                       38.42    5.06  40.80

SNOWFALL
(INCHES)
 YESTERDAY         0.0              T  1988    0.0     0.0    0.0
 MONTH TO DATE     0.0                         0.1    -0.1    0.0
 SINCE MAR 1         T                         8.4    -8.4    0.3
 SINCE JUL 1      10.2                        34.9   -24.7   25.4
 SNOW DEPTH (IN)     0                                          0

DEGREE DAYS
 HEATING
  YESTERDAY         10                          12      -2      7
  MONTH TO DATE    299                         461    -162    408
  SINCE MAR 1     1535                        1868    -333   1914
  SINCE JUL 1     5619                        6406    -787   6403

 COOLING
  YESTERDAY          0                           0       0      0
  MONTH TO DATE      0                           0       0      0
  SINCE MAR 1        0                           0       0      0
  SINCE JAN 1        0                           0       0      0
...................................................................

WIND (MPH)
 HIGHEST WIND SPEED    15     HIGHEST WIND DIRECTION    130
 HIGHEST GUST SPEED    20     HIGHEST GUST DIRECTION    130
 AVERAGE WIND SPEED   5.4

SKY COVER
  POSSIBLE SUNSHINE    MM          AVERAGE SKY COVER     MM

WEATHER CONDITIONS
 THE FOLLOWING WEATHER WAS RECORDED YESTERDAY.
  FOG


RELATIVE HUMIDITY
 HIGHEST RH     MM PERCENT       MM
 LOWEST  RH     MM PERCENT       MM
 AVERAGE RH     MM PERCENT       MM
...................................................................

THE ANNETTE CLIMATE NORMALS FOR TODAY
                           NORMAL    RECORD   YEAR
 MAXIMUM TEMPERATURE (F)     59        80     2009
 MINIMUM TEMPERATURE (F)     47        39     1950

SUNRISE AND SUNSET
 JUN 1 2015..........SUNRISE  4:15 AM      SUNSET  9:15 PM
 JUN 2 2015..........SUNRISE  4:14 AM      SUNSET  9:16 PM

-  INDICATES NEGATIVE NUMBERS.
R  INDICATES RECORD HAS BEEN SET OR TIED.
MM INDICATES DATA IS MISSING.
T  INDICATES TRACE OF PRECIPITATION.

&&
-------------------------------------------------------------------

AMOUNT OF DAYLIGHT TODAY  (HOUR:MIN)........17 HOURS 0 MINUTES
GAIN/LOSS SINCE YESTERDAY (HOUR:MIN:SEC)....+0:02:18

$$
JZ JUN 15
