000
CDAK47 PANT 201400
CLIANN

CLIMATE REPORT
NATIONAL WEATHER SERVICE ANNETTE, AK
600 AM AKDT SUN APR 20 2014

...................................
...THE ANNETTE WSO AP CLIMATE SUMMARY FOR APRIL 19 2014...

CLIMATE NORMAL PERIOD  1981 TO  2010
CLIMATE RECORD PERIOD  1948 TO  2014

WEATHER ITEM   OBSERVED TIME    RECORD YEAR NORMAL DEPARTURE LAST
               VALUE    (LST)   VALUE       VALUE  FROM      YEAR
                                                   NORMAL
...................................................................
TEMPERATURE
YESTERDAY
 MAXIMUM            52  0137 PM    62  1991     51       1     50
 MINIMUM            42  0529 AM    29  1965     39       3     34
 AVERAGE            47                          45       2     42

PRECIPITATION
(INCHES)
 YESTERDAY        0.38           1.74  1992   0.22    0.16   0.00
 MONTH TO DATE    9.93                        4.53    5.40   4.66
 SINCE MAR 1     18.07                       12.58    5.49   9.02
 SINCE JAN 1     30.17                       30.62   -0.45  30.58

SNOWFALL
(INCHES)
 YESTERDAY         0.0            8.2  1971    0.0     0.0    0.0
 MONTH TO DATE     0.0                         1.2    -1.2      T
 SINCE MAR 1       0.3                         8.1    -7.8    0.9
 SINCE JUL 1      25.4                        34.6    -9.2   12.8
 SNOW DEPTH (IN)     0                                          0

DEGREE DAYS
 HEATING
  YESTERDAY         18                          20      -2     23
  MONTH TO DATE    420                         412       8    414
  SINCE MAR 1     1287                        1196      91   1226
  SINCE JUL 1     5776                        5734      42   5752

 COOLING
  YESTERDAY          0                           0       0      0
  MONTH TO DATE      0                           0       0      0
  SINCE MAR 1        0                           0       0      0
  SINCE JAN 1        0                           0       0      0
...................................................................

WIND (MPH)
 HIGHEST WIND SPEED    30     HIGHEST WIND DIRECTION    140
 HIGHEST GUST SPEED    45     HIGHEST GUST DIRECTION    150
 AVERAGE WIND SPEED  12.7

SKY COVER
  POSSIBLE SUNSHINE    MM          AVERAGE SKY COVER     MM

WEATHER CONDITIONS
 THE FOLLOWING WEATHER WAS RECORDED YESTERDAY.
  RAIN


RELATIVE HUMIDITY
 HIGHEST RH     MM PERCENT       MM
 LOWEST  RH     MM PERCENT       MM
 AVERAGE RH     MM PERCENT       MM
...................................................................

THE ANNETTE CLIMATE NORMALS FOR TODAY
                           NORMAL    RECORD   YEAR
 MAXIMUM TEMPERATURE (F)     51        63     2004
 MINIMUM TEMPERATURE (F)     39        30     1975

SUNRISE AND SUNSET
 APR 20 2014..........SUNRISE  5:31 AM      SUNSET  8:01 PM
 APR 21 2014..........SUNRISE  5:29 AM      SUNSET  8:03 PM

-  INDICATES NEGATIVE NUMBERS.
R  INDICATES RECORD HAS BEEN SET OR TIED.
MM INDICATES DATA IS MISSING.
T  INDICATES TRACE OF PRECIPITATION.

&&
-------------------------------------------------------------------

AMOUNT OF DAYLIGHT TODAY  (HOUR:MIN)........14 HOURS 30 MINUTES
GAIN/LOSS SINCE YESTERDAY (HOUR:MIN:SEC)....+0:04:19

$$
JH APR 14
