592
CDAK47 PAJK 241238
CLIANN
CLIMATE REPORT
NATIONAL WEATHER SERVICE JUNEAU, AK
331 AM AKST SAT FEB 24 2018


...................................

...THE ANNETTE ISLAND CLIMATE SUMMARY FOR FEBRUARY 23 2018...

CLIMATE NORMAL PERIOD 1981 TO 2010
CLIMATE RECORD PERIOD 1941 TO 2018


WEATHER ITEM   OBSERVED RECORD YEAR NORMAL DEPARTURE LAST
                VALUE   VALUE       VALUE  FROM      YEAR
                                           NORMAL
...........................................................
TEMPERATURE (F)
 YESTERDAY
  MAXIMUM         45     53    1969  43      2       41
  MINIMUM         32      7    1957  33     -1       25
  AVERAGE         39                 38      1       33

PRECIPITATION (IN)
  YESTERDAY        0.08   1.53 1967   0.24  -0.16     0.01
  MONTH TO DATE    3.27               6.09  -2.82     4.31
  SINCE JAN 1      7.19              16.82  -9.63    12.55

DEGREE DAYS
 HEATING
  YESTERDAY       26                 27     -1       32
  MONTH TO DATE  660                624     36      655
...........................................................


WIND (MPH)
  HIGHEST WIND SPEED    13   HIGHEST WIND DIRECTION     W (250)
  HIGHEST GUST SPEED    21   HIGHEST GUST DIRECTION     W (260)
  AVERAGE WIND SPEED     3.8


SKY COVER
  AVERAGE SKY COVER 0.7


WEATHER CONDITIONS
 THE FOLLOWING WEATHER WAS RECORDED YESTERDAY.
  RAIN
  LIGHT RAIN
  FOG


..........................................................


THE ANNETTE ISLAND CLIMATE NORMALS FOR TODAY
                         NORMAL    RECORD    YEAR
 MAXIMUM TEMPERATURE (F)   43        52      1988
                                             1980
 MINIMUM TEMPERATURE (F)   33         7      1957


SUNRISE AND SUNSET
FEBRUARY 24 2018......SUNRISE   648 AM AKST  SUNSET   512 PM AKST
FEBRUARY 25 2018......SUNRISE   645 AM AKST  SUNSET   514 PM AKST


-  INDICATES NEGATIVE NUMBERS.
R  INDICATES RECORD WAS SET OR TIED.
MM INDICATES DATA IS MISSING.
T  INDICATES TRACE AMOUNT.




$$
--------------------------------------------------------------

AMOUNT OF DAYLIGHT TODAY (HOUR:MIN)......... 10 HOURS 24 MINUTES
GAIN/LOSS SINCE YESTERDAY (HOUR:MIN:SEC).... +0:04:25

$$
