638
CDUS45 KBOU 240735
CLIAPA


CLIMATE REPORT
NATIONAL WEATHER SERVICE DENVER/BOULDER CO
1234 AM MST SAT FEB 24 2018


...................................

...THE CENTENNIAL CO CLIMATE SUMMARY FOR FEBRUARY 23 2018...

CLIMATE NORMAL PERIOD 1981 TO 2010
CLIMATE RECORD PERIOD 9999 TO 9999


WEATHER ITEM   OBSERVED RECORD YEAR NORMAL DEPARTURE LAST
                VALUE   VALUE       VALUE  FROM      YEAR
                                           NORMAL
...........................................................
TEMPERATURE (F)
 YESTERDAY
  MAXIMUM         34     MM      MM  47    -13       32
  MINIMUM          8     MM      MM  22    -14       14
  AVERAGE         21                 34    -13       23

PRECIPITATION (IN)
  YESTERDAY        0.00  MM      MM   0.02  -0.02     0.04
  MONTH TO DATE    0.23               0.40  -0.17     0.04
  SINCE DEC 1      0.51               1.46  -0.95     0.50
  SINCE JAN 1      0.46               0.85  -0.39     0.20

SNOWFALL (IN)
  YESTERDAY        0.0
  SNOW DEPTH       0

DEGREE DAYS
 HEATING
  YESTERDAY       44
  MONTH TO DATE  788

 COOLING
  YESTERDAY        0
  MONTH TO DATE    0
...........................................................


WIND (MPH)
  RESULTANT WIND SPEED   3   RESULTANT WIND DIRECTION  NW (330)
  HIGHEST WIND SPEED    18   HIGHEST WIND DIRECTION     N (340)
  HIGHEST GUST SPEED    22   HIGHEST GUST DIRECTION     N (360)


SKY COVER
  POSSIBLE SUNSHINE  MM
  AVERAGE SKY COVER 0.6


WEATHER CONDITIONS
 THE FOLLOWING WEATHER WAS RECORDED YESTERDAY.
  FOG
  HAZE


RELATIVE HUMIDITY (PERCENT)
 HIGHEST   100
 LOWEST     66
 AVERAGE    83

..........................................................


THE CENTENNIAL CO CLIMATE NORMALS FOR TODAY
                         NORMAL    RECORD    YEAR
 MAXIMUM TEMPERATURE (F)   47        MM        MM
 MINIMUM TEMPERATURE (F)   22        MM        MM


SUNRISE AND SUNSET
FEBRUARY 24 2018......SUNRISE   639 AM MST   SUNSET   546 PM MST
FEBRUARY 25 2018......SUNRISE   638 AM MST   SUNSET   547 PM MST


-  INDICATES NEGATIVE NUMBERS.
R  INDICATES RECORD WAS SET OR TIED.
MM INDICATES DATA IS MISSING.
T  INDICATES TRACE AMOUNT.




$$
