000
CDUS45 KBOU 310725
CLIAPA


CLIMATE REPORT
NATIONAL WEATHER SERVICE DENVER/BOULDER CO
125 AM MDT WED AUG 31 2016


...................................

...THE CENTENNIAL CO CLIMATE SUMMARY FOR AUGUST 30 2016...

CLIMATE NORMAL PERIOD 1981 TO 2010
CLIMATE RECORD PERIOD 9999 TO 9999


WEATHER ITEM   OBSERVED RECORD YEAR NORMAL DEPARTURE LAST
                VALUE   VALUE       VALUE  FROM      YEAR
                                           NORMAL
...........................................................
TEMPERATURE (F)
 YESTERDAY
  MAXIMUM         81     MM      MM  81      0       91
  MINIMUM         53     MM      MM  54     -1       62
  AVERAGE         67                 67      0       77

PRECIPITATION (IN)
  YESTERDAY        1.15  MM      MM   0.06   1.09     0.00
  MONTH TO DATE    1.74               2.53  -0.79     2.87
  SINCE JUN 1      5.01               6.69  -1.68     9.11
  SINCE JAN 1     10.65              13.27  -2.62    18.64

DEGREE DAYS
 HEATING
  YESTERDAY        0
  MONTH TO DATE   19

 COOLING
  YESTERDAY        2
  MONTH TO DATE  174
...........................................................


WIND (MPH)
  RESULTANT WIND SPEED   0   RESULTANT WIND DIRECTION   S (170)
  HIGHEST WIND SPEED    21   HIGHEST WIND DIRECTION    SE (130)
  HIGHEST GUST SPEED    26   HIGHEST GUST DIRECTION    SE (120)


SKY COVER
  POSSIBLE SUNSHINE  MM
  AVERAGE SKY COVER 0.7


WEATHER CONDITIONS
 THE FOLLOWING WEATHER WAS RECORDED YESTERDAY.
  THUNDERSTORM
  RAIN
  LIGHT RAIN


RELATIVE HUMIDITY (PERCENT)
 HIGHEST    78
 LOWEST     26
 AVERAGE    52

..........................................................


THE CENTENNIAL CO CLIMATE NORMALS FOR TODAY
                         NORMAL    RECORD    YEAR
 MAXIMUM TEMPERATURE (F)   81        MM        MM
 MINIMUM TEMPERATURE (F)   53        MM        MM


SUNRISE AND SUNSET
AUGUST 31 2016........SUNRISE   627 AM MDT   SUNSET   731 PM MDT
SEPTEMBER  1 2016.....SUNRISE   628 AM MDT   SUNSET   730 PM MDT


-  INDICATES NEGATIVE NUMBERS.
R  INDICATES RECORD WAS SET OR TIED.
MM INDICATES DATA IS MISSING.
T  INDICATES TRACE AMOUNT.




$$
