000
CDUS45 KBOU 300725
CLIAPA


CLIMATE REPORT
NATIONAL WEATHER SERVICE BOULDER, CO
125 AM MDT SUN AUG 30 2015


...................................

...THE CENTENNIAL CO CLIMATE SUMMARY FOR AUGUST 29 2015...

CLIMATE NORMAL PERIOD 1981 TO 2010
CLIMATE RECORD PERIOD 9999 TO 9999


WEATHER ITEM   OBSERVED RECORD YEAR NORMAL DEPARTURE LAST
                VALUE   VALUE       VALUE  FROM      YEAR
                                           NORMAL
...........................................................
TEMPERATURE (F)
 YESTERDAY
  MAXIMUM         87     MM      MM  81      6       80
  MINIMUM         55     MM      MM  54      1       50
  AVERAGE         71                 67      4       65

PRECIPITATION (IN)
  YESTERDAY        0.00  MM      MM   0.07  -0.07     0.06
  MONTH TO DATE    2.87               2.47   0.40     1.79
  SINCE JUN 1      9.11               6.63   2.48     6.82
  SINCE JAN 1     18.64              13.21   5.43    11.30

DEGREE DAYS
 HEATING
  YESTERDAY        0
  MONTH TO DATE   14

 COOLING
  YESTERDAY        6
  MONTH TO DATE  234
...........................................................


WIND (MPH)
  RESULTANT WIND SPEED   9   RESULTANT WIND DIRECTION   S (160)
  HIGHEST WIND SPEED    21   HIGHEST WIND DIRECTION     S (180)
  HIGHEST GUST SPEED    26   HIGHEST GUST DIRECTION     S (180)


SKY COVER
  POSSIBLE SUNSHINE  MM
  AVERAGE SKY COVER 0.2


WEATHER CONDITIONS
 THE FOLLOWING WEATHER WAS RECORDED YESTERDAY.
  NO SIGNIFICANT WEATHER WAS OBSERVED.


RELATIVE HUMIDITY (PERCENT)
 HIGHEST    62
 LOWEST     19
 AVERAGE    41

..........................................................


THE CENTENNIAL CO CLIMATE NORMALS FOR TODAY
                         NORMAL    RECORD    YEAR
 MAXIMUM TEMPERATURE (F)   81        MM        MM
 MINIMUM TEMPERATURE (F)   54        MM        MM


SUNRISE AND SUNSET
AUGUST 30 2015........SUNRISE   626 AM MDT   SUNSET   734 PM MDT
AUGUST 31 2015........SUNRISE   626 AM MDT   SUNSET   732 PM MDT


-  INDICATES NEGATIVE NUMBERS.
R  INDICATES RECORD WAS SET OR TIED.
MM INDICATES DATA IS MISSING.
T  INDICATES TRACE AMOUNT.




$$
