000
CDUS42 KMFL 140929
CLIAPF


CLIMATE REPORT
NATIONAL WEATHER SERVICE MIAMI, FL
428 AM EST THU DEC 14 2017


...................................

...THE NAPLES CLIMATE SUMMARY FOR DECEMBER 13 2017...

CLIMATE NORMAL PERIOD 1981 TO 2010
CLIMATE RECORD PERIOD 1942 TO 2017


WEATHER ITEM   OBSERVED TIME   RECORD YEAR NORMAL DEPARTURE LAST
                VALUE   (LST)  VALUE       VALUE  FROM      YEAR
                                                  NORMAL
..................................................................
TEMPERATURE (F)
 YESTERDAY
  MAXIMUM         65    239 PM  88    1972  77    -12       82
  MINIMUM         49   1159 PM  27    1962  57     -8       66
  AVERAGE         57                        67    -10       74

PRECIPITATION (IN)
  YESTERDAY        0.00          0.71 2002   0.05  -0.05     0.00
  MONTH TO DATE    1.06                      0.61   0.45     0.12
  SINCE NOV 1      1.15                      2.65  -1.50     0.12
  SINCE JAN 1     69.52                     51.05  18.47    44.32

SNOWFALL (IN)
  YESTERDAY        0.0
  MONTH TO DATE    0.0
  SINCE DEC 1      0.0
  SINCE JUL 1      0.0
  SNOW DEPTH       0

DEGREE DAYS
 HEATING
  YESTERDAY        8                         2      6        0
  MONTH TO DATE   36                        21     15        0
  SINCE DEC 1     36                        21     15        0
  SINCE JUL 1     40                        35      5        4

 COOLING
  YESTERDAY        0                         4     -4        9
  MONTH TO DATE   73                        62     11      119
  SINCE DEC 1     73                        62     11      119
  SINCE JAN 1   4273                      3881    392     4271
..................................................................


WIND (MPH)
  HIGHEST WIND SPEED    14   HIGHEST WIND DIRECTION    NW (300)
  HIGHEST GUST SPEED    18   HIGHEST GUST DIRECTION    NW (320)
  AVERAGE WIND SPEED     6.1


SKY COVER
  AVERAGE SKY COVER 0.1


WEATHER CONDITIONS
 THE FOLLOWING WEATHER WAS RECORDED YESTERDAY.
  NO SIGNIFICANT WEATHER WAS OBSERVED.


RELATIVE HUMIDITY (PERCENT)
 HIGHEST    89
 LOWEST     44
 AVERAGE    67

..........................................................


THE NAPLES CLIMATE NORMALS FOR TODAY
                         NORMAL    RECORD    YEAR
 MAXIMUM TEMPERATURE (F)   77        89      1972
                                             1961
 MINIMUM TEMPERATURE (F)   57        29      1962


SUNRISE AND SUNSET
DECEMBER 14 2017......SUNRISE   706 AM EST   SUNSET   537 PM EST
DECEMBER 15 2017......SUNRISE   707 AM EST   SUNSET   538 PM EST


-  INDICATES NEGATIVE NUMBERS.
R  INDICATES RECORD WAS SET OR TIED.
MM INDICATES DATA IS MISSING.
T  INDICATES TRACE AMOUNT.




$$
