000
CDUS42 KMFL 230824
CLIAPF


CLIMATE REPORT
NATIONAL WEATHER SERVICE MIAMI, FL
424 AM EDT SAT MAY 23 2015


...................................

...THE NAPLES CLIMATE SUMMARY FOR MAY 22 2015...

CLIMATE NORMAL PERIOD 1981 TO 2010
CLIMATE RECORD PERIOD 1942 TO 2015


WEATHER ITEM   OBSERVED TIME   RECORD YEAR NORMAL DEPARTURE LAST
                VALUE   (LST)  VALUE       VALUE  FROM      YEAR
                                                  NORMAL
..................................................................
TEMPERATURE (F)
 YESTERDAY
  MAXIMUM         89    109 PM  94    1975  89      0       85
  MINIMUM         73   1159 PM  59    1981  70      3       65
  AVERAGE         81                        79      2       75

PRECIPITATION (IN)
  YESTERDAY        0.00          1.73 1946   0.13  -0.13     0.00
  MONTH TO DATE    1.73                      1.90  -0.17     0.50
  SINCE NOV 1      7.87                     14.08  -6.21     8.46
  SINCE JAN 1      6.57                     10.59  -4.02     7.36

SNOWFALL (IN)
  YESTERDAY        0.0
  MONTH TO DATE    0.0
  SINCE MAR 1      0.0
  SINCE JUL 1      0.0
  SNOW DEPTH       0

DEGREE DAYS
 HEATING
  YESTERDAY        0                         0      0        0
  MONTH TO DATE    0                         0      0        0
  SINCE MAR 1      1                        27    -26        7
  SINCE JUL 1    198                       260    -62      149

 COOLING
  YESTERDAY       16                        14      2       10
  MONTH TO DATE  311                       275     36      309
  SINCE MAR 1   1028                       704    324      770
  SINCE JAN 1   1204                       895    309     1043
..................................................................


WIND (MPH)
  HIGHEST WIND SPEED    18   HIGHEST WIND DIRECTION     E (100)
  HIGHEST GUST SPEED    25   HIGHEST GUST DIRECTION     E (100)
  AVERAGE WIND SPEED     7.2


SKY COVER
  AVERAGE SKY COVER 0.2


WEATHER CONDITIONS
 THE FOLLOWING WEATHER WAS RECORDED YESTERDAY.
  THUNDERSTORM
  HAZE


RELATIVE HUMIDITY (PERCENT)
 HIGHEST    87
 LOWEST     55
 AVERAGE    71

..........................................................


THE NAPLES CLIMATE NORMALS FOR TODAY
                         NORMAL    RECORD    YEAR
 MAXIMUM TEMPERATURE (F)   89        94      1975
 MINIMUM TEMPERATURE (F)   70        60      1994
                                             1981


SUNRISE AND SUNSET
MAY 23 2015...........SUNRISE   637 AM EDT   SUNSET   811 PM EDT
MAY 24 2015...........SUNRISE   637 AM EDT   SUNSET   811 PM EDT


-  INDICATES NEGATIVE NUMBERS.
R  INDICATES RECORD WAS SET OR TIED.
MM INDICATES DATA IS MISSING.
T  INDICATES TRACE AMOUNT.




$$
