000
CDUS42 KMFL 260825
CLIAPF


CLIMATE REPORT
NATIONAL WEATHER SERVICE MIAMI, FL
425 AM EDT MON JUN 26 2017


...................................

...THE NAPLES CLIMATE SUMMARY FOR JUNE 25 2017...

CLIMATE NORMAL PERIOD 1981 TO 2010
CLIMATE RECORD PERIOD 1942 TO 2017


WEATHER ITEM   OBSERVED TIME   RECORD YEAR NORMAL DEPARTURE LAST
                VALUE   (LST)  VALUE       VALUE  FROM      YEAR
                                                  NORMAL
..................................................................
TEMPERATURE (F)
 YESTERDAY
  MAXIMUM         93   1204 PM  96    2010  90      3       91
                                      1986
  MINIMUM         77    605 AM  68    2008  75      2       77
  AVERAGE         85                        83      2       84

PRECIPITATION (IN)
  YESTERDAY        0.27          3.33 1974   0.37  -0.10     0.00
  MONTH TO DATE   14.06                      7.07   6.99     3.46
  SINCE JUN 1     14.06                      7.07   6.99     3.46
  SINCE JAN 1     19.69                     18.92   0.77    15.56

SNOWFALL (IN)
  YESTERDAY        0.0
  MONTH TO DATE    0.0
  SINCE JUN 1      0.0
  SINCE JUL 1      0.0
  SNOW DEPTH       0

DEGREE DAYS
 HEATING
  YESTERDAY        0                         0      0        0
  MONTH TO DATE    0                         0      0        0
  SINCE JUN 1      0                         0      0        0
  SINCE JUL 1     67                       260   -193      142

 COOLING
  YESTERDAY       20                        18      2       19
  MONTH TO DATE  447                       418     29      452
  SINCE JUN 1    447                       418     29      452
  SINCE JAN 1   1791                      1446    345     1636
..................................................................


WIND (MPH)
  HIGHEST WIND SPEED    18   HIGHEST WIND DIRECTION     E (70)
  HIGHEST GUST SPEED    22   HIGHEST GUST DIRECTION    SE (120)
  AVERAGE WIND SPEED     6.2


SKY COVER
  AVERAGE SKY COVER 0.3


WEATHER CONDITIONS
 THE FOLLOWING WEATHER WAS RECORDED YESTERDAY.
  THUNDERSTORM
  HEAVY RAIN
  RAIN
  FOG


RELATIVE HUMIDITY (PERCENT)
 HIGHEST   100
 LOWEST     52
 AVERAGE    76

..........................................................


THE NAPLES CLIMATE NORMALS FOR TODAY
                         NORMAL    RECORD    YEAR
 MAXIMUM TEMPERATURE (F)   90        97      2007
                                             1994
                                             1988
 MINIMUM TEMPERATURE (F)   75        67      1971


SUNRISE AND SUNSET
JUNE 26 2017..........SUNRISE   637 AM EDT   SUNSET   823 PM EDT
JUNE 27 2017..........SUNRISE   637 AM EDT   SUNSET   823 PM EDT


-  INDICATES NEGATIVE NUMBERS.
R  INDICATES RECORD WAS SET OR TIED.
MM INDICATES DATA IS MISSING.
T  INDICATES TRACE AMOUNT.




$$
