000
CDUS42 KMFL 302126
CLIAPF


CLIMATE REPORT
NATIONAL WEATHER SERVICE MIAMI, FL
425 PM EST FRI JAN 30 2015


...................................

...THE NAPLES CLIMATE SUMMARY FOR JANUARY 30 2015...
VALID TODAY AS OF 0400 PM LOCAL TIME.

CLIMATE NORMAL PERIOD 1981 TO 2010
CLIMATE RECORD PERIOD 1942 TO 2015


WEATHER ITEM   OBSERVED TIME   RECORD YEAR NORMAL DEPARTURE LAST
                VALUE   (LST)  VALUE       VALUE  FROM      YEAR
                                                  NORMAL
..................................................................
TEMPERATURE (F)
 TODAY
  MAXIMUM         71    204 PM  88    2002  75     -4       61
                                      1975
  MINIMUM         49    732 AM  33    1978  55     -6       55
  AVERAGE         60                        65     -5       58

PRECIPITATION (IN)
  TODAY            0.00          1.53 2014   0.08  -0.08     1.53
  MONTH TO DATE    0.10                      1.77  -1.67     2.09
  SINCE NOV 1      1.40                      5.26  -3.86     3.19
  SINCE JAN 1      0.10                      1.77  -1.67     2.09

SNOWFALL (IN)
  TODAY            0.0
  MONTH TO DATE    0.0
  SINCE DEC 1      0.0
  SINCE JUL 1      0.0
  SNOW DEPTH       0

DEGREE DAYS
 HEATING
  TODAY            5                         3      2
  MONTH TO DATE   37                       103    -66
  SINCE DEC 1     88                       167    -79
  SINCE JUL 1    117                       181    -64

 COOLING
  TODAY            0                         2     -2
  MONTH TO DATE  117                        86     31
  SINCE DEC 1    267                       206     61
  SINCE JAN 1    117                        86     31
..................................................................


WIND (MPH)
  HIGHEST WIND SPEED    15   HIGHEST WIND DIRECTION     W (290)
  HIGHEST GUST SPEED    19   HIGHEST GUST DIRECTION     W (290)
  AVERAGE WIND SPEED     3.4


SKY COVER
  AVERAGE SKY COVER 0.0


WEATHER CONDITIONS
 THE FOLLOWING WEATHER WAS RECORDED TODAY.
  HAZE


RELATIVE HUMIDITY (PERCENT)
 HIGHEST    96
 LOWEST     47
 AVERAGE    72

..........................................................


THE NAPLES CLIMATE NORMALS FOR TOMORROW
                         NORMAL    RECORD    YEAR
 MAXIMUM TEMPERATURE (F)   75        88      1975
 MINIMUM TEMPERATURE (F)   55        29      1966


SUNRISE AND SUNSET
JANUARY 30 2015.......SUNRISE   712 AM EST   SUNSET   609 PM EST
JANUARY 31 2015.......SUNRISE   712 AM EST   SUNSET   609 PM EST


-  INDICATES NEGATIVE NUMBERS.
R  INDICATES RECORD WAS SET OR TIED.
MM INDICATES DATA IS MISSING.
T  INDICATES TRACE AMOUNT.




$$
