000
CDUS42 KMFL 012027
CLIAPF


CLIMATE REPORT
NATIONAL WEATHER SERVICE MIAMI, FL
427 PM EDT FRI AUG 1 2014


...................................

...THE NAPLES CLIMATE SUMMARY FOR AUGUST 1 2014...
VALID TODAY AS OF 0400 PM LOCAL TIME.

CLIMATE NORMAL PERIOD 1981 TO 2010
CLIMATE RECORD PERIOD 1942 TO 2014


WEATHER ITEM   OBSERVED TIME   RECORD YEAR NORMAL DEPARTURE LAST
                VALUE   (LST)  VALUE       VALUE  FROM      YEAR
                                                  NORMAL
..................................................................
TEMPERATURE (F)
 TODAY
  MAXIMUM         91    303 PM  96    2001  91      0       90
                                      1988
  MINIMUM         77    615 AM  70    1974  75      2       75
                                      1967
  AVERAGE         84                        83      1       83

PRECIPITATION (IN)
  TODAY            0.07          1.14 1946   0.25  -0.18     0.01
  MONTH TO DATE    0.07                      0.25  -0.18     0.01
  SINCE JUN 1     15.20                     16.34  -1.14    17.83
  SINCE JAN 1     24.03                     28.19  -4.16    28.17

SNOWFALL (IN)
  TODAY            0.0
  MONTH TO DATE    0.0
  SINCE JUN 1      0.0
  SINCE JUL 1      0.0
  SNOW DEPTH       0

DEGREE DAYS
 HEATING
  TODAY            0                         0      0
  MONTH TO DATE    0                         0      0
  SINCE JUN 1      0                         0      0
  SINCE JUL 1      0                         0      0

 COOLING
  TODAY           19                        18      1
  MONTH TO DATE   19                        18      1
  SINCE JUN 1   1095                      1084     11
  SINCE JAN 1   2284                      2112    172
..................................................................


WIND (MPH)
  HIGHEST WIND SPEED    10   HIGHEST WIND DIRECTION     W (270)
  HIGHEST GUST SPEED    MM   HIGHEST GUST DIRECTION    MM
  AVERAGE WIND SPEED     5.0


SKY COVER
  AVERAGE SKY COVER 0.3


WEATHER CONDITIONS
 THE FOLLOWING WEATHER WAS RECORDED TODAY.
  THUNDERSTORM
  RAIN
  FOG


RELATIVE HUMIDITY (PERCENT)
 HIGHEST    88
 LOWEST     56
 AVERAGE    72

..........................................................


THE NAPLES CLIMATE NORMALS FOR TOMORROW
                         NORMAL    RECORD    YEAR
 MAXIMUM TEMPERATURE (F)   91        96      1980
 MINIMUM TEMPERATURE (F)   75        70      2001


SUNRISE AND SUNSET
AUGUST  1 2014........SUNRISE   653 AM EDT   SUNSET   814 PM EDT
AUGUST  2 2014........SUNRISE   653 AM EDT   SUNSET   813 PM EDT


-  INDICATES NEGATIVE NUMBERS.
R  INDICATES RECORD WAS SET OR TIED.
MM INDICATES DATA IS MISSING.
T  INDICATES TRACE AMOUNT.




$$
