000
CDUS42 KMFL 070928
CLIAPF


CLIMATE REPORT
NATIONAL WEATHER SERVICE MIAMI, FL
428 AM EST WED DEC 7 2016


...................................

...THE NAPLES CLIMATE SUMMARY FOR DECEMBER 6 2016...

CLIMATE NORMAL PERIOD 1981 TO 2010
CLIMATE RECORD PERIOD 1942 TO 2016


WEATHER ITEM   OBSERVED TIME   RECORD YEAR NORMAL DEPARTURE LAST
                VALUE   (LST)  VALUE       VALUE  FROM      YEAR
                                                  NORMAL
..................................................................
TEMPERATURE (F)
 YESTERDAY
  MAXIMUM         84    152 PM  89    1978  78      6       83
  MINIMUM         74   1159 PM  39    1981  59     15       72
  AVERAGE         79                        68     11       78

PRECIPITATION (IN)
  YESTERDAY        0.10          0.89 1977   0.05   0.05      T
  MONTH TO DATE    0.10                      0.27  -0.17     1.05
  SINCE NOV 1      0.10                      2.31  -2.21     4.03
  SINCE JAN 1     44.30                     50.71  -6.41    39.11

SNOWFALL (IN)
  YESTERDAY        0.0
  MONTH TO DATE    0.0
  SINCE DEC 1      0.0
  SINCE JUL 1      0.0
  SNOW DEPTH       0

DEGREE DAYS
 HEATING
  YESTERDAY        0                         2     -2        0
  MONTH TO DATE    0                         7     -7        0
  SINCE DEC 1      0                         7     -7        0
  SINCE JUL 1      4                        21    -17        0

 COOLING
  YESTERDAY       14                         5      9       13
  MONTH TO DATE   66                        30     36       68
  SINCE DEC 1     66                        30     36       68
  SINCE JAN 1   4218                      3849    369     4550
..................................................................


WIND (MPH)
  HIGHEST WIND SPEED    22   HIGHEST WIND DIRECTION     S (200)
  HIGHEST GUST SPEED    28   HIGHEST GUST DIRECTION     S (200)
  AVERAGE WIND SPEED    11.7


SKY COVER
  AVERAGE SKY COVER 0.3


WEATHER CONDITIONS
 THE FOLLOWING WEATHER WAS RECORDED YESTERDAY.
  RAIN
  LIGHT RAIN
  FOG


RELATIVE HUMIDITY (PERCENT)
 HIGHEST   100
 LOWEST     79
 AVERAGE    90

..........................................................


THE NAPLES CLIMATE NORMALS FOR TODAY
                         NORMAL    RECORD    YEAR
 MAXIMUM TEMPERATURE (F)   78        89      1978
                                             1972
 MINIMUM TEMPERATURE (F)   59        39      2010


SUNRISE AND SUNSET
DECEMBER  7 2016......SUNRISE   702 AM EST   SUNSET   536 PM EST
DECEMBER  8 2016......SUNRISE   703 AM EST   SUNSET   536 PM EST


-  INDICATES NEGATIVE NUMBERS.
R  INDICATES RECORD WAS SET OR TIED.
MM INDICATES DATA IS MISSING.
T  INDICATES TRACE AMOUNT.




$$
