000
CDUS42 KMFL 170842
CLIAPF


CLIMATE REPORT
NATIONAL WEATHER SERVICE MIAMI, FL
441 AM EDT WED SEP 17 2014


...................................

...THE NAPLES CLIMATE SUMMARY FOR SEPTEMBER 16 2014...

CLIMATE NORMAL PERIOD 1981 TO 2010
CLIMATE RECORD PERIOD 1942 TO 2014


WEATHER ITEM   OBSERVED TIME   RECORD YEAR NORMAL DEPARTURE LAST
                VALUE   (LST)  VALUE       VALUE  FROM      YEAR
                                                  NORMAL
..................................................................
TEMPERATURE (F)
 YESTERDAY
  MAXIMUM         91   1056 AM  96    1942  90      1       89
  MINIMUM         77   1155 PM  69    1978  75      2       75
                                      1976
  AVERAGE         84                        82      2       82

PRECIPITATION (IN)
  YESTERDAY        0.00          2.63 1978   0.30  -0.30     0.22
  MONTH TO DATE    3.53                      4.06  -0.53     6.93
  SINCE JUN 1     32.55                     28.73   3.82    32.60
  SINCE JAN 1     41.38                     40.58   0.80    42.94

SNOWFALL (IN)
  YESTERDAY        0.0
  MONTH TO DATE    0.0
  SINCE SEP 1      0.0
  SINCE JUL 1      0.0
  SNOW DEPTH       0

DEGREE DAYS
 HEATING
  YESTERDAY        0                         0      0
  MONTH TO DATE    0                         0      0
  SINCE SEP 1      0                         0      0
  SINCE JUL 1      0                         0      0

 COOLING
  YESTERDAY       19                        17      2
  MONTH TO DATE  285                       287     -2
  SINCE SEP 1    285                       287     -2
  SINCE JAN 1   3155                      2944    211
..................................................................


WIND (MPH)
  HIGHEST WIND SPEED    16   HIGHEST WIND DIRECTION    NE (30)
  HIGHEST GUST SPEED    22   HIGHEST GUST DIRECTION    NE (30)
  AVERAGE WIND SPEED     4.6


SKY COVER
  AVERAGE SKY COVER 0.3


WEATHER CONDITIONS
 THE FOLLOWING WEATHER WAS RECORDED YESTERDAY.
  THUNDERSTORM


RELATIVE HUMIDITY (PERCENT)
 HIGHEST    88
 LOWEST     52
 AVERAGE    70

..........................................................


THE NAPLES CLIMATE NORMALS FOR TODAY
                         NORMAL    RECORD    YEAR
 MAXIMUM TEMPERATURE (F)   90        95      2007
                                             1986
                                             1946
 MINIMUM TEMPERATURE (F)   75        67      1982
                                             1961


SUNRISE AND SUNSET
SEPTEMBER 17 2014.....SUNRISE   714 AM EDT   SUNSET   729 PM EDT
SEPTEMBER 18 2014.....SUNRISE   714 AM EDT   SUNSET   728 PM EDT


-  INDICATES NEGATIVE NUMBERS.
R  INDICATES RECORD WAS SET OR TIED.
MM INDICATES DATA IS MISSING.
T  INDICATES TRACE AMOUNT.




$$
