000
CDUS42 KMFL 180821
CLIAPF


CLIMATE REPORT
NATIONAL WEATHER SERVICE MIAMI, FL
421 AM EDT FRI AUG 18 2017


...................................

...THE NAPLES CLIMATE SUMMARY FOR AUGUST 17 2017...

CLIMATE NORMAL PERIOD 1981 TO 2010
CLIMATE RECORD PERIOD 1942 TO 2017


WEATHER ITEM   OBSERVED TIME   RECORD YEAR NORMAL DEPARTURE LAST
                VALUE   (LST)  VALUE       VALUE  FROM      YEAR
                                                  NORMAL
..................................................................
TEMPERATURE (F)
 YESTERDAY
  MAXIMUM         92    255 PM  97    2001  91      1       94
  MINIMUM         77    640 AM  70    1982  75      2       76
                                      1973
                                      1966
  AVERAGE         85                        83      2       85

PRECIPITATION (IN)
  YESTERDAY        0.00          3.21 1976   0.27  -0.27     0.14
  MONTH TO DATE    6.12                      4.72   1.40     5.90
  SINCE JUN 1     31.99                     20.81  11.18    17.11
  SINCE JAN 1     37.62                     32.66   4.96    29.21

SNOWFALL (IN)
  YESTERDAY        0.0
  MONTH TO DATE    0.0
  SINCE JUN 1      0.0
  SINCE JUL 1      0.0
  SNOW DEPTH       0

DEGREE DAYS
 HEATING
  YESTERDAY        0                         0      0        0
  MONTH TO DATE    0                         0      0        0
  SINCE JUN 1      0                         0      0        0
  SINCE JUL 1      0                         0      0        0

 COOLING
  YESTERDAY       20                        18      2       20
  MONTH TO DATE  329                       306     23      322
  SINCE JUN 1   1446                      1372     74     1462
  SINCE JAN 1   2790                      2400    390     2646
..................................................................


WIND (MPH)
  HIGHEST WIND SPEED    14   HIGHEST WIND DIRECTION     N (350)
  HIGHEST GUST SPEED    19   HIGHEST GUST DIRECTION     N (350)
  AVERAGE WIND SPEED     5.1


SKY COVER
  AVERAGE SKY COVER 0.1


WEATHER CONDITIONS
 THE FOLLOWING WEATHER WAS RECORDED YESTERDAY.
  THUNDERSTORM


RELATIVE HUMIDITY (PERCENT)
 HIGHEST    94
 LOWEST     56
 AVERAGE    75

..........................................................


THE NAPLES CLIMATE NORMALS FOR TODAY
                         NORMAL    RECORD    YEAR
 MAXIMUM TEMPERATURE (F)   91        97      2001
 MINIMUM TEMPERATURE (F)   75        71      1993
                                             1988
                                             1982


SUNRISE AND SUNSET
AUGUST 18 2017........SUNRISE   701 AM EDT   SUNSET   800 PM EDT
AUGUST 19 2017........SUNRISE   702 AM EDT   SUNSET   759 PM EDT


-  INDICATES NEGATIVE NUMBERS.
R  INDICATES RECORD WAS SET OR TIED.
MM INDICATES DATA IS MISSING.
T  INDICATES TRACE AMOUNT.




$$
