714
CDUS42 KMFL 292018
CLIAPF


CLIMATE REPORT
NATIONAL WEATHER SERVICE MIAMI, FL
417 PM EDT SAT APR 29 2017


...................................

...THE NAPLES CLIMATE SUMMARY FOR APRIL 29 2017...
VALID TODAY AS OF 0400 PM LOCAL TIME.

CLIMATE NORMAL PERIOD 1981 TO 2010
CLIMATE RECORD PERIOD 1942 TO 2017


WEATHER ITEM   OBSERVED TIME   RECORD YEAR NORMAL DEPARTURE LAST
                VALUE   (LST)  VALUE       VALUE  FROM      YEAR
                                                  NORMAL
..................................................................
TEMPERATURE (F)
 TODAY
  MAXIMUM         95R   210 PM  92    1996  86      9       86
                                      1991
  MINIMUM         75    619 AM  45    1973  65     10       72
  AVERAGE         85                        75     10       79

PRECIPITATION (IN)
  TODAY            0.00          1.98 1944   0.05  -0.05     0.00
  MONTH TO DATE    0.97                      2.29  -1.32     0.47
  SINCE NOV 1      3.38                     12.11  -8.73    14.24
  SINCE JAN 1      3.03                      8.62  -5.59     9.62

SNOWFALL (IN)
  TODAY            0.0
  MONTH TO DATE    0.0
  SINCE MAR 1      0.0
  SINCE JUL 1      0.0
  SNOW DEPTH       0

DEGREE DAYS
 HEATING
  TODAY            0                         0      0        0
  MONTH TO DATE    0                         0      0        0
  SINCE MAR 1     11                        23    -12        4
  SINCE JUL 1     67                       256   -189      142

 COOLING
  TODAY           20                        10     10       14
  MONTH TO DATE  336                       241     95      307
  SINCE MAR 1    533                       417    116      567
  SINCE JAN 1    856                       608    248      729
..................................................................


WIND (MPH)
  HIGHEST WIND SPEED    22   HIGHEST WIND DIRECTION    SE (150)
  HIGHEST GUST SPEED    29   HIGHEST GUST DIRECTION    SE (150)
  AVERAGE WIND SPEED    12.9


SKY COVER
  AVERAGE SKY COVER 0.2


WEATHER CONDITIONS
 THE FOLLOWING WEATHER WAS RECORDED TODAY.
  NO SIGNIFICANT WEATHER WAS OBSERVED.


RELATIVE HUMIDITY (PERCENT)
 HIGHEST    94
 LOWEST     33
 AVERAGE    64

..........................................................


THE NAPLES CLIMATE NORMALS FOR TOMORROW
                         NORMAL    RECORD    YEAR
 MAXIMUM TEMPERATURE (F)   86        93      1991
 MINIMUM TEMPERATURE (F)   66        51      1992
                                             1977
                                             1967


SUNRISE AND SUNSET
APRIL 29 2017.........SUNRISE   651 AM EDT   SUNSET   758 PM EDT
APRIL 30 2017.........SUNRISE   650 AM EDT   SUNSET   758 PM EDT


-  INDICATES NEGATIVE NUMBERS.
R  INDICATES RECORD WAS SET OR TIED.
MM INDICATES DATA IS MISSING.
T  INDICATES TRACE AMOUNT.




$$
