000
CDUS42 KMFL 290821
CLIAPF


CLIMATE REPORT
NATIONAL WEATHER SERVICE MIAMI, FL
421 AM EDT WED JUL 29 2015


...................................

...THE NAPLES CLIMATE SUMMARY FOR JULY 28 2015...

CLIMATE NORMAL PERIOD 1981 TO 2010
CLIMATE RECORD PERIOD 1942 TO 2015


WEATHER ITEM   OBSERVED TIME   RECORD YEAR NORMAL DEPARTURE LAST
                VALUE   (LST)  VALUE       VALUE  FROM      YEAR
                                                  NORMAL
..................................................................
TEMPERATURE (F)
 YESTERDAY
  MAXIMUM         91    203 PM  98    1996  91      0       91
  MINIMUM         79    156 AM  68    1976  75      4       77
  AVERAGE         85                        83      2       84

PRECIPITATION (IN)
  YESTERDAY        0.00          2.11 1945   0.20  -0.20     0.00
  MONTH TO DATE    9.59                      6.66   2.93     6.85
  SINCE JUN 1     15.91                     15.48   0.43    15.03
  SINCE JAN 1     23.93                     27.33  -3.40    23.86

SNOWFALL (IN)
  YESTERDAY        0.0
  MONTH TO DATE    0.0
  SINCE JUN 1      0.0
  SINCE JUL 1      0.0
  SNOW DEPTH       0

DEGREE DAYS
 HEATING
  YESTERDAY        0                         0      0        0
  MONTH TO DATE    0                         0      0        0
  SINCE JUN 1      0                         0      0        0
  SINCE JUL 1      0                         0      0        0

 COOLING
  YESTERDAY       20                        18      2       19
  MONTH TO DATE  506                       504      2      508
  SINCE JUN 1   1016                      1011      5     1015
  SINCE JAN 1   2371                      2039    332     2204
..................................................................


WIND (MPH)
  HIGHEST WIND SPEED    15   HIGHEST WIND DIRECTION    SW (230)
  HIGHEST GUST SPEED    21   HIGHEST GUST DIRECTION     W (260)
  AVERAGE WIND SPEED     8.9


SKY COVER
  AVERAGE SKY COVER 0.3


WEATHER CONDITIONS
 THE FOLLOWING WEATHER WAS RECORDED YESTERDAY.
  NO SIGNIFICANT WEATHER WAS OBSERVED.


RELATIVE HUMIDITY (PERCENT)
 HIGHEST    97
 LOWEST     68
 AVERAGE    83

..........................................................


THE NAPLES CLIMATE NORMALS FOR TODAY
                         NORMAL    RECORD    YEAR
 MAXIMUM TEMPERATURE (F)   91        97      1996
 MINIMUM TEMPERATURE (F)   75        69      1983


SUNRISE AND SUNSET
JULY 29 2015..........SUNRISE   651 AM EDT   SUNSET   816 PM EDT
JULY 30 2015..........SUNRISE   652 AM EDT   SUNSET   815 PM EDT


-  INDICATES NEGATIVE NUMBERS.
R  INDICATES RECORD WAS SET OR TIED.
MM INDICATES DATA IS MISSING.
T  INDICATES TRACE AMOUNT.




$$
