000
CDUS42 KMFL 022116
CLIAPF


CLIMATE REPORT
NATIONAL WEATHER SERVICE MIAMI, FL
415 PM EST MON MAR 2 2015


...................................

...THE NAPLES CLIMATE SUMMARY FOR MARCH 2 2015...
VALID TODAY AS OF 0400 PM LOCAL TIME.

CLIMATE NORMAL PERIOD 1981 TO 2010
CLIMATE RECORD PERIOD 1942 TO 2015


WEATHER ITEM   OBSERVED TIME   RECORD YEAR NORMAL DEPARTURE LAST
                VALUE   (LST)  VALUE       VALUE  FROM      YEAR
                                                  NORMAL
..................................................................
TEMPERATURE (F)
 TODAY
  MAXIMUM         85    106 PM  88    1997  79      6       81
  MINIMUM         66    734 AM  34    1968  59      7       59
  AVERAGE         76                        69      7       70

PRECIPITATION (IN)
  TODAY            0.00          1.90 1947   0.06  -0.06     0.00
  MONTH TO DATE    0.17                      0.11   0.06     0.00
  SINCE NOV 1      3.11                      7.55  -4.44     4.26
  SINCE JAN 1      1.81                      4.06  -2.25     3.16

SNOWFALL (IN)
  TODAY            0.0
  MONTH TO DATE    0.0
  SINCE MAR 1      0.0
  SINCE JUL 1      0.0
  SNOW DEPTH       0

DEGREE DAYS
 HEATING
  TODAY            0                         1     -1        0
  MONTH TO DATE    0                         2     -2        1
  SINCE MAR 1      0                         2     -2        1
  SINCE JUL 1    197                       235    -38      143

 COOLING
  TODAY           11                         5      6        5
  MONTH TO DATE   23                        10     13        5
  SINCE MAR 1     23                        10     13        5
  SINCE JAN 1    199                       201     -2      278
..................................................................


WIND (MPH)
  HIGHEST WIND SPEED    14   HIGHEST WIND DIRECTION     E (100)
  HIGHEST GUST SPEED    19   HIGHEST GUST DIRECTION     E (80)
  AVERAGE WIND SPEED     7.4


SKY COVER
  AVERAGE SKY COVER 0.3


WEATHER CONDITIONS
 THE FOLLOWING WEATHER WAS RECORDED TODAY.
  FOG
  FOG W/VISIBILITY <= 1/4 MILE
  HAZE


RELATIVE HUMIDITY (PERCENT)
 HIGHEST   100
 LOWEST     51
 AVERAGE    76

..........................................................


THE NAPLES CLIMATE NORMALS FOR TOMORROW
                         NORMAL    RECORD    YEAR
 MAXIMUM TEMPERATURE (F)   79        88      1997
 MINIMUM TEMPERATURE (F)   59        34      1980


SUNRISE AND SUNSET
MARCH  2 2015.........SUNRISE   650 AM EST   SUNSET   629 PM EST
MARCH  3 2015.........SUNRISE   649 AM EST   SUNSET   630 PM EST


-  INDICATES NEGATIVE NUMBERS.
R  INDICATES RECORD WAS SET OR TIED.
MM INDICATES DATA IS MISSING.
T  INDICATES TRACE AMOUNT.




$$
