000
CDUS43 KAPX 220529
CLIAPN


CLIMATE REPORT
NATIONAL WEATHER SERVICE GAYLORD MI
1229 AM EST SUN JAN 22 2017


...................................

...THE ALPENA MI CLIMATE SUMMARY FOR JANUARY 21 2017...

CLIMATE NORMAL PERIOD 1981 TO 2010
CLIMATE RECORD PERIOD 1916 TO 2017


WEATHER ITEM   OBSERVED TIME   RECORD YEAR NORMAL DEPARTURE LAST
                VALUE   (LST)  VALUE       VALUE  FROM      YEAR
                                                  NORMAL
..................................................................
TEMPERATURE (F)
 YESTERDAY
  MAXIMUM         38    349 PM  45    1967  26     12       25
                                      1933
  MINIMUM         32    914 AM -21    1984  11     21        0
  AVERAGE         35                        19     16       13

PRECIPITATION (IN)
  YESTERDAY        0.00          0.50 1951   0.05  -0.05      T
                                      1917
  MONTH TO DATE    1.62                      1.19   0.43     1.35
  SINCE DEC 1      3.66                      2.94   0.72     5.14
  SINCE JAN 1      1.62                      1.19   0.43     1.35

SNOWFALL (IN)
  YESTERDAY        0.0          10.0  1917   0.6   -0.6      0.1
  MONTH TO DATE   10.0                      14.6   -4.6      9.6
  SINCE OCT 1     37.7                      41.9   -4.2     21.6
  SINCE JUL 1     37.7                      41.9   -4.2     21.6
  SNOW DEPTH       4

DEGREE DAYS
 HEATING
  YESTERDAY       30                        46    -16       52
  MONTH TO DATE  875                       955    -80      931
  SINCE DEC 1   2041                      2193   -152     1806
  SINCE JUL 1   3250                      4016   -766     3179
..................................................................


WIND (MPH)
  HIGHEST WIND SPEED    12   HIGHEST WIND DIRECTION    SE (120)
  HIGHEST GUST SPEED    16   HIGHEST GUST DIRECTION     E (110)
  AVERAGE WIND SPEED     4.3




RELATIVE HUMIDITY (PERCENT)
 HIGHEST   100
 LOWEST     89
 AVERAGE    95

..........................................................


THE ALPENA MI CLIMATE NORMALS FOR TODAY
                         NORMAL    RECORD    YEAR
 MAXIMUM TEMPERATURE (F)   26        46      1933
 MINIMUM TEMPERATURE (F)   11       -21      2014


SUNRISE AND SUNSET
JANUARY 22 2017.......SUNRISE   804 AM EST   SUNSET   528 PM EST
JANUARY 23 2017.......SUNRISE   803 AM EST   SUNSET   530 PM EST


-  INDICATES NEGATIVE NUMBERS.
R  INDICATES RECORD WAS SET OR TIED.
MM INDICATES DATA IS MISSING.
T  INDICATES TRACE AMOUNT.




$$
