844
CDUS43 KAPX 220526
CLIAPN


CLIMATE REPORT
NATIONAL WEATHER SERVICE GAYLORD MI
126 AM EDT FRI SEP 22 2017


...................................

...THE ALPENA MI CLIMATE SUMMARY FOR SEPTEMBER 21 2017...

CLIMATE NORMAL PERIOD 1981 TO 2010
CLIMATE RECORD PERIOD 1916 TO 2017


WEATHER ITEM   OBSERVED TIME   RECORD YEAR NORMAL DEPARTURE LAST
                VALUE   (LST)  VALUE       VALUE  FROM      YEAR
                                                  NORMAL
..................................................................
TEMPERATURE (F)
 YESTERDAY
  MAXIMUM         86    138 PM  88    1931  67     19       77
  MINIMUM         62   1206 AM  28    1929  45     17       53
  AVERAGE         74                        56     18       65

PRECIPITATION (IN)
  YESTERDAY        0.01          2.25 1947   0.09  -0.08     0.00
  MONTH TO DATE    2.32                      2.05   0.27     1.77
  SINCE SEP 1      2.32                      2.05   0.27     1.77
  SINCE JAN 1     29.75                     20.83   8.92    22.40

DEGREE DAYS
 HEATING
  YESTERDAY        0                        10    -10        0
  MONTH TO DATE  128                       138    -10       39
  SINCE SEP 1    128                       138    -10       39
  SINCE JUL 1    186                       253    -67       62

 COOLING
  YESTERDAY        9                         0      9        0
  MONTH TO DATE   28                        21      7       55
  SINCE SEP 1     28                        21      7       55
  SINCE JAN 1    298                       287     11      546
..................................................................


WIND (MPH)
  HIGHEST WIND SPEED    18   HIGHEST WIND DIRECTION     N (20)
  HIGHEST GUST SPEED    20   HIGHEST GUST DIRECTION    NE (30)
  AVERAGE WIND SPEED     5.6




RELATIVE HUMIDITY (PERCENT)
 HIGHEST   100
 LOWEST     65
 AVERAGE    83

..........................................................


THE ALPENA MI CLIMATE NORMALS FOR TODAY
                         NORMAL    RECORD    YEAR
 MAXIMUM TEMPERATURE (F)   66        87      1941
                                             1920
 MINIMUM TEMPERATURE (F)   44        27      1929


SUNRISE AND SUNSET
SEPTEMBER 22 2017.....SUNRISE   722 AM EDT   SUNSET   731 PM EDT
SEPTEMBER 23 2017.....SUNRISE   723 AM EDT   SUNSET   729 PM EDT


-  INDICATES NEGATIVE NUMBERS.
R  INDICATES RECORD WAS SET OR TIED.
MM INDICATES DATA IS MISSING.
T  INDICATES TRACE AMOUNT.




$$
