000
CDUS43 KAPX 270535
CLIAPN


CLIMATE REPORT
NATIONAL WEATHER SERVICE GAYLORD MI
134 AM EDT FRI MAY 27 2016


...................................

...THE ALPENA MI CLIMATE SUMMARY FOR MAY 26 2016...

CLIMATE NORMAL PERIOD 1981 TO 2010
CLIMATE RECORD PERIOD 1916 TO 2016


WEATHER ITEM   OBSERVED TIME   RECORD YEAR NORMAL DEPARTURE LAST
                VALUE   (LST)  VALUE       VALUE  FROM      YEAR
                                                  NORMAL
..................................................................
TEMPERATURE (F)
 YESTERDAY
  MAXIMUM         88    333 PM  90    1944  68     20       86
  MINIMUM         55    552 AM  25    1969  43     12       63
  AVERAGE         72                        56     16       75

PRECIPITATION (IN)
  YESTERDAY        0.02          1.34 1991   0.09  -0.07     0.50
  MONTH TO DATE    0.77                      2.20  -1.43     3.18
  SINCE MAR 1      9.71                      6.45   3.26     6.28
  SINCE JAN 1     14.19                      9.43   4.76     8.07

DEGREE DAYS
 HEATING
  YESTERDAY        0                        10    -10        0
  MONTH TO DATE  337                       353    -16      263
  SINCE MAR 1   2160                      2180    -20     2141
  SINCE JUL 1   6942                      7912   -970     8404

 COOLING
  YESTERDAY        7                         1      6       10
  MONTH TO DATE    8                         3      5       19
  SINCE MAR 1      8                         5      3       19
  SINCE JAN 1      8                         5      3       19
..................................................................


WIND (MPH)
  HIGHEST WIND SPEED    18   HIGHEST WIND DIRECTION     W (280)
  HIGHEST GUST SPEED    28   HIGHEST GUST DIRECTION     W (290)
  AVERAGE WIND SPEED     5.9




RELATIVE HUMIDITY (PERCENT)
 HIGHEST    93
 LOWEST     48
 AVERAGE    71

..........................................................


THE ALPENA MI CLIMATE NORMALS FOR TODAY
                         NORMAL    RECORD    YEAR
 MAXIMUM TEMPERATURE (F)   68        93      1978
 MINIMUM TEMPERATURE (F)   44        27      1934


SUNRISE AND SUNSET
MAY 27 2016...........SUNRISE   553 AM EDT   SUNSET   910 PM EDT
MAY 28 2016...........SUNRISE   553 AM EDT   SUNSET   911 PM EDT


-  INDICATES NEGATIVE NUMBERS.
R  INDICATES RECORD WAS SET OR TIED.
MM INDICATES DATA IS MISSING.
T  INDICATES TRACE AMOUNT.




$$
