000
CDUS43 KAPX 020528
CLIAPN


CLIMATE REPORT
NATIONAL WEATHER SERVICE GAYLORD MI
127 AM EDT MON MAY 2 2016


...................................

...THE ALPENA MI CLIMATE SUMMARY FOR MAY 1 2016...

CLIMATE NORMAL PERIOD 1981 TO 2010
CLIMATE RECORD PERIOD 1916 TO 2016


WEATHER ITEM   OBSERVED TIME   RECORD YEAR NORMAL DEPARTURE LAST
                VALUE   (LST)  VALUE       VALUE  FROM      YEAR
                                                  NORMAL
..................................................................
TEMPERATURE (F)
 YESTERDAY
  MAXIMUM         55    349 PM  84    2013  59     -4       68
                                      1954
                                      1930
  MINIMUM         37   1159 PM  23    1963  36      1       38
  AVERAGE         46                        48     -2       53

PRECIPITATION (IN)
  YESTERDAY        0.03          1.20 1917   0.08  -0.05     0.00
  MONTH TO DATE    0.03                      0.08  -0.05     0.00
  SINCE MAR 1      8.97                      4.33   4.64     3.10
  SINCE JAN 1     13.45                      7.31   6.14     4.89

SNOWFALL (IN)
  YESTERDAY        0.0           0.9  1996   0.0    0.0      0.0
  MONTH TO DATE    0.0                       0.0    0.0      0.0
  SINCE OCT 1     88.8                      84.1    4.7     48.6
  SINCE JUL 1     88.8                      84.1    4.7     48.6
  SNOW DEPTH       0

DEGREE DAYS
 HEATING
  YESTERDAY       19                        17      2       12
  MONTH TO DATE   19                        17      2       12
  SINCE MAR 1   1846                      1844      2     1890
  SINCE JUL 1   6628                      7576   -948     8153

 COOLING
  YESTERDAY        0                         0      0        0
  MONTH TO DATE    0                         0      0        0
  SINCE MAR 1      0                         2     -2        0
  SINCE JAN 1      0                         2     -2        0
..................................................................


WIND (MPH)
  HIGHEST WIND SPEED    20   HIGHEST WIND DIRECTION     E (90)
  HIGHEST GUST SPEED    25   HIGHEST GUST DIRECTION    NE (60)
  AVERAGE WIND SPEED     6.4




RELATIVE HUMIDITY (PERCENT)
 HIGHEST    89
 LOWEST     45
 AVERAGE    67

..........................................................


THE ALPENA MI CLIMATE NORMALS FOR TODAY
                         NORMAL    RECORD    YEAR
 MAXIMUM TEMPERATURE (F)   60        86      2001
 MINIMUM TEMPERATURE (F)   36        20      1966


SUNRISE AND SUNSET
MAY  2 2016...........SUNRISE   621 AM EDT   SUNSET   842 PM EDT
MAY  3 2016...........SUNRISE   620 AM EDT   SUNSET   843 PM EDT


-  INDICATES NEGATIVE NUMBERS.
R  INDICATES RECORD WAS SET OR TIED.
MM INDICATES DATA IS MISSING.
T  INDICATES TRACE AMOUNT.




$$
