000
CDUS43 KAPX 070554
CLIAPN


CLIMATE REPORT
NATIONAL WEATHER SERVICE GAYLORD MI
154 AM EDT TUE JUL 7 2015


...................................

...THE ALPENA MI CLIMATE SUMMARY FOR JULY 6 2015...

CLIMATE NORMAL PERIOD 1981 TO 2010
CLIMATE RECORD PERIOD 1916 TO 2015


WEATHER ITEM   OBSERVED TIME   RECORD YEAR NORMAL DEPARTURE LAST
                VALUE   (LST)  VALUE       VALUE  FROM      YEAR
                                                  NORMAL
..................................................................
TEMPERATURE (F)
 YESTERDAY
  MAXIMUM         87    355 PM 100    1988  79      8       78
  MINIMUM         59    342 AM  37    1965  55      4       60
  AVERAGE         73                        67      6       69

PRECIPITATION (IN)
  YESTERDAY        T             0.99 1934   0.10  -0.10     0.19
  MONTH TO DATE    T                         0.58  -0.58     0.23
  SINCE JUN 1      2.16                      3.20  -1.04     1.41
  SINCE JAN 1     10.71                     13.10  -2.39    12.91

DEGREE DAYS
 HEATING
  YESTERDAY        0                         2     -2        0
  MONTH TO DATE   15                        12      3       16
  SINCE JUN 1    158                       155      3      128
  SINCE JUL 1     15                        12      3       16

 COOLING
  YESTERDAY        8                         4      4        4
  MONTH TO DATE   11                        21    -10       15
  SINCE JUN 1     22                        77    -55       70
  SINCE JAN 1     46                        90    -44       75
..................................................................


WIND (MPH)
  HIGHEST WIND SPEED    22   HIGHEST WIND DIRECTION     S (160)
  HIGHEST GUST SPEED    25   HIGHEST GUST DIRECTION     S (170)
  AVERAGE WIND SPEED     9.4




RELATIVE HUMIDITY (PERCENT)
 HIGHEST    90
 LOWEST     43
 AVERAGE    67

..........................................................


THE ALPENA MI CLIMATE NORMALS FOR TODAY
                         NORMAL    RECORD    YEAR
 MAXIMUM TEMPERATURE (F)   79       100      1988
                                             1936
 MINIMUM TEMPERATURE (F)   55        36      1969


SUNRISE AND SUNSET
JULY  7 2015..........SUNRISE   555 AM EDT   SUNSET   923 PM EDT
JULY  8 2015..........SUNRISE   556 AM EDT   SUNSET   923 PM EDT


-  INDICATES NEGATIVE NUMBERS.
R  INDICATES RECORD WAS SET OR TIED.
MM INDICATES DATA IS MISSING.
T  INDICATES TRACE AMOUNT.




$$
