000
CDUS43 KAPX 302125
CLIAPN


CLIMATE REPORT
NATIONAL WEATHER SERVICE GAYLORD MI
525 PM EDT SAT AUG 30 2014


...................................

...THE ALPENA MI CLIMATE SUMMARY FOR AUGUST 30 2014...
VALID TODAY AS OF 0500 PM LOCAL TIME.

CLIMATE NORMAL PERIOD 1981 TO 2010
CLIMATE RECORD PERIOD 1916 TO 2014


WEATHER ITEM   OBSERVED TIME   RECORD YEAR NORMAL DEPARTURE LAST
                VALUE   (LST)  VALUE       VALUE  FROM      YEAR
                                                  NORMAL
..................................................................
TEMPERATURE (F)
 TODAY
  MAXIMUM         81    236 PM  96    1925  75      6       78
  MINIMUM         63    630 AM  29    1934  51     12       65
  AVERAGE         72                        63      9       72

PRECIPITATION (IN)
  TODAY            0.53          1.95 1955   0.11   0.42     0.53
  MONTH TO DATE    4.99                      3.12   1.87     1.58
  SINCE JUN 1     10.08                      8.77   1.31     7.14
  SINCE JAN 1     21.58                     18.67   2.91    22.07

DEGREE DAYS
 HEATING
  TODAY            0                         4     -4        0
  MONTH TO DATE   55                        68    -13       58
  SINCE JUN 1    236                       255    -19      247
  SINCE JUL 1    124                       112     12      111

 COOLING
  TODAY            7                         2      5        7
  MONTH TO DATE   37                        78    -41       99
  SINCE JUN 1    143                       250   -107      292
  SINCE JAN 1    148                       263   -115      305
..................................................................


WIND (MPH)
  RESULTANT WIND SPEED   8   RESULTANT WIND DIRECTION   S (190)
  HIGHEST WIND SPEED    16   HIGHEST WIND DIRECTION     S (200)
  HIGHEST GUST SPEED    24   HIGHEST GUST DIRECTION     S (200)
  AVERAGE WIND SPEED     8.2


SKY COVER
  POSSIBLE SUNSHINE  MM
  AVERAGE SKY COVER 0.4


WEATHER CONDITIONS
 THE FOLLOWING WEATHER WAS RECORDED TODAY.
  THUNDERSTORM
  HEAVY RAIN
  LIGHT RAIN
  FOG


RELATIVE HUMIDITY (PERCENT)
 HIGHEST   100
 LOWEST     73
 AVERAGE    87

..........................................................


THE ALPENA MI CLIMATE NORMALS FOR TOMORROW
                         NORMAL    RECORD    YEAR
 MAXIMUM TEMPERATURE (F)   74        94      1953
                                             1932
 MINIMUM TEMPERATURE (F)   51        31      1931


SUNRISE AND SUNSET
AUGUST 30 2014........SUNRISE   654 AM EDT   SUNSET   815 PM EDT
AUGUST 31 2014........SUNRISE   655 AM EDT   SUNSET   813 PM EDT


-  INDICATES NEGATIVE NUMBERS.
R  INDICATES RECORD WAS SET OR TIED.
MM INDICATES DATA IS MISSING.
T  INDICATES TRACE AMOUNT.




$$
