000
CDUS43 KAPX 300526
CLIAPN


CLIMATE REPORT
NATIONAL WEATHER SERVICE GAYLORD MI
126 AM EDT THU MAR 30 2017


...................................

...THE ALPENA MI CLIMATE SUMMARY FOR MARCH 29 2017...

CLIMATE NORMAL PERIOD 1981 TO 2010
CLIMATE RECORD PERIOD 1916 TO 2017


WEATHER ITEM   OBSERVED TIME   RECORD YEAR NORMAL DEPARTURE LAST
                VALUE   (LST)  VALUE       VALUE  FROM      YEAR
                                                  NORMAL
..................................................................
TEMPERATURE (F)
 YESTERDAY
  MAXIMUM         44   1155 AM  75    1946  44      0       44
  MINIMUM         27    313 AM  -8    1970  24      3       26
  AVERAGE         36                        34      2       35

PRECIPITATION (IN)
  YESTERDAY        0.00          0.77 2009   0.07  -0.07     0.00
  MONTH TO DATE    2.33                      1.73   0.60     3.64
  SINCE MAR 1      2.33                      1.73   0.60     3.64
  SINCE JAN 1      7.82                      4.71   3.11     8.12

SNOWFALL (IN)
  YESTERDAY        0.0           3.2  1944   0.3   -0.3      0.0
  MONTH TO DATE   10.0                      11.6   -1.6     19.6
  SINCE OCT 1     63.5                      77.7  -14.2     67.0
  SINCE JUL 1     63.5                      77.7  -14.2     67.0
  SNOW DEPTH       0

DEGREE DAYS
 HEATING
  YESTERDAY       29                        31     -2       30
  MONTH TO DATE 1071                      1062      9      934
  SINCE MAR 1   1071                      1062      9      934
  SINCE JUL 1   5702                      6794  -1092     5716

 COOLING
  YESTERDAY        0                         0      0        0
  MONTH TO DATE    0                         0      0        0
  SINCE MAR 1      0                         0      0        0
  SINCE JAN 1      0                         0      0        0
..................................................................


WIND (MPH)
  HIGHEST WIND SPEED    15   HIGHEST WIND DIRECTION    NE (50)
  HIGHEST GUST SPEED    19   HIGHEST GUST DIRECTION    NE (40)
  AVERAGE WIND SPEED     6.4




RELATIVE HUMIDITY (PERCENT)
 HIGHEST    92
 LOWEST     54
 AVERAGE    73

..........................................................


THE ALPENA MI CLIMATE NORMALS FOR TODAY
                         NORMAL    RECORD    YEAR
 MAXIMUM TEMPERATURE (F)   44        74      1998
 MINIMUM TEMPERATURE (F)   25         2      1941
                                             1926
                                             1923


SUNRISE AND SUNSET
MARCH 30 2017.........SUNRISE   718 AM EDT   SUNSET   800 PM EDT
MARCH 31 2017.........SUNRISE   716 AM EDT   SUNSET   801 PM EDT


-  INDICATES NEGATIVE NUMBERS.
R  INDICATES RECORD WAS SET OR TIED.
MM INDICATES DATA IS MISSING.
T  INDICATES TRACE AMOUNT.




$$
