000
CDUS43 KAPX 030534
CLIAPN


CLIMATE REPORT
NATIONAL WEATHER SERVICE GAYLORD MI
134 AM EDT MON AUG 3 2015


...................................

...THE ALPENA MI CLIMATE SUMMARY FOR AUGUST 2 2015...

CLIMATE NORMAL PERIOD 1981 TO 2010
CLIMATE RECORD PERIOD 1916 TO 2015


WEATHER ITEM   OBSERVED TIME   RECORD YEAR NORMAL DEPARTURE LAST
                VALUE   (LST)  VALUE       VALUE  FROM      YEAR
                                                  NORMAL
..................................................................
TEMPERATURE (F)
 YESTERDAY
  MAXIMUM         78    950 AM 102    1988  79     -1       74
  MINIMUM         59    119 AM  35    1924  55      4       54
  AVERAGE         69                        67      2       64

PRECIPITATION (IN)
  YESTERDAY        0.36          1.44 1987   0.10   0.26     0.00
  MONTH TO DATE    0.36                      0.20   0.16     0.00
  SINCE JUN 1      4.17                      5.85  -1.68     5.09
  SINCE JAN 1     12.72                     15.75  -3.03    16.59

DEGREE DAYS
 HEATING
  YESTERDAY        0                         1     -1        1
  MONTH TO DATE    0                         2     -2        1
  SINCE JUN 1    178                       189    -11      182
  SINCE JUL 1     35                        46    -11       70

 COOLING
  YESTERDAY        4                         3      1        0
  MONTH TO DATE    9                         7      2        2
  SINCE JUN 1    159                       179    -20      108
  SINCE JAN 1    183                       192     -9      113
..................................................................


WIND (MPH)
  HIGHEST WIND SPEED    26   HIGHEST WIND DIRECTION    NW (330)
  HIGHEST GUST SPEED    36   HIGHEST GUST DIRECTION    NW (320)
  AVERAGE WIND SPEED     6.6




RELATIVE HUMIDITY (PERCENT)
 HIGHEST    93
 LOWEST     56
 AVERAGE    75

..........................................................


THE ALPENA MI CLIMATE NORMALS FOR TODAY
                         NORMAL    RECORD    YEAR
 MAXIMUM TEMPERATURE (F)   79        98      1988
 MINIMUM TEMPERATURE (F)   55        39      1918


SUNRISE AND SUNSET
AUGUST  3 2015........SUNRISE   621 AM EDT   SUNSET   859 PM EDT
AUGUST  4 2015........SUNRISE   623 AM EDT   SUNSET   857 PM EDT


-  INDICATES NEGATIVE NUMBERS.
R  INDICATES RECORD WAS SET OR TIED.
MM INDICATES DATA IS MISSING.
T  INDICATES TRACE AMOUNT.




$$
