000
CDUS44 KLCH 280838
CLIARA


CLIMATE REPORT
NATIONAL WEATHER SERVICE LAKE CHARLES, LA
337 AM CDT THU MAY 28 2015


...................................

...THE NEW IBERIA CLIMATE SUMMARY FOR MAY 27 2015...

CLIMATE NORMAL PERIOD 1981 TO 2010
CLIMATE RECORD PERIOD 1948 TO 2015


WEATHER ITEM   OBSERVED TIME   RECORD YEAR NORMAL DEPARTURE LAST
                VALUE   (LST)  VALUE       VALUE  FROM      YEAR
                                                  NORMAL
..................................................................
TEMPERATURE (F)
 YESTERDAY
  MAXIMUM         82    523 PM  94    1953  88     -6       86
  MINIMUM         68   1001 AM  52    1961  70     -2       72
  AVERAGE         75                        79     -4       79

PRECIPITATION (IN)
  YESTERDAY        0.81          1.30 1971   0.25   0.56     0.23
  MONTH TO DATE    5.09                      4.01   1.08     0.97
  SINCE MAR 1     19.07                     11.85   7.22     4.75
  SINCE JAN 1     25.53                     21.26   4.27    13.09

SNOWFALL (IN)
  YESTERDAY        0.0           0.0    MM  MM               0.0
  MONTH TO DATE    0.0                      MM               0.0
  SINCE MAR 1      T                        MM               0.0
  SINCE JUL 1      T                        MM               0.1

DEGREE DAYS
 HEATING
  YESTERDAY        0                         0      0        0
  MONTH TO DATE    0                         0      0        4
  SINCE MAR 1     73                       192   -119      260
  SINCE JUL 1   1416                      1408      8     1784

 COOLING
  YESTERDAY       10                        14     -4       14
  MONTH TO DATE  222                       294    -72      234
  SINCE MAR 1    540                       483     57      412
  SINCE JAN 1    544                       514     30      430
..................................................................


WIND (MPH)
  RESULTANT WIND SPEED   3   RESULTANT WIND DIRECTION   E (90)
  HIGHEST WIND SPEED    37   HIGHEST WIND DIRECTION    NW (320)
  HIGHEST GUST SPEED    48   HIGHEST GUST DIRECTION    NW (320)
  AVERAGE WIND SPEED     5.0


SKY COVER
  POSSIBLE SUNSHINE  MM
  AVERAGE SKY COVER 0.3


WEATHER CONDITIONS
 THE FOLLOWING WEATHER WAS RECORDED YESTERDAY.
  THUNDERSTORM
  HEAVY RAIN
  RAIN
  LIGHT RAIN
  FOG


RELATIVE HUMIDITY (PERCENT)
 HIGHEST    94           100 AM
 LOWEST     67           500 PM
 AVERAGE    81

..........................................................


THE NEW IBERIA CLIMATE NORMALS FOR TODAY
                         NORMAL    RECORD    YEAR
 MAXIMUM TEMPERATURE (F)   88        95      1951
 MINIMUM TEMPERATURE (F)   70        52      1961


SUNRISE AND SUNSET
MAY 28 2015...........SUNRISE   608 AM CDT   SUNSET   802 PM CDT
MAY 29 2015...........SUNRISE   608 AM CDT   SUNSET   802 PM CDT


-  INDICATES NEGATIVE NUMBERS.
R  INDICATES RECORD WAS SET OR TIED.
MM INDICATES DATA IS MISSING.
T  INDICATES TRACE AMOUNT.




$$
