000
CDUS44 KLCH 300815
CLIARA


CLIMATE REPORT
NATIONAL WEATHER SERVICE LAKE CHARLES, LA
314 AM CDT WED JUL 30 2014


...................................

...THE NEW IBERIA CLIMATE SUMMARY FOR JULY 29 2014...

CLIMATE NORMAL PERIOD 1981 TO 2010
CLIMATE RECORD PERIOD 1948 TO 2014


WEATHER ITEM   OBSERVED TIME   RECORD YEAR NORMAL DEPARTURE LAST
                VALUE   (LST)  VALUE       VALUE  FROM      YEAR
                                                  NORMAL
..................................................................
TEMPERATURE (F)
 YESTERDAY
  MAXIMUM         91    400 PM  99    1995  92     -1       95
                                      1960
  MINIMUM         73   1109 PM  69    1994  75     -2       77
                                      1969
  AVERAGE         82                        83     -1       86

PRECIPITATION (IN)
  YESTERDAY        0.00          8.00 1954   0.21  -0.21     0.00
  MONTH TO DATE    9.32                      6.21   3.11     7.52
  SINCE JUN 1     17.01                     13.11   3.90    13.71
  SINCE JAN 1     33.35                     35.34  -1.99    49.08

SNOWFALL (IN)
  YESTERDAY        0.0           0.0    MM  MM               0.0
  MONTH TO DATE    0.0                      MM               0.0
  SINCE JUN 1      0.0                      MM               0.0
  SINCE JUL 1      0.0                      MM               0.0

DEGREE DAYS
 HEATING
  YESTERDAY        0                         0      0        0
  MONTH TO DATE    0                         0      0        0
  SINCE JUN 1      0                         0      0        0
  SINCE JUL 1      0                         0      0        0

 COOLING
  YESTERDAY       17                        18     -1       21
  MONTH TO DATE  502                       511     -9      526
  SINCE JUN 1   1009                       982     27     1089
  SINCE JAN 1   1495                      1552    -57     1670
..................................................................


WIND (MPH)
  RESULTANT WIND SPEED   4   RESULTANT WIND DIRECTION   N (20)
  HIGHEST WIND SPEED    15   HIGHEST WIND DIRECTION     N (360)
  HIGHEST GUST SPEED    17   HIGHEST GUST DIRECTION     N (10)
  AVERAGE WIND SPEED     4.6


SKY COVER
  POSSIBLE SUNSHINE  MM
  AVERAGE SKY COVER 0.5


WEATHER CONDITIONS
 THE FOLLOWING WEATHER WAS RECORDED YESTERDAY.
  NO SIGNIFICANT WEATHER WAS OBSERVED.


RELATIVE HUMIDITY (PERCENT)
 HIGHEST    91           200 AM
 LOWEST     47           200 PM
 AVERAGE    69

..........................................................


THE NEW IBERIA CLIMATE NORMALS FOR TODAY
                         NORMAL    RECORD    YEAR
 MAXIMUM TEMPERATURE (F)   92       100      1948
 MINIMUM TEMPERATURE (F)   75        67      1980


SUNRISE AND SUNSET
JULY 30 2014..........SUNRISE   625 AM CDT   SUNSET   802 PM CDT
JULY 31 2014..........SUNRISE   626 AM CDT   SUNSET   801 PM CDT


-  INDICATES NEGATIVE NUMBERS.
R  INDICATES RECORD WAS SET OR TIED.
MM INDICATES DATA IS MISSING.
T  INDICATES TRACE AMOUNT.




$$
