000
CDUS44 KLCH 230845
CLIARA


CLIMATE REPORT
NATIONAL WEATHER SERVICE LAKE CHARLES, LA
343 AM CDT FRI JUN 23 2017


...................................

...THE NEW IBERIA CLIMATE SUMMARY FOR JUNE 22 2017...

CLIMATE NORMAL PERIOD 1981 TO 2010
CLIMATE RECORD PERIOD 1948 TO 2017


WEATHER ITEM   OBSERVED TIME   RECORD YEAR NORMAL DEPARTURE LAST
                VALUE   (LST)  VALUE       VALUE  FROM      YEAR
                                                  NORMAL
..................................................................
TEMPERATURE (F)
 YESTERDAY
  MAXIMUM         84    500 PM  96    2009  90     -6       90
                                      1953
  MINIMUM         79    600 AM  65    1955  72      7       74
  AVERAGE         82                        81      1       82

PRECIPITATION (IN)
  YESTERDAY        1.36          2.97 1993   0.23   1.13     0.18
  MONTH TO DATE    5.91                      5.30   0.61     6.91
  SINCE JUN 1      5.91                      5.30   0.61     6.91
  SINCE JAN 1     24.15                     27.53  -3.38    32.44

SNOWFALL (IN)
  YESTERDAY        0.0           0.0    MM  MM               0.0
  MONTH TO DATE    0.0                      MM               0.0
  SINCE JUN 1      0.0                      MM               0.0
  SINCE JUL 1      0.0                      MM               0.0

DEGREE DAYS
 HEATING
  YESTERDAY        0                         0      0        0
  MONTH TO DATE    0                         0      0        0
  SINCE JUN 1      0                         0      0        0
  SINCE JUL 1    716                      1409   -693      997

 COOLING
  YESTERDAY       17                        16      1       17
  MONTH TO DATE  302                       339    -37      364
  SINCE JUN 1    302                       339    -37      364
  SINCE JAN 1   1049                       909    140      990
..................................................................


WIND (MPH)
  RESULTANT WIND SPEED  18   RESULTANT WIND DIRECTION   S (190)
  HIGHEST WIND SPEED    29   HIGHEST WIND DIRECTION     S (180)
  HIGHEST GUST SPEED    46   HIGHEST GUST DIRECTION     S (180)
  AVERAGE WIND SPEED    18.5


SKY COVER
  POSSIBLE SUNSHINE  MM
  AVERAGE SKY COVER 0.7


WEATHER CONDITIONS
 THE FOLLOWING WEATHER WAS RECORDED YESTERDAY.
  HEAVY RAIN
  RAIN
  LIGHT RAIN


RELATIVE HUMIDITY (PERCENT)
 HIGHEST    97           500 AM
 LOWEST     65           400 PM
 AVERAGE    81

..........................................................


THE NEW IBERIA CLIMATE NORMALS FOR TODAY
                         NORMAL    RECORD    YEAR
 MAXIMUM TEMPERATURE (F)   91       100      2009
 MINIMUM TEMPERATURE (F)   72        66      1992


SUNRISE AND SUNSET
JUNE 23 2017..........SUNRISE   607 AM CDT   SUNSET   812 PM CDT
JUNE 24 2017..........SUNRISE   608 AM CDT   SUNSET   812 PM CDT


-  INDICATES NEGATIVE NUMBERS.
R  INDICATES RECORD WAS SET OR TIED.
MM INDICATES DATA IS MISSING.
T  INDICATES TRACE AMOUNT.




$$
