000
CDUS44 KLCH 262240
CLIARA


CLIMATE REPORT
NATIONAL WEATHER SERVICE LAKE CHARLES, LA
440 PM CST WED NOV 26 2014


...................................

...THE NEW IBERIA CLIMATE SUMMARY FOR NOVEMBER 26 2014...
VALID TODAY AS OF 0400 PM LOCAL TIME.

CLIMATE NORMAL PERIOD 1981 TO 2010
CLIMATE RECORD PERIOD 1948 TO 2014


WEATHER ITEM   OBSERVED TIME   RECORD YEAR NORMAL DEPARTURE LAST
                VALUE   (LST)  VALUE       VALUE  FROM      YEAR
                                                  NORMAL
..................................................................
TEMPERATURE (F)
 TODAY
  MAXIMUM         71    211 PM  83    1973  69      2       48
  MINIMUM         34    707 AM  32    1950  48    -14       41
  AVERAGE         53                        58     -5       45

PRECIPITATION (IN)
  TODAY            0.00          2.43 1948   0.19  -0.19     0.95
  MONTH TO DATE    5.22                      3.46   1.76     1.24
  SINCE SEP 1      9.49                     13.05  -3.56    10.01
  SINCE JAN 1     48.56                     53.90  -5.34    63.08

SNOWFALL (IN)
  TODAY           MM             0.0    MM  MM              MM
  MONTH TO DATE    0.0                      MM               0.0
  SINCE SEP 1      0.0                      MM               0.0
  SINCE JUL 1      0.0                      MM               0.0

DEGREE DAYS
 HEATING
  TODAY           12                         8      4       20
  MONTH TO DATE  254                       127    127      143
  SINCE SEP 1    259                       161     98      149
  SINCE JUL 1    259                       161     98      149

 COOLING
  TODAY            0                         1     -1        0
  MONTH TO DATE   19                        39    -20       59
  SINCE SEP 1    723                       641     82      871
  SINCE JAN 1   2826                      2784     42     3191
..................................................................


WIND (MPH)
  RESULTANT WIND SPEED   5   RESULTANT WIND DIRECTION  SW (230)
  HIGHEST WIND SPEED    22   HIGHEST WIND DIRECTION    SW (240)
  HIGHEST GUST SPEED    30   HIGHEST GUST DIRECTION     W (250)
  AVERAGE WIND SPEED     5.5


SKY COVER
  POSSIBLE SUNSHINE  MM
  AVERAGE SKY COVER 0.0


WEATHER CONDITIONS
 THE FOLLOWING WEATHER WAS RECORDED TODAY.
  LIGHT RAIN


RELATIVE HUMIDITY (PERCENT)
 HIGHEST    96           800 AM
 LOWEST     31          1200 PM
 AVERAGE    64

..........................................................


THE NEW IBERIA CLIMATE NORMALS FOR TOMORROW
                         NORMAL    RECORD    YEAR
 MAXIMUM TEMPERATURE (F)   69        84      1973
 MINIMUM TEMPERATURE (F)   47        26      1956


SUNRISE AND SUNSET
NOVEMBER 26 2014......SUNRISE   642 AM CST   SUNSET   508 PM CST
NOVEMBER 27 2014......SUNRISE   643 AM CST   SUNSET   508 PM CST


-  INDICATES NEGATIVE NUMBERS.
R  INDICATES RECORD WAS SET OR TIED.
MM INDICATES DATA IS MISSING.
T  INDICATES TRACE AMOUNT.




$$
