000
CDUS44 KLCH 202232
CLIARA


CLIMATE REPORT
NATIONAL WEATHER SERVICE LAKE CHARLES, LA
531 PM CDT SUN APR 20 2014


...................................

...THE NEW IBERIA CLIMATE SUMMARY FOR APRIL 20 2014...
VALID TODAY AS OF 0500 PM LOCAL TIME.

CLIMATE NORMAL PERIOD 1981 TO 2010
CLIMATE RECORD PERIOD 1948 TO 2014


WEATHER ITEM   OBSERVED TIME   RECORD YEAR NORMAL DEPARTURE LAST
                VALUE   (LST)  VALUE       VALUE  FROM      YEAR
                                                  NORMAL
..................................................................
TEMPERATURE (F)
 TODAY
  MAXIMUM         83    238 PM  90    1987  80      3       72
  MINIMUM         56    535 AM  42    1953  58     -2       44
  AVERAGE         70                        69      1       58

PRECIPITATION (IN)
  TODAY            0.00          1.26 1986   0.16  -0.16     0.00
  MONTH TO DATE    2.24                      2.98  -0.74     5.29
  SINCE MAR 1      3.75                      6.75  -3.00     8.02
  SINCE JAN 1     12.09                     16.16  -4.07    24.77

SNOWFALL (IN)
  TODAY            0.0           0.0    MM  MM               0.0
  MONTH TO DATE    0.0                      MM               0.0
  SINCE MAR 1      0.0                      MM               0.0
  SINCE JUL 1      0.1                      MM               0.0

DEGREE DAYS
 HEATING
  TODAY            0                         1     -1        7
  MONTH TO DATE   43                        40      3       38
  SINCE MAR 1    256                       188     68      240
  SINCE JUL 1   1780                      1404    376     1127

 COOLING
  TODAY            5                         5      0        0
  MONTH TO DATE   62                        76    -14       91
  SINCE MAR 1     85                       128    -43      134
  SINCE JAN 1    103                       159    -56      182
..................................................................


WIND (MPH)
  RESULTANT WIND SPEED   0   RESULTANT WIND DIRECTION  SE (130)
  HIGHEST WIND SPEED    12   HIGHEST WIND DIRECTION     S (190)
  HIGHEST GUST SPEED    15   HIGHEST GUST DIRECTION    SW (220)
  AVERAGE WIND SPEED     2.6


SKY COVER
  POSSIBLE SUNSHINE  MM
  AVERAGE SKY COVER 0.0


WEATHER CONDITIONS
 THE FOLLOWING WEATHER WAS RECORDED TODAY.
  NO SIGNIFICANT WEATHER WAS OBSERVED.


RELATIVE HUMIDITY (PERCENT)
 HIGHEST    93           200 AM
 LOWEST     37           200 PM
 AVERAGE    65

..........................................................


THE NEW IBERIA CLIMATE NORMALS FOR TOMORROW
                         NORMAL    RECORD    YEAR
 MAXIMUM TEMPERATURE (F)   80        93      1987
 MINIMUM TEMPERATURE (F)   58        39      1953


SUNRISE AND SUNSET
APRIL 20 2014.........SUNRISE   635 AM CDT   SUNSET   738 PM CDT
APRIL 21 2014.........SUNRISE   634 AM CDT   SUNSET   739 PM CDT


-  INDICATES NEGATIVE NUMBERS.
R  INDICATES RECORD WAS SET OR TIED.
MM INDICATES DATA IS MISSING.
T  INDICATES TRACE AMOUNT.




$$
