000
CDUS44 KLCH 172204
CLIARA


CLIMATE REPORT
NATIONAL WEATHER SERVICE LAKE CHARLES, LA
403 PM CST SAT FEB 17 2018


...................................

...THE NEW IBERIA CLIMATE SUMMARY FOR FEBRUARY 17 2018...
VALID TODAY AS OF 0400 PM LOCAL TIME.

CLIMATE NORMAL PERIOD 1981 TO 2010
CLIMATE RECORD PERIOD 1948 TO 2018


WEATHER ITEM   OBSERVED TIME   RECORD YEAR NORMAL DEPARTURE LAST
                VALUE   (LST)  VALUE       VALUE  FROM      YEAR
                                                  NORMAL
..................................................................
TEMPERATURE (F)
 TODAY
  MAXIMUM         80    319 PM  81    2000  66     14       60
                                      1955
  MINIMUM         66    442 AM  26    1996  46     20       45
  AVERAGE         73                        56     17       53

PRECIPITATION (IN)
  TODAY            0.00          1.26 1992   0.17  -0.17     0.04
  MONTH TO DATE    1.46                      2.48  -1.02     0.16
  SINCE DEC 1     16.81                     12.70   4.11    11.30
  SINCE JAN 1      8.59                      7.70   0.89     2.60

SNOWFALL (IN)
  TODAY            0.0           0.0    MM  MM              MM
  MONTH TO DATE    0.0                      MM               0.0
  SINCE DEC 1      2.4                      MM               0.0
  SINCE JUL 1      2.4                      MM               0.0

DEGREE DAYS
 HEATING
  TODAY            0                        10    -10       12
  MONTH TO DATE   79                       187   -108       70
  SINCE DEC 1   1004                       929     75      518
  SINCE JUL 1   1183                      1124     59      613

 COOLING
  TODAY            8                         1      7        0
  MONTH TO DATE   37                        13     24       39
  SINCE DEC 1     56                        47      9      170
  SINCE JAN 1     37                        25     12      103
..................................................................


WIND (MPH)
  RESULTANT WIND SPEED   8   RESULTANT WIND DIRECTION  SW (220)
  HIGHEST WIND SPEED    16   HIGHEST WIND DIRECTION    SW (240)
  HIGHEST GUST SPEED    21   HIGHEST GUST DIRECTION    SW (230)
  AVERAGE WIND SPEED     8.8


SKY COVER
  POSSIBLE SUNSHINE  MM
  AVERAGE SKY COVER 0.9


WEATHER CONDITIONS
 THE FOLLOWING WEATHER WAS RECORDED TODAY.
  FOG
  FOG W/VISIBILITY <= 1/4 MILE


RELATIVE HUMIDITY (PERCENT)
 HIGHEST    93          1200 AM
 LOWEST     54           300 PM
 AVERAGE    74

..........................................................


THE NEW IBERIA CLIMATE NORMALS FOR TOMORROW
                         NORMAL    RECORD    YEAR
 MAXIMUM TEMPERATURE (F)   66        83      1956
 MINIMUM TEMPERATURE (F)   46        30      1969


SUNRISE AND SUNSET
FEBRUARY 17 2018......SUNRISE   645 AM CST   SUNSET   558 PM CST
FEBRUARY 18 2018......SUNRISE   645 AM CST   SUNSET   559 PM CST


-  INDICATES NEGATIVE NUMBERS.
R  INDICATES RECORD WAS SET OR TIED.
MM INDICATES DATA IS MISSING.
T  INDICATES TRACE AMOUNT.




$$
