000
CDUS44 KLCH 201245
CLIARA


CLIMATE REPORT
NATIONAL WEATHER SERVICE LAKE CHARLES, LA
645 AM CST FRI JAN 20 2017


...................................

...THE NEW IBERIA CLIMATE SUMMARY FOR JANUARY 19 2017...

CLIMATE NORMAL PERIOD 1981 TO 2010
CLIMATE RECORD PERIOD 1948 TO 2017


WEATHER ITEM   OBSERVED TIME   RECORD YEAR NORMAL DEPARTURE LAST
                VALUE   (LST)  VALUE       VALUE  FROM      YEAR
                                                  NORMAL
..................................................................
TEMPERATURE (F)
 YESTERDAY
  MAXIMUM         72    609 AM  80    1950  63      9       66
  MINIMUM         59   1132 PM  19    1977  43     16       35
  AVERAGE         66                        53     13       51

PRECIPITATION (IN)
  YESTERDAY        1.39R         1.39 2017   0.18   1.21     0.00
  MONTH TO DATE    2.20                      3.17  -0.97     5.18
  SINCE DEC 1     10.90                      8.17   2.73     8.20
  SINCE JAN 1      2.20                      3.17  -0.97     5.18

SNOWFALL (IN)
  YESTERDAY        0.0           0.0    MM  MM               0.0
  MONTH TO DATE    0.0                      MM               0.0
  SINCE DEC 1      0.0                      MM               0.0
  SINCE JUL 1      0.0                      MM               0.0

DEGREE DAYS
 HEATING
  YESTERDAY        0                        13    -13       14
  MONTH TO DATE  123                       247   -124      276
  SINCE DEC 1    359                       599   -240      445
  SINCE JUL 1    454                       794   -340      516

 COOLING
  YESTERDAY        1                         0      1        0
  MONTH TO DATE   51                         9     42        0
  SINCE DEC 1    118                        31     87       83
  SINCE JAN 1     51                         9     42        0
..................................................................


WIND (MPH)
  RESULTANT WIND SPEED   8   RESULTANT WIND DIRECTION   S (190)
  HIGHEST WIND SPEED    23   HIGHEST WIND DIRECTION     S (200)
  HIGHEST GUST SPEED    30   HIGHEST GUST DIRECTION     S (200)
  AVERAGE WIND SPEED     8.7


SKY COVER
  POSSIBLE SUNSHINE  MM
  AVERAGE SKY COVER 0.9


WEATHER CONDITIONS
 THE FOLLOWING WEATHER WAS RECORDED YESTERDAY.
  THUNDERSTORM
  HEAVY RAIN
  RAIN
  LIGHT RAIN
  FOG
  FOG W/VISIBILITY <= 1/4 MILE


RELATIVE HUMIDITY (PERCENT)
 HIGHEST    97          1000 PM
 LOWEST     87           700 AM
 AVERAGE    92

..........................................................


THE NEW IBERIA CLIMATE NORMALS FOR TODAY
                         NORMAL    RECORD    YEAR
 MAXIMUM TEMPERATURE (F)   63        81      1952
 MINIMUM TEMPERATURE (F)   43        17      1985


SUNRISE AND SUNSET
JANUARY 20 2017.......SUNRISE   703 AM CST   SUNSET   535 PM CST
JANUARY 21 2017.......SUNRISE   703 AM CST   SUNSET   535 PM CST


-  INDICATES NEGATIVE NUMBERS.
R  INDICATES RECORD WAS SET OR TIED.
MM INDICATES DATA IS MISSING.
T  INDICATES TRACE AMOUNT.




$$
