000
CDUS43 KLOT 040634
CLIARR


CLIMATE REPORT
NATIONAL WEATHER SERVICE CHICAGO IL
132 AM CDT WED MAY 4 2016


...................................

...THE AURORA MUNICIPAL AIRPORT CLIMATE SUMMARY FOR MAY 3 2016...

CLIMATE NORMAL PERIOD 1981 TO 2010
CLIMATE RECORD PERIOD 1998 TO 2016


WEATHER ITEM   OBSERVED TIME   RECORD YEAR NORMAL DEPARTURE LAST
                VALUE   (LST)  VALUE       VALUE  FROM      YEAR
                                                  NORMAL
..................................................................
TEMPERATURE (F)
 YESTERDAY
  MAXIMUM         68    310 PM  86    2001  66      2       81
  MINIMUM         36    517 AM  21    2005  42     -6       51
  AVERAGE         52                        55     -3       66

PRECIPITATION (IN)
  YESTERDAY        0.12          0.23 2013   0.14  -0.02     0.14
  MONTH TO DATE    0.53                      0.40   0.13     0.14
  SINCE MAR 1      5.86                      5.93  -0.07     4.77
  SINCE JAN 1      7.35                      9.02  -1.67     5.45

DEGREE DAYS
 HEATING
  YESTERDAY       13                        11      2        0
  MONTH TO DATE   44                        33     11       20
  SINCE MAR 1   1172                      1401   -229     1414
  SINCE JUL 1   5293                      6539  -1246     6869

 COOLING
  YESTERDAY        0                         0      0        1
  MONTH TO DATE    0                         0      0        1
  SINCE MAR 1      5                         3      2        1
  SINCE JAN 1      5                         3      2        1
..................................................................


WIND (MPH)
  RESULTANT WIND SPEED   8   RESULTANT WIND DIRECTION   W (270)
  HIGHEST WIND SPEED    23   HIGHEST WIND DIRECTION     W (270)
  HIGHEST GUST SPEED    29   HIGHEST GUST DIRECTION     W (270)
  AVERAGE WIND SPEED     9.7


SKY COVER
  POSSIBLE SUNSHINE  MM
  AVERAGE SKY COVER 0.5


WEATHER CONDITIONS
 THE FOLLOWING WEATHER WAS RECORDED YESTERDAY.
  THUNDERSTORM
  RAIN
  LIGHT RAIN


RELATIVE HUMIDITY (PERCENT)
 HIGHEST    92           100 AM
 LOWEST     37           300 PM
 AVERAGE    65

..........................................................


THE AURORA MUNICIPAL AIRPORT CLIMATE NORMALS FOR TODAY
                         NORMAL    RECORD    YEAR
 MAXIMUM TEMPERATURE (F)   67        81      1999
 MINIMUM TEMPERATURE (F)   43        27      2005


SUNRISE AND SUNSET
MAY  4 2016...........SUNRISE   546 AM CDT   SUNSET   756 PM CDT
MAY  5 2016...........SUNRISE   545 AM CDT   SUNSET   757 PM CDT


-  INDICATES NEGATIVE NUMBERS.
R  INDICATES RECORD WAS SET OR TIED.
MM INDICATES DATA IS MISSING.
T  INDICATES TRACE AMOUNT.




$$
