000
CDUS43 KLOT 250634
CLIARR


CLIMATE REPORT
NATIONAL WEATHER SERVICE CHICAGO IL
133 AM CDT SUN JUN 25 2017


...................................

...THE AURORA MUNICIPAL AIRPORT CLIMATE SUMMARY FOR JUNE 24 2017...

CLIMATE NORMAL PERIOD 1981 TO 2010
CLIMATE RECORD PERIOD 1998 TO 2017


WEATHER ITEM   OBSERVED TIME   RECORD YEAR NORMAL DEPARTURE LAST
                VALUE   (LST)  VALUE       VALUE  FROM      YEAR
                                                  NORMAL
..................................................................
TEMPERATURE (F)
 YESTERDAY
  MAXIMUM         74    216 PM  97    2005  82     -8       85
  MINIMUM         54   1159 PM  49    2006  60     -6       59
  AVERAGE         64                        71     -7       72

PRECIPITATION (IN)
  YESTERDAY        0.00          1.12 2000   0.11  -0.11     0.00
  MONTH TO DATE    1.98                      3.45  -1.47     3.49
  SINCE JUN 1      1.98                      3.45  -1.47     3.49
  SINCE JAN 1     20.06                     16.33   3.73    17.12

DEGREE DAYS
 HEATING
  YESTERDAY        1                         0      1        0
  MONTH TO DATE    4                        40    -36        6
  SINCE JUN 1      4                        40    -36        6
  SINCE JUL 1   5420                      6774  -1354     5459

 COOLING
  YESTERDAY        0                         7     -7        7
  MONTH TO DATE  195                       113     82      163
  SINCE JUN 1    195                       113     82      163
  SINCE JAN 1    229                       154     75      245
..................................................................


WIND (MPH)
  RESULTANT WIND SPEED  13   RESULTANT WIND DIRECTION   W (290)
  HIGHEST WIND SPEED    29   HIGHEST WIND DIRECTION     W (280)
  HIGHEST GUST SPEED    36   HIGHEST GUST DIRECTION     W (290)
  AVERAGE WIND SPEED    13.2


SKY COVER
  POSSIBLE SUNSHINE  MM
  AVERAGE SKY COVER 0.2


WEATHER CONDITIONS
 THE FOLLOWING WEATHER WAS RECORDED YESTERDAY.
  NO SIGNIFICANT WEATHER WAS OBSERVED.


RELATIVE HUMIDITY (PERCENT)
 HIGHEST    93           400 AM
 LOWEST     34           600 PM
 AVERAGE    64

..........................................................


THE AURORA MUNICIPAL AIRPORT CLIMATE NORMALS FOR TODAY
                         NORMAL    RECORD    YEAR
 MAXIMUM TEMPERATURE (F)   83        96      2005
 MINIMUM TEMPERATURE (F)   60        50      2004


SUNRISE AND SUNSET
JUNE 25 2017..........SUNRISE   520 AM CDT   SUNSET   833 PM CDT
JUNE 26 2017..........SUNRISE   521 AM CDT   SUNSET   833 PM CDT


-  INDICATES NEGATIVE NUMBERS.
R  INDICATES RECORD WAS SET OR TIED.
MM INDICATES DATA IS MISSING.
T  INDICATES TRACE AMOUNT.




$$
