000
CDUS43 KLOT 290637
CLIARR


CLIMATE REPORT
NATIONAL WEATHER SERVICE CHICAGO IL
134 AM CDT SAT AUG 29 2015


...................................

...THE AURORA MUNICIPAL AIRPORT CLIMATE SUMMARY FOR AUGUST 28 2015...

CLIMATE NORMAL PERIOD 1981 TO 2010
CLIMATE RECORD PERIOD 1998 TO 2015


WEATHER ITEM   OBSERVED TIME   RECORD YEAR NORMAL DEPARTURE LAST
                VALUE   (LST)  VALUE       VALUE  FROM      YEAR
                                                  NORMAL
..................................................................
TEMPERATURE (F)
 YESTERDAY
  MAXIMUM         72    842 PM  94    2003  80     -8       82
  MINIMUM         53   1216 AM  52    2011  58     -5       60
                                      2001
  AVERAGE         63                        69     -6       71

PRECIPITATION (IN)
  YESTERDAY        0.00          0.70 2006   0.10  -0.10     0.15
  MONTH TO DATE    2.34                      3.83  -1.49     3.45
  SINCE JUN 1     16.07                     12.03   4.04    14.53
  SINCE JAN 1     25.42                     24.91   0.51    22.52

DEGREE DAYS
 HEATING
  YESTERDAY        2                         1      1        0
  MONTH TO DATE   20                         3     17        6
  SINCE JUN 1     50                        53     -3       37
  SINCE JUL 1     32                        12     20       21

 COOLING
  YESTERDAY        0                         5     -5        6
  MONTH TO DATE  149                       159    -10      195
  SINCE JUN 1    514                       529    -15      512
  SINCE JAN 1    583                       570     13      598
..................................................................


WIND (MPH)
  RESULTANT WIND SPEED   3   RESULTANT WIND DIRECTION  SE (130)
  HIGHEST WIND SPEED    10   HIGHEST WIND DIRECTION     E (110)
  HIGHEST GUST SPEED    12   HIGHEST GUST DIRECTION     E (110)
  AVERAGE WIND SPEED     3.5


SKY COVER
  POSSIBLE SUNSHINE  MM
  AVERAGE SKY COVER 0.2


WEATHER CONDITIONS
 THE FOLLOWING WEATHER WAS RECORDED YESTERDAY.
  FOG
  HAZE


RELATIVE HUMIDITY (PERCENT)
 HIGHEST    93          1200 AM
 LOWEST     73          1100 AM
 AVERAGE    83

..........................................................


THE AURORA MUNICIPAL AIRPORT CLIMATE NORMALS FOR TODAY
                         NORMAL    RECORD    YEAR
 MAXIMUM TEMPERATURE (F)   80        93      2010
 MINIMUM TEMPERATURE (F)   58        48      2001


SUNRISE AND SUNSET
AUGUST 29 2015........SUNRISE   616 AM CDT   SUNSET   733 PM CDT
AUGUST 30 2015........SUNRISE   617 AM CDT   SUNSET   731 PM CDT


-  INDICATES NEGATIVE NUMBERS.
R  INDICATES RECORD WAS SET OR TIED.
MM INDICATES DATA IS MISSING.
T  INDICATES TRACE AMOUNT.




$$
