573
CDUS41 KBUF 261005
CLIART


CLIMATE REPORT
NATIONAL WEATHER SERVICE BUFFALO NY
604 AM EDT WED JUL 26 2017


...................................

...THE WATERTOWN NY CLIMATE SUMMARY FOR JULY 25 2017...

CLIMATE NORMAL PERIOD 1981 TO 2010
CLIMATE RECORD PERIOD 1949 TO 2017


WEATHER ITEM   OBSERVED TIME   RECORD YEAR NORMAL DEPARTURE LAST
                VALUE   (LST)  VALUE       VALUE  FROM      YEAR
                                                  NORMAL
..................................................................
TEMPERATURE (F)
 YESTERDAY
  MAXIMUM         69    531 PM  90    1985  80    -11       78
  MINIMUM         58    851 AM  43    1976  59     -1       62
  AVERAGE         64                        69     -5       70

PRECIPITATION (IN)
  YESTERDAY        0.08          1.18 1962   0.10  -0.02     0.08
  MONTH TO DATE    4.37                      2.10   2.27     0.40
  SINCE JUN 1     10.55                      4.95   5.60     4.00
  SINCE JAN 1     26.22                     18.10   8.12    15.00

DEGREE DAYS
 HEATING
  YESTERDAY        1                         1      0        0
  MONTH TO DATE    3                        26    -23        5
  SINCE JUN 1    105                       133    -28      103
  SINCE JUL 1      3                        26    -23        5

 COOLING
  YESTERDAY        0                         5     -5        5
  MONTH TO DATE  112                       114     -2      150
  SINCE JUN 1    192                       176     16      197
  SINCE JAN 1    211                       187     24      227
..................................................................


WIND (MPH)
  HIGHEST WIND SPEED    17   HIGHEST WIND DIRECTION    NE (50)
  HIGHEST GUST SPEED    22   HIGHEST GUST DIRECTION    NE (30)
  AVERAGE WIND SPEED     7.6


SKY COVER
  AVERAGE SKY COVER 1.0


WEATHER CONDITIONS
 THE FOLLOWING WEATHER WAS RECORDED YESTERDAY.
  LIGHT RAIN
  FOG


RELATIVE HUMIDITY (PERCENT)
 HIGHEST   100          1200 AM
 LOWEST     73           300 PM
 AVERAGE    87

..........................................................


THE WATERTOWN NY CLIMATE NORMALS FOR TODAY
                         NORMAL    RECORD    YEAR
 MAXIMUM TEMPERATURE (F)   80        93      1963
 MINIMUM TEMPERATURE (F)   59        45      2001


SUNRISE AND SUNSET
JULY 26 2017..........SUNRISE   546 AM EDT   SUNSET   834 PM EDT
JULY 27 2017..........SUNRISE   547 AM EDT   SUNSET   833 PM EDT


-  INDICATES NEGATIVE NUMBERS.
R  INDICATES RECORD WAS SET OR TIED.
MM INDICATES DATA IS MISSING.
T  INDICATES TRACE AMOUNT.




$$
