000
CDUS41 KBUF 251022
CLIART


CLIMATE REPORT
NATIONAL WEATHER SERVICE BUFFALO NY
521 AM EST SUN FEB 25 2018


...................................

...THE WATERTOWN NY CLIMATE SUMMARY FOR FEBRUARY 24 2018...

CLIMATE NORMAL PERIOD 1981 TO 2010
CLIMATE RECORD PERIOD 1949 TO 2018


WEATHER ITEM   OBSERVED TIME   RECORD YEAR NORMAL DEPARTURE LAST
                VALUE   (LST)  VALUE       VALUE  FROM      YEAR
                                                  NORMAL
..................................................................
TEMPERATURE (F)
 YESTERDAY
  MAXIMUM         42    138 PM  53    1975  34      8       44
  MINIMUM         27   1052 PM -19    1993  13     14       31
  AVERAGE         35                        23     12       38

PRECIPITATION (IN)
  YESTERDAY        0.00          1.64 2016   0.08  -0.08     0.05
  MONTH TO DATE    1.22                      1.89  -0.67     1.19
  SINCE DEC 1      5.27                      7.70  -2.43     5.16
  SINCE JAN 1      3.48                      4.55  -1.07     2.97

DEGREE DAYS
 HEATING
  YESTERDAY       30                        42    -12       27
  MONTH TO DATE  899                      1066   -167      881
  SINCE DEC 1   3756                      3678     78     3170
  SINCE JUL 1   5115                      5277   -162     4512

 COOLING
  YESTERDAY        0                         0      0        0
  MONTH TO DATE    0                         0      0        0
  SINCE DEC 1      0                         0      0        0
  SINCE JAN 1      0                         0      0        0
..................................................................


WIND (MPH)
  HIGHEST WIND SPEED    18   HIGHEST WIND DIRECTION     W (280)
  HIGHEST GUST SPEED    24   HIGHEST GUST DIRECTION     W (270)
  AVERAGE WIND SPEED     8.2


SKY COVER
  AVERAGE SKY COVER 0.7


WEATHER CONDITIONS
 THE FOLLOWING WEATHER WAS RECORDED YESTERDAY.
  FOG


RELATIVE HUMIDITY (PERCENT)
 HIGHEST   100           100 AM
 LOWEST     70           100 PM
 AVERAGE    85

..........................................................


THE WATERTOWN NY CLIMATE NORMALS FOR TODAY
                         NORMAL    RECORD    YEAR
 MAXIMUM TEMPERATURE (F)   34        64      2017
 MINIMUM TEMPERATURE (F)   13       -29      1993


SUNRISE AND SUNSET
FEBRUARY 25 2018......SUNRISE   648 AM EST   SUNSET   547 PM EST
FEBRUARY 26 2018......SUNRISE   646 AM EST   SUNSET   549 PM EST


-  INDICATES NEGATIVE NUMBERS.
R  INDICATES RECORD WAS SET OR TIED.
MM INDICATES DATA IS MISSING.
T  INDICATES TRACE AMOUNT.




$$
