000
CDUS41 KBUF 282131
CLIART


CLIMATE REPORT
NATIONAL WEATHER SERVICE BUFFALO NY
431 PM EST FRI NOV 28 2014


...................................

...THE WATERTOWN NY CLIMATE SUMMARY FOR NOVEMBER 28 2014...
VALID TODAY AS OF 0400 PM LOCAL TIME.

CLIMATE NORMAL PERIOD 1981 TO 2010
CLIMATE RECORD PERIOD 1949 TO 2014


WEATHER ITEM   OBSERVED TIME   RECORD YEAR NORMAL DEPARTURE LAST
                VALUE   (LST)  VALUE       VALUE  FROM      YEAR
                                                  NORMAL
..................................................................
TEMPERATURE (F)
 TODAY
  MAXIMUM         29    240 PM  72    1990  42    -13       27
  MINIMUM         15    534 AM  -3    1968  25    -10        7
  AVERAGE         22                        34    -12       17

PRECIPITATION (IN)
  TODAY            T             0.86 1968   0.13  -0.13      T
  MONTH TO DATE    2.55                      3.52  -0.97     3.15
  SINCE SEP 1      7.75                     10.89  -3.14    10.54
  SINCE JAN 1     40.01                     32.69   7.32    32.34

DEGREE DAYS
 HEATING
  TODAY           43                        32     11       48
  MONTH TO DATE  712                       738    -26      787
  SINCE SEP 1   1251                      1462   -211     1432
  SINCE JUL 1   1301                      1534   -233     1475

 COOLING
  TODAY            0                         0      0        0
  MONTH TO DATE    0                         0      0        0
  SINCE SEP 1     73                        38     35       48
  SINCE JAN 1    433                       362     71      481
..................................................................


WIND (MPH)
  HIGHEST WIND SPEED    17   HIGHEST WIND DIRECTION     W (260)
  HIGHEST GUST SPEED    22   HIGHEST GUST DIRECTION     W (260)
  AVERAGE WIND SPEED     3.4


SKY COVER
  AVERAGE SKY COVER 0.8


WEATHER CONDITIONS
 THE FOLLOWING WEATHER WAS RECORDED TODAY.
  SNOW
  LIGHT SNOW


RELATIVE HUMIDITY (PERCENT)
 HIGHEST    81           200 AM
 LOWEST     57           200 PM
 AVERAGE    69

..........................................................


THE WATERTOWN NY CLIMATE NORMALS FOR TOMORROW
                         NORMAL    RECORD    YEAR
 MAXIMUM TEMPERATURE (F)   41        68      2005
 MINIMUM TEMPERATURE (F)   25         1      1974


SUNRISE AND SUNSET
NOVEMBER 28 2014......SUNRISE   715 AM EST   SUNSET   429 PM EST
NOVEMBER 29 2014......SUNRISE   716 AM EST   SUNSET   428 PM EST


-  INDICATES NEGATIVE NUMBERS.
R  INDICATES RECORD WAS SET OR TIED.
MM INDICATES DATA IS MISSING.
T  INDICATES TRACE AMOUNT.




$$
