000
CDUS45 KGJT 310730
CLIASE


CLIMATE REPORT
NATIONAL WEATHER SERVICE GRAND JUNCTION CO
128 AM MDT SUN AUG 31 2014


...................................

...THE ASPEN CO CLIMATE SUMMARY FOR AUGUST 30 2014...

CLIMATE NORMAL PERIOD 1981 TO 2010
CLIMATE RECORD PERIOD 9999 TO 9999


WEATHER ITEM   OBSERVED TIME   RECORD YEAR NORMAL DEPARTURE LAST
                VALUE   (LST)  VALUE       VALUE  FROM      YEAR
                                                  NORMAL
..................................................................
TEMPERATURE (F)
 YESTERDAY
  MAXIMUM         77   1207 PM  MM      MM  74      3       80
  MINIMUM         42    545 AM  MM      MM  43     -1       50
  AVERAGE         60                        59      1       65

PRECIPITATION (IN)
  YESTERDAY        0.01         MM      MM   0.06  -0.05     0.28
  MONTH TO DATE    1.74                      1.63   0.11     1.53
  SINCE JUN 1      3.68                      4.47  -0.79     3.20
  SINCE JAN 1      9.21                     11.41  -2.20     9.88

SNOWFALL (IN)
  YESTERDAY       MM            MM      MM  MM     MM       MM
  MONTH TO DATE   MM                        MM     MM       MM
  SINCE JUN 1     MM                        MM     MM       MM
  SINCE JUL 1     MM                        MM     MM       MM
  SNOW DEPTH      MM

DEGREE DAYS
 HEATING
  YESTERDAY        5                         6     -1        0
  MONTH TO DATE  125                       117      8      102
  SINCE JUN 1    355                       417    -62      280
  SINCE JUL 1    150                       188    -38      134

 COOLING
  YESTERDAY        0                         0      0        0
  MONTH TO DATE    1                         9     -8        4
  SINCE JUN 1     56                        38     18       60
  SINCE JAN 1     56                        38     18       60
..................................................................


WIND (MPH)
  HIGHEST WIND SPEED    24   HIGHEST WIND DIRECTION    NW (320)
  HIGHEST GUST SPEED    34   HIGHEST GUST DIRECTION     N (340)
  AVERAGE WIND SPEED     6.0


SKY COVER
  POSSIBLE SUNSHINE  MM
  AVERAGE SKY COVER 0.2


WEATHER CONDITIONS
 THE FOLLOWING WEATHER WAS RECORDED YESTERDAY.
  THUNDERSTORM
  LIGHT RAIN


RELATIVE HUMIDITY (PERCENT)
 HIGHEST    80           900 PM
 LOWEST     25          1200 PM
 AVERAGE    53

..........................................................


THE ASPEN CO CLIMATE NORMALS FOR TODAY
                         NORMAL    RECORD    YEAR
 MAXIMUM TEMPERATURE (F)   74        MM        MM
 MINIMUM TEMPERATURE (F)   43        MM        MM


SUNRISE AND SUNSET
AUGUST 31 2014........SUNRISE   635 AM MDT   SUNSET   740 PM MDT
SEPTEMBER  1 2014.....SUNRISE   636 AM MDT   SUNSET   738 PM MDT


-  INDICATES NEGATIVE NUMBERS.
R  INDICATES RECORD WAS SET OR TIED.
MM INDICATES DATA IS MISSING.
T  INDICATES TRACE AMOUNT.




$$
