000
CDUS46 KPQR 161145
CLIAST


CLIMATE REPORT
NATIONAL WEATHER SERVICE PORTLAND OREGON
444 AM PDT TUE SEP 16 2014


...................................

...THE ASTORIA OR CLIMATE SUMMARY FOR SEPTEMBER 15 2014...

CLIMATE NORMAL PERIOD 1981 TO 2010
CLIMATE RECORD PERIOD 1892 TO 2014


WEATHER ITEM   OBSERVED TIME   RECORD YEAR NORMAL DEPARTURE LAST
                VALUE   (LST)  VALUE       VALUE  FROM      YEAR
                                                  NORMAL
..................................................................
TEMPERATURE (F)
 YESTERDAY
  MAXIMUM         73   1118 AM  81    1932  68      5       63
                                      1929
  MINIMUM         46    600 AM  38    1969  50     -4       59
  AVERAGE         60                        59      1       61

PRECIPITATION (IN)
  YESTERDAY        0.00          1.92 1955   0.06  -0.06     0.10
  MONTH TO DATE    0.04                      0.91  -0.87     0.55
  SINCE OCT 1     54.51                     66.03 -11.52    78.52
  SINCE JAN 1     42.35                     39.01   3.34    36.90

DEGREE DAYS
 HEATING
  YESTERDAY        5                         6     -1        4
  MONTH TO DATE   35                        82    -47       31
  SINCE SEP 1     35                        82    -47       31
  SINCE JUL 1    193                       363   -170      278

 COOLING
  YESTERDAY        0                         0      0        0
  MONTH TO DATE   16                         0     16        3
  SINCE SEP 1     16                         0     16        3
  SINCE JAN 1     41                         7     34        9
..................................................................


WIND (MPH)
  HIGHEST WIND SPEED    18   HIGHEST WIND DIRECTION    SW (220)
  HIGHEST GUST SPEED    24   HIGHEST GUST DIRECTION    SW (210)
  AVERAGE WIND SPEED     7.2


SKY COVER
  POSSIBLE SUNSHINE  MM
  AVERAGE SKY COVER 0.2


WEATHER CONDITIONS
 THE FOLLOWING WEATHER WAS RECORDED YESTERDAY.
  NO SIGNIFICANT WEATHER WAS OBSERVED.


RELATIVE HUMIDITY (PERCENT)
 HIGHEST    93           300 AM
 LOWEST     49          1100 AM
 AVERAGE    71

..........................................................


THE ASTORIA OR CLIMATE NORMALS FOR TODAY
                         NORMAL    RECORD    YEAR
 MAXIMUM TEMPERATURE (F)   68        85      1994
 MINIMUM TEMPERATURE (F)   49        41      1978
                                             1960
                                             1941


SUNRISE AND SUNSET
SEPTEMBER 16 2014.....SUNRISE   655 AM PDT   SUNSET   725 PM PDT
SEPTEMBER 17 2014.....SUNRISE   656 AM PDT   SUNSET   723 PM PDT


-  INDICATES NEGATIVE NUMBERS.
R  INDICATES RECORD WAS SET OR TIED.
MM INDICATES DATA IS MISSING.
T  INDICATES TRACE AMOUNT.




$$
