352
CDUS46 KPQR 231141
CLIAST


CLIMATE REPORT
NATIONAL WEATHER SERVICE PORTLAND OREGON
341 AM PST THU NOV 23 2017


...................................

...THE ASTORIA OR CLIMATE SUMMARY FOR NOVEMBER 22 2017...

CLIMATE NORMAL PERIOD 1981 TO 2010
CLIMATE RECORD PERIOD 1892 TO 2017


WEATHER ITEM   OBSERVED TIME   RECORD YEAR NORMAL DEPARTURE LAST
                VALUE   (LST)  VALUE       VALUE  FROM      YEAR
                                                  NORMAL
..................................................................
TEMPERATURE (F)
 YESTERDAY
  MAXIMUM         64R   129 PM  60    1954  52     12       55
                                      1936
  MINIMUM         57   1159 PM  22    1985  39     18       47
  AVERAGE         61                        46     15       51

PRECIPITATION (IN)
  YESTERDAY        0.56          4.10 1901   0.40   0.16     1.10
  MONTH TO DATE   11.03                      7.96   3.07     9.89
  SINCE OCT 1     19.97                     13.94   6.03    26.21
  SINCE JAN 1     73.18                     54.18  19.00    69.19

DEGREE DAYS
 HEATING
  YESTERDAY        4                        19    -15       14
  MONTH TO DATE  377                       382     -5      224
  SINCE SEP 1    917                       968    -51      622
  SINCE JUL 1   1157                      1249    -92      743

 COOLING
  YESTERDAY        0                         0      0        0
  MONTH TO DATE    0                         0      0        0
  SINCE SEP 1     22                         5     17        7
  SINCE JAN 1     55                        12     43       62
..................................................................


WIND (MPH)
  HIGHEST WIND SPEED    30   HIGHEST WIND DIRECTION     S (180)
  HIGHEST GUST SPEED    43   HIGHEST GUST DIRECTION     S (180)
  AVERAGE WIND SPEED    18.6


SKY COVER
  POSSIBLE SUNSHINE  MM
  AVERAGE SKY COVER 1.0


WEATHER CONDITIONS
 THE FOLLOWING WEATHER WAS RECORDED YESTERDAY.
  HEAVY RAIN
  RAIN
  LIGHT RAIN
  FOG


RELATIVE HUMIDITY (PERCENT)
 HIGHEST    97           600 PM
 LOWEST     73           100 AM
 AVERAGE    85

..........................................................


THE ASTORIA OR CLIMATE NORMALS FOR TODAY
                         NORMAL    RECORD    YEAR
 MAXIMUM TEMPERATURE (F)   52        62      1956
 MINIMUM TEMPERATURE (F)   39        21      1985


SUNRISE AND SUNSET
NOVEMBER 23 2017......SUNRISE   728 AM PST   SUNSET   436 PM PST
NOVEMBER 24 2017......SUNRISE   729 AM PST   SUNSET   435 PM PST


-  INDICATES NEGATIVE NUMBERS.
R  INDICATES RECORD WAS SET OR TIED.
MM INDICATES DATA IS MISSING.
T  INDICATES TRACE AMOUNT.




$$
