000
CDUS46 KPQR 290228
CLIAST


CLIMATE REPORT
NATIONAL WEATHER SERVICE PORTLAND OREGON
628 PM PST FRI NOV 28 2014


...................................

...THE ASTORIA OR CLIMATE SUMMARY FOR NOVEMBER 28 2014...
VALID TODAY AS OF 0600 PM LOCAL TIME.

CLIMATE NORMAL PERIOD 1981 TO 2010
CLIMATE RECORD PERIOD 1892 TO 2014


WEATHER ITEM   OBSERVED TIME   RECORD YEAR NORMAL DEPARTURE LAST
                VALUE   (LST)  VALUE       VALUE  FROM      YEAR
                                                  NORMAL
..................................................................
TEMPERATURE (F)
 TODAY
  MAXIMUM         57    328 AM  68    1907  51      6       55
  MINIMUM         44    555 PM  22    1896  38      6       32
  AVERAGE         51                        44      7       44

PRECIPITATION (IN)
  TODAY            0.37          2.04 2001   0.40  -0.03     0.00
  MONTH TO DATE    6.34                     10.35  -4.01     4.78
  SINCE OCT 1     14.95                     16.33  -1.38     6.83
  SINCE JAN 1     62.20                     56.57   5.63    53.88

DEGREE DAYS
 HEATING
  TODAY           14                        21     -7       21
  MONTH TO DATE  469                       503    -34      494
  SINCE SEP 1    765                      1089   -324     1064
  SINCE JUL 1    923                      1370   -447     1311

 COOLING
  TODAY            0                         0      0        0
  MONTH TO DATE    0                         0      0        0
  SINCE SEP 1     20                         5     15        3
  SINCE JAN 1     45                        12     33        9
..................................................................


WIND (MPH)
  HIGHEST WIND SPEED    28   HIGHEST WIND DIRECTION    NW (320)
  HIGHEST GUST SPEED    31   HIGHEST GUST DIRECTION    NW (330)
  AVERAGE WIND SPEED    13.1


SKY COVER
  POSSIBLE SUNSHINE  MM
  AVERAGE SKY COVER 1.0


WEATHER CONDITIONS
 THE FOLLOWING WEATHER WAS RECORDED TODAY.
  HEAVY RAIN
  RAIN
  LIGHT RAIN
  FOG


RELATIVE HUMIDITY (PERCENT)
 HIGHEST    93          1200 AM
 LOWEST     86           100 AM
 AVERAGE    90

..........................................................


THE ASTORIA OR CLIMATE NORMALS FOR TOMORROW
                         NORMAL    RECORD    YEAR
 MAXIMUM TEMPERATURE (F)   51        62      1999
 MINIMUM TEMPERATURE (F)   38        24      1896


SUNRISE AND SUNSET
NOVEMBER 28 2014......SUNRISE   734 AM PST   SUNSET   433 PM PST
NOVEMBER 29 2014......SUNRISE   735 AM PST   SUNSET   432 PM PST


-  INDICATES NEGATIVE NUMBERS.
R  INDICATES RECORD WAS SET OR TIED.
MM INDICATES DATA IS MISSING.
T  INDICATES TRACE AMOUNT.




$$
