000
CDUS46 KPQR 061147
CLIAST


CLIMATE REPORT
NATIONAL WEATHER SERVICE PORTLAND OREGON
346 AM PST TUE DEC 6 2016


...................................

...THE ASTORIA OR CLIMATE SUMMARY FOR DECEMBER 5 2016...

CLIMATE NORMAL PERIOD 1981 TO 2010
CLIMATE RECORD PERIOD 1892 TO 2016


WEATHER ITEM   OBSERVED TIME   RECORD YEAR NORMAL DEPARTURE LAST
                VALUE   (LST)  VALUE       VALUE  FROM      YEAR
                                                  NORMAL
..................................................................
TEMPERATURE (F)
 YESTERDAY
  MAXIMUM         46   1255 PM  59    1908  50     -4       56
  MINIMUM         34   1106 PM  22    2013  37     -3       47
  AVERAGE         40                        43     -3       52

PRECIPITATION (IN)
  YESTERDAY        0.47          2.14 1981   0.34   0.13     0.65
  MONTH TO DATE    2.15                      1.77   0.38     3.55
  SINCE OCT 1     35.67                     18.90  16.77    25.55
  SINCE JAN 1     78.65                     59.14  19.51    56.80

DEGREE DAYS
 HEATING
  YESTERDAY       25                        22      3       13
  MONTH TO DATE   94                       107    -13       71
  SINCE DEC 1     94                       107    -13       71
  SINCE JUL 1    957                      1520   -563     1071

 COOLING
  YESTERDAY        0                         0      0        0
  MONTH TO DATE    0                         0      0        0
  SINCE DEC 1      0                         0      0        0
  SINCE JAN 1     62                        12     50       49
..................................................................


WIND (MPH)
  HIGHEST WIND SPEED    23   HIGHEST WIND DIRECTION     W (280)
  HIGHEST GUST SPEED    29   HIGHEST GUST DIRECTION     W (280)
  AVERAGE WIND SPEED     6.6


SKY COVER
  POSSIBLE SUNSHINE  MM
  AVERAGE SKY COVER 0.5


WEATHER CONDITIONS
 THE FOLLOWING WEATHER WAS RECORDED YESTERDAY.
  HEAVY RAIN
  RAIN
  LIGHT RAIN
  FOG
  HAZE


RELATIVE HUMIDITY (PERCENT)
 HIGHEST    89           800 PM
 LOWEST     76           700 AM
 AVERAGE    83

..........................................................


THE ASTORIA OR CLIMATE NORMALS FOR TODAY
                         NORMAL    RECORD    YEAR
 MAXIMUM TEMPERATURE (F)   49        57      2015
                                             1987
                                             1941
 MINIMUM TEMPERATURE (F)   37        16      1972


SUNRISE AND SUNSET
DECEMBER  6 2016......SUNRISE   744 AM PST   SUNSET   430 PM PST
DECEMBER  7 2016......SUNRISE   745 AM PST   SUNSET   430 PM PST


-  INDICATES NEGATIVE NUMBERS.
R  INDICATES RECORD WAS SET OR TIED.
MM INDICATES DATA IS MISSING.
T  INDICATES TRACE AMOUNT.




$$
