000
CDUS46 KPQR 071144
CLIAST


CLIMATE REPORT
NATIONAL WEATHER SERVICE PORTLAND OREGON
444 AM PDT TUE JUL 7 2015


...................................

...THE ASTORIA OR CLIMATE SUMMARY FOR JULY 6 2015...

CLIMATE NORMAL PERIOD 1981 TO 2010
CLIMATE RECORD PERIOD 1892 TO 2015


WEATHER ITEM   OBSERVED TIME   RECORD YEAR NORMAL DEPARTURE LAST
                VALUE   (LST)  VALUE       VALUE  FROM      YEAR
                                                  NORMAL
..................................................................
TEMPERATURE (F)
 YESTERDAY
  MAXIMUM         65    259 PM  91    1908  67     -2       72
  MINIMUM         57    522 AM  42    1932  52      5       55
  AVERAGE         61                        60      1       64

PRECIPITATION (IN)
  YESTERDAY        0.01          1.57 1909   0.04  -0.03     0.00
  MONTH TO DATE    0.01                      0.27  -0.26     0.08
  SINCE OCT 1     53.02                     63.20 -10.18    52.77
  SINCE JAN 1     27.40                     36.18  -8.78    40.61

DEGREE DAYS
 HEATING
  YESTERDAY        4                         6     -2        1
  MONTH TO DATE   11                        36    -25       15
  SINCE JUN 1    160                       278   -118      195
  SINCE JUL 1     11                        36    -25       15

 COOLING
  YESTERDAY        0                         0      0        0
  MONTH TO DATE    3                         0      3        7
  SINCE JUN 1      7                         0      7        7
  SINCE JAN 1      9                         0      9       18
..................................................................


WIND (MPH)
  HIGHEST WIND SPEED    18   HIGHEST WIND DIRECTION    SW (230)
  HIGHEST GUST SPEED    24   HIGHEST GUST DIRECTION    SW (230)
  AVERAGE WIND SPEED     8.5


SKY COVER
  POSSIBLE SUNSHINE  MM
  AVERAGE SKY COVER 0.9


WEATHER CONDITIONS
 THE FOLLOWING WEATHER WAS RECORDED YESTERDAY.
  FOG


RELATIVE HUMIDITY (PERCENT)
 HIGHEST   100          1000 PM
 LOWEST     73           100 PM
 AVERAGE    87

..........................................................


THE ASTORIA OR CLIMATE NORMALS FOR TODAY
                         NORMAL    RECORD    YEAR
 MAXIMUM TEMPERATURE (F)   67        90      1908
 MINIMUM TEMPERATURE (F)   53        39      1971


SUNRISE AND SUNSET
JULY  7 2015..........SUNRISE   532 AM PDT   SUNSET   909 PM PDT
JULY  8 2015..........SUNRISE   533 AM PDT   SUNSET   908 PM PDT


-  INDICATES NEGATIVE NUMBERS.
R  INDICATES RECORD WAS SET OR TIED.
MM INDICATES DATA IS MISSING.
T  INDICATES TRACE AMOUNT.




$$
