000
CDUS46 KPQR 211143
CLIAST


CLIMATE REPORT
NATIONAL WEATHER SERVICE PORTLAND OREGON
343 AM PST WED FEB 21 2018


...................................

...THE ASTORIA OR CLIMATE SUMMARY FOR FEBRUARY 20 2018...

CLIMATE NORMAL PERIOD 1981 TO 2010
CLIMATE RECORD PERIOD 1892 TO 2018


WEATHER ITEM   OBSERVED TIME   RECORD YEAR NORMAL DEPARTURE LAST
                VALUE   (LST)  VALUE       VALUE  FROM      YEAR
                                                  NORMAL
..................................................................
TEMPERATURE (F)
 YESTERDAY
  MAXIMUM         37    229 PM  65    1916  52    -15       48
  MINIMUM         31   1212 AM  25    2011  37     -6       42
                                      2006
                                      1955
  AVERAGE         34                        44    -10       45

PRECIPITATION (IN)
  YESTERDAY        0.41          2.96 1932   0.24   0.17     0.55
  MONTH TO DATE    4.43                      5.19  -0.76    10.87
  SINCE OCT 1     46.58                     42.41   4.17    60.55
  SINCE JAN 1     15.79                     15.39   0.40    16.68

DEGREE DAYS
 HEATING
  YESTERDAY       31                        21     10       20
  MONTH TO DATE  424                       420      4      411
  SINCE DEC 1   1656                      1772   -116     1916
  SINCE JUL 1   2948                      3185   -237     2779

 COOLING
  YESTERDAY        0                         0      0        0
  MONTH TO DATE    0                         0      0        0
  SINCE DEC 1      0                         0      0        0
  SINCE JAN 1      0                         0      0        0
..................................................................


WIND (MPH)
  HIGHEST WIND SPEED    17   HIGHEST WIND DIRECTION    NE (30)
  HIGHEST GUST SPEED    21   HIGHEST GUST DIRECTION    NE (30)
  AVERAGE WIND SPEED     8.0


SKY COVER
  POSSIBLE SUNSHINE  MM
  AVERAGE SKY COVER 0.9


WEATHER CONDITIONS
 THE FOLLOWING WEATHER WAS RECORDED YESTERDAY.
  RAIN
  LIGHT RAIN
  LIGHT SNOW
  FOG


RELATIVE HUMIDITY (PERCENT)
 HIGHEST   100           500 PM
 LOWEST     75           200 AM
 AVERAGE    88

..........................................................


THE ASTORIA OR CLIMATE NORMALS FOR TODAY
                         NORMAL    RECORD    YEAR
 MAXIMUM TEMPERATURE (F)   52        68      1973
                                             1908
 MINIMUM TEMPERATURE (F)   37        24      1894


SUNRISE AND SUNSET
FEBRUARY 21 2018......SUNRISE   708 AM PST   SUNSET   551 PM PST
FEBRUARY 22 2018......SUNRISE   707 AM PST   SUNSET   552 PM PST


-  INDICATES NEGATIVE NUMBERS.
R  INDICATES RECORD WAS SET OR TIED.
MM INDICATES DATA IS MISSING.
T  INDICATES TRACE AMOUNT.




$$
