000
CDUS46 KPQR 260221
CLIAST


CLIMATE REPORT
NATIONAL WEATHER SERVICE PORTLAND OREGON
721 PM PDT MON SEP 25 2017


...................................

...THE ASTORIA OR CLIMATE SUMMARY FOR SEPTEMBER 25 2017...
VALID TODAY AS OF 0700 PM LOCAL TIME.

CLIMATE NORMAL PERIOD 1981 TO 2010
CLIMATE RECORD PERIOD 1892 TO 2017


WEATHER ITEM   OBSERVED TIME   RECORD YEAR NORMAL DEPARTURE LAST
                VALUE   (LST)  VALUE       VALUE  FROM      YEAR
                                                  NORMAL
..................................................................
TEMPERATURE (F)
 TODAY
  MAXIMUM         65    159 PM  81    1899  66     -1       78
  MINIMUM         56    744 AM  38    1972  48      8       59
  AVERAGE         61                        57      4       69

PRECIPITATION (IN)
  TODAY            0.08          1.02 1905   0.09  -0.01     0.00
  MONTH TO DATE    2.66                      1.66   1.00     2.12
  SINCE OCT 1     96.59                     66.78  29.81    85.50
  SINCE JAN 1     52.72                     39.76  12.96    42.97

DEGREE DAYS
 HEATING
  TODAY            4                         8     -4        0
  MONTH TO DATE  129                       156    -27      101
  SINCE SEP 1    129                       156    -27      101
  SINCE JUL 1    369                       437    -68      222

 COOLING
  TODAY            0                         0      0        4
  MONTH TO DATE   18                         0     18        4
  SINCE SEP 1     18                         0     18        4
  SINCE JAN 1     51                         7     44       59
..................................................................


WIND (MPH)
  HIGHEST WIND SPEED     9   HIGHEST WIND DIRECTION    SW (220)
  HIGHEST GUST SPEED    12   HIGHEST GUST DIRECTION    SW (220)
  AVERAGE WIND SPEED     3.2


SKY COVER
  POSSIBLE SUNSHINE  MM
  AVERAGE SKY COVER 1.0


WEATHER CONDITIONS
 THE FOLLOWING WEATHER WAS RECORDED TODAY.
  LIGHT RAIN
  FOG


RELATIVE HUMIDITY (PERCENT)
 HIGHEST    93           100 AM
 LOWEST     78          1200 PM
 AVERAGE    86

..........................................................


THE ASTORIA OR CLIMATE NORMALS FOR TOMORROW
                         NORMAL    RECORD    YEAR
 MAXIMUM TEMPERATURE (F)   66        85      1967
                                             1949
 MINIMUM TEMPERATURE (F)   48        38      1908


SUNRISE AND SUNSET
SEPTEMBER 25 2017.....SUNRISE   707 AM PDT   SUNSET   706 PM PDT
SEPTEMBER 26 2017.....SUNRISE   708 AM PDT   SUNSET   705 PM PDT


-  INDICATES NEGATIVE NUMBERS.
R  INDICATES RECORD WAS SET OR TIED.
MM INDICATES DATA IS MISSING.
T  INDICATES TRACE AMOUNT.




$$
