000
CDUS46 KPQR 081144
CLIAST


CLIMATE REPORT
NATIONAL WEATHER SERVICE PORTLAND OREGON
342 AM PST MON FEB 8 2016


...................................

...THE ASTORIA OR CLIMATE SUMMARY FOR FEBRUARY 7 2016...

CLIMATE NORMAL PERIOD 1981 TO 2010
CLIMATE RECORD PERIOD 1892 TO 2016


WEATHER ITEM   OBSERVED TIME   RECORD YEAR NORMAL DEPARTURE LAST
                VALUE   (LST)  VALUE       VALUE  FROM      YEAR
                                                  NORMAL
..................................................................
TEMPERATURE (F)
 YESTERDAY
  MAXIMUM         62    345 PM  66    1963  51     11       56
  MINIMUM         39   1225 AM  20    2014  37      2       50
  AVERAGE         51                        44      7       53

PRECIPITATION (IN)
  YESTERDAY        0.00          2.11 1996   0.27  -0.27     1.55
  MONTH TO DATE    1.53                      1.88  -0.35     4.50
  SINCE OCT 1     57.81                     39.10  18.71    39.31
  SINCE JAN 1     15.28                     12.08   3.20    13.69

DEGREE DAYS
 HEATING
  YESTERDAY       14                        21     -7       12
  MONTH TO DATE  127                       147    -20       96
  SINCE DEC 1   1291                      1499   -208     1218
  SINCE JUL 1   2291                      2912   -621     2205

 COOLING
  YESTERDAY        0                         0      0        0
  MONTH TO DATE    0                         0      0        0
  SINCE DEC 1      0                         0      0        0
  SINCE JAN 1      0                         0      0        0
..................................................................


WIND (MPH)
  HIGHEST WIND SPEED    13   HIGHEST WIND DIRECTION    NE (60)
  HIGHEST GUST SPEED    15   HIGHEST GUST DIRECTION     E (110)
  AVERAGE WIND SPEED     5.8


SKY COVER
  POSSIBLE SUNSHINE  MM
  AVERAGE SKY COVER 0.4


WEATHER CONDITIONS
 THE FOLLOWING WEATHER WAS RECORDED YESTERDAY.
  NO SIGNIFICANT WEATHER WAS OBSERVED.


RELATIVE HUMIDITY (PERCENT)
 HIGHEST    96           300 AM
 LOWEST     69           400 PM
 AVERAGE    83

..........................................................


THE ASTORIA OR CLIMATE NORMALS FOR TODAY
                         NORMAL    RECORD    YEAR
 MAXIMUM TEMPERATURE (F)   51        66      1987
 MINIMUM TEMPERATURE (F)   37        21      1994


SUNRISE AND SUNSET
FEBRUARY  8 2016......SUNRISE   729 AM PST   SUNSET   531 PM PST
FEBRUARY  9 2016......SUNRISE   728 AM PST   SUNSET   532 PM PST


-  INDICATES NEGATIVE NUMBERS.
R  INDICATES RECORD WAS SET OR TIED.
MM INDICATES DATA IS MISSING.
T  INDICATES TRACE AMOUNT.




$$
