475
CDUS46 KPQR 210022
CLIAST


CLIMATE REPORT
NATIONAL WEATHER SERVICE PORTLAND OREGON
422 PM PST FRI JAN 20 2017


...................................

...THE ASTORIA OR CLIMATE SUMMARY FOR JANUARY 20 2017...
VALID TODAY AS OF 0400 PM LOCAL TIME.

CLIMATE NORMAL PERIOD 1981 TO 2010
CLIMATE RECORD PERIOD 1892 TO 2017


WEATHER ITEM   OBSERVED TIME   RECORD YEAR NORMAL DEPARTURE LAST
                VALUE   (LST)  VALUE       VALUE  FROM      YEAR
                                                  NORMAL
..................................................................
TEMPERATURE (F)
 TODAY
  MAXIMUM         50    353 PM  65    1961  50      0       49
  MINIMUM         43    531 AM  15    1930  38      5       41
  AVERAGE         47                        44      3       45

PRECIPITATION (IN)
  TODAY            0.02          3.22 1899   0.33  -0.31     0.55
  MONTH TO DATE    5.41                      6.89  -1.48     6.30
  SINCE OCT 1     49.28                     33.91  15.37    48.83
  SINCE JAN 1      5.41                      6.89  -1.48     6.30

DEGREE DAYS
 HEATING
  TODAY           18                        21     -3       20
  MONTH TO DATE  518                       429     89      415
  SINCE DEC 1   1253                      1122    131      988
  SINCE JUL 1   2116                      2535   -419     1988

 COOLING
  TODAY            0                         0      0        0
  MONTH TO DATE    0                         0      0        0
  SINCE DEC 1      0                         0      0        0
  SINCE JAN 1      0                         0      0        0
..................................................................


WIND (MPH)
  HIGHEST WIND SPEED    17   HIGHEST WIND DIRECTION    SE (120)
  HIGHEST GUST SPEED    23   HIGHEST GUST DIRECTION    SE (130)
  AVERAGE WIND SPEED     8.5


SKY COVER
  POSSIBLE SUNSHINE  MM
  AVERAGE SKY COVER 1.0


WEATHER CONDITIONS
 THE FOLLOWING WEATHER WAS RECORDED TODAY.
  LIGHT RAIN


RELATIVE HUMIDITY (PERCENT)
 HIGHEST    76          1200 AM
 LOWEST     61           100 PM
 AVERAGE    69

..........................................................


THE ASTORIA OR CLIMATE NORMALS FOR TOMORROW
                         NORMAL    RECORD    YEAR
 MAXIMUM TEMPERATURE (F)   50        61      1981
                                             1961
 MINIMUM TEMPERATURE (F)   38        14      1962


SUNRISE AND SUNSET
JANUARY 20 2017.......SUNRISE   750 AM PST   SUNSET   504 PM PST
JANUARY 21 2017.......SUNRISE   749 AM PST   SUNSET   505 PM PST


-  INDICATES NEGATIVE NUMBERS.
R  INDICATES RECORD WAS SET OR TIED.
MM INDICATES DATA IS MISSING.
T  INDICATES TRACE AMOUNT.




$$
