000
CDUS46 KPQR 231143
CLIAST


CLIMATE REPORT
NATIONAL WEATHER SERVICE PORTLAND OREGON
442 AM PDT SAT MAY 23 2015


...................................

...THE ASTORIA OR CLIMATE SUMMARY FOR MAY 22 2015...

CLIMATE NORMAL PERIOD 1981 TO 2010
CLIMATE RECORD PERIOD 1892 TO 2015


WEATHER ITEM   OBSERVED TIME   RECORD YEAR NORMAL DEPARTURE LAST
                VALUE   (LST)  VALUE       VALUE  FROM      YEAR
                                                  NORMAL
..................................................................
TEMPERATURE (F)
 YESTERDAY
  MAXIMUM         58    313 PM  88    1941  61     -3       71
  MINIMUM         52    549 AM  37    1960  47      5       51
                                      1955
  AVERAGE         55                        54      1       61

PRECIPITATION (IN)
  YESTERDAY        0.02          1.10 1922   0.09  -0.07     0.00
  MONTH TO DATE    1.20                      2.42  -1.22     4.83
  SINCE OCT 1     52.19                     59.48  -7.29    49.69
  SINCE JAN 1     26.57                     32.46  -5.89    37.53

DEGREE DAYS
 HEATING
  YESTERDAY       10                        11     -1        4
  MONTH TO DATE  239                       278    -39      181
  SINCE MAR 1   1169                      1345   -176     1134
  SINCE JUL 1   3709                      4687   -978     4563

 COOLING
  YESTERDAY        0                         0      0        0
  MONTH TO DATE    0                         0      0        8
  SINCE MAR 1      2                         0      2       11
  SINCE JAN 1      2                         0      2       11
..................................................................


WIND (MPH)
  HIGHEST WIND SPEED    12   HIGHEST WIND DIRECTION    SW (230)
  HIGHEST GUST SPEED    14   HIGHEST GUST DIRECTION    SW (240)
  AVERAGE WIND SPEED     6.8


SKY COVER
  POSSIBLE SUNSHINE  MM
  AVERAGE SKY COVER 1.0


WEATHER CONDITIONS
 THE FOLLOWING WEATHER WAS RECORDED YESTERDAY.
  LIGHT RAIN
  FOG
  HAZE


RELATIVE HUMIDITY (PERCENT)
 HIGHEST    96           200 AM
 LOWEST     83          1100 AM
 AVERAGE    90

..........................................................


THE ASTORIA OR CLIMATE NORMALS FOR TODAY
                         NORMAL    RECORD    YEAR
 MAXIMUM TEMPERATURE (F)   61        85      1999
 MINIMUM TEMPERATURE (F)   47        34      1966


SUNRISE AND SUNSET
MAY 23 2015...........SUNRISE   535 AM PDT   SUNSET   851 PM PDT
MAY 24 2015...........SUNRISE   534 AM PDT   SUNSET   852 PM PDT


-  INDICATES NEGATIVE NUMBERS.
R  INDICATES RECORD WAS SET OR TIED.
MM INDICATES DATA IS MISSING.
T  INDICATES TRACE AMOUNT.




$$
