000
CDUS42 KFFC 270823
CLIATL


CLIMATE REPORT
NATIONAL WEATHER SERVICE PEACHTREE CITY GA
423 AM EDT WED AUG 27 2014


...................................

...THE ATLANTA CLIMATE SUMMARY FOR AUGUST 26 2014...

CLIMATE NORMAL PERIOD 1981 TO 2010
CLIMATE RECORD PERIOD 1878 TO 2014


WEATHER ITEM   OBSERVED TIME   RECORD YEAR NORMAL DEPARTURE LAST
                VALUE   (LST)  VALUE       VALUE  FROM      YEAR
                                                  NORMAL
..................................................................
TEMPERATURE (F)
 YESTERDAY
  MAXIMUM         86    502 PM 100    1943  87     -1       82
  MINIMUM         66    639 AM  58    1942  70     -4       62
  AVERAGE         76                        79     -3       72

PRECIPITATION (IN)
  YESTERDAY        0.00          2.48 1977   0.13  -0.13     0.00
  MONTH TO DATE    5.01                      3.27   1.74     5.24
  SINCE JUN 1     14.71                     12.49   2.22    23.29
  SINCE JAN 1     33.18                     33.20  -0.02    51.04

DEGREE DAYS
 HEATING
  YESTERDAY        0                         0      0        0
  MONTH TO DATE    0                         0      0        1
  SINCE JUN 1      0                         2     -2        1
  SINCE JUL 1      0                         0      0        1

 COOLING
  YESTERDAY       11                        14     -3        7
  MONTH TO DATE  369                       381    -12      321
  SINCE JUN 1   1183                      1223    -40     1100
  SINCE JAN 1   1466                      1473     -7     1308
..................................................................


WIND (MPH)
  RESULTANT WIND SPEED   9   RESULTANT WIND DIRECTION   E (80)
  HIGHEST WIND SPEED    17   HIGHEST WIND DIRECTION     E (70)
  HIGHEST GUST SPEED    22   HIGHEST GUST DIRECTION    NE (60)
  AVERAGE WIND SPEED     9.0


SKY COVER
  AVERAGE SKY COVER 0.3


WEATHER CONDITIONS
 THE FOLLOWING WEATHER WAS RECORDED YESTERDAY.
  NO SIGNIFICANT WEATHER WAS OBSERVED.


RELATIVE HUMIDITY (PERCENT)
 HIGHEST    81           700 AM
 LOWEST     32           600 PM
 AVERAGE    57

..........................................................


THE ATLANTA CLIMATE NORMALS FOR TODAY
                         NORMAL    RECORD    YEAR
 MAXIMUM TEMPERATURE (F)   87       100      1943
 MINIMUM TEMPERATURE (F)   70        57      1879


SUNRISE AND SUNSET
AUGUST 27 2014........SUNRISE   708 AM EDT   SUNSET   810 PM EDT
AUGUST 28 2014........SUNRISE   709 AM EDT   SUNSET   808 PM EDT


-  INDICATES NEGATIVE NUMBERS.
R  INDICATES RECORD WAS SET OR TIED.
MM INDICATES DATA IS MISSING.
T  INDICATES TRACE AMOUNT.




$$
