000
CDUS42 KFFC 010822
CLIATL


CLIMATE REPORT
NATIONAL WEATHER SERVICE PEACHTREE CITY GA
419 AM EDT SAT NOV 1 2014


...................................

...THE ATLANTA CLIMATE SUMMARY FOR OCTOBER 31 2014...

CLIMATE NORMAL PERIOD 1981 TO 2010
CLIMATE RECORD PERIOD 1878 TO 2014


WEATHER ITEM   OBSERVED TIME   RECORD YEAR NORMAL DEPARTURE LAST
                VALUE   (LST)  VALUE       VALUE  FROM      YEAR
                                                  NORMAL
..................................................................
TEMPERATURE (F)
 YESTERDAY
  MAXIMUM         63   1121 AM  85    1961  69     -6       74
  MINIMUM         39   1159 PM  29    1917  49    -10       60
  AVERAGE         51                        59     -8       67

PRECIPITATION (IN)
  YESTERDAY        0.01          1.00 1932   0.10  -0.09      T
  MONTH TO DATE    3.54                      3.41   0.13     2.57
  SINCE SEP 1      4.29                      7.88  -3.59     5.31
  SINCE JAN 1     38.26                     41.71  -3.45    56.35

DEGREE DAYS
 HEATING
  YESTERDAY       14                         7      7        0
  MONTH TO DATE   73                       117    -44       97
  SINCE SEP 1     73                       129    -56       97
  SINCE JUL 1     73                       129    -56       98

 COOLING
  YESTERDAY        0                         1     -1        2
  MONTH TO DATE  116                        67     49       83
  SINCE SEP 1    447                       333    114      372
  SINCE JAN 1   1985                      1872    113     1754
..................................................................


WIND (MPH)
  RESULTANT WIND SPEED  10   RESULTANT WIND DIRECTION  NW (310)
  HIGHEST WIND SPEED    36   HIGHEST WIND DIRECTION     N (340)
  HIGHEST GUST SPEED    46   HIGHEST GUST DIRECTION     N (340)
  AVERAGE WIND SPEED    11.1


SKY COVER
  AVERAGE SKY COVER 0.6


WEATHER CONDITIONS
 THE FOLLOWING WEATHER WAS RECORDED YESTERDAY.
  LIGHT RAIN


RELATIVE HUMIDITY (PERCENT)
 HIGHEST    83           400 AM
 LOWEST     49           300 PM
 AVERAGE    66

..........................................................


THE ATLANTA CLIMATE NORMALS FOR TODAY
                         NORMAL    RECORD    YEAR
 MAXIMUM TEMPERATURE (F)   68        81      1974
                                             1961
                                             1950
 MINIMUM TEMPERATURE (F)   49        30      1993
                                             1890
                                             1878


SUNRISE AND SUNSET
NOVEMBER  1 2014......SUNRISE   757 AM EDT   SUNSET   645 PM EDT
NOVEMBER  2 2014......SUNRISE   658 AM EST   SUNSET   545 PM EST


-  INDICATES NEGATIVE NUMBERS.
R  INDICATES RECORD WAS SET OR TIED.
MM INDICATES DATA IS MISSING.
T  INDICATES TRACE AMOUNT.




$$
