000
CDUS42 KFFC 242036
CLIATL


CLIMATE REPORT
NATIONAL WEATHER SERVICE PEACHTREE CITY GA
436 PM EDT SUN SEP 24 2017


...................................

...THE ATLANTA CLIMATE SUMMARY FOR SEPTEMBER 24 2017...
VALID TODAY AS OF 0400 PM LOCAL TIME.

CLIMATE NORMAL PERIOD 1981 TO 2010
CLIMATE RECORD PERIOD 1878 TO 2017


WEATHER ITEM   OBSERVED TIME   RECORD YEAR NORMAL DEPARTURE LAST
                VALUE   (LST)  VALUE       VALUE  FROM      YEAR
                                                  NORMAL
..................................................................
TEMPERATURE (F)
 TODAY
  MAXIMUM         84    251 PM  93    1980  80      4       92
  MINIMUM         69    552 AM  45    1990  62      7       72
  AVERAGE         77                        71      6       82

PRECIPITATION (IN)
  TODAY            0.00          3.17 1880   0.15  -0.15     0.00
  MONTH TO DATE    4.25                      3.53   0.72     3.37
  SINCE SEP 1      4.25                      3.53   0.72     3.37
  SINCE JAN 1     43.19                     37.36   5.83    32.49

DEGREE DAYS
 HEATING
  TODAY            0                         1     -1        0
  MONTH TO DATE    7                         4      3        0
  SINCE SEP 1      7                         4      3        0
  SINCE JUL 1      7                         4      3        0

 COOLING
  TODAY           12                         6      6       17
  MONTH TO DATE  200                       233    -33      359
  SINCE SEP 1    200                       233    -33      359
  SINCE JAN 1   1924                      1772    152     2309
..................................................................


WIND (MPH)
  HIGHEST WIND SPEED    16   HIGHEST WIND DIRECTION     E (70)
  HIGHEST GUST SPEED    26   HIGHEST GUST DIRECTION    NE (40)
  AVERAGE WIND SPEED     7.8


SKY COVER
  POSSIBLE SUNSHINE  MM
  AVERAGE SKY COVER 0.5


WEATHER CONDITIONS
 THE FOLLOWING WEATHER WAS RECORDED TODAY.
  NO SIGNIFICANT WEATHER WAS OBSERVED.


RELATIVE HUMIDITY (PERCENT)
 HIGHEST    84           600 AM
 LOWEST     47           100 PM
 AVERAGE    66

..........................................................


THE ATLANTA CLIMATE NORMALS FOR TOMORROW
                         NORMAL    RECORD    YEAR
 MAXIMUM TEMPERATURE (F)   79        93      2010
 MINIMUM TEMPERATURE (F)   62        45      1887


SUNRISE AND SUNSET
SEPTEMBER 24 2017.....SUNRISE   727 AM EDT   SUNSET   731 PM EDT
SEPTEMBER 25 2017.....SUNRISE   728 AM EDT   SUNSET   730 PM EDT


-  INDICATES NEGATIVE NUMBERS.
R  INDICATES RECORD WAS SET OR TIED.
MM INDICATES DATA IS MISSING.
T  INDICATES TRACE AMOUNT.




$$
