416
CDUS42 KFFC 302050
CLIATL


CLIMATE REPORT
NATIONAL WEATHER SERVICE PEACHTREE CITY GA
450 PM EDT THU MAR 30 2017


...................................

...THE ATLANTA CLIMATE SUMMARY FOR MARCH 30 2017...
VALID TODAY AS OF 0400 PM LOCAL TIME.

CLIMATE NORMAL PERIOD 1981 TO 2010
CLIMATE RECORD PERIOD 1878 TO 2017


WEATHER ITEM   OBSERVED TIME   RECORD YEAR NORMAL DEPARTURE LAST
                VALUE   (LST)  VALUE       VALUE  FROM      YEAR
                                                  NORMAL
..................................................................
TEMPERATURE (F)
 TODAY
  MAXIMUM         81    322 PM  84    1938  69     12       72
  MINIMUM         63    714 AM  23    1964  47     16       48
  AVERAGE         72                        58     14       60

PRECIPITATION (IN)
  TODAY            0.00          2.31 1926   0.14  -0.14     0.00
  MONTH TO DATE    2.36                      4.67  -2.31     2.04
  SINCE MAR 1      2.36                      4.67  -2.31     2.04
  SINCE JAN 1     12.41                     13.54  -1.13    14.57

SNOWFALL (IN)
  TODAY            0.0           0.0  2002   0.0    0.0      0.0
                                      2001
                                      2000
  MONTH TO DATE    T                         0.8   -0.8       T
  SINCE MAR 1      T                         0.8   -0.8       T
  SINCE JUL 1      T                         2.9   -2.9      0.3
  SNOW DEPTH       0

DEGREE DAYS
 HEATING
  TODAY            0                         8     -8        5
  MONTH TO DATE  263                       334    -71      170
  SINCE MAR 1    263                       334    -71      170
  SINCE JUL 1   1619                      2589   -970     1885

 COOLING
  TODAY            7                         1      6        0
  MONTH TO DATE   44                         6     38       35
  SINCE MAR 1     44                         6     38       35
  SINCE JAN 1     49                         7     42       35
..................................................................


WIND (MPH)
  HIGHEST WIND SPEED    22   HIGHEST WIND DIRECTION     S (180)
  HIGHEST GUST SPEED    29   HIGHEST GUST DIRECTION     S (200)
  AVERAGE WIND SPEED     6.4


SKY COVER
  POSSIBLE SUNSHINE  MM
  AVERAGE SKY COVER 0.7


WEATHER CONDITIONS
 THE FOLLOWING WEATHER WAS RECORDED TODAY.
  NO SIGNIFICANT WEATHER WAS OBSERVED.


RELATIVE HUMIDITY (PERCENT)
 HIGHEST    84           400 AM
 LOWEST     30           300 PM
 AVERAGE    57

..........................................................


THE ATLANTA CLIMATE NORMALS FOR TOMORROW
                         NORMAL    RECORD    YEAR
 MAXIMUM TEMPERATURE (F)   69        85      1981
 MINIMUM TEMPERATURE (F)   47        29      2003
                                             1964


SUNRISE AND SUNSET
MARCH 30 2017.........SUNRISE   728 AM EDT   SUNSET   757 PM EDT
MARCH 31 2017.........SUNRISE   726 AM EDT   SUNSET   758 PM EDT


-  INDICATES NEGATIVE NUMBERS.
R  INDICATES RECORD WAS SET OR TIED.
MM INDICATES DATA IS MISSING.
T  INDICATES TRACE AMOUNT.




$$
