000
CDUS42 KFFC 050918
CLIATL


CLIMATE REPORT
NATIONAL WEATHER SERVICE PEACHTREE CITY GA
418 AM EST THU MAR 5 2015


...................................

...THE ATLANTA CLIMATE SUMMARY FOR MARCH 4 2015...

CLIMATE NORMAL PERIOD 1981 TO 2010
CLIMATE RECORD PERIOD 1878 TO 2015


WEATHER ITEM   OBSERVED TIME   RECORD YEAR NORMAL DEPARTURE LAST
                VALUE   (LST)  VALUE       VALUE  FROM      YEAR
                                                  NORMAL
..................................................................
TEMPERATURE (F)
 YESTERDAY
  MAXIMUM         78    341 PM  82    1976  61     17       44
  MINIMUM         50    355 AM  14    1943  41      9       33
  AVERAGE         64                        51     13       39

PRECIPITATION (IN)
  YESTERDAY        0.01          3.75 1929   0.16  -0.15     0.07
  MONTH TO DATE    0.49                      0.64  -0.15     0.21
  SINCE MAR 1      0.49                      0.64  -0.15     0.21
  SINCE JAN 1      9.00                      9.51  -0.51     7.37

SNOWFALL (IN)
  YESTERDAY        0.0           0.0  2002   0.0    0.0      0.0
                                      2000
  MONTH TO DATE    0.0                       0.1   -0.1      0.0
  SINCE MAR 1      0.0                       0.1   -0.1      0.0
  SINCE JUL 1      T                         2.2   -2.2      5.0
  SNOW DEPTH       0

DEGREE DAYS
 HEATING
  YESTERDAY        1                        14    -13       26
  MONTH TO DATE   49                        57     -8       63
  SINCE MAR 1     49                        57     -8       63
  SINCE JUL 1   2407                      2312     95     2466

 COOLING
  YESTERDAY        0                         0      0        0
  MONTH TO DATE    0                         0      0        0
  SINCE MAR 1      0                         0      0        0
  SINCE JAN 1      0                         1     -1        2
..................................................................


WIND (MPH)
  RESULTANT WIND SPEED   7   RESULTANT WIND DIRECTION  SW (210)
  HIGHEST WIND SPEED    23   HIGHEST WIND DIRECTION    SW (220)
  HIGHEST GUST SPEED    29   HIGHEST GUST DIRECTION    SW (210)
  AVERAGE WIND SPEED     9.9


SKY COVER
  AVERAGE SKY COVER 0.9


WEATHER CONDITIONS
 THE FOLLOWING WEATHER WAS RECORDED YESTERDAY.
  LIGHT RAIN
  FOG
  FOG W/VISIBILITY <= 1/4 MILE


RELATIVE HUMIDITY (PERCENT)
 HIGHEST   100           700 AM
 LOWEST     47           400 PM
 AVERAGE    74

..........................................................


THE ATLANTA CLIMATE NORMALS FOR TODAY
                         NORMAL    RECORD    YEAR
 MAXIMUM TEMPERATURE (F)   61        81      1955
 MINIMUM TEMPERATURE (F)   42        10      1960


SUNRISE AND SUNSET
MARCH  5 2015.........SUNRISE   701 AM EST   SUNSET   637 PM EST
MARCH  6 2015.........SUNRISE   700 AM EST   SUNSET   638 PM EST


-  INDICATES NEGATIVE NUMBERS.
R  INDICATES RECORD WAS SET OR TIED.
MM INDICATES DATA IS MISSING.
T  INDICATES TRACE AMOUNT.




$$
