570
CDUS42 KFFC 252039
CLIATL


CLIMATE REPORT
NATIONAL WEATHER SERVICE PEACHTREE CITY GA
437 PM EDT MON JUL 25 2016


...................................

...THE ATLANTA CLIMATE SUMMARY FOR JULY 25 2016...
VALID TODAY AS OF 0400 PM LOCAL TIME.

CLIMATE NORMAL PERIOD 1981 TO 2010
CLIMATE RECORD PERIOD 1878 TO 2016


WEATHER ITEM   OBSERVED TIME   RECORD YEAR NORMAL DEPARTURE LAST
                VALUE   (LST)  VALUE       VALUE  FROM      YEAR
                                                  NORMAL
..................................................................
TEMPERATURE (F)
 TODAY
  MAXIMUM         98    215 PM 102    1995  89      9       90
  MINIMUM         76    529 AM  60    1882  71      5       75
  AVERAGE         87                        80      7       83

PRECIPITATION (IN)
  TODAY            0.00          3.34 1945   0.15  -0.15     0.00
  MONTH TO DATE    2.05                      4.37  -2.32     4.87
  SINCE JUN 1      5.31                      8.32  -3.01    11.78
  SINCE JAN 1     24.45                     29.03  -4.58    35.50

DEGREE DAYS
 HEATING
  TODAY            0                         0      0        0
  MONTH TO DATE    0                         0      0        0
  SINCE JUN 1      0                         2     -2        0
  SINCE JUL 1      0                         0      0        0

 COOLING
  TODAY           22                        15      7       18
  MONTH TO DATE  469                       375     94      403
  SINCE JUN 1    958                       746    212      849
  SINCE JAN 1   1287                       996    291     1208
..................................................................


WIND (MPH)
  HIGHEST WIND SPEED     9   HIGHEST WIND DIRECTION     S (160)
  HIGHEST GUST SPEED    12   HIGHEST GUST DIRECTION     W (260)
  AVERAGE WIND SPEED     2.9


SKY COVER
  POSSIBLE SUNSHINE  MM
  AVERAGE SKY COVER 0.3


WEATHER CONDITIONS
 THE FOLLOWING WEATHER WAS RECORDED TODAY.
  NO SIGNIFICANT WEATHER WAS OBSERVED.


RELATIVE HUMIDITY (PERCENT)
 HIGHEST    76           500 AM
 LOWEST     36           200 PM
 AVERAGE    56

..........................................................


THE ATLANTA CLIMATE NORMALS FOR TOMORROW
                         NORMAL    RECORD    YEAR
 MAXIMUM TEMPERATURE (F)   89        98      2012
                                             1901
 MINIMUM TEMPERATURE (F)   71        59      1911


SUNRISE AND SUNSET
JULY 25 2016..........SUNRISE   645 AM EDT   SUNSET   843 PM EDT
JULY 26 2016..........SUNRISE   646 AM EDT   SUNSET   842 PM EDT


-  INDICATES NEGATIVE NUMBERS.
R  INDICATES RECORD WAS SET OR TIED.
MM INDICATES DATA IS MISSING.
T  INDICATES TRACE AMOUNT.




$$
