000
CDUS42 KFFC 010817
CLIATL


CLIMATE REPORT
NATIONAL WEATHER SERVICE PEACHTREE CITY GA
417 AM EDT WED JUL 1 2015


...................................

...THE ATLANTA CLIMATE SUMMARY FOR JUNE 30 2015...

CLIMATE NORMAL PERIOD 1981 TO 2010
CLIMATE RECORD PERIOD 1878 TO 2015


WEATHER ITEM   OBSERVED TIME   RECORD YEAR NORMAL DEPARTURE LAST
                VALUE   (LST)  VALUE       VALUE  FROM      YEAR
                                                  NORMAL
..................................................................
TEMPERATURE (F)
 YESTERDAY
  MAXIMUM         86    454 PM 106    2012  89     -3       87
  MINIMUM         72   1146 AM  55    1923  71      1       72
  AVERAGE         79                        80     -1       80

PRECIPITATION (IN)
  YESTERDAY        0.07          2.62 1895   0.16  -0.09     0.95
  MONTH TO DATE    6.91                      3.95   2.96     5.10
  SINCE JUN 1      6.91                      3.95   2.96     5.10
  SINCE JAN 1     30.63                     24.66   5.97    23.57

DEGREE DAYS
 HEATING
  YESTERDAY        0                         0      0        0
  MONTH TO DATE    0                         0      0        0
  SINCE JUN 1      0                         2     -2        0
  SINCE JUL 1   2656                      2768   -112     2929

 COOLING
  YESTERDAY       14                        15     -1       15
  MONTH TO DATE  446                       371     75      405
  SINCE JUN 1    446                       371     75      405
  SINCE JAN 1    805                       621    184      688
..................................................................


WIND (MPH)
  RESULTANT WIND SPEED   7   RESULTANT WIND DIRECTION   W (250)
  HIGHEST WIND SPEED    25   HIGHEST WIND DIRECTION    NW (310)
  HIGHEST GUST SPEED    31   HIGHEST GUST DIRECTION    NW (320)
  AVERAGE WIND SPEED     8.2


SKY COVER
  AVERAGE SKY COVER 0.7


WEATHER CONDITIONS
 THE FOLLOWING WEATHER WAS RECORDED YESTERDAY.
  THUNDERSTORM
  RAIN
  LIGHT RAIN


RELATIVE HUMIDITY (PERCENT)
 HIGHEST    90           600 AM
 LOWEST     48           300 PM
 AVERAGE    69

..........................................................


THE ATLANTA CLIMATE NORMALS FOR TODAY
                         NORMAL    RECORD    YEAR
 MAXIMUM TEMPERATURE (F)   89       105      2012
 MINIMUM TEMPERATURE (F)   71        59      1938
                                             1937


SUNRISE AND SUNSET
JULY  1 2015..........SUNRISE   631 AM EDT   SUNSET   852 PM EDT
JULY  2 2015..........SUNRISE   631 AM EDT   SUNSET   852 PM EDT


-  INDICATES NEGATIVE NUMBERS.
R  INDICATES RECORD WAS SET OR TIED.
MM INDICATES DATA IS MISSING.
T  INDICATES TRACE AMOUNT.




$$
