000
CDUS42 KFFC 250935
CLIATL


CLIMATE REPORT
NATIONAL WEATHER SERVICE PEACHTREE CITY GA
435 AM EST SUN FEB 25 2018


...................................

...THE ATLANTA CLIMATE SUMMARY FOR FEBRUARY 24 2018...

CLIMATE NORMAL PERIOD 1981 TO 2010
CLIMATE RECORD PERIOD 1878 TO 2018


WEATHER ITEM   OBSERVED TIME   RECORD YEAR NORMAL DEPARTURE LAST
                VALUE   (LST)  VALUE       VALUE  FROM      YEAR
                                                  NORMAL
..................................................................
TEMPERATURE (F)
 YESTERDAY
  MAXIMUM         79R   439 PM  78    2017  59     20       78
  MINIMUM         63    815 AM  17    1989  40     23       56
                                      1947
  AVERAGE         71                        49     22       67

PRECIPITATION (IN)
  YESTERDAY        0.00          3.73 1961   0.17  -0.17     0.00
  MONTH TO DATE    4.98                      4.03   0.95     1.81
  SINCE DEC 1     12.62                     12.13   0.49    12.99
  SINCE JAN 1      8.24                      8.23   0.01     9.99

SNOWFALL (IN)
  YESTERDAY        0.0           T    2015   0.0    0.0      0.0
                                      2010
  MONTH TO DATE    0.0                       0.3   -0.3      0.0
  SINCE DEC 1      4.7                       2.0    2.7       T
  SINCE JUL 1      4.7                       2.0    2.7       T
  SNOW DEPTH       0

DEGREE DAYS
 HEATING
  YESTERDAY        0                        16    -16        0
  MONTH TO DATE  212                       439   -227      203
  SINCE DEC 1   1522                      1725   -203     1092
  SINCE JUL 1   1919                      2193   -274     1314

 COOLING
  YESTERDAY        6                         0      6        2
  MONTH TO DATE   27                         0     27        3
  SINCE DEC 1     27                         1     26        5
  SINCE JAN 1     27                         0     27        5
..................................................................


WIND (MPH)
  RESULTANT WIND SPEED   9   RESULTANT WIND DIRECTION   S (200)
  HIGHEST WIND SPEED    23   HIGHEST WIND DIRECTION    SW (220)
  HIGHEST GUST SPEED    29   HIGHEST GUST DIRECTION     S (200)
  AVERAGE WIND SPEED     9.9


SKY COVER
  AVERAGE SKY COVER 0.7


WEATHER CONDITIONS
 THE FOLLOWING WEATHER WAS RECORDED YESTERDAY.
  NO SIGNIFICANT WEATHER WAS OBSERVED.


RELATIVE HUMIDITY (PERCENT)
 HIGHEST    93           800 AM
 LOWEST     48           300 PM
 AVERAGE    71

..........................................................


THE ATLANTA CLIMATE NORMALS FOR TODAY
                         NORMAL    RECORD    YEAR
 MAXIMUM TEMPERATURE (F)   59        78      1996
 MINIMUM TEMPERATURE (F)   40         9      1967


SUNRISE AND SUNSET
FEBRUARY 25 2018......SUNRISE   711 AM EST   SUNSET   631 PM EST
FEBRUARY 26 2018......SUNRISE   710 AM EST   SUNSET   632 PM EST


-  INDICATES NEGATIVE NUMBERS.
R  INDICATES RECORD WAS SET OR TIED.
MM INDICATES DATA IS MISSING.
T  INDICATES TRACE AMOUNT.




$$
