000
CDUS44 KEWX 280800
CLIATT


CLIMATE REPORT
NATIONAL WEATHER SERVICE AUSTIN/SAN ANTONIO, TX
259 AM CDT WED JUN 28 2017


...................................

...THE AUSTIN CAMP MABRY CLIMATE SUMMARY FOR JUNE 27 2017...

CLIMATE NORMAL PERIOD 1981 TO 2010
CLIMATE RECORD PERIOD 1897 TO 2017


WEATHER ITEM   OBSERVED TIME   RECORD YEAR NORMAL DEPARTURE LAST
                VALUE   (LST)  VALUE       VALUE  FROM      YEAR
                                                  NORMAL
..................................................................
TEMPERATURE (F)
 YESTERDAY
  MAXIMUM         91    409 PM 106    2012  94     -3       96
  MINIMUM         71    608 AM  61    1974  74     -3       75
                                      1968
  AVERAGE         81                        84     -3

PRECIPITATION (IN)
  YESTERDAY        0.01          1.63 1992   0.11  -0.10     0.00
  MONTH TO DATE    3.05                      4.05  -1.00     2.28
  SINCE JUN 1      3.05                      4.05  -1.00     2.28
  SINCE JAN 1     15.83                     17.58  -1.75    21.74

SNOWFALL (IN)
  YESTERDAY        0.0
  MONTH TO DATE    0.0
  SINCE JUN 1      0.0
  SINCE JUL 1      T
  SNOW DEPTH       0

DEGREE DAYS
 HEATING
  YESTERDAY        0                         0      0        0
  MONTH TO DATE    0                         0      0        0
  SINCE JUN 1      0                         0      0        0
  SINCE JUL 1    834                      1539   -705     1081

 COOLING
  YESTERDAY       16                        19     -3       21
  MONTH TO DATE  514                       459     55      488
  SINCE JUN 1    514                       459     55      488
  SINCE JAN 1   1376                      1072    304     1103
..................................................................


WIND (MPH)
  HIGHEST WIND SPEED    20   HIGHEST WIND DIRECTION    SE (140)
  HIGHEST GUST SPEED    30   HIGHEST GUST DIRECTION     E (110)
  AVERAGE WIND SPEED     3.0


SKY COVER
  AVERAGE SKY COVER 0.4


WEATHER CONDITIONS
 THE FOLLOWING WEATHER WAS RECORDED YESTERDAY.
  LIGHT RAIN
  FOG


RELATIVE HUMIDITY (PERCENT)
 HIGHEST   100           200 AM
 LOWEST     50           300 PM
 AVERAGE    75

..........................................................


THE AUSTIN CAMP MABRY CLIMATE NORMALS FOR TODAY
                         NORMAL    RECORD    YEAR
 MAXIMUM TEMPERATURE (F)   94       106      2013
 MINIMUM TEMPERATURE (F)   74        63      2006
                                             1916


SUNRISE AND SUNSET
JUNE 28 2017..........SUNRISE   632 AM CDT   SUNSET   837 PM CDT
JUNE 29 2017..........SUNRISE   632 AM CDT   SUNSET   837 PM CDT


-  INDICATES NEGATIVE NUMBERS.
R  INDICATES RECORD WAS SET OR TIED.
MM INDICATES DATA IS MISSING.
T  INDICATES TRACE AMOUNT.




$$
