000
CDUS44 KEWX 250802
CLIATT


CLIMATE REPORT
NATIONAL WEATHER SERVICE AUSTIN/SAN ANTONIO, TX
259 AM CDT MON JUL 25 2016


...................................

...THE AUSTIN CAMP MABRY CLIMATE SUMMARY FOR JULY 24 2016...

CLIMATE NORMAL PERIOD 1981 TO 2010
CLIMATE RECORD PERIOD 1897 TO 2016


WEATHER ITEM   OBSERVED TIME   RECORD YEAR NORMAL DEPARTURE LAST
                VALUE   (LST)  VALUE       VALUE  FROM      YEAR
                                                  NORMAL
..................................................................
TEMPERATURE (F)
 YESTERDAY
  MAXIMUM        101    420 PM 105    2011  97      4       99
                                      1934
  MINIMUM         78    542 AM  66    1942  75      3       77
                                      1923
  AVERAGE         90                        86      4

PRECIPITATION (IN)
  YESTERDAY        0.00          1.10 1901   0.05  -0.05     0.00
  MONTH TO DATE    0.04                      1.49  -1.45      T
  SINCE JUN 1      2.65                      5.82  -3.17     8.89
  SINCE JAN 1     22.11                     19.35   2.76    39.14

SNOWFALL (IN)
  YESTERDAY        0.0
  MONTH TO DATE    0.0
  SINCE JUN 1      0.0
  SINCE JUL 1      0.0
  SNOW DEPTH       0

DEGREE DAYS
 HEATING
  YESTERDAY        0                         0      0        0
  MONTH TO DATE    0                         0      0        0
  SINCE JUN 1      0                         0      0        0
  SINCE JUL 1      0                         0      0        0

 COOLING
  YESTERDAY       25                        21      4       23
  MONTH TO DATE  574                       473    101      482
  SINCE JUN 1   1123                       989    134      972
  SINCE JAN 1   1738                      1602    136     1573
..................................................................


WIND (MPH)
  HIGHEST WIND SPEED    13   HIGHEST WIND DIRECTION     S (160)
  HIGHEST GUST SPEED    21   HIGHEST GUST DIRECTION    SE (150)
  AVERAGE WIND SPEED     4.8


SKY COVER
  AVERAGE SKY COVER 0.2


WEATHER CONDITIONS
 THE FOLLOWING WEATHER WAS RECORDED YESTERDAY.
  NO SIGNIFICANT WEATHER WAS OBSERVED.


RELATIVE HUMIDITY (PERCENT)
 HIGHEST    91           500 AM
 LOWEST     37           400 PM
 AVERAGE    64

..........................................................


THE AUSTIN CAMP MABRY CLIMATE NORMALS FOR TODAY
                         NORMAL    RECORD    YEAR
 MAXIMUM TEMPERATURE (F)   97       105      2011
                                             1923
 MINIMUM TEMPERATURE (F)   75        65      1924


SUNRISE AND SUNSET
JULY 25 2016..........SUNRISE   645 AM CDT   SUNSET   829 PM CDT
JULY 26 2016..........SUNRISE   646 AM CDT   SUNSET   828 PM CDT


-  INDICATES NEGATIVE NUMBERS.
R  INDICATES RECORD WAS SET OR TIED.
MM INDICATES DATA IS MISSING.
T  INDICATES TRACE AMOUNT.




$$
