000
CDUS44 KEWX 040746
CLIATT


CLIMATE REPORT
NATIONAL WEATHER SERVICE AUSTIN/SAN ANTONIO, TX
246 AM CDT TUE AUG 4 2015


...................................

...THE AUSTIN CAMP MABRY CLIMATE SUMMARY FOR AUGUST 3 2015...

CLIMATE NORMAL PERIOD 1981 TO 2010
CLIMATE RECORD PERIOD 1897 TO 2015


WEATHER ITEM   OBSERVED TIME   RECORD YEAR NORMAL DEPARTURE LAST
                VALUE   (LST)  VALUE       VALUE  FROM      YEAR
                                                  NORMAL
..................................................................
TEMPERATURE (F)
 YESTERDAY
  MAXIMUM         99    359 PM 107    1923  98      1       94
  MINIMUM         75    556 AM  64    1925  75      0       71
  AVERAGE         87                        86      1

PRECIPITATION (IN)
  YESTERDAY        0.00          2.40 1966   0.06  -0.06     0.00
  MONTH TO DATE    0.00                      0.18  -0.18     0.00
  SINCE JUN 1      8.89                      6.39   2.50     8.66
  SINCE JAN 1     39.14                     19.92  19.22    19.74

SNOWFALL (IN)
  YESTERDAY        0.0
  MONTH TO DATE    0.0
  SINCE JUN 1      0.0
  SINCE JUL 1      0.0
  SNOW DEPTH       0

DEGREE DAYS
 HEATING
  YESTERDAY        0                         0      0        0
  MONTH TO DATE    0                         0      0        0
  SINCE JUN 1      0                         0      0        0
  SINCE JUL 1      0                         0      0        0

 COOLING
  YESTERDAY       22                        21      1       18
  MONTH TO DATE   66                        63      3       49
  SINCE JUN 1   1202                      1199      3     1175
  SINCE JAN 1   1803                      1812     -9     1749
..................................................................


WIND (MPH)
  HIGHEST WIND SPEED    13   HIGHEST WIND DIRECTION    SE (120)
  HIGHEST GUST SPEED    17   HIGHEST GUST DIRECTION     E (100)
  AVERAGE WIND SPEED     3.8


SKY COVER
  AVERAGE SKY COVER 0.0


WEATHER CONDITIONS
 THE FOLLOWING WEATHER WAS RECORDED YESTERDAY.
  NO SIGNIFICANT WEATHER WAS OBSERVED.


RELATIVE HUMIDITY (PERCENT)
 HIGHEST    79           600 AM
 LOWEST     29           300 PM
 AVERAGE    54

..........................................................


THE AUSTIN CAMP MABRY CLIMATE NORMALS FOR TODAY
                         NORMAL    RECORD    YEAR
 MAXIMUM TEMPERATURE (F)   98       107      2011
 MINIMUM TEMPERATURE (F)   75        65      1925


SUNRISE AND SUNSET
AUGUST  4 2015........SUNRISE   651 AM CDT   SUNSET   822 PM CDT
AUGUST  5 2015........SUNRISE   652 AM CDT   SUNSET   822 PM CDT


-  INDICATES NEGATIVE NUMBERS.
R  INDICATES RECORD WAS SET OR TIED.
MM INDICATES DATA IS MISSING.
T  INDICATES TRACE AMOUNT.




$$
