000
CDUS44 KEWX 232343
CLIATT


CLIMATE REPORT
NATIONAL WEATHER SERVICE AUSTIN/SAN ANTONIO, TX
542 PM CST MON JAN 23 2017


...................................

...THE AUSTIN CAMP MABRY CLIMATE SUMMARY FOR JANUARY 23 2017...
VALID TODAY AS OF 0540 PM LOCAL TIME.

CLIMATE NORMAL PERIOD 1981 TO 2010
CLIMATE RECORD PERIOD 1897 TO 2017


WEATHER ITEM   OBSERVED TIME   RECORD YEAR NORMAL DEPARTURE LAST
                VALUE   (LST)  VALUE       VALUE  FROM      YEAR
                                                  NORMAL
..................................................................
TEMPERATURE (F)
 TODAY
  MAXIMUM         76    358 PM  88    1972  62     14       57
  MINIMUM         46    744 AM  14    1930  42      4       31
  AVERAGE         61                        52      9       44

PRECIPITATION (IN)
  TODAY            0.00          2.37 1938   0.08  -0.08     0.00
  MONTH TO DATE    4.13                      1.67   2.46     0.34
  SINCE DEC 1      6.67                      4.07   2.60     3.34
  SINCE JAN 1      4.13                      1.67   2.46     0.34

SNOWFALL (IN)
  TODAY            0.0
  MONTH TO DATE    0.0
  SINCE DEC 1      0.0
  SINCE JUL 1      0.0
  SNOW DEPTH       0

DEGREE DAYS
 HEATING
  TODAY            4                        13     -9       21
  MONTH TO DATE  204                       321   -117      339
  SINCE DEC 1    545                       721   -176      598
  SINCE JUL 1    605                       933   -328      758

 COOLING
  TODAY            0                         0      0        0
  MONTH TO DATE   20                         0     20        0
  SINCE DEC 1     60                        13     47       20
  SINCE JAN 1     20                         0     20        0
..................................................................


WIND (MPH)
  HIGHEST WIND SPEED    10   HIGHEST WIND DIRECTION    SW (230)
  HIGHEST GUST SPEED    16   HIGHEST GUST DIRECTION     S (200)
  AVERAGE WIND SPEED     4.4


SKY COVER
  AVERAGE SKY COVER 0.0


WEATHER CONDITIONS
 THE FOLLOWING WEATHER WAS RECORDED TODAY.
  NO SIGNIFICANT WEATHER WAS OBSERVED.


RELATIVE HUMIDITY (PERCENT)
 HIGHEST    65           700 AM
 LOWEST     23           400 PM
 AVERAGE    44

..........................................................


THE AUSTIN CAMP MABRY CLIMATE NORMALS FOR TOMORROW
                         NORMAL    RECORD    YEAR
 MAXIMUM TEMPERATURE (F)   62        81      2013
                                             1971
                                             1950
 MINIMUM TEMPERATURE (F)   42        12      1963


SUNRISE AND SUNSET
JANUARY 23 2017.......SUNRISE   726 AM CST   SUNSET   600 PM CST
JANUARY 24 2017.......SUNRISE   725 AM CST   SUNSET   601 PM CST


-  INDICATES NEGATIVE NUMBERS.
R  INDICATES RECORD WAS SET OR TIED.
MM INDICATES DATA IS MISSING.
T  INDICATES TRACE AMOUNT.




$$
