000
CDUS44 KEWX 262258
CLIATT


CLIMATE REPORT
NATIONAL WEATHER SERVICE AUSTIN/SAN ANTONIO, TX
558 PM CDT WED APR 26 2017


...................................

...THE AUSTIN CAMP MABRY CLIMATE SUMMARY FOR APRIL 26 2017...
VALID TODAY AS OF 550 PM LOCAL TIME.

CLIMATE NORMAL PERIOD 1981 TO 2010
CLIMATE RECORD PERIOD 1897 TO 2017


WEATHER ITEM   OBSERVED TIME   RECORD YEAR NORMAL DEPARTURE LAST
                VALUE   (LST)  VALUE       VALUE  FROM      YEAR
                                                  NORMAL
..................................................................
TEMPERATURE (F)
 TODAY
  MAXIMUM         91   1223 PM  97    1988  82      9       86
  MINIMUM         74    652 AM  45    1926  62     12       72
  AVERAGE         83                        72     11       79

PRECIPITATION (IN)
  TODAY            0.00          3.00 1915   0.09  -0.09     0.00
  MONTH TO DATE    1.16                      1.73  -0.57     5.66
  SINCE MAR 1      3.64                      4.49  -0.85     9.17
  SINCE JAN 1      9.86                      8.73   1.13    10.85

SNOWFALL (IN)
  TODAY            0.0
  MONTH TO DATE    0.0
  SINCE MAR 1      0.0
  SINCE JUL 1      0.0
  SNOW DEPTH       0

DEGREE DAYS
 HEATING
  TODAY            0                         0      0        0
  MONTH TO DATE    3                        37    -34       14
  SINCE MAR 1     56                       199   -143       83
  SINCE JUL 1    834                      1536   -702     1080

 COOLING
  TODAY           18                         7     11       14
  MONTH TO DATE  183                       134     49      126
  SINCE MAR 1    355                       195    160      236
  SINCE JAN 1    472                       222    250      275
..................................................................


WIND (MPH)
  HIGHEST WIND SPEED    18   HIGHEST WIND DIRECTION    NW (300)
  HIGHEST GUST SPEED    30   HIGHEST GUST DIRECTION    NW (300)
  AVERAGE WIND SPEED     8.3


SKY COVER
  AVERAGE SKY COVER 0.5


WEATHER CONDITIONS
 THE FOLLOWING WEATHER WAS RECORDED TODAY.
  NO SIGNIFICANT WEATHER WAS OBSERVED.


RELATIVE HUMIDITY (PERCENT)
 HIGHEST    84           700 AM
 LOWEST     17           200 PM
 AVERAGE    51

..........................................................


THE AUSTIN CAMP MABRY CLIMATE NORMALS FOR TOMORROW
                         NORMAL    RECORD    YEAR
 MAXIMUM TEMPERATURE (F)   82        96      2014
 MINIMUM TEMPERATURE (F)   62        45      1926


SUNRISE AND SUNSET
APRIL 26 2017.........SUNRISE   652 AM CDT   SUNSET   806 PM CDT
APRIL 27 2017.........SUNRISE   651 AM CDT   SUNSET   806 PM CDT


-  INDICATES NEGATIVE NUMBERS.
R  INDICATES RECORD WAS SET OR TIED.
MM INDICATES DATA IS MISSING.
T  INDICATES TRACE AMOUNT.




$$
