278
CDUS44 KEWX 272222
CLIATT


CLIMATE REPORT
NATIONAL WEATHER SERVICE AUSTIN/SAN ANTONIO, TX
522 PM CDT FRI MAY 27 2016


...................................

...THE AUSTIN CAMP MABRY CLIMATE SUMMARY FOR MAY 27 2016...
VALID TODAY AS OF 520 PM LOCAL TIME.

CLIMATE NORMAL PERIOD 1981 TO 2010
CLIMATE RECORD PERIOD 1897 TO 2016


WEATHER ITEM   OBSERVED TIME   RECORD YEAR NORMAL DEPARTURE LAST
                VALUE   (LST)  VALUE       VALUE  FROM      YEAR
                                                  NORMAL
..................................................................
TEMPERATURE (F)
 TODAY
  MAXIMUM         77    358 PM 100    2011  89    -12       85
  MINIMUM         66   1009 AM  45    1901  69     -3       67
  AVERAGE         72                        79     -7       76

PRECIPITATION (IN)
  TODAY            0.35          1.75 2014   0.16   0.19      T
  MONTH TO DATE    5.57                      3.77   1.80    16.72
  SINCE MAR 1     16.20                      8.62   7.58    23.86
  SINCE JAN 1     17.88                     12.86   5.02    29.38

SNOWFALL (IN)
  TODAY            0.0
  MONTH TO DATE    0.0
  SINCE MAR 1      T
  SINCE JUL 1      T
  SNOW DEPTH       0

DEGREE DAYS
 HEATING
  TODAY            0                         0      0        0
  MONTH TO DATE    1                         0      1        0
  SINCE MAR 1     84                       200   -116      215
  SINCE JUL 1   1081                      1537   -456     1698

 COOLING
  TODAY            7                        14     -7       11
  MONTH TO DATE  244                       302    -58      272
  SINCE MAR 1    527                       527      0      539
  SINCE JAN 1    566                       554     12      550
..................................................................


WIND (MPH)
  HIGHEST WIND SPEED    12   HIGHEST WIND DIRECTION    SE (130)
  HIGHEST GUST SPEED    21   HIGHEST GUST DIRECTION    NE (40)
  AVERAGE WIND SPEED     6.6


SKY COVER
  AVERAGE SKY COVER 1.0


WEATHER CONDITIONS
 THE FOLLOWING WEATHER WAS RECORDED TODAY.
  THUNDERSTORM
  HEAVY RAIN
  RAIN
  LIGHT RAIN
  FOG


RELATIVE HUMIDITY (PERCENT)
 HIGHEST   100           700 AM
 LOWEST     79           300 PM
 AVERAGE    90

..........................................................


THE AUSTIN CAMP MABRY CLIMATE NORMALS FOR TOMORROW
                         NORMAL    RECORD    YEAR
 MAXIMUM TEMPERATURE (F)   89       100      2011
 MINIMUM TEMPERATURE (F)   70        47      1901


SUNRISE AND SUNSET
MAY 27 2016...........SUNRISE   631 AM CDT   SUNSET   826 PM CDT
MAY 28 2016...........SUNRISE   630 AM CDT   SUNSET   826 PM CDT


-  INDICATES NEGATIVE NUMBERS.
R  INDICATES RECORD WAS SET OR TIED.
MM INDICATES DATA IS MISSING.
T  INDICATES TRACE AMOUNT.




$$
