888
CDUS44 KEWX 102225
CLIATT


CLIMATE REPORT
NATIONAL WEATHER SERVICE AUSTIN/SAN ANTONIO, TX
425 PM CST WED FEB 10 2016


...................................

...THE AUSTIN CAMP MABRY CLIMATE SUMMARY FOR FEBRUARY 10 2016...
VALID TODAY AS OF 425 PM LOCAL TIME.

CLIMATE NORMAL PERIOD 1981 TO 2010
CLIMATE RECORD PERIOD 1897 TO 2016


WEATHER ITEM   OBSERVED TIME   RECORD YEAR NORMAL DEPARTURE LAST
                VALUE   (LST)  VALUE       VALUE  FROM      YEAR
                                                  NORMAL
..................................................................
TEMPERATURE (F)
 TODAY
  MAXIMUM         74    353 PM  90    1954  64     10       81
  MINIMUM         38    751 AM  19    2011  44     -6       46
  AVERAGE         56                        54      2       64

PRECIPITATION (IN)
  TODAY            0.00          1.34 1935   0.07  -0.07     0.00
  MONTH TO DATE    T                         0.68  -0.68     0.34
  SINCE DEC 1      3.34                      5.30  -1.96     6.42
  SINCE JAN 1      0.34                      2.90  -2.56     5.36

SNOWFALL (IN)
  TODAY            0.0
  MONTH TO DATE    0.0
  SINCE DEC 1      0.0
  SINCE JUL 1      0.0
  SNOW DEPTH       0

DEGREE DAYS
 HEATING
  TODAY            9                        12     -3        1
  MONTH TO DATE  110                       122    -12      116
  SINCE DEC 1    775                       950   -175      926
  SINCE JUL 1    935                      1162   -227     1216

 COOLING
  TODAY            0                         1     -1        0
  MONTH TO DATE    1                         5     -4        6
  SINCE DEC 1     29                        27      2       18
  SINCE JAN 1      9                        14     -5        9
..................................................................


WIND (MPH)
  HIGHEST WIND SPEED     9   HIGHEST WIND DIRECTION     S (160)
  HIGHEST GUST SPEED    16   HIGHEST GUST DIRECTION    SE (150)
  AVERAGE WIND SPEED     2.2


SKY COVER
  AVERAGE SKY COVER 0.0


WEATHER CONDITIONS
 THE FOLLOWING WEATHER WAS RECORDED TODAY.
  NO SIGNIFICANT WEATHER WAS OBSERVED.


RELATIVE HUMIDITY (PERCENT)
 HIGHEST    82           800 AM
 LOWEST     25           200 PM
 AVERAGE    54

..........................................................


THE AUSTIN CAMP MABRY CLIMATE NORMALS FOR TOMORROW
                         NORMAL    RECORD    YEAR
 MAXIMUM TEMPERATURE (F)   64        83      1976
 MINIMUM TEMPERATURE (F)   44        17      1981


SUNRISE AND SUNSET
FEBRUARY 10 2016......SUNRISE   716 AM CST   SUNSET   615 PM CST
FEBRUARY 11 2016......SUNRISE   715 AM CST   SUNSET   616 PM CST


-  INDICATES NEGATIVE NUMBERS.
R  INDICATES RECORD WAS SET OR TIED.
MM INDICATES DATA IS MISSING.
T  INDICATES TRACE AMOUNT.




$$
