000
CDUS44 KEWX 290724
CLIATT


CLIMATE REPORT
NATIONAL WEATHER SERVICE AUSTIN/SAN ANTONIO, TX
123 AM CST THU JAN 29 2015


...................................

...THE AUSTIN CAMP MABRY CLIMATE SUMMARY FOR JANUARY 28 2015...

CLIMATE NORMAL PERIOD 1981 TO 2010
CLIMATE RECORD PERIOD 1897 TO 2015


WEATHER ITEM   OBSERVED TIME   RECORD YEAR NORMAL DEPARTURE LAST
                VALUE   (LST)  VALUE       VALUE  FROM      YEAR
                                                  NORMAL
..................................................................
TEMPERATURE (F)
 YESTERDAY
  MAXIMUM         81R   301 PM  79    1970  62     19       39
  MINIMUM         42    743 AM  18    1948  42      0       27
                                      1925
  AVERAGE         62                        52     10

PRECIPITATION (IN)
  YESTERDAY        0.00          1.32 2006   0.07  -0.07     0.05
  MONTH TO DATE    4.71                      2.02   2.69     0.45
  SINCE DEC 1      5.77                      4.42   1.35     1.17
  SINCE JAN 1      4.71                      2.02   2.69     0.45

SNOWFALL (IN)
  YESTERDAY        0.0
  MONTH TO DATE    T
  SINCE DEC 1      T
  SINCE JUL 1      T
  SNOW DEPTH       0

DEGREE DAYS
 HEATING
  YESTERDAY        3                        13    -10       32
  MONTH TO DATE  480                       386     94      397
  SINCE DEC 1    789                       786      3      865
  SINCE JUL 1   1079                       998     81     1139

 COOLING
  YESTERDAY        0                         0      0        0
  MONTH TO DATE    2                         0      2        0
  SINCE DEC 1     11                        13     -2       15
  SINCE JAN 1      2                         0      2        0
..................................................................


WIND (MPH)
  HIGHEST WIND SPEED    14   HIGHEST WIND DIRECTION     S (180)
  HIGHEST GUST SPEED    22   HIGHEST GUST DIRECTION     S (170)
  AVERAGE WIND SPEED     3.6


SKY COVER
  AVERAGE SKY COVER 0.0


WEATHER CONDITIONS
 THE FOLLOWING WEATHER WAS RECORDED YESTERDAY.
  NO SIGNIFICANT WEATHER WAS OBSERVED.


RELATIVE HUMIDITY (PERCENT)
 HIGHEST    96           800 AM
 LOWEST     23           200 PM
 AVERAGE    60

..........................................................


THE AUSTIN CAMP MABRY CLIMATE NORMALS FOR TODAY
                         NORMAL    RECORD    YEAR
 MAXIMUM TEMPERATURE (F)   63        86      1917
 MINIMUM TEMPERATURE (F)   42        16      1951


SUNRISE AND SUNSET
JANUARY 29 2015.......SUNRISE   723 AM CST   SUNSET   605 PM CST
JANUARY 30 2015.......SUNRISE   723 AM CST   SUNSET   606 PM CST


-  INDICATES NEGATIVE NUMBERS.
R  INDICATES RECORD WAS SET OR TIED.
MM INDICATES DATA IS MISSING.
T  INDICATES TRACE AMOUNT.




$$
