000
CDUS44 KEWX 280819
CLIATT


CLIMATE REPORT
NATIONAL WEATHER SERVICE AUSTIN/SAN ANTONIO, TX
216 AM CST SUN DEC 28 2014


...................................

...THE AUSTIN CAMP MABRY CLIMATE SUMMARY FOR DECEMBER 27 2014...

CLIMATE NORMAL PERIOD 1981 TO 2010
CLIMATE RECORD PERIOD 1897 TO 2014


WEATHER ITEM   OBSERVED TIME   RECORD YEAR NORMAL DEPARTURE LAST
                VALUE   (LST)  VALUE       VALUE  FROM      YEAR
                                                  NORMAL
..................................................................
TEMPERATURE (F)
 YESTERDAY
  MAXIMUM         66    230 AM  79    1954  61      5       60
  MINIMUM         41   1159 PM  15    1924  41      0       45
  AVERAGE         54                        51      3

PRECIPITATION (IN)
  YESTERDAY        0.03          1.86 1927   0.08  -0.05      T
  MONTH TO DATE    0.93                      2.09  -1.16     0.72
  SINCE DEC 1      0.93                      2.09  -1.16     0.72
  SINCE JAN 1     35.40                     34.01   1.39    41.03

SNOWFALL (IN)
  YESTERDAY        0.0
  MONTH TO DATE    0.0
  SINCE DEC 1      0.0
  SINCE JUL 1      0.0
  SNOW DEPTH       0

DEGREE DAYS
 HEATING
  YESTERDAY       11                        14     -3       12
  MONTH TO DATE  220                       342   -122      395
  SINCE DEC 1    220                       342   -122      395
  SINCE JUL 1    510                       554    -44      669

 COOLING
  YESTERDAY        0                         0      0        0
  MONTH TO DATE    9                         6      3       15
  SINCE DEC 1      9                         6      3       15
  SINCE JAN 1   3197                      3132     65     3464
..................................................................


WIND (MPH)
  HIGHEST WIND SPEED    16   HIGHEST WIND DIRECTION     N (340)
  HIGHEST GUST SPEED    24   HIGHEST GUST DIRECTION    NW (320)
  AVERAGE WIND SPEED     7.5


SKY COVER
  AVERAGE SKY COVER 1.0


WEATHER CONDITIONS
 THE FOLLOWING WEATHER WAS RECORDED YESTERDAY.
  LIGHT RAIN
  FOG


RELATIVE HUMIDITY (PERCENT)
 HIGHEST    93           300 AM
 LOWEST     65           600 PM
 AVERAGE    79

..........................................................


THE AUSTIN CAMP MABRY CLIMATE NORMALS FOR TODAY
                         NORMAL    RECORD    YEAR
 MAXIMUM TEMPERATURE (F)   61        77      1946
                                             1923
                                             1921
 MINIMUM TEMPERATURE (F)   41        22      1924


SUNRISE AND SUNSET
DECEMBER 28 2014......SUNRISE   726 AM CST   SUNSET   539 PM CST
DECEMBER 29 2014......SUNRISE   726 AM CST   SUNSET   539 PM CST


-  INDICATES NEGATIVE NUMBERS.
R  INDICATES RECORD WAS SET OR TIED.
MM INDICATES DATA IS MISSING.
T  INDICATES TRACE AMOUNT.




$$
