000
CDUS44 KEWX 200706
CLIATT


CLIMATE REPORT
NATIONAL WEATHER SERVICE AUSTIN/SAN ANTONIO, TX
206 AM CDT SUN AUG 20 2017


...................................

...THE AUSTIN CAMP MABRY CLIMATE SUMMARY FOR AUGUST 19 2017...

CLIMATE NORMAL PERIOD 1981 TO 2010
CLIMATE RECORD PERIOD 1897 TO 2017


WEATHER ITEM   OBSERVED TIME   RECORD YEAR NORMAL DEPARTURE LAST
                VALUE   (LST)  VALUE       VALUE  FROM      YEAR
                                                  NORMAL
..................................................................
TEMPERATURE (F)
 YESTERDAY
  MAXIMUM        101    431 PM 107    2011  97      4       93
  MINIMUM         76    619 AM  68    1913  75      1       75
                                      1900
  AVERAGE         89                        86      3

PRECIPITATION (IN)
  YESTERDAY        0.00          1.95 1951   0.08  -0.08     0.06
  MONTH TO DATE    2.44                      1.21   1.23     5.69
  SINCE JUN 1      5.72                      7.42  -1.70    10.24
  SINCE JAN 1     18.50                     20.95  -2.45    29.70

SNOWFALL (IN)
  YESTERDAY        0.0
  MONTH TO DATE    0.0
  SINCE JUN 1      0.0
  SINCE JUL 1      0.0
  SNOW DEPTH       0

DEGREE DAYS
 HEATING
  YESTERDAY        0                         0      0        0
  MONTH TO DATE    0                         0      0        0
  SINCE JUN 1      0                         0      0        0
  SINCE JUL 1      0                         0      0        0

 COOLING
  YESTERDAY       24                        21      3       19
  MONTH TO DATE  428                       399     29      397
  SINCE JUN 1   1754                      1535    219     1667
  SINCE JAN 1   2616                      2148    468     2282
..................................................................


WIND (MPH)
  HIGHEST WIND SPEED    10   HIGHEST WIND DIRECTION     S (170)
  HIGHEST GUST SPEED    18   HIGHEST GUST DIRECTION    SE (150)
  AVERAGE WIND SPEED     4.3


SKY COVER
  AVERAGE SKY COVER 0.0


WEATHER CONDITIONS
 THE FOLLOWING WEATHER WAS RECORDED YESTERDAY.
  NO SIGNIFICANT WEATHER WAS OBSERVED.


RELATIVE HUMIDITY (PERCENT)
 HIGHEST    88           500 AM
 LOWEST     27           200 PM
 AVERAGE    58

..........................................................


THE AUSTIN CAMP MABRY CLIMATE NORMALS FOR TODAY
                         NORMAL    RECORD    YEAR
 MAXIMUM TEMPERATURE (F)   97       106      2011
                                             1999
 MINIMUM TEMPERATURE (F)   75        64      1940


SUNRISE AND SUNSET
AUGUST 20 2017........SUNRISE   701 AM CDT   SUNSET   807 PM CDT
AUGUST 21 2017........SUNRISE   701 AM CDT   SUNSET   806 PM CDT


-  INDICATES NEGATIVE NUMBERS.
R  INDICATES RECORD WAS SET OR TIED.
MM INDICATES DATA IS MISSING.
T  INDICATES TRACE AMOUNT.




$$
