000
CDUS43 KABR 280907
CLIATY


CLIMATE REPORT
NATIONAL WEATHER SERVICE ABERDEEN SD
406 AM CDT SUN AUG 28 2016


...................................

...THE WATERTOWN SD CLIMATE SUMMARY FOR AUGUST 27 2016...

CLIMATE NORMAL PERIOD 1981 TO 2010
CLIMATE RECORD PERIOD 1898 TO 2016


WEATHER ITEM   OBSERVED TIME   RECORD YEAR NORMAL DEPARTURE LAST
                VALUE   (LST)  VALUE       VALUE  FROM      YEAR
                                                  NORMAL
..................................................................
TEMPERATURE (F)
 YESTERDAY
  MAXIMUM         76    542 PM 100    1973  78     -2       75
  MINIMUM         60    457 AM  38    1914  55      5       62
  AVERAGE         68                        66      2       69

PRECIPITATION (IN)
  YESTERDAY        0.00          1.42 1927   0.08  -0.08     0.02
  MONTH TO DATE    6.97                      2.44   4.53     5.44
  SINCE JUN 1     10.98                      9.04   1.94    11.94
  SINCE JAN 1     16.63                     15.89   0.74    17.94

DEGREE DAYS
 HEATING
  YESTERDAY        0                         2     -2        0
  MONTH TO DATE   14                        32    -18       49
  SINCE JUN 1     51                       127    -76       89
  SINCE JUL 1     26                        49    -23       62

 COOLING
  YESTERDAY        3                         4     -1        4
  MONTH TO DATE  182                       137     45      125
  SINCE JUN 1    626                       439    187      445
  SINCE JAN 1    650                       461    189      453
..................................................................


WIND (MPH)
  HIGHEST WIND SPEED    16   HIGHEST WIND DIRECTION     S (190)
  HIGHEST GUST SPEED    20   HIGHEST GUST DIRECTION     S (200)
  AVERAGE WIND SPEED     8.7


SKY COVER
  POSSIBLE SUNSHINE  MM
  AVERAGE SKY COVER 0.5


WEATHER CONDITIONS
 THE FOLLOWING WEATHER WAS RECORDED YESTERDAY.
  THUNDERSTORM


RELATIVE HUMIDITY (PERCENT)
 HIGHEST    97           600 AM
 LOWEST     61           100 PM
 AVERAGE    79

..........................................................


THE WATERTOWN SD CLIMATE NORMALS FOR TODAY
                         NORMAL    RECORD    YEAR
 MAXIMUM TEMPERATURE (F)   78        98      1984
 MINIMUM TEMPERATURE (F)   55        32      1965


SUNRISE AND SUNSET
AUGUST 28 2016........SUNRISE   647 AM CDT   SUNSET   812 PM CDT
AUGUST 29 2016........SUNRISE   648 AM CDT   SUNSET   810 PM CDT


-  INDICATES NEGATIVE NUMBERS.
R  INDICATES RECORD WAS SET OR TIED.
MM INDICATES DATA IS MISSING.
T  INDICATES TRACE AMOUNT.




$$
