000
CDUS43 KABR 172238
CLIATY


CLIMATE REPORT
NATIONAL WEATHER SERVICE ABERDEEN SD
537 PM CDT TUE OCT 17 2017


...................................

...THE WATERTOWN SD CLIMATE SUMMARY FOR OCTOBER 17 2017...
VALID TODAY AS OF 0500 PM LOCAL TIME.

CLIMATE NORMAL PERIOD 1981 TO 2010
CLIMATE RECORD PERIOD 1898 TO 2017


WEATHER ITEM   OBSERVED TIME   RECORD YEAR NORMAL DEPARTURE LAST
                VALUE   (LST)  VALUE       VALUE  FROM      YEAR
                                                  NORMAL
..................................................................
TEMPERATURE (F)
 TODAY
  MAXIMUM         73    325 PM  85    1910  56     17       65
  MINIMUM         34    659 AM  14    1976  34      0       48
  AVERAGE         54                        45      9       57

PRECIPITATION (IN)
  TODAY            0.00          1.19 1968   0.06  -0.06      T
  MONTH TO DATE    2.16                      1.19   0.97     1.48
  SINCE SEP 1      7.56                      3.83   3.73     3.54
  SINCE JAN 1     22.77                     20.06   2.71    20.18

SNOWFALL (IN)
  TODAY            0.0
  MONTH TO DATE    0.0
  SINCE OCT 1      0.0
  SINCE JUL 1      0.0
  SNOW DEPTH       0

DEGREE DAYS
 HEATING
  TODAY           11                        20     -9        8
  MONTH TO DATE  260                       283    -23      221
  SINCE SEP 1    411                       502    -91      339
  SINCE JUL 1    439                       559   -120      365

 COOLING
  TODAY            0                         0      0        0
  MONTH TO DATE    0                         0      0        0
  SINCE SEP 1     65                        39     26       36
  SINCE JAN 1    440                       513    -73      721
..................................................................


WIND (MPH)
  HIGHEST WIND SPEED    18   HIGHEST WIND DIRECTION    SW (220)
  HIGHEST GUST SPEED    24   HIGHEST GUST DIRECTION    SW (230)
  AVERAGE WIND SPEED     5.8


SKY COVER
  POSSIBLE SUNSHINE  MM
  AVERAGE SKY COVER 0.0


WEATHER CONDITIONS
 THE FOLLOWING WEATHER WAS RECORDED TODAY.
  NO SIGNIFICANT WEATHER WAS OBSERVED.


RELATIVE HUMIDITY (PERCENT)
 HIGHEST   100           400 AM
 LOWEST     27           100 PM
 AVERAGE    64

..........................................................


THE WATERTOWN SD CLIMATE NORMALS FOR TOMORROW
                         NORMAL    RECORD    YEAR
 MAXIMUM TEMPERATURE (F)   56        80      1953
 MINIMUM TEMPERATURE (F)   34        13      1972


SUNRISE AND SUNSET
OCTOBER 17 2017.......SUNRISE   747 AM CDT   SUNSET   640 PM CDT
OCTOBER 18 2017.......SUNRISE   748 AM CDT   SUNSET   638 PM CDT


-  INDICATES NEGATIVE NUMBERS.
R  INDICATES RECORD WAS SET OR TIED.
MM INDICATES DATA IS MISSING.
T  INDICATES TRACE AMOUNT.




$$
