000
CDUS43 KABR 262241
CLIATY


CLIMATE REPORT
NATIONAL WEATHER SERVICE ABERDEEN SD
540 PM CDT SUN MAR 26 2017


...................................

...THE WATERTOWN SD CLIMATE SUMMARY FOR MARCH 26 2017...
VALID TODAY AS OF 0500 PM LOCAL TIME.

CLIMATE NORMAL PERIOD 1981 TO 2010
CLIMATE RECORD PERIOD 1898 TO 2017


WEATHER ITEM   OBSERVED TIME   RECORD YEAR NORMAL DEPARTURE LAST
                VALUE   (LST)  VALUE       VALUE  FROM      YEAR
                                                  NORMAL
..................................................................
TEMPERATURE (F)
 TODAY
  MAXIMUM         45    318 PM  73    1918  44      1       37
                                      1905
  MINIMUM         34    713 AM  -6    1964  24     10       27
  AVERAGE         40                        34      6       32

PRECIPITATION (IN)
  TODAY            0.00          1.40 1921   0.04  -0.04     0.05
  MONTH TO DATE    0.33                      0.88  -0.55     0.13
  SINCE MAR 1      0.33                      0.88  -0.55     0.13
  SINCE JAN 1      1.11                      1.96  -0.85     1.16

SNOWFALL (IN)
  TODAY            0.0
  MONTH TO DATE   11.3
  SINCE OCT 1     39.1
  SINCE JUL 1     39.1
  SNOW DEPTH       0

DEGREE DAYS
 HEATING
  TODAY           25                        31     -6       33
  MONTH TO DATE  969                       955     14      684
  SINCE MAR 1    969                       955     14      684
  SINCE JUL 1   6570                      7366   -796     6003

 COOLING
  TODAY            0                         0      0        0
  MONTH TO DATE    0                         0      0        0
  SINCE MAR 1      0                         0      0        0
  SINCE JAN 1      0                         0      0        0
..................................................................


WIND (MPH)
  HIGHEST WIND SPEED     8   HIGHEST WIND DIRECTION     W (290)
  HIGHEST GUST SPEED    13   HIGHEST GUST DIRECTION     W (280)
  AVERAGE WIND SPEED     4.2


SKY COVER
  POSSIBLE SUNSHINE  MM
  AVERAGE SKY COVER 1.0


WEATHER CONDITIONS
 THE FOLLOWING WEATHER WAS RECORDED TODAY.
  FOG


RELATIVE HUMIDITY (PERCENT)
 HIGHEST   100          1200 AM
 LOWEST     76           300 PM
 AVERAGE    88

..........................................................


THE WATERTOWN SD CLIMATE NORMALS FOR TOMORROW
                         NORMAL    RECORD    YEAR
 MAXIMUM TEMPERATURE (F)   44        76      1946
 MINIMUM TEMPERATURE (F)   24        -4      1913


SUNRISE AND SUNSET
MARCH 26 2017.........SUNRISE   720 AM CDT   SUNSET   749 PM CDT
MARCH 27 2017.........SUNRISE   718 AM CDT   SUNSET   750 PM CDT


-  INDICATES NEGATIVE NUMBERS.
R  INDICATES RECORD WAS SET OR TIED.
MM INDICATES DATA IS MISSING.
T  INDICATES TRACE AMOUNT.




$$
