000
CDUS43 KABR 162240
CLIATY


CLIMATE REPORT
NATIONAL WEATHER SERVICE ABERDEEN SD
538 PM CDT WED APR 16 2014


...................................

...THE WATERTOWN SD CLIMATE SUMMARY FOR APRIL 16 2014...
VALID TODAY AS OF 0500 PM LOCAL TIME.

CLIMATE NORMAL PERIOD 1981 TO 2010
CLIMATE RECORD PERIOD 1898 TO 2014


WEATHER ITEM   OBSERVED TIME   RECORD YEAR NORMAL DEPARTURE LAST
                VALUE   (LST)  VALUE       VALUE  FROM      YEAR
                                                  NORMAL
..................................................................
TEMPERATURE (F)
 TODAY
  MAXIMUM         32    104 AM  86    1964  56    -24       34
  MINIMUM         27    359 PM  13    1928  32     -5       23
  AVERAGE         30                        44    -14       29

PRECIPITATION (IN)
  TODAY           MM             1.28 1945   0.07  MM        0.00
  MONTH TO DATE    0.05                      0.94  -0.89     1.81
  SINCE MAR 1      1.02                      2.05  -1.03     3.02
  SINCE JAN 1      1.45                      3.13  -1.68     4.24

SNOWFALL (IN)
  TODAY           MM
  MONTH TO DATE    0.3
  SINCE OCT 1     24.5
  SINCE JUL 1     24.5
  SNOW DEPTH      MM

DEGREE DAYS
 HEATING
  TODAY           35                        21     14       36
  MONTH TO DATE  449                       392     57      541
  SINCE MAR 1   1698                      1496    202     1919
  SINCE JUL 1   8664                      7907    757     8282

 COOLING
  TODAY            0                         0      0        0
  MONTH TO DATE    0                         0      0        0
  SINCE MAR 1      0                         0      0        0
  SINCE JAN 1      0                         0      0        0
..................................................................


WIND (MPH)
  HIGHEST WIND SPEED    29   HIGHEST WIND DIRECTION    NE (40)
  HIGHEST GUST SPEED    37   HIGHEST GUST DIRECTION     E (70)
  AVERAGE WIND SPEED    20.4


SKY COVER
  POSSIBLE SUNSHINE  MM
  AVERAGE SKY COVER 1.0


WEATHER CONDITIONS
 THE FOLLOWING WEATHER WAS RECORDED TODAY.
  HEAVY SNOW
  SNOW
  LIGHT SNOW
  FOG
  FOG W/VISIBILITY <= 1/4 MILE


RELATIVE HUMIDITY (PERCENT)
 HIGHEST    92          1000 AM
 LOWEST     63          1200 AM
 AVERAGE    78

..........................................................


THE WATERTOWN SD CLIMATE NORMALS FOR TOMORROW
                         NORMAL    RECORD    YEAR
 MAXIMUM TEMPERATURE (F)   57        83      1987
 MINIMUM TEMPERATURE (F)   33        12      1953


SUNRISE AND SUNSET
APRIL 16 2014.........SUNRISE   642 AM CDT   SUNSET   815 PM CDT
APRIL 17 2014.........SUNRISE   641 AM CDT   SUNSET   817 PM CDT


-  INDICATES NEGATIVE NUMBERS.
R  INDICATES RECORD WAS SET OR TIED.
MM INDICATES DATA IS MISSING.
T  INDICATES TRACE AMOUNT.




$$
