000
CDUS43 KABR 302236
CLIATY


CLIMATE REPORT
NATIONAL WEATHER SERVICE ABERDEEN SD
534 PM CDT SUN APR 30 2017


...................................

...THE WATERTOWN SD CLIMATE SUMMARY FOR APRIL 30 2017...
VALID TODAY AS OF 0500 PM LOCAL TIME.

CLIMATE NORMAL PERIOD 1981 TO 2010
CLIMATE RECORD PERIOD 1898 TO 2017


WEATHER ITEM   OBSERVED TIME   RECORD YEAR NORMAL DEPARTURE LAST
                VALUE   (LST)  VALUE       VALUE  FROM      YEAR
                                                  NORMAL
..................................................................
TEMPERATURE (F)
 TODAY
  MAXIMUM         48    123 PM  92    1992  63    -15       53
  MINIMUM         34    553 AM  12    1966  38     -4       35
  AVERAGE         41                        51    -10       44

PRECIPITATION (IN)
  TODAY            0.00          1.58 1936   0.08  -0.08     0.00
  MONTH TO DATE    1.72                      2.02  -0.30     2.26
  SINCE MAR 1      2.05                      3.13  -1.08     2.52
  SINCE JAN 1      2.83                      4.21  -1.38     3.55

SNOWFALL (IN)
  TODAY            0.0
  MONTH TO DATE    0.0
  SINCE OCT 1     39.1
  SINCE JUL 1     39.1
  SNOW DEPTH       0

DEGREE DAYS
 HEATING
  TODAY           24                        15      9       21
  MONTH TO DATE  630                       635     -5      555
  SINCE MAR 1   1707                      1740    -33     1351
  SINCE JUL 1   7308                      8151   -843     6670

 COOLING
  TODAY            0                         0      0        0
  MONTH TO DATE    0                         2     -2        0
  SINCE MAR 1      0                         2     -2        0
  SINCE JAN 1      0                         2     -2        0
..................................................................


WIND (MPH)
  HIGHEST WIND SPEED    25   HIGHEST WIND DIRECTION    NE (60)
  HIGHEST GUST SPEED    32   HIGHEST GUST DIRECTION     E (70)
  AVERAGE WIND SPEED    13.7


SKY COVER
  POSSIBLE SUNSHINE  MM
  AVERAGE SKY COVER 0.3


WEATHER CONDITIONS
 THE FOLLOWING WEATHER WAS RECORDED TODAY.
  NO SIGNIFICANT WEATHER WAS OBSERVED.


RELATIVE HUMIDITY (PERCENT)
 HIGHEST    69           600 AM
 LOWEST     34           100 PM
 AVERAGE    52

..........................................................


THE WATERTOWN SD CLIMATE NORMALS FOR TOMORROW
                         NORMAL    RECORD    YEAR
 MAXIMUM TEMPERATURE (F)   63        95      1959
 MINIMUM TEMPERATURE (F)   39        18      1961


SUNRISE AND SUNSET
APRIL 30 2017.........SUNRISE   619 AM CDT   SUNSET   833 PM CDT
MAY  1 2017...........SUNRISE   618 AM CDT   SUNSET   834 PM CDT


-  INDICATES NEGATIVE NUMBERS.
R  INDICATES RECORD WAS SET OR TIED.
MM INDICATES DATA IS MISSING.
T  INDICATES TRACE AMOUNT.




$$
