000
CDUS43 KABR 222232
CLIATY


CLIMATE REPORT
NATIONAL WEATHER SERVICE ABERDEEN SD
530 PM CDT THU JUN 22 2017


...................................

...THE WATERTOWN SD CLIMATE SUMMARY FOR JUNE 22 2017...
VALID TODAY AS OF 0500 PM LOCAL TIME.

CLIMATE NORMAL PERIOD 1981 TO 2010
CLIMATE RECORD PERIOD 1898 TO 2017


WEATHER ITEM   OBSERVED TIME   RECORD YEAR NORMAL DEPARTURE LAST
                VALUE   (LST)  VALUE       VALUE  FROM      YEAR
                                                  NORMAL
..................................................................
TEMPERATURE (F)
 TODAY
  MAXIMUM         72    357 PM  99    1988  79     -7       85
  MINIMUM         57   1047 AM  34    1902  57      0       60
  AVERAGE         65                        68     -3       73

PRECIPITATION (IN)
  TODAY            0.91          1.89 1948   0.12   0.79     0.04
  MONTH TO DATE    3.70                      2.67   1.03     1.53
  SINCE JUN 1      3.70                      2.67   1.03     1.53
  SINCE JAN 1      8.65                      9.52  -0.87     7.18

SNOWFALL (IN)
  TODAY            0.0
  MONTH TO DATE    0.0
  SINCE OCT 1     40.7
  SINCE JUL 1     40.7
  SNOW DEPTH       0

DEGREE DAYS
 HEATING
  TODAY            0                         1     -1        0
  MONTH TO DATE    9                        69    -60       23
  SINCE JUN 1      9                        69    -60       23
  SINCE JUL 1   7633                      8516   -883     6911

 COOLING
  TODAY            0                         4     -4        8
  MONTH TO DATE  101                        55     46      155
  SINCE JUN 1    101                        55     46      155
  SINCE JAN 1    112                        77     35      179
..................................................................


WIND (MPH)
  HIGHEST WIND SPEED    24   HIGHEST WIND DIRECTION    NW (330)
  HIGHEST GUST SPEED    31   HIGHEST GUST DIRECTION    NW (330)
  AVERAGE WIND SPEED     6.7


SKY COVER
  POSSIBLE SUNSHINE  MM
  AVERAGE SKY COVER 0.7


WEATHER CONDITIONS
 THE FOLLOWING WEATHER WAS RECORDED TODAY.
  THUNDERSTORM
  HEAVY RAIN
  RAIN
  LIGHT RAIN
  FOG


RELATIVE HUMIDITY (PERCENT)
 HIGHEST    93           500 AM
 LOWEST     53           300 PM
 AVERAGE    73

..........................................................


THE WATERTOWN SD CLIMATE NORMALS FOR TOMORROW
                         NORMAL    RECORD    YEAR
 MAXIMUM TEMPERATURE (F)   79       100      1937
 MINIMUM TEMPERATURE (F)   57        39      1926


SUNRISE AND SUNSET
JUNE 22 2017..........SUNRISE   543 AM CDT   SUNSET   919 PM CDT
JUNE 23 2017..........SUNRISE   543 AM CDT   SUNSET   919 PM CDT


-  INDICATES NEGATIVE NUMBERS.
R  INDICATES RECORD WAS SET OR TIED.
MM INDICATES DATA IS MISSING.
T  INDICATES TRACE AMOUNT.




$$
