000
CDUS43 KABR 102344
CLIATY


CLIMATE REPORT
NATIONAL WEATHER SERVICE ABERDEEN SD
541 PM CST SUN DEC 10 2017


...................................

...THE WATERTOWN SD CLIMATE SUMMARY FOR DECEMBER 10 2017...
VALID TODAY AS OF 0500 PM LOCAL TIME.

CLIMATE NORMAL PERIOD 1981 TO 2010
CLIMATE RECORD PERIOD 1898 TO 2017


WEATHER ITEM   OBSERVED TIME   RECORD YEAR NORMAL DEPARTURE LAST
                VALUE   (LST)  VALUE       VALUE  FROM      YEAR
                                                  NORMAL
..................................................................
TEMPERATURE (F)
 TODAY
  MAXIMUM         39    307 PM  53    1928  26     13        8
  MINIMUM         27    833 AM -20    1917   9     18       -5
                                      1972
  AVERAGE         33                        17     16        2

PRECIPITATION (IN)
  TODAY            0.00          0.47 1947   0.02  -0.02     0.28
  MONTH TO DATE    0.05                      0.19  -0.14     0.31
  SINCE DEC 1      0.05                      0.19  -0.14     0.31
  SINCE JAN 1     22.92                     21.74   1.18    22.47

SNOWFALL (IN)
  TODAY            0.0
  MONTH TO DATE    0.6
  SINCE OCT 1      2.5
  SINCE JUL 1      2.5
  SNOW DEPTH      MM

DEGREE DAYS
 HEATING
  TODAY           32                        48    -16       63
  MONTH TO DATE  386                       459    -73      478
  SINCE DEC 1    386                       459    -73      478
  SINCE JUL 1   2151                      2399   -248     1849

 COOLING
  TODAY            0                         0      0        0
  MONTH TO DATE    0                         0      0        0
  SINCE DEC 1      0                         0      0        0
  SINCE JAN 1    440                       515    -75      721
..................................................................


WIND (MPH)
  HIGHEST WIND SPEED    17   HIGHEST WIND DIRECTION    NW (320)
  HIGHEST GUST SPEED    23   HIGHEST GUST DIRECTION    NW (320)
  AVERAGE WIND SPEED    10.5


SKY COVER
  POSSIBLE SUNSHINE  MM
  AVERAGE SKY COVER 0.1


WEATHER CONDITIONS
 THE FOLLOWING WEATHER WAS RECORDED TODAY.
  NO SIGNIFICANT WEATHER WAS OBSERVED.


RELATIVE HUMIDITY (PERCENT)
 HIGHEST    92           800 AM
 LOWEST     70           100 PM
 AVERAGE    81

..........................................................


THE WATERTOWN SD CLIMATE NORMALS FOR TOMORROW
                         NORMAL    RECORD    YEAR
 MAXIMUM TEMPERATURE (F)   26        57      1913
 MINIMUM TEMPERATURE (F)    8       -20      2013
                                             1945


SUNRISE AND SUNSET
DECEMBER 10 2017......SUNRISE   756 AM CST   SUNSET   447 PM CST
DECEMBER 11 2017......SUNRISE   757 AM CST   SUNSET   447 PM CST


-  INDICATES NEGATIVE NUMBERS.
R  INDICATES RECORD WAS SET OR TIED.
MM INDICATES DATA IS MISSING.
T  INDICATES TRACE AMOUNT.




$$
