000
CDUS43 KABR 031030
CLIATY


CLIMATE REPORT
NATIONAL WEATHER SERVICE ABERDEEN SD
530 AM CDT WED JUN 3 2015


...................................

...THE WATERTOWN SD CLIMATE SUMMARY FOR JUNE 2 2015...

CLIMATE NORMAL PERIOD 1981 TO 2010
CLIMATE RECORD PERIOD 1898 TO 2015


WEATHER ITEM   OBSERVED TIME   RECORD YEAR NORMAL DEPARTURE LAST
                VALUE   (LST)  VALUE       VALUE  FROM      YEAR
                                                  NORMAL
..................................................................
TEMPERATURE (F)
 YESTERDAY
  MAXIMUM         80    534 PM  96    1940  72      8       66
  MINIMUM         58    604 AM  30    1946  50      8       56
  AVERAGE         69                        61      8       61

PRECIPITATION (IN)
  YESTERDAY        0.00          1.18 1899   0.11  -0.11      T
  MONTH TO DATE    0.00                      0.22  -0.22     1.67
  SINCE JUN 1      0.00                      0.22  -0.22     1.67
  SINCE JAN 1      6.00                      7.07  -1.07     6.54

DEGREE DAYS
 HEATING
  YESTERDAY        0                         5     -5        4
  MONTH TO DATE    0                        10    -10        4
  SINCE JUN 1      0                        10    -10        4
  SINCE JUL 1   8196                      8457   -261     9277

 COOLING
  YESTERDAY        4                         1      3        0
  MONTH TO DATE    4                         2      2        4
  SINCE JUN 1      4                         2      2        4
  SINCE JAN 1     12                        24    -12       45
..................................................................


WIND (MPH)
  HIGHEST WIND SPEED    31   HIGHEST WIND DIRECTION     S (170)
  HIGHEST GUST SPEED    38   HIGHEST GUST DIRECTION     S (170)
  AVERAGE WIND SPEED    17.1


SKY COVER
  POSSIBLE SUNSHINE  MM
  AVERAGE SKY COVER 0.0


WEATHER CONDITIONS
 THE FOLLOWING WEATHER WAS RECORDED YESTERDAY.
  NO SIGNIFICANT WEATHER WAS OBSERVED.


RELATIVE HUMIDITY (PERCENT)
 HIGHEST    80           500 AM
 LOWEST     51           400 PM
 AVERAGE    66

..........................................................


THE WATERTOWN SD CLIMATE NORMALS FOR TODAY
                         NORMAL    RECORD    YEAR
 MAXIMUM TEMPERATURE (F)   73        95      1968
                                             1933
 MINIMUM TEMPERATURE (F)   51        33      1985


SUNRISE AND SUNSET
JUNE  3 2015..........SUNRISE   545 AM CDT   SUNSET   909 PM CDT
JUNE  4 2015..........SUNRISE   544 AM CDT   SUNSET   910 PM CDT


-  INDICATES NEGATIVE NUMBERS.
R  INDICATES RECORD WAS SET OR TIED.
MM INDICATES DATA IS MISSING.
T  INDICATES TRACE AMOUNT.




$$
