000
CDUS43 KABR 011039
CLIATY


CLIMATE REPORT
NATIONAL WEATHER SERVICE ABERDEEN SD
538 AM CDT SAT OCT 1 2016


...................................

...THE WATERTOWN SD CLIMATE SUMMARY FOR SEPTEMBER 30 2016...

CLIMATE NORMAL PERIOD 1981 TO 2010
CLIMATE RECORD PERIOD 1898 TO 2016


WEATHER ITEM   OBSERVED TIME   RECORD YEAR NORMAL DEPARTURE LAST
                VALUE   (LST)  VALUE       VALUE  FROM      YEAR
                                                  NORMAL
..................................................................
TEMPERATURE (F)
 YESTERDAY
  MAXIMUM         72    309 PM  87    1976  64      8       70
                                      1932
  MINIMUM         45    615 AM  20    1939  41      4       47
  AVERAGE         59                        52      7       59

PRECIPITATION (IN)
  YESTERDAY        0.00          1.60 1995   0.07  -0.07     0.00
  MONTH TO DATE    2.06                      2.64  -0.58     0.27
  SINCE SEP 1      2.06                      2.64  -0.58     0.27
  SINCE JAN 1     18.70                     18.87  -0.17    18.21

DEGREE DAYS
 HEATING
  YESTERDAY        6                        13     -7        6
  MONTH TO DATE  118                       219   -101       90
  SINCE SEP 1    118                       219   -101       90
  SINCE JUL 1    144                       276   -132      152

 COOLING
  YESTERDAY        0                         0      0        0
  MONTH TO DATE   36                        39     -3      106
  SINCE SEP 1     36                        39     -3      106
  SINCE JAN 1    721                       513    208      583
..................................................................


WIND (MPH)
  HIGHEST WIND SPEED    17   HIGHEST WIND DIRECTION    SE (150)
  HIGHEST GUST SPEED    24   HIGHEST GUST DIRECTION    SE (150)
  AVERAGE WIND SPEED     8.0


SKY COVER
  POSSIBLE SUNSHINE  MM
  AVERAGE SKY COVER 0.0


WEATHER CONDITIONS
 THE FOLLOWING WEATHER WAS RECORDED YESTERDAY.
  NO SIGNIFICANT WEATHER WAS OBSERVED.


RELATIVE HUMIDITY (PERCENT)
 HIGHEST    86           300 AM
 LOWEST     38           300 PM
 AVERAGE    62

..........................................................


THE WATERTOWN SD CLIMATE NORMALS FOR TODAY
                         NORMAL    RECORD    YEAR
 MAXIMUM TEMPERATURE (F)   64        91      1951
 MINIMUM TEMPERATURE (F)   40        20      2003


SUNRISE AND SUNSET
OCTOBER  1 2016.......SUNRISE   727 AM CDT   SUNSET   708 PM CDT
OCTOBER  2 2016.......SUNRISE   728 AM CDT   SUNSET   706 PM CDT


-  INDICATES NEGATIVE NUMBERS.
R  INDICATES RECORD WAS SET OR TIED.
MM INDICATES DATA IS MISSING.
T  INDICATES TRACE AMOUNT.




$$
