000
CDUS43 KABR 291355
CLIATY


CLIMATE REPORT
NATIONAL WEATHER SERVICE ABERDEEN SD
855 AM CDT SAT AUG 29 2015


...................................

...THE WATERTOWN SD CLIMATE SUMMARY FOR AUGUST 28 2015...

CLIMATE NORMAL PERIOD 1981 TO 2010
CLIMATE RECORD PERIOD 1898 TO 2015


WEATHER ITEM   OBSERVED TIME   RECORD YEAR NORMAL DEPARTURE LAST
                VALUE   (LST)  VALUE       VALUE  FROM      YEAR
                                                  NORMAL
..................................................................
TEMPERATURE (F)
 YESTERDAY
  MAXIMUM         78    312 PM  98    1984  78      0       68
  MINIMUM         61   1159 PM  32    1965  55      6       64
  AVERAGE         70                        66      4       66

PRECIPITATION (IN)
  YESTERDAY        0.00          1.41 1932   0.09  -0.09     0.22
  MONTH TO DATE    5.44                      2.53   2.91     2.90
  SINCE JUN 1     11.94                      9.13   2.81     8.75
  SINCE JAN 1     17.94                     15.98   1.96    13.62

DEGREE DAYS
 HEATING
  YESTERDAY        0                         2     -2        0
  MONTH TO DATE   49                        34     15       19
  SINCE JUN 1     89                       129    -40      117
  SINCE JUL 1     62                        51     11       54

 COOLING
  YESTERDAY        5                         3      2        1
  MONTH TO DATE  130                       140    -10      100
  SINCE JUN 1    450                       442      8      282
  SINCE JAN 1    458                       464     -6      323
..................................................................


WIND (MPH)
  HIGHEST WIND SPEED    12   HIGHEST WIND DIRECTION     S (160)
  HIGHEST GUST SPEED    15   HIGHEST GUST DIRECTION     S (180)
  AVERAGE WIND SPEED     7.2


SKY COVER
  POSSIBLE SUNSHINE  MM
  AVERAGE SKY COVER 0.5


WEATHER CONDITIONS
 THE FOLLOWING WEATHER WAS RECORDED YESTERDAY.
  NO SIGNIFICANT WEATHER WAS OBSERVED.


RELATIVE HUMIDITY (PERCENT)
 HIGHEST    93           400 AM
 LOWEST     64          1200 PM
 AVERAGE    79

..........................................................


THE WATERTOWN SD CLIMATE NORMALS FOR TODAY
                         NORMAL    RECORD    YEAR
 MAXIMUM TEMPERATURE (F)   77        97      1961
                                             1961
 MINIMUM TEMPERATURE (F)   55        35      1911


SUNRISE AND SUNSET
AUGUST 29 2015........SUNRISE   647 AM CDT   SUNSET   811 PM CDT
AUGUST 30 2015........SUNRISE   648 AM CDT   SUNSET   810 PM CDT


-  INDICATES NEGATIVE NUMBERS.
R  INDICATES RECORD WAS SET OR TIED.
MM INDICATES DATA IS MISSING.
T  INDICATES TRACE AMOUNT.




$$
