000
CDUS44 KEWX 262248
CLIAUS


CLIMATE REPORT
NATIONAL WEATHER SERVICE AUSTIN/SAN ANTONIO, TX
548 PM CDT WED JUL 26 2017


...................................

...THE AUSTIN BERGSTROM CLIMATE SUMMARY FOR JULY 26 2017...
VALID TODAY AS OF 0540 PM LOCAL TIME.

CLIMATE NORMAL PERIOD 1981 TO 2010
CLIMATE RECORD PERIOD 1943 TO 2017


WEATHER ITEM   OBSERVED TIME   RECORD YEAR NORMAL DEPARTURE LAST
                VALUE   (LST)  VALUE       VALUE  FROM      YEAR
                                                  NORMAL
..................................................................
TEMPERATURE (F)
 TODAY
  MAXIMUM        101    338 PM 106    1954  96      5       91
  MINIMUM         76    440 AM  69    2004  72      4       74
  AVERAGE         89                        84      5       83

PRECIPITATION (IN)
  TODAY            0.00          1.13 2016   0.05  -0.05     1.13
  MONTH TO DATE    1.06                      2.17  -1.11     1.47
  SINCE JUN 1      3.49                      6.80  -3.31     4.10
  SINCE JAN 1     18.27                     20.41  -2.14    32.39

SNOWFALL (IN)
  TODAY            0.0
  MONTH TO DATE    0.0
  SINCE JUN 1      0.0
  SINCE JUL 1      0.0
  SNOW DEPTH       0

DEGREE DAYS
 HEATING
  TODAY            0                         0      0        0
  MONTH TO DATE    0                         0      0        0
  SINCE JUN 1      0                         0      0        0
  SINCE JUL 1      0                         0      0        0

 COOLING
  TODAY           24                        19      5       18
  MONTH TO DATE  568                       478     90      575
  SINCE JUN 1   1129                       959    170     1093
  SINCE JAN 1   1914                      1466    448     1597
..................................................................


WIND (MPH)
  HIGHEST WIND SPEED    20   HIGHEST WIND DIRECTION     S (190)
  HIGHEST GUST SPEED    24   HIGHEST GUST DIRECTION     S (200)
  AVERAGE WIND SPEED    10.0


SKY COVER
  AVERAGE SKY COVER 0.4


WEATHER CONDITIONS
 THE FOLLOWING WEATHER WAS RECORDED TODAY.
  FOG


RELATIVE HUMIDITY (PERCENT)
 HIGHEST    94           400 AM
 LOWEST     31           200 PM
 AVERAGE    63

..........................................................


THE AUSTIN BERGSTROM CLIMATE NORMALS FOR TOMORROW
                         NORMAL    RECORD    YEAR
 MAXIMUM TEMPERATURE (F)   96       104      1954
 MINIMUM TEMPERATURE (F)   72        67      2004


SUNRISE AND SUNSET
JULY 26 2017..........SUNRISE   646 AM CDT   SUNSET   828 PM CDT
JULY 27 2017..........SUNRISE   646 AM CDT   SUNSET   828 PM CDT


-  INDICATES NEGATIVE NUMBERS.
R  INDICATES RECORD WAS SET OR TIED.
MM INDICATES DATA IS MISSING.
T  INDICATES TRACE AMOUNT.




$$
