000
CDUS44 KEWX 060715
CLIAUS


CLIMATE REPORT
NATIONAL WEATHER SERVICE AUSTIN/SAN ANTONIO, TX
215 AM CDT MON JUL 6 2015


...................................

...THE AUSTIN BERGSTROM CLIMATE SUMMARY FOR JULY 5 2015...

CLIMATE NORMAL PERIOD 1981 TO 2010
CLIMATE RECORD PERIOD 1943 TO 2015


WEATHER ITEM   OBSERVED TIME   RECORD YEAR NORMAL DEPARTURE LAST
                VALUE   (LST)  VALUE       VALUE  FROM      YEAR
                                                  NORMAL
..................................................................
TEMPERATURE (F)
 YESTERDAY
  MAXIMUM         91    341 PM 105    2009  94     -3       92
  MINIMUM         73    547 AM  64    1968  71      2       67
  AVERAGE         82                        83     -1       80

PRECIPITATION (IN)
  YESTERDAY        T             1.10 1981   0.10  -0.10     0.00
  MONTH TO DATE    0.01                      0.52  -0.51     0.69
  SINCE JUN 1      3.22                      5.15  -1.93     2.37
  SINCE JAN 1     28.79                     18.76  10.03    14.19

SNOWFALL (IN)
  YESTERDAY        0.0
  MONTH TO DATE    0.0
  SINCE JUN 1      0.0
  SINCE JUL 1      0.0
  SNOW DEPTH       0

DEGREE DAYS
 HEATING
  YESTERDAY        0                         0      0        0
  MONTH TO DATE    0                         0      0        0
  SINCE JUN 1      0                         0      0        0
  SINCE JUL 1      0                         0      0        0

 COOLING
  YESTERDAY       17                        18     -1       15
  MONTH TO DATE   78                        90    -12       85
  SINCE JUN 1    508                       571    -63      592
  SINCE JAN 1   1001                      1078    -77     1047
..................................................................


WIND (MPH)
  HIGHEST WIND SPEED    22   HIGHEST WIND DIRECTION    SE (150)
  HIGHEST GUST SPEED    28   HIGHEST GUST DIRECTION    SE (150)
  AVERAGE WIND SPEED    10.7


SKY COVER
  AVERAGE SKY COVER 0.5


WEATHER CONDITIONS
 THE FOLLOWING WEATHER WAS RECORDED YESTERDAY.
  LIGHT RAIN


RELATIVE HUMIDITY (PERCENT)
 HIGHEST   100           200 AM
 LOWEST     56           500 PM
 AVERAGE    78

..........................................................


THE AUSTIN BERGSTROM CLIMATE NORMALS FOR TODAY
                         NORMAL    RECORD    YEAR
 MAXIMUM TEMPERATURE (F)   94       103      2005
 MINIMUM TEMPERATURE (F)   71        63      1968


SUNRISE AND SUNSET
JULY  6 2015..........SUNRISE   635 AM CDT   SUNSET   836 PM CDT
JULY  7 2015..........SUNRISE   635 AM CDT   SUNSET   836 PM CDT


-  INDICATES NEGATIVE NUMBERS.
R  INDICATES RECORD WAS SET OR TIED.
MM INDICATES DATA IS MISSING.
T  INDICATES TRACE AMOUNT.




$$
