000
CDUS44 KEWX 252222
CLIAUS


CLIMATE REPORT
NATIONAL WEATHER SERVICE AUSTIN/SAN ANTONIO, TX
522 PM CDT THU MAY 25 2017


...................................

...THE AUSTIN BERGSTROM CLIMATE SUMMARY FOR MAY 25 2017...
VALID TODAY AS OF 520 PM LOCAL TIME.

CLIMATE NORMAL PERIOD 1981 TO 2010
CLIMATE RECORD PERIOD 1943 TO 2017


WEATHER ITEM   OBSERVED TIME   RECORD YEAR NORMAL DEPARTURE LAST
                VALUE   (LST)  VALUE       VALUE  FROM      YEAR
                                                  NORMAL
..................................................................
TEMPERATURE (F)
 TODAY
  MAXIMUM         95    350 PM 100    2011  89      6       86
  MINIMUM         59    210 AM  58    1975  66     -7       75
                                      1971
  AVERAGE         77                        78     -1       81

PRECIPITATION (IN)
  TODAY            0.00          1.78 2015   0.11  -0.11      T
  MONTH TO DATE    1.90                      3.23  -1.33     5.63
  SINCE MAR 1      6.38                      8.28  -1.90    15.92
  SINCE JAN 1     13.69                     12.79   0.90    18.10

SNOWFALL (IN)
  TODAY            0.0
  MONTH TO DATE    0.0
  SINCE MAR 1      T
  SINCE JUL 1      T
  SNOW DEPTH       0

DEGREE DAYS
 HEATING
  TODAY            0                         0      0        0
  MONTH TO DATE    0                         0      0        3
  SINCE MAR 1     86                       285   -199      146
  SINCE JUL 1    960                      1900   -940     1380

 COOLING
  TODAY           12                        13     -1       16
  MONTH TO DATE  235                       241     -6      205
  SINCE MAR 1    578                       413    165      411
  SINCE JAN 1    687                       429    258      434
..................................................................


WIND (MPH)
  HIGHEST WIND SPEED    26   HIGHEST WIND DIRECTION     S (200)
  HIGHEST GUST SPEED    36   HIGHEST GUST DIRECTION     S (180)
  AVERAGE WIND SPEED    14.8


SKY COVER
  AVERAGE SKY COVER 0.1


WEATHER CONDITIONS
 THE FOLLOWING WEATHER WAS RECORDED TODAY.
  NO SIGNIFICANT WEATHER WAS OBSERVED.


RELATIVE HUMIDITY (PERCENT)
 HIGHEST    84          1200 AM
 LOWEST     34          1200 PM
 AVERAGE    59

..........................................................


THE AUSTIN BERGSTROM CLIMATE NORMALS FOR TOMORROW
                         NORMAL    RECORD    YEAR
 MAXIMUM TEMPERATURE (F)   89        96      2006
                                             1963
 MINIMUM TEMPERATURE (F)   67        58      1947


SUNRISE AND SUNSET
MAY 25 2017...........SUNRISE   632 AM CDT   SUNSET   824 PM CDT
MAY 26 2017...........SUNRISE   631 AM CDT   SUNSET   825 PM CDT


-  INDICATES NEGATIVE NUMBERS.
R  INDICATES RECORD WAS SET OR TIED.
MM INDICATES DATA IS MISSING.
T  INDICATES TRACE AMOUNT.




$$
