000
CDUS44 KEWX 212344
CLIAUS


CLIMATE REPORT
NATIONAL WEATHER SERVICE AUSTIN/SAN ANTONIO, TX
544 PM CST TUE FEB 21 2017


...................................

...THE AUSTIN BERGSTROM CLIMATE SUMMARY FOR FEBRUARY 21 2017...
VALID TODAY AS OF 540 PM LOCAL TIME.

CLIMATE NORMAL PERIOD 1981 TO 2010
CLIMATE RECORD PERIOD 1943 TO 2017


WEATHER ITEM   OBSERVED TIME   RECORD YEAR NORMAL DEPARTURE LAST
                VALUE   (LST)  VALUE       VALUE  FROM      YEAR
                                                  NORMAL
..................................................................
TEMPERATURE (F)
 TODAY
  MAXIMUM         80    508 PM 101    1996  66     14       72
  MINIMUM         49    358 AM  30    1978  41      8       64
  AVERAGE         65                        53     12       68

PRECIPITATION (IN)
  TODAY            0.00          3.90 1958   0.08  -0.08      T
  MONTH TO DATE    2.65                      1.70   0.95      T
  SINCE DEC 1     10.41                      6.11   4.30     3.33
  SINCE JAN 1      7.30                      3.90   3.40     1.04

SNOWFALL (IN)
  TODAY            0.0
  MONTH TO DATE    0.0
  SINCE DEC 1      0.0
  SINCE JUL 1      0.0
  SNOW DEPTH       0

DEGREE DAYS
 HEATING
  TODAY            0                        12    -12        0
  MONTH TO DATE   91                       292   -201      195
  SINCE DEC 1    755                      1249   -494      989
  SINCE JUL 1    849                      1534   -685     1167

 COOLING
  TODAY            0                         1     -1        3
  MONTH TO DATE   63                         1     62       18
  SINCE DEC 1    127                        16    111       37
  SINCE JAN 1     85                         6     79       18
..................................................................


WIND (MPH)
  HIGHEST WIND SPEED    20   HIGHEST WIND DIRECTION     N (340)
  HIGHEST GUST SPEED    26   HIGHEST GUST DIRECTION     N (340)
  AVERAGE WIND SPEED     9.3


SKY COVER
  AVERAGE SKY COVER 0.0


WEATHER CONDITIONS
 THE FOLLOWING WEATHER WAS RECORDED TODAY.
  FOG


RELATIVE HUMIDITY (PERCENT)
 HIGHEST   100           300 AM
 LOWEST     21           400 PM
 AVERAGE    61

..........................................................


THE AUSTIN BERGSTROM CLIMATE NORMALS FOR TOMORROW
                         NORMAL    RECORD    YEAR
 MAXIMUM TEMPERATURE (F)   66        98      1996
 MINIMUM TEMPERATURE (F)   41        25      1978


SUNRISE AND SUNSET
FEBRUARY 21 2017......SUNRISE   705 AM CST   SUNSET   624 PM CST
FEBRUARY 22 2017......SUNRISE   704 AM CST   SUNSET   625 PM CST


-  INDICATES NEGATIVE NUMBERS.
R  INDICATES RECORD WAS SET OR TIED.
MM INDICATES DATA IS MISSING.
T  INDICATES TRACE AMOUNT.




$$
