000
CDUS44 KEWX 010820
CLIAUS


CLIMATE REPORT
NATIONAL WEATHER SERVICE AUSTIN/SAN ANTONIO, TX
220 AM CST SUN MAR 1 2015


...................................

...THE AUSTIN BERGSTROM CLIMATE SUMMARY FOR FEBRUARY 28 2015...

CLIMATE NORMAL PERIOD 1981 TO 2010
CLIMATE RECORD PERIOD 1943 TO 2015


WEATHER ITEM   OBSERVED TIME   RECORD YEAR NORMAL DEPARTURE LAST
                VALUE   (LST)  VALUE       VALUE  FROM      YEAR
                                                  NORMAL
..................................................................
TEMPERATURE (F)
 YESTERDAY
  MAXIMUM         37    247 PM  87    1978  68    -31       76
  MINIMUM         31    755 AM  24    2002  42    -11       38
  AVERAGE         34                        55    -21       57

PRECIPITATION (IN)
  YESTERDAY        0.11          0.62 1990   0.10   0.01     0.00
  MONTH TO DATE    0.46                      2.31  -1.85     0.52
  SINCE DEC 1      7.86                      6.72   1.14     1.95
  SINCE JAN 1      5.74                      4.51   1.23     1.09

SNOWFALL (IN)
  YESTERDAY        0.0
  MONTH TO DATE    T
  SINCE DEC 1      T
  SINCE JUL 1      T
  SNOW DEPTH       0

DEGREE DAYS
 HEATING
  YESTERDAY       31                        11     20        8
  MONTH TO DATE  435                       372     63      374
  SINCE DEC 1   1376                      1330     46     1492
  SINCE JUL 1   1714                      1615     99     1817

 COOLING
  YESTERDAY        0                         1     -1        0
  MONTH TO DATE    2                        11     -9       16
  SINCE DEC 1      6                        26    -20       22
  SINCE JAN 1      2                        16    -14       17
..................................................................


WIND (MPH)
  HIGHEST WIND SPEED    17   HIGHEST WIND DIRECTION    NE (30)
  HIGHEST GUST SPEED    21   HIGHEST GUST DIRECTION     N (20)
  AVERAGE WIND SPEED    11.8


SKY COVER
  AVERAGE SKY COVER 1.0


WEATHER CONDITIONS
 THE FOLLOWING WEATHER WAS RECORDED YESTERDAY.
  LIGHT RAIN
  LT FREEZING RAIN
  FOG


RELATIVE HUMIDITY (PERCENT)
 HIGHEST   100           800 AM
 LOWEST     78           300 AM
 AVERAGE    89

..........................................................


THE AUSTIN BERGSTROM CLIMATE NORMALS FOR TODAY
                         NORMAL    RECORD    YEAR
 MAXIMUM TEMPERATURE (F)   68        88      2006
 MINIMUM TEMPERATURE (F)   43        25      1962


SUNRISE AND SUNSET
MARCH  1 2015.........SUNRISE   657 AM CST   SUNSET   629 PM CST
MARCH  2 2015.........SUNRISE   656 AM CST   SUNSET   630 PM CST


-  INDICATES NEGATIVE NUMBERS.
R  INDICATES RECORD WAS SET OR TIED.
MM INDICATES DATA IS MISSING.
T  INDICATES TRACE AMOUNT.




$$
