000
CDUS44 KEWX 250713
CLIAUS


CLIMATE REPORT
NATIONAL WEATHER SERVICE AUSTIN/SAN ANTONIO, TX
211 AM CDT SAT MAR 25 2017


...................................

...THE AUSTIN BERGSTROM CLIMATE SUMMARY FOR MARCH 24 2017...

CLIMATE NORMAL PERIOD 1981 TO 2010
CLIMATE RECORD PERIOD 1943 TO 2017


WEATHER ITEM   OBSERVED TIME   RECORD YEAR NORMAL DEPARTURE LAST
                VALUE   (LST)  VALUE       VALUE  FROM      YEAR
                                                  NORMAL
..................................................................
TEMPERATURE (F)
 YESTERDAY
  MAXIMUM         83    406 PM  88    1972  74      9       69
  MINIMUM         64   1159 PM  30    1952  49     15       44
  AVERAGE         74                        61     13       57

PRECIPITATION (IN)
  YESTERDAY        0.09          1.86 1943   0.10  -0.01     0.50
  MONTH TO DATE    2.02                      2.22  -0.20     3.76
  SINCE MAR 1      2.02                      2.22  -0.20     3.76
  SINCE JAN 1      9.33                      6.73   2.60     5.94

SNOWFALL (IN)
  YESTERDAY        0.0
  MONTH TO DATE    0.0
  SINCE MAR 1      0.0
  SINCE JUL 1      0.0
  SNOW DEPTH       0

DEGREE DAYS
 HEATING
  YESTERDAY        0                         5     -5        8
  MONTH TO DATE   73                       191   -118       79
  SINCE MAR 1     73                       191   -118       79
  SINCE JUL 1    947                      1806   -859     1313

 COOLING
  YESTERDAY        9                         2      7        0
  MONTH TO DATE  110                        27     83       58
  SINCE MAR 1    110                        27     83       58
  SINCE JAN 1    219                        43    176       81
..................................................................


WIND (MPH)
  HIGHEST WIND SPEED    24   HIGHEST WIND DIRECTION     S (180)
  HIGHEST GUST SPEED    31   HIGHEST GUST DIRECTION     S (170)
  AVERAGE WIND SPEED    11.6


SKY COVER
  AVERAGE SKY COVER 0.6


WEATHER CONDITIONS
 THE FOLLOWING WEATHER WAS RECORDED YESTERDAY.
  LIGHT RAIN
  FOG


RELATIVE HUMIDITY (PERCENT)
 HIGHEST    93           900 AM
 LOWEST     47           500 PM
 AVERAGE    70

..........................................................


THE AUSTIN BERGSTROM CLIMATE NORMALS FOR TODAY
                         NORMAL    RECORD    YEAR
 MAXIMUM TEMPERATURE (F)   74        88      1955
                                             1950
 MINIMUM TEMPERATURE (F)   49        28      2006


SUNRISE AND SUNSET
MARCH 25 2017.........SUNRISE   728 AM CDT   SUNSET   745 PM CDT
MARCH 26 2017.........SUNRISE   727 AM CDT   SUNSET   746 PM CDT


-  INDICATES NEGATIVE NUMBERS.
R  INDICATES RECORD WAS SET OR TIED.
MM INDICATES DATA IS MISSING.
T  INDICATES TRACE AMOUNT.




$$
