000
CDUS43 KGRB 240635
CLIAUW


CLIMATE REPORT
NATIONAL WEATHER SERVICE GREEN BAY
134 AM CDT MON APR 24 2017


...................................

...THE WAUSAU WI CLIMATE SUMMARY FOR APRIL 23 2017...

CLIMATE NORMAL PERIOD 1981 TO 2010
CLIMATE RECORD PERIOD 1896 TO 2017


WEATHER ITEM   OBSERVED TIME   RECORD YEAR NORMAL DEPARTURE LAST
                VALUE   (LST)  VALUE       VALUE  FROM      YEAR
                                                  NORMAL
..................................................................
TEMPERATURE (F)
 YESTERDAY
  MAXIMUM         64    413 PM  83    1925  59      5       63
  MINIMUM         35   1159 PM  20    1909  37     -2       35
  AVERAGE         50                        48      2

PRECIPITATION (IN)
  YESTERDAY        0.00          0.95 1975   0.10  -0.10     0.00
  MONTH TO DATE    4.54                      1.99   2.55     1.15
  SINCE MAR 1      6.72                      3.75   2.97     6.10
  SINCE JAN 1     10.66                      5.69   4.97     7.53

SNOWFALL (IN)
  YESTERDAY        0.0           2.0  1910   0.1   -0.1      0.0
  MONTH TO DATE    0.4                       3.5   -3.1      5.8
  SINCE JUL 1     59.2                      58.8    0.4     43.4
  SNOW DEPTH       0

DEGREE DAYS
 HEATING
  YESTERDAY       15                        18     -3       16
  MONTH TO DATE  420                       519    -99      480
  SINCE MAR 1   1505                      1604    -99     1288
  SINCE JUL 1   6731                      7740  -1009     6411

 COOLING
  YESTERDAY        0                         0      0        0
  MONTH TO DATE    0                         0      0        2
  SINCE MAR 1      0                         0      0        2
  SINCE JAN 1      0                         0      0        2
..................................................................


WIND (MPH)
  HIGHEST WIND SPEED    20   HIGHEST WIND DIRECTION     E (110)
  HIGHEST GUST SPEED    26   HIGHEST GUST DIRECTION    SE (130)
  AVERAGE WIND SPEED     7.8


SKY COVER
  POSSIBLE SUNSHINE  MM
  AVERAGE SKY COVER 0.1


WEATHER CONDITIONS
 THE FOLLOWING WEATHER WAS RECORDED YESTERDAY.
  NO SIGNIFICANT WEATHER WAS OBSERVED.


RELATIVE HUMIDITY (PERCENT)
 HIGHEST    76          1000 PM
 LOWEST     41          1200 AM
 AVERAGE    59

..........................................................


THE WAUSAU WI CLIMATE NORMALS FOR TODAY
                         NORMAL    RECORD    YEAR
 MAXIMUM TEMPERATURE (F)   59        84      1990
 MINIMUM TEMPERATURE (F)   37        20      1956


SUNRISE AND SUNSET
APRIL 24 2017.........SUNRISE   558 AM CDT   SUNSET   756 PM CDT
APRIL 25 2017.........SUNRISE   557 AM CDT   SUNSET   757 PM CDT


-  INDICATES NEGATIVE NUMBERS.
R  INDICATES RECORD WAS SET OR TIED.
MM INDICATES DATA IS MISSING.
T  INDICATES TRACE AMOUNT.




$$
