000
CDUS43 KGRB 300651
CLIAUW


CLIMATE REPORT
NATIONAL WEATHER SERVICE GREEN BAY
146 AM CDT MON MAR 30 2015


...................................

...THE WAUSAU WI CLIMATE SUMMARY FOR MARCH 29 2015...

CLIMATE NORMAL PERIOD 1981 TO 2010
CLIMATE RECORD PERIOD 1896 TO 2015


WEATHER ITEM   OBSERVED TIME   RECORD YEAR NORMAL DEPARTURE LAST
                VALUE   (LST)  VALUE       VALUE  FROM      YEAR
                                                  NORMAL
..................................................................
TEMPERATURE (F)
 YESTERDAY
  MAXIMUM         39    656 PM  80    1910  46     -7       42
  MINIMUM         30    928 AM  -1    1964  26      4       28
  AVERAGE         35                        36     -1

PRECIPITATION (IN)
  YESTERDAY        0.12          1.12 1951   0.07   0.05     0.00
  MONTH TO DATE    0.66                      1.63  -0.97     0.75
  SINCE MAR 1      0.66                      1.63  -0.97     0.75
  SINCE JAN 1      1.41                      3.57  -2.16     3.69

SNOWFALL (IN)
  YESTERDAY        T            13.0  1924   0.2   -0.2      0.0
  MONTH TO DATE    4.5                       9.6   -5.1      6.3
  SINCE JUL 1     48.5                      54.9   -6.4     75.9
  SNOW DEPTH       0

DEGREE DAYS
 HEATING
  YESTERDAY       30                        29      1       30
  MONTH TO DATE  990                      1027    -37     1285
  SINCE MAR 1    990                      1027    -37     1285
  SINCE JUL 1   7570                      7163    407     8232

 COOLING
  YESTERDAY        0                         0      0        0
  MONTH TO DATE    0                         0      0        0
  SINCE MAR 1      0                         0      0        0
  SINCE JAN 1      0                         0      0        0
..................................................................


WIND (MPH)
  HIGHEST WIND SPEED    26   HIGHEST WIND DIRECTION    NW (310)
  HIGHEST GUST SPEED    35   HIGHEST GUST DIRECTION    NW (300)
  AVERAGE WIND SPEED    14.1


SKY COVER
  POSSIBLE SUNSHINE  MM
  AVERAGE SKY COVER 0.7


WEATHER CONDITIONS
 THE FOLLOWING WEATHER WAS RECORDED YESTERDAY.
  LIGHT RAIN
  LT FREEZING RAIN
  LIGHT SNOW
  FOG


RELATIVE HUMIDITY (PERCENT)
 HIGHEST    92          1000 AM
 LOWEST     45           200 AM
 AVERAGE    69

..........................................................


THE WAUSAU WI CLIMATE NORMALS FOR TODAY
                         NORMAL    RECORD    YEAR
 MAXIMUM TEMPERATURE (F)   46        80      1910
 MINIMUM TEMPERATURE (F)   26        -2      1969
                                             1899


SUNRISE AND SUNSET
MARCH 30 2015.........SUNRISE   643 AM CDT   SUNSET   723 PM CDT
MARCH 31 2015.........SUNRISE   642 AM CDT   SUNSET   725 PM CDT


-  INDICATES NEGATIVE NUMBERS.
R  INDICATES RECORD WAS SET OR TIED.
MM INDICATES DATA IS MISSING.
T  INDICATES TRACE AMOUNT.




$$
