000
CDUS43 KGRB 250732
CLIAUW

CLIMATE REPORT
NATIONAL WEATHER SERVICE GREEN BAY
130 AM CST THU DEC 25 2014

...................................

...THE WAUSAU WI CLIMATE SUMMARY FOR DECEMBER 24 2014...

CLIMATE NORMAL PERIOD 1981 TO 2010
CLIMATE RECORD PERIOD 1896 TO 2014

WEATHER ITEM   OBSERVED TIME   RECORD YEAR NORMAL DEPARTURE LAST
                VALUE   (LST)  VALUE       VALUE  FROM      YEAR
                                                  NORMAL
..................................................................
TEMPERATURE (F)
 YESTERDAY
  MAXIMUM         34    233 PM  40    1955  24     10       14
                                      1940
  MINIMUM         30   1148 PM -25    1951   9     21      -14
  AVERAGE         32                        16     16

PRECIPITATION (IN)
  YESTERDAY       MM             1.04 1932   0.04  MM        0.07
  MONTH TO DATE    0.94                      1.08  -0.14     1.43
  SINCE DEC 1      0.94                      1.08  -0.14     1.43
  SINCE JAN 1     40.43                     32.13   8.30    38.38

SNOWFALL (IN)
  YESTERDAY       MM             7.0  1977   0.5   MM        1.5
  MONTH TO DATE    6.3                      10.7   -4.4     20.7
  SINCE JUL 1     26.5                      19.0    7.5     25.8
  SNOW DEPTH       2

DEGREE DAYS
 HEATING
  YESTERDAY       33                        49    -16       65
  MONTH TO DATE  966                      1083   -117     1279
  SINCE DEC 1    966                      1083   -117     1279
  SINCE JUL 1   3049                      2942    107     3089

 COOLING
  YESTERDAY        0                         0      0        0
  MONTH TO DATE    0                         0      0        0
  SINCE DEC 1      0                         0      0        0
  SINCE JAN 1    338                       407    -69      506
..................................................................

WIND (MPH)
  HIGHEST WIND SPEED    14   HIGHEST WIND DIRECTION     W (290)
  HIGHEST GUST SPEED    20   HIGHEST GUST DIRECTION    NW (310)
  AVERAGE WIND SPEED     7.1

SKY COVER
  POSSIBLE SUNSHINE  MM
  AVERAGE SKY COVER 1.0

WEATHER CONDITIONS
 THE FOLLOWING WEATHER WAS RECORDED YESTERDAY.
  LIGHT SNOW
  FOG

RELATIVE HUMIDITY (PERCENT)
 HIGHEST   100          1200 AM
 LOWEST     82           400 PM
 AVERAGE    91
..........................................................

THE WAUSAU WI CLIMATE NORMALS FOR TODAY
                         NORMAL    RECORD    YEAR
 MAXIMUM TEMPERATURE (F)   24        47      1994
 MINIMUM TEMPERATURE (F)    8       -23      1933

SUNRISE AND SUNSET
DECEMBER 25 2014......SUNRISE   735 AM CST   SUNSET   422 PM CST
DECEMBER 26 2014......SUNRISE   735 AM CST   SUNSET   423 PM CST

-  INDICATES NEGATIVE NUMBERS.
R  INDICATES RECORD WAS SET OR TIED.
MM INDICATES DATA IS MISSING.
T  INDICATES TRACE AMOUNT.

$$
