000
CDUS43 KGRB 010639
CLIAUW


CLIMATE REPORT
NATIONAL WEATHER SERVICE GREEN BAY
1238 AM CST SUN MAR 1 2015


...................................

...THE WAUSAU WI CLIMATE SUMMARY FOR FEBRUARY 28 2015...

CLIMATE NORMAL PERIOD 1981 TO 2010
CLIMATE RECORD PERIOD 1896 TO 2015


WEATHER ITEM   OBSERVED TIME   RECORD YEAR NORMAL DEPARTURE LAST
                VALUE   (LST)  VALUE       VALUE  FROM      YEAR
                                                  NORMAL
..................................................................
TEMPERATURE (F)
 YESTERDAY
  MAXIMUM         18    437 PM  49    2000  33    -15       10
                                      1985
  MINIMUM         -9    648 AM -23    2014  14    -23      -23
  AVERAGE          5                        23    -18

PRECIPITATION (IN)
  YESTERDAY        0.00          1.40 1902   0.04  -0.04     0.12
  MONTH TO DATE    0.17                      0.92  -0.75     1.39
  SINCE DEC 1      2.15                      3.30  -1.15     4.51
  SINCE JAN 1      0.75                      1.94  -1.19     2.94

SNOWFALL (IN)
  YESTERDAY        0.0           8.5  1951   0.4   -0.4      1.4
  MONTH TO DATE    3.6                       9.6   -6.0     17.6
  SINCE JUL 1     44.0                      45.3   -1.3     69.6
  SNOW DEPTH      10

DEGREE DAYS
 HEATING
  YESTERDAY       60                        42     18       71
  MONTH TO DATE 1623                      1285    338     1637
  SINCE DEC 1   4497                      4277    220     5137
  SINCE JUL 1   6580                      6136    444     6947

 COOLING
  YESTERDAY        0                         0      0        0
  MONTH TO DATE    0                         0      0        0
  SINCE DEC 1      0                         0      0        0
  SINCE JAN 1      0                         0      0        0
..................................................................


WIND (MPH)
  HIGHEST WIND SPEED    15   HIGHEST WIND DIRECTION    SW (210)
  HIGHEST GUST SPEED    19   HIGHEST GUST DIRECTION     S (200)
  AVERAGE WIND SPEED     6.2


SKY COVER
  POSSIBLE SUNSHINE  MM
  AVERAGE SKY COVER 0.2


WEATHER CONDITIONS
 THE FOLLOWING WEATHER WAS RECORDED YESTERDAY.
  NO SIGNIFICANT WEATHER WAS OBSERVED.


RELATIVE HUMIDITY (PERCENT)
 HIGHEST    90           600 AM
 LOWEST     37           400 PM
 AVERAGE    64

..........................................................


THE WAUSAU WI CLIMATE NORMALS FOR TODAY
                         NORMAL    RECORD    YEAR
 MAXIMUM TEMPERATURE (F)   33        54      1992
 MINIMUM TEMPERATURE (F)   15       -33      1962


SUNRISE AND SUNSET
MARCH  1 2015.........SUNRISE   637 AM CST   SUNSET   546 PM CST
MARCH  2 2015.........SUNRISE   635 AM CST   SUNSET   547 PM CST


-  INDICATES NEGATIVE NUMBERS.
R  INDICATES RECORD WAS SET OR TIED.
MM INDICATES DATA IS MISSING.
T  INDICATES TRACE AMOUNT.




$$
