000
CDUS43 KGRB 210702
CLIAUW


CLIMATE REPORT
NATIONAL WEATHER SERVICE GREEN BAY
201 AM CDT SUN SEP 21 2014


...................................

...THE WAUSAU WI CLIMATE SUMMARY FOR SEPTEMBER 20 2014...

CLIMATE NORMAL PERIOD 1981 TO 2010
CLIMATE RECORD PERIOD 1896 TO 2014


WEATHER ITEM   OBSERVED TIME   RECORD YEAR NORMAL DEPARTURE LAST
                VALUE   (LST)  VALUE       VALUE  FROM      YEAR
                                                  NORMAL
..................................................................
TEMPERATURE (F)
 YESTERDAY
  MAXIMUM         76    216 PM  89    1908  67      9       67
  MINIMUM         54   1058 PM  27    1897  46      8       50
  AVERAGE         65                        57      8

PRECIPITATION (IN)
  YESTERDAY        0.18          1.27 1980   0.13   0.05     0.02
  MONTH TO DATE    5.50                      2.59   2.91     2.30
  SINCE SEP 1      5.50                      2.59   2.91     2.30
  SINCE JAN 1     32.15                     24.80   7.35    29.93

SNOWFALL (IN)
  YESTERDAY        0.0           0.0    MM   0.0    0.0      0.0
  MONTH TO DATE    0.0                       0.0    0.0      0.0
  SINCE SEP 1      0.0                       0.0    0.0      0.0
  SINCE JUL 1      0.0                       0.0    0.0      0.0
  SNOW DEPTH       0

DEGREE DAYS
 HEATING
  YESTERDAY        0                         9     -9        6
  MONTH TO DATE  147                       115     32       88
  SINCE SEP 1    147                       115     32       88
  SINCE JUL 1    201                       181     20      144

 COOLING
  YESTERDAY        0                         1     -1        0
  MONTH TO DATE    9                        29    -20       56
  SINCE SEP 1      9                        29    -20       56
  SINCE JAN 1    335                       404    -69      506
..................................................................


WIND (MPH)
  HIGHEST WIND SPEED    26   HIGHEST WIND DIRECTION    NW (300)
  HIGHEST GUST SPEED    36   HIGHEST GUST DIRECTION    NW (310)
  AVERAGE WIND SPEED    12.2


SKY COVER
  POSSIBLE SUNSHINE  MM
  AVERAGE SKY COVER 0.5


WEATHER CONDITIONS
 THE FOLLOWING WEATHER WAS RECORDED YESTERDAY.
  THUNDERSTORM
  HEAVY RAIN
  RAIN
  LIGHT RAIN
  FOG


RELATIVE HUMIDITY (PERCENT)
 HIGHEST   100          1100 PM
 LOWEST     50           300 PM
 AVERAGE    75

..........................................................


THE WAUSAU WI CLIMATE NORMALS FOR TODAY
                         NORMAL    RECORD    YEAR
 MAXIMUM TEMPERATURE (F)   67        86      1941
                                             1908
 MINIMUM TEMPERATURE (F)   46        30      1974
                                             1956
                                             1904


SUNRISE AND SUNSET
SEPTEMBER 21 2014.....SUNRISE   644 AM CDT   SUNSET   658 PM CDT
SEPTEMBER 22 2014.....SUNRISE   646 AM CDT   SUNSET   656 PM CDT


-  INDICATES NEGATIVE NUMBERS.
R  INDICATES RECORD WAS SET OR TIED.
MM INDICATES DATA IS MISSING.
T  INDICATES TRACE AMOUNT.




$$
