000
CDUS43 KGRB 210644
CLIAUW


CLIMATE REPORT
NATIONAL WEATHER SERVICE GREEN BAY
143 AM CDT SAT OCT 21 2017


...................................

...THE WAUSAU WI CLIMATE SUMMARY FOR OCTOBER 20 2017...

CLIMATE NORMAL PERIOD 1981 TO 2010
CLIMATE RECORD PERIOD 1896 TO 2017


WEATHER ITEM   OBSERVED TIME   RECORD YEAR NORMAL DEPARTURE LAST
                VALUE   (LST)  VALUE       VALUE  FROM      YEAR
                                                  NORMAL
..................................................................
TEMPERATURE (F)
 YESTERDAY
  MAXIMUM         74    404 PM  81    1953  54     20       47
  MINIMUM         46    657 AM  17    1952  35     11       33
  AVERAGE         60                        44     16

PRECIPITATION (IN)
  YESTERDAY        0.00          1.25 1934   0.10  -0.10     0.00
  MONTH TO DATE    2.99                      2.08   0.91     1.64
  SINCE SEP 1      4.94                      5.98  -1.04     6.41
  SINCE JAN 1     34.26                     28.19   6.07    31.76

SNOWFALL (IN)
  YESTERDAY        0.0           3.0  1905   0.1   -0.1      0.0
  MONTH TO DATE    0.0                       0.7   -0.7      0.0
  SINCE JUL 1      0.0                       0.7   -0.7      0.0
  SNOW DEPTH       0

DEGREE DAYS
 HEATING
  YESTERDAY        5                        20    -15       25
  MONTH TO DATE  200                       340   -140      224
  SINCE SEP 1    356                       567   -211      321
  SINCE JUL 1    414                       633   -219      343

 COOLING
  YESTERDAY        0                         0      0        0
  MONTH TO DATE    1                         0      1        1
  SINCE SEP 1     67                        30     37       25
  SINCE JAN 1    339                       405    -66      512
..................................................................


WIND (MPH)
  HIGHEST WIND SPEED    16   HIGHEST WIND DIRECTION     S (170)
  HIGHEST GUST SPEED    24   HIGHEST GUST DIRECTION     S (180)
  AVERAGE WIND SPEED     8.2


SKY COVER
  POSSIBLE SUNSHINE  MM
  AVERAGE SKY COVER 0.0


WEATHER CONDITIONS
 THE FOLLOWING WEATHER WAS RECORDED YESTERDAY.
  NO SIGNIFICANT WEATHER WAS OBSERVED.


RELATIVE HUMIDITY (PERCENT)
 HIGHEST    82           700 AM
 LOWEST     33           400 PM
 AVERAGE    58

..........................................................


THE WAUSAU WI CLIMATE NORMALS FOR TODAY
                         NORMAL    RECORD    YEAR
 MAXIMUM TEMPERATURE (F)   53        80      1953
 MINIMUM TEMPERATURE (F)   35        18      1960
                                             1896


SUNRISE AND SUNSET
OCTOBER 21 2017.......SUNRISE   722 AM CDT   SUNSET   603 PM CDT
OCTOBER 22 2017.......SUNRISE   724 AM CDT   SUNSET   602 PM CDT


-  INDICATES NEGATIVE NUMBERS.
R  INDICATES RECORD WAS SET OR TIED.
MM INDICATES DATA IS MISSING.
T  INDICATES TRACE AMOUNT.




$$
