407
CDUS43 KGRB 102321
CLIAUW


CLIMATE REPORT
NATIONAL WEATHER SERVICE GREEN BAY
521 PM CST SAT DEC 10 2016


...................................

...THE WAUSAU WI CLIMATE SUMMARY FOR DECEMBER 10 2016...
VALID TODAY AS OF 0500 PM LOCAL TIME.

CLIMATE NORMAL PERIOD 1981 TO 2010
CLIMATE RECORD PERIOD 1896 TO 2016


WEATHER ITEM   OBSERVED TIME   RECORD YEAR NORMAL DEPARTURE LAST
                VALUE   (LST)  VALUE       VALUE  FROM      YEAR
                                                  NORMAL
..................................................................
TEMPERATURE (F)
 TODAY
  MAXIMUM         15   1222 AM  51    2015  28    -13       51
  MINIMUM         10    359 PM -20    1919  13     -3       39
  AVERAGE         13                        20     -7       45

PRECIPITATION (IN)
  TODAY           MM             1.14 1971   0.04  MM        0.17
  MONTH TO DATE    0.39                      0.49  -0.10     0.46
  SINCE DEC 1      0.39                      0.49  -0.10     0.46
  SINCE JAN 1     34.71                     31.54   3.17    32.81

SNOWFALL (IN)
  TODAY           MM             3.0  1961   0.5             0.0
  MONTH TO DATE    4.9                       4.4             1.4
  SINCE DEC 1      4.9                       4.4             1.4
  SINCE JUL 1      8.0                      12.7             1.6
  SNOW DEPTH      MM

DEGREE DAYS
 HEATING
  TODAY           52                        44      8       20
  MONTH TO DATE  400                       426    -26      286
  SINCE DEC 1    400                       426    -26      286
  SINCE JUL 1   1678                      2285   -607     1692

 COOLING
  TODAY            0                         0      0        0
  MONTH TO DATE    0                         0      0        0
  SINCE JAN 1    512                       407    105      435
..................................................................


WIND (MPH)
  HIGHEST WIND SPEED    16   HIGHEST WIND DIRECTION     W (280)
  HIGHEST GUST SPEED    19   HIGHEST GUST DIRECTION     W (280)
  AVERAGE WIND SPEED     8.2


SKY COVER
  POSSIBLE SUNSHINE  MM
  AVERAGE SKY COVER 0.6


WEATHER CONDITIONS
 THE FOLLOWING WEATHER WAS RECORDED TODAY.
  LIGHT SNOW
  FOG


RELATIVE HUMIDITY (PERCENT)
 HIGHEST    80           100 AM
 LOWEST     61           400 AM
 AVERAGE    71

..........................................................


THE WAUSAU WI CLIMATE NORMALS FOR TOMORROW
                         NORMAL    RECORD    YEAR
 MAXIMUM TEMPERATURE (F)   28        53      1949
 MINIMUM TEMPERATURE (F)   13       -16      1977


SUNRISE AND SUNSET
DECEMBER 10 2016......SUNRISE   726 AM CST   SUNSET   417 PM CST
DECEMBER 11 2016......SUNRISE   727 AM CST   SUNSET   417 PM CST


-  INDICATES NEGATIVE NUMBERS.
R  INDICATES RECORD WAS SET OR TIED.
MM INDICATES DATA IS MISSING.
T  INDICATES TRACE AMOUNT.




$$
