000
CDUS43 KGRB 190734
CLIAUW


CLIMATE REPORT
NATIONAL WEATHER SERVICE GREEN BAY
134 AM CST SUN FEB 19 2017


...................................

...THE WAUSAU WI CLIMATE SUMMARY FOR FEBRUARY 18 2017...

CLIMATE NORMAL PERIOD 1981 TO 2010
CLIMATE RECORD PERIOD 1896 TO 2017


WEATHER ITEM   OBSERVED TIME   RECORD YEAR NORMAL DEPARTURE LAST
                VALUE   (LST)  VALUE       VALUE  FROM      YEAR
                                                  NORMAL
..................................................................
TEMPERATURE (F)
 YESTERDAY
  MAXIMUM         50    334 PM  53    1981  29     21       37
  MINIMUM         36   1151 PM -23    1936  11     25        7
  AVERAGE         43                        20     23

PRECIPITATION (IN)
  YESTERDAY        0.00          0.60 1961   0.03  -0.03      T
  MONTH TO DATE    0.08                      0.54  -0.46     0.53
  SINCE DEC 1      5.08                      2.92   2.16     6.32
  SINCE JAN 1      2.42                      1.56   0.86     1.37

SNOWFALL (IN)
  YESTERDAY        0.0           8.0  1961   0.3   -0.3      0.0
  MONTH TO DATE    0.4                       6.1   -5.7      8.7
  SINCE JUL 1     46.5                      41.8    4.7     24.1
  SNOW DEPTH       4

DEGREE DAYS
 HEATING
  YESTERDAY       22                        45    -23       43
  MONTH TO DATE  780                       853    -73      854
  SINCE DEC 1   3650                      3844   -194     3362
  SINCE JUL 1   4928                      5703   -775     4768

 COOLING
  YESTERDAY        0                         0      0        0
  MONTH TO DATE    0                         0      0        0
  SINCE DEC 1      0                         0      0        0
  SINCE JAN 1      0                         0      0        0
..................................................................


WIND (MPH)
  HIGHEST WIND SPEED    13   HIGHEST WIND DIRECTION     W (270)
  HIGHEST GUST SPEED    17   HIGHEST GUST DIRECTION     W (290)
  AVERAGE WIND SPEED     6.4


SKY COVER
  POSSIBLE SUNSHINE  MM
  AVERAGE SKY COVER 0.0


WEATHER CONDITIONS
 THE FOLLOWING WEATHER WAS RECORDED YESTERDAY.
  NO SIGNIFICANT WEATHER WAS OBSERVED.


RELATIVE HUMIDITY (PERCENT)
 HIGHEST    92           700 AM
 LOWEST     50           400 PM
 AVERAGE    71

..........................................................


THE WAUSAU WI CLIMATE NORMALS FOR TODAY
                         NORMAL    RECORD    YEAR
 MAXIMUM TEMPERATURE (F)   29        55      1981
 MINIMUM TEMPERATURE (F)   11       -25      1929


SUNRISE AND SUNSET
FEBRUARY 19 2017......SUNRISE   653 AM CST   SUNSET   533 PM CST
FEBRUARY 20 2017......SUNRISE   651 AM CST   SUNSET   534 PM CST


-  INDICATES NEGATIVE NUMBERS.
R  INDICATES RECORD WAS SET OR TIED.
MM INDICATES DATA IS MISSING.
T  INDICATES TRACE AMOUNT.




$$
