000
CDUS43 KGRB 260647
CLIAUW


CLIMATE REPORT
NATIONAL WEATHER SERVICE GREEN BAY
146 AM CDT FRI AUG 26 2016


...................................

...THE WAUSAU WI CLIMATE SUMMARY FOR AUGUST 25 2016...

CLIMATE NORMAL PERIOD 1981 TO 2010
CLIMATE RECORD PERIOD 1896 TO 2016


WEATHER ITEM   OBSERVED TIME   RECORD YEAR NORMAL DEPARTURE LAST
                VALUE   (LST)  VALUE       VALUE  FROM      YEAR
                                                  NORMAL
..................................................................
TEMPERATURE (F)
 YESTERDAY
  MAXIMUM         78    133 PM  96    1948  76      2       60
  MINIMUM         59   1159 PM  37    1917  56      3       52
  AVERAGE         69                        66      3

PRECIPITATION (IN)
  YESTERDAY        0.00          3.09 1953   0.13  -0.13     0.00
  MONTH TO DATE    3.78                      3.40   0.38     3.60
  SINCE JUN 1     13.60                     11.54   2.06    11.24
  SINCE JAN 1     25.26                     21.45   3.81    21.97

SNOWFALL (IN)
  YESTERDAY        0.0           0.0    MM   0.0    0.0      0.0
  MONTH TO DATE    0.0                       0.0    0.0      0.0
  SINCE JUL 1      0.0                       0.0    0.0      0.0
  SNOW DEPTH       0

DEGREE DAYS
 HEATING
  YESTERDAY        0                         2     -2        9
  MONTH TO DATE    8                        29    -21       33
  SINCE JUN 1     47                       141    -94      112
  SINCE JUL 1     17                        52    -35       51

 COOLING
  YESTERDAY        4                         3      1        0
  MONTH TO DATE  149                       100     49      104
  SINCE JUN 1    424                       341     83      315
  SINCE JAN 1    471                       360    111      333
..................................................................


WIND (MPH)
  HIGHEST WIND SPEED    22   HIGHEST WIND DIRECTION     W (270)
  HIGHEST GUST SPEED    28   HIGHEST GUST DIRECTION     W (260)
  AVERAGE WIND SPEED     8.4


SKY COVER
  POSSIBLE SUNSHINE  MM
  AVERAGE SKY COVER 0.0


WEATHER CONDITIONS
 THE FOLLOWING WEATHER WAS RECORDED YESTERDAY.
  NO SIGNIFICANT WEATHER WAS OBSERVED.


RELATIVE HUMIDITY (PERCENT)
 HIGHEST    93           600 AM
 LOWEST     50           100 PM
 AVERAGE    72

..........................................................


THE WAUSAU WI CLIMATE NORMALS FOR TODAY
                         NORMAL    RECORD    YEAR
 MAXIMUM TEMPERATURE (F)   76        93      1953
 MINIMUM TEMPERATURE (F)   56        36      1915


SUNRISE AND SUNSET
AUGUST 26 2016........SUNRISE   614 AM CDT   SUNSET   745 PM CDT
AUGUST 27 2016........SUNRISE   615 AM CDT   SUNSET   744 PM CDT


-  INDICATES NEGATIVE NUMBERS.
R  INDICATES RECORD WAS SET OR TIED.
MM INDICATES DATA IS MISSING.
T  INDICATES TRACE AMOUNT.




$$
