000
CDUS43 KGRB 262131
CLIAUW


CLIMATE REPORT
NATIONAL WEATHER SERVICE GREEN BAY
430 PM CDT MON SEP 26 2016


...................................

...THE WAUSAU WI CLIMATE SUMMARY FOR SEPTEMBER 26 2016...
VALID TODAY AS OF 0400 PM LOCAL TIME.

CLIMATE NORMAL PERIOD 1981 TO 2010
CLIMATE RECORD PERIOD 1896 TO 2016


WEATHER ITEM   OBSERVED TIME   RECORD YEAR NORMAL DEPARTURE LAST
                VALUE   (LST)  VALUE       VALUE  FROM      YEAR
                                                  NORMAL
..................................................................
TEMPERATURE (F)
 TODAY
  MAXIMUM         62    110 PM  84    1908  64     -2       75
  MINIMUM         50    428 AM  26    1899  44      6       57
  AVERAGE         56                        54      2       66

PRECIPITATION (IN)
  TODAY            0.00          2.55 1986   0.13  -0.13     0.00
  MONTH TO DATE    4.62                      3.40   1.22     4.99
  SINCE SEP 1      4.62                      3.40   1.22     4.99
  SINCE JAN 1     29.97                     25.61   4.36    26.98

SNOWFALL (IN)
  TODAY            0.0           T    1965   0.0             0.0
  MONTH TO DATE    0.0                       0.0             0.0
  SINCE SEP 1      0.0                       0.0             0.0
  SINCE JUL 1      0.0                       0.0             0.0
  SNOW DEPTH       0

DEGREE DAYS
 HEATING
  TODAY            9                        11     -2        0
  MONTH TO DATE   63                       177   -114       62
  SINCE SEP 1     63                       177   -114       62
  SINCE JUL 1     85                       243   -158      124

 COOLING
  TODAY            0                         0      0        1
  MONTH TO DATE   24                        29     -5       97
  SINCE JAN 1    511                       404    107      435
..................................................................


WIND (MPH)
  HIGHEST WIND SPEED    31   HIGHEST WIND DIRECTION     W (280)
  HIGHEST GUST SPEED    42   HIGHEST GUST DIRECTION     W (280)
  AVERAGE WIND SPEED    17.8


SKY COVER
  POSSIBLE SUNSHINE  MM
  AVERAGE SKY COVER 0.8


WEATHER CONDITIONS
 THE FOLLOWING WEATHER WAS RECORDED TODAY.
  NO SIGNIFICANT WEATHER WAS OBSERVED.


RELATIVE HUMIDITY (PERCENT)
 HIGHEST    89          1200 AM
 LOWEST     46           100 PM
 AVERAGE    68

..........................................................


THE WAUSAU WI CLIMATE NORMALS FOR TOMORROW
                         NORMAL    RECORD    YEAR
 MAXIMUM TEMPERATURE (F)   64        82      1987
 MINIMUM TEMPERATURE (F)   43        28      1991
                                             1947
                                             1896


SUNRISE AND SUNSET
SEPTEMBER 26 2016.....SUNRISE   651 AM CDT   SUNSET   647 PM CDT
SEPTEMBER 27 2016.....SUNRISE   652 AM CDT   SUNSET   646 PM CDT


-  INDICATES NEGATIVE NUMBERS.
R  INDICATES RECORD WAS SET OR TIED.
MM INDICATES DATA IS MISSING.
T  INDICATES TRACE AMOUNT.




$$
