000
CDUS42 KGSP 272041
CLIAVL

CLIMATE REPORT
NATIONAL WEATHER SERVICE GREENVILLE-SPARTANBURG SC
440 PM EDT TUE SEP 27 2016


...................................

...THE ASHEVILLE NC CLIMATE SUMMARY FOR SEPTEMBER 27 2016...
VALID TODAY AS OF 400 PM LOCAL TIME.

CLIMATE NORMAL PERIOD 1981 TO 2010
CLIMATE RECORD PERIOD 1869 TO 2016


WEATHER ITEM   OBSERVED TIME   RECORD YEAR NORMAL DEPARTURE LAST
                VALUE   (LST)  VALUE       VALUE  FROM      YEAR
                                                  NORMAL
..................................................................
TEMPERATURE (F)
 TODAY
  MAXIMUM         81    224 PM  88    1998  73      8       65
  MINIMUM         64    724 AM  35    1879  52     12       60
  AVERAGE         73                        62     11       63

PRECIPITATION (IN)
  TODAY            0.08          1.98 1972   0.11  -0.03     0.17
  MONTH TO DATE    0.58                      3.45  -2.87     2.96
  SINCE SEP 1      0.58                      3.45  -2.87     2.96
  SINCE JAN 1     29.03                     35.06  -6.03    29.06

SNOWFALL (IN)
  TODAY            0.0           0.0    MM   0.0    0.0      0.0
  MONTH TO DATE    0.0                       0.0    0.0      0.0
  SINCE SEP 1      0.0                       0.0    0.0      0.0
  SINCE JUL 1      0.0                       0.0    0.0      0.0
  SNOW DEPTH       0

DEGREE DAYS
 HEATING
  TODAY            0                         4     -4        2
  MONTH TO DATE    0                        40    -40       35
  SINCE SEP 1      0                        40    -40       35
  SINCE JUL 1      0                        42    -42       35

 COOLING
  TODAY            8                         1      7        0
  MONTH TO DATE  216                        92    124      122
  SINCE SEP 1    216                        92    124      122
  SINCE JAN 1   1299                       849    450     1127
..................................................................


WIND (MPH)
  HIGHEST WIND SPEED    10   HIGHEST WIND DIRECTION     N (340)
  HIGHEST GUST SPEED    14   HIGHEST GUST DIRECTION     N (350)
  AVERAGE WIND SPEED     2.9


SKY COVER
  POSSIBLE SUNSHINE  MM
  AVERAGE SKY COVER 0.8


WEATHER CONDITIONS
 THE FOLLOWING WEATHER WAS RECORDED TODAY.
  LIGHT RAIN
  FOG


RELATIVE HUMIDITY (PERCENT)
 HIGHEST    93          1200 AM
 LOWEST     51           200 PM
 AVERAGE    72

..........................................................


THE ASHEVILLE NC CLIMATE NORMALS FOR TOMORROW
                         NORMAL    RECORD    YEAR
 MAXIMUM TEMPERATURE (F)   73        89      1939
 MINIMUM TEMPERATURE (F)   51        35      1940


SUNRISE AND SUNSET
SEPTEMBER 27 2016.....SUNRISE   722 AM EDT   SUNSET   719 PM EDT
SEPTEMBER 28 2016.....SUNRISE   723 AM EDT   SUNSET   718 PM EDT


-  INDICATES NEGATIVE NUMBERS.
R  INDICATES RECORD WAS SET OR TIED.
MM INDICATES DATA IS MISSING.
T  INDICATES TRACE AMOUNT.




$$
JPT
