000
CDUS42 KGSP 280629
CLIAVL

CLIMATE REPORT
NATIONAL WEATHER SERVICE GREENVILLE-SPARTANBURG SC
227 AM EDT FRI AUG 28 2015


...................................

...THE ASHEVILLE NC CLIMATE SUMMARY FOR AUGUST 27 2015...

CLIMATE NORMAL PERIOD 1981 TO 2010
CLIMATE RECORD PERIOD 1869 TO 2015


WEATHER ITEM   OBSERVED TIME   RECORD YEAR NORMAL DEPARTURE LAST
                VALUE   (LST)  VALUE       VALUE  FROM      YEAR
                                                  NORMAL
..................................................................
TEMPERATURE (F)
 YESTERDAY
  MAXIMUM         80    239 PM  93    1943  82     -2       86
  MINIMUM         59    620 AM  49    1945  62     -3       55
  AVERAGE         70                        72     -2       71

PRECIPITATION (IN)
  YESTERDAY        0.00          2.56 1995   0.15  -0.15     0.00
  MONTH TO DATE    2.69                      3.85  -1.16     3.16
  SINCE JUN 1     11.77                     12.81  -1.04    13.48
  SINCE JAN 1     26.02                     31.06  -5.04    29.99

SNOWFALL (IN)
  YESTERDAY        0.0           0.0    MM   0.0             0.0
  MONTH TO DATE    0.0                       0.0             0.0
  SINCE JUN 1      0.0                       0.0             0.0
  SINCE JUL 1      0.0                       0.0             0.0
  SNOW DEPTH       0

DEGREE DAYS
 HEATING
  YESTERDAY        0                         0      0        0
  MONTH TO DATE    0                         0      0        0
  SINCE JUN 1      0                        14    -14        2
  SINCE JUL 1      0                         0      0        2

 COOLING
  YESTERDAY        5                         7     -2        6
  MONTH TO DATE  256                       222     34      197
  SINCE JUN 1    859                       674    185      631
  SINCE JAN 1    981                       732    249      712
..................................................................


WIND (MPH)
  HIGHEST WIND SPEED    12   HIGHEST WIND DIRECTION     N (350)
  HIGHEST GUST SPEED    15   HIGHEST GUST DIRECTION     N (350)
  AVERAGE WIND SPEED     3.8


SKY COVER
  POSSIBLE SUNSHINE  MM
  AVERAGE SKY COVER 0.6


WEATHER CONDITIONS
 THE FOLLOWING WEATHER WAS RECORDED YESTERDAY.
  NO SIGNIFICANT WEATHER WAS OBSERVED.


RELATIVE HUMIDITY (PERCENT)
 HIGHEST    90          1000 PM
 LOWEST     42           500 PM
 AVERAGE    66

..........................................................


THE ASHEVILLE NC CLIMATE NORMALS FOR TODAY
                         NORMAL    RECORD    YEAR
 MAXIMUM TEMPERATURE (F)   82        93      1948
 MINIMUM TEMPERATURE (F)   61        48      1968
                                             1904


SUNRISE AND SUNSET
AUGUST 28 2015........SUNRISE   659 AM EDT   SUNSET   803 PM EDT
AUGUST 29 2015........SUNRISE   700 AM EDT   SUNSET   802 PM EDT


-  INDICATES NEGATIVE NUMBERS.
R  INDICATES RECORD WAS SET OR TIED.
MM INDICATES DATA IS MISSING.
T  INDICATES TRACE AMOUNT.




$$
