000
CDUS42 KGSP 200630
CLIAVL

CLIMATE REPORT
NATIONAL WEATHER SERVICE GREENVILLE-SPARTANBURG SC
128 AM EST SAT DEC 20 2014


...................................

...THE ASHEVILLE NC CLIMATE SUMMARY FOR DECEMBER 19 2014...

CLIMATE NORMAL PERIOD 1981 TO 2010
CLIMATE RECORD PERIOD 1869 TO 2014


WEATHER ITEM   OBSERVED TIME   RECORD YEAR NORMAL DEPARTURE LAST
                VALUE   (LST)  VALUE       VALUE  FROM      YEAR
                                                  NORMAL
..................................................................
TEMPERATURE (F)
 YESTERDAY
  MAXIMUM         52    252 PM  70    1984  49      3       63
                                      1924
  MINIMUM         34    525 AM   7    1963  29      5       23
  AVERAGE         43                        39      4       43

PRECIPITATION (IN)
  YESTERDAY        0.00          1.30 1872   0.10  -0.10     0.00
  MONTH TO DATE    0.09                      2.33  -2.24     2.98
  SINCE DEC 1      0.09                      2.33  -2.24     2.98
  SINCE JAN 1     44.60                     44.31   0.29    70.53

SNOWFALL (IN)
  YESTERDAY        0.0           6.0  1936   0.0             0.0
  MONTH TO DATE    T                         0.3             0.0
  SINCE DEC 1      T                         0.3             0.0
  SINCE JUL 1      3.2                       0.4             0.2
  SNOW DEPTH       0

DEGREE DAYS
 HEATING
  YESTERDAY       22                        26     -4       22
  MONTH TO DATE  390                       466    -76      413
  SINCE DEC 1    390                       466    -76      413
  SINCE JUL 1   1305                      1333    -28     1296

 COOLING
  YESTERDAY        0                         0      0        0
  MONTH TO DATE    0                         0      0        0
  SINCE DEC 1      0                         0      0        0
  SINCE JAN 1    919                       863     56      860
..................................................................


WIND (MPH)
  HIGHEST WIND SPEED    16   HIGHEST WIND DIRECTION    NW (330)
  HIGHEST GUST SPEED    21   HIGHEST GUST DIRECTION    NW (320)
  AVERAGE WIND SPEED     9.1


SKY COVER
  POSSIBLE SUNSHINE  MM
  AVERAGE SKY COVER 0.1


WEATHER CONDITIONS
 THE FOLLOWING WEATHER WAS RECORDED YESTERDAY.
  NO SIGNIFICANT WEATHER WAS OBSERVED.


RELATIVE HUMIDITY (PERCENT)
 HIGHEST    70           200 AM
 LOWEST     41           300 PM
 AVERAGE    56

..........................................................


THE ASHEVILLE NC CLIMATE NORMALS FOR TODAY
                         NORMAL    RECORD    YEAR
 MAXIMUM TEMPERATURE (F)   48        70      1931
 MINIMUM TEMPERATURE (F)   29         7      2004


SUNRISE AND SUNSET
DECEMBER 20 2014......SUNRISE   735 AM EST   SUNSET   521 PM EST
DECEMBER 21 2014......SUNRISE   735 AM EST   SUNSET   521 PM EST


-  INDICATES NEGATIVE NUMBERS.
R  INDICATES RECORD WAS SET OR TIED.
MM INDICATES DATA IS MISSING.
T  INDICATES TRACE AMOUNT.

$$
07
