000
CDUS42 KGSP 232027 RRA
CLIAVL

CLIMATE REPORT
NATIONAL WEATHER SERVICE GREENVILLE-SPARTANBURG SC
425 PM EDT FRI JUN 23 2017


...................................

...THE ASHEVILLE NC CLIMATE SUMMARY FOR JUNE 23 2017...
VALID TODAY AS OF 0400 PM LOCAL TIME.

CLIMATE NORMAL PERIOD 1981 TO 2010
CLIMATE RECORD PERIOD 1869 TO 2017


WEATHER ITEM   OBSERVED TIME   RECORD YEAR NORMAL DEPARTURE LAST
                VALUE   (LST)  VALUE       VALUE  FROM      YEAR
                                                  NORMAL
..................................................................
TEMPERATURE (F)
 TODAY
  MAXIMUM         86    213 PM  93    2016  83      3       93
                                      1988
  MINIMUM         70    557 AM  47    1947  61      9       67
  AVERAGE         78                        72      6       80

PRECIPITATION (IN)
  TODAY            0.09          1.34 2007   0.16  -0.07     0.00
  MONTH TO DATE    1.86                      3.55  -1.69     1.28
  SINCE JUN 1      1.86                      3.55  -1.69     1.28
  SINCE JAN 1     24.88                     21.80   3.08    16.16

SNOWFALL (IN)
  TODAY            0.0           0.0    MM   0.0    0.0      0.0
  MONTH TO DATE    0.0                       0.0    0.0      0.0
  SINCE JUN 1      0.0                       0.0    0.0      0.0
  SINCE JUL 1      9.4                       9.9   -0.5     13.9
  SNOW DEPTH       0

DEGREE DAYS
 HEATING
  TODAY            0                         0      0        0
  MONTH TO DATE    0                        11    -11        0
  SINCE JUN 1      0                        11    -11        0
  SINCE JUL 1   3123                      4192  -1069     3456

 COOLING
  TODAY           13                         7      6       15
  MONTH TO DATE  157                       125     32      197
  SINCE JUN 1    157                       125     32      197
  SINCE JAN 1    256                       183     73      270
..................................................................


WIND (MPH)
  HIGHEST WIND SPEED    21   HIGHEST WIND DIRECTION     S (190)
  HIGHEST GUST SPEED    29   HIGHEST GUST DIRECTION    SW (210)
  AVERAGE WIND SPEED    11.6


SKY COVER
  POSSIBLE SUNSHINE  MM
  AVERAGE SKY COVER 0.4


WEATHER CONDITIONS
 THE FOLLOWING WEATHER WAS RECORDED TODAY.
  RAIN
  LIGHT RAIN
  FOG


RELATIVE HUMIDITY (PERCENT)
 HIGHEST    97          1200 AM
 LOWEST     48           100 PM
 AVERAGE    73

..........................................................


THE ASHEVILLE NC CLIMATE NORMALS FOR TOMORROW
                         NORMAL    RECORD    YEAR
 MAXIMUM TEMPERATURE (F)   83        94      1952
 MINIMUM TEMPERATURE (F)   62        48      1947
                                             1918


SUNRISE AND SUNSET
JUNE 23 2017..........SUNRISE   616 AM EDT   SUNSET   849 PM EDT
JUNE 24 2017..........SUNRISE   616 AM EDT   SUNSET   849 PM EDT


-  INDICATES NEGATIVE NUMBERS.
R  INDICATES RECORD WAS SET OR TIED.
MM INDICATES DATA IS MISSING.
T  INDICATES TRACE AMOUNT.

$$
