000
CDUS42 KGSP 290636
CLIAVL

CLIMATE REPORT
NATIONAL WEATHER SERVICE GREENVILLE-SPARTANBURG SC
235 AM EDT MON AUG 29 2016


...................................

...THE ASHEVILLE NC CLIMATE SUMMARY FOR AUGUST 28 2016...

CLIMATE NORMAL PERIOD 1981 TO 2010
CLIMATE RECORD PERIOD 1869 TO 2016


WEATHER ITEM   OBSERVED TIME   RECORD YEAR NORMAL DEPARTURE LAST
                VALUE   (LST)  VALUE       VALUE  FROM      YEAR
                                                  NORMAL
..................................................................
TEMPERATURE (F)
 YESTERDAY
  MAXIMUM         86    234 PM  93    1948  82      4       80
  MINIMUM         66   1114 PM  48    1968  61      5       57
                                      1904
  AVERAGE         76                        72      4       69

PRECIPITATION (IN)
  YESTERDAY        0.00          1.75 1949   0.13  -0.13      T
  MONTH TO DATE    6.65                      3.98   2.67     2.69
  SINCE JUN 1     13.57                     12.94   0.63    11.77
  SINCE JAN 1     28.45                     31.19  -2.74    26.02

SNOWFALL (IN)
  YESTERDAY        0.0           0.0    MM   0.0             0.0
  MONTH TO DATE    0.0                       0.0             0.0
  SINCE JUN 1      0.0                       0.0             0.0
  SINCE JUL 1      0.0                       0.0             0.0
  SNOW DEPTH       0

DEGREE DAYS
 HEATING
  YESTERDAY        0                         0      0        0
  MONTH TO DATE    0                         0      0        0
  SINCE JUN 1      0                        14    -14        0
  SINCE JUL 1      0                         0      0        0

 COOLING
  YESTERDAY       11                         7      4        4
  MONTH TO DATE  324                       229     95      260
  SINCE JUN 1    984                       681    303      863
  SINCE JAN 1   1057                       739    318      985
..................................................................


WIND (MPH)
  HIGHEST WIND SPEED    12   HIGHEST WIND DIRECTION    SE (140)
  HIGHEST GUST SPEED    16   HIGHEST GUST DIRECTION    SE (140)
  AVERAGE WIND SPEED     2.4


SKY COVER
  POSSIBLE SUNSHINE  MM
  AVERAGE SKY COVER 0.4


WEATHER CONDITIONS
 THE FOLLOWING WEATHER WAS RECORDED YESTERDAY.
  FOG


RELATIVE HUMIDITY (PERCENT)
 HIGHEST    93           300 AM
 LOWEST     51           200 PM
 AVERAGE    72

..........................................................


THE ASHEVILLE NC CLIMATE NORMALS FOR TODAY
                         NORMAL    RECORD    YEAR
 MAXIMUM TEMPERATURE (F)   82        98      1948
 MINIMUM TEMPERATURE (F)   61        42      1986


SUNRISE AND SUNSET
AUGUST 29 2016........SUNRISE   701 AM EDT   SUNSET   801 PM EDT
AUGUST 30 2016........SUNRISE   701 AM EDT   SUNSET   759 PM EDT


-  INDICATES NEGATIVE NUMBERS.
R  INDICATES RECORD WAS SET OR TIED.
MM INDICATES DATA IS MISSING.
T  INDICATES TRACE AMOUNT.




$$
