000
CDUS42 KGSP 102129 RRA
CLIAVL

CLIMATE REPORT
NATIONAL WEATHER SERVICE GREENVILLE-SPARTANBURG SC
428 PM EST WED FEB 10 2016


...................................

...THE ASHEVILLE NC CLIMATE SUMMARY FOR FEBRUARY 10 2016...
VALID TODAY AS OF 400 PM LOCAL TIME.

CLIMATE NORMAL PERIOD 1981 TO 2010
CLIMATE RECORD PERIOD 1869 TO 2016


WEATHER ITEM   OBSERVED TIME   RECORD YEAR NORMAL DEPARTURE LAST
                VALUE   (LST)  VALUE       VALUE  FROM      YEAR
                                                  NORMAL
..................................................................
TEMPERATURE (F)
 TODAY
  MAXIMUM         28    312 PM  80    1932  50    -22       45
  MINIMUM         16    834 AM   6    1895  29    -13       29
  AVERAGE         22                        39    -17       37

PRECIPITATION (IN)
  TODAY            T             2.07 1981   0.13  -0.13     0.00
  MONTH TO DATE    2.42                      1.32   1.10     1.00
  SINCE DEC 1     14.47                      8.58   5.89     6.46
  SINCE JAN 1      5.71                      4.99   0.72     4.06

SNOWFALL (IN)
  TODAY            T             6.8  1908   0.1   -0.1      0.0
  MONTH TO DATE    T                         0.9   -0.9       T
  SINCE DEC 1     13.8                       5.9    7.9       T
  SINCE JUL 1     13.8                       6.0    7.8      3.2
  SNOW DEPTH       0

DEGREE DAYS
 HEATING
  TODAY           43                        26     17       28
  MONTH TO DATE  256                       264     -8      259
  SINCE DEC 1   1604                      1924   -320     1759
  SINCE JUL 1   2279                      2791   -512     2674

 COOLING
  TODAY            0                         0      0        0
  MONTH TO DATE    0                         0      0        0
  SINCE DEC 1      0                         0      0        0
  SINCE JAN 1      0                         0      0        0
..................................................................


WIND (MPH)
  HIGHEST WIND SPEED    24   HIGHEST WIND DIRECTION     N (340)
  HIGHEST GUST SPEED    31   HIGHEST GUST DIRECTION     N (360)
  AVERAGE WIND SPEED    14.7


SKY COVER
  POSSIBLE SUNSHINE  MM
  AVERAGE SKY COVER 0.2


WEATHER CONDITIONS
 THE FOLLOWING WEATHER WAS RECORDED TODAY.
  LIGHT SNOW


RELATIVE HUMIDITY (PERCENT)
 HIGHEST    77           100 AM
 LOWEST     34           400 PM
 AVERAGE    56

..........................................................


THE ASHEVILLE NC CLIMATE NORMALS FOR TOMORROW
                         NORMAL    RECORD    YEAR
 MAXIMUM TEMPERATURE (F)   50        74      1932
 MINIMUM TEMPERATURE (F)   29         7      1955
                                             1936


SUNRISE AND SUNSET
FEBRUARY 10 2016......SUNRISE   722 AM EST   SUNSET   607 PM EST
FEBRUARY 11 2016......SUNRISE   721 AM EST   SUNSET   608 PM EST


-  INDICATES NEGATIVE NUMBERS.
R  INDICATES RECORD WAS SET OR TIED.
MM INDICATES DATA IS MISSING.
T  INDICATES TRACE AMOUNT.




$$
JPT
