000
CDUS42 KGSP 232036
CLIAVL

CLIMATE REPORT
NATIONAL WEATHER SERVICE GREENVILLE-SPARTANBURG SC
433 PM EDT THU MAR 23 2017


...................................

...THE ASHEVILLE NC CLIMATE SUMMARY FOR MARCH 23 2017...
VALID TODAY AS OF 0430 PM LOCAL TIME.

CLIMATE NORMAL PERIOD 1981 TO 2010
CLIMATE RECORD PERIOD 1869 TO 2017


WEATHER ITEM   OBSERVED TIME   RECORD YEAR NORMAL DEPARTURE LAST
                VALUE   (LST)  VALUE       VALUE  FROM      YEAR
                                                  NORMAL
..................................................................
TEMPERATURE (F)
 TODAY
  MAXIMUM         58    328 PM  85    1907  61     -3       72
  MINIMUM         31    645 AM  18    2004  37     -6       35
  AVERAGE         45                        49     -4       54

PRECIPITATION (IN)
  TODAY            0.00          2.38 1979   0.13  -0.13     0.00
  MONTH TO DATE    1.66                      2.83  -1.17     1.04
  SINCE MAR 1      1.66                      2.83  -1.17     1.04
  SINCE JAN 1      6.08                     10.26  -4.18    10.02

SNOWFALL (IN)
  TODAY            0.0           0.3  1970   0.1   -0.1      0.0
  MONTH TO DATE    2.1                       1.5    0.6       T
  SINCE MAR 1      2.1                       1.5    0.6       T
  SINCE JUL 1      9.4                       8.8    0.6     13.9
  SNOW DEPTH       0

DEGREE DAYS
 HEATING
  TODAY           20                        16      4       11
  MONTH TO DATE  468                       434     34      288
  SINCE MAR 1    468                       434     34      288
  SINCE JUL 1   2862                      3651   -789     3035

 COOLING
  TODAY            0                         0      0        0
  MONTH TO DATE    0                         0      0        0
  SINCE MAR 1      0                         0      0        0
  SINCE JAN 1      0                         0      0        0
..................................................................


WIND (MPH)
  HIGHEST WIND SPEED    14   HIGHEST WIND DIRECTION    SE (130)
  HIGHEST GUST SPEED    21   HIGHEST GUST DIRECTION    SE (130)
  AVERAGE WIND SPEED     4.7


SKY COVER
  POSSIBLE SUNSHINE  MM
  AVERAGE SKY COVER 0.0


WEATHER CONDITIONS
 THE FOLLOWING WEATHER WAS RECORDED TODAY.
  NO SIGNIFICANT WEATHER WAS OBSERVED.


RELATIVE HUMIDITY (PERCENT)
 HIGHEST    85           500 AM
 LOWEST     26           200 PM
 AVERAGE    56

..........................................................


THE ASHEVILLE NC CLIMATE NORMALS FOR TOMORROW
                         NORMAL    RECORD    YEAR
 MAXIMUM TEMPERATURE (F)   61        83      1929
 MINIMUM TEMPERATURE (F)   37        22      1940


SUNRISE AND SUNSET
MARCH 23 2017.........SUNRISE   729 AM EDT   SUNSET   745 PM EDT
MARCH 24 2017.........SUNRISE   728 AM EDT   SUNSET   745 PM EDT


-  INDICATES NEGATIVE NUMBERS.
R  INDICATES RECORD WAS SET OR TIED.
MM INDICATES DATA IS MISSING.
T  INDICATES TRACE AMOUNT.




$$

LEV
