000
CDUS42 KGSP 220642
CLIAVL

CLIMATE REPORT
NATIONAL WEATHER SERVICE GREENVILLE-SPARTANBURG SC
142 AM EST WED FEB 22 2017


...................................

...THE ASHEVILLE NC CLIMATE SUMMARY FOR FEBRUARY 21 2017...

CLIMATE NORMAL PERIOD 1981 TO 2010
CLIMATE RECORD PERIOD 1869 TO 2017


WEATHER ITEM   OBSERVED TIME   RECORD YEAR NORMAL DEPARTURE LAST
                VALUE   (LST)  VALUE       VALUE  FROM      YEAR
                                                  NORMAL
..................................................................
TEMPERATURE (F)
 YESTERDAY
  MAXIMUM         61    323 PM  77    1986  52      9       66
  MINIMUM         38    625 AM   8    1896  31      7       38
  AVERAGE         50                        42      8       52

PRECIPITATION (IN)
  YESTERDAY        0.00          2.49 1891   0.13  -0.13     0.01
  MONTH TO DATE    0.44                      2.82  -2.38     3.53
  SINCE DEC 1      6.47                     10.08  -3.61    15.58
  SINCE JAN 1      4.16                      6.49  -2.33     6.82

SNOWFALL (IN)
  YESTERDAY        0.0           3.7  1978   0.1             0.0
  MONTH TO DATE    0.0                       1.7             0.1
  SINCE DEC 1      7.3                       6.7            13.9
  SINCE JUL 1      7.3                       6.8            13.9
  SNOW DEPTH       0

DEGREE DAYS
 HEATING
  YESTERDAY       15                        23     -8       13
  MONTH TO DATE  383                       532   -149      567
  SINCE DEC 1   1725                      2192   -467     1915
  SINCE JUL 1   2296                      3059   -763     2590

 COOLING
  YESTERDAY        0                         0      0        0
  MONTH TO DATE    0                         0      0        0
  SINCE DEC 1      0                         0      0        0
  SINCE JAN 1      0                         0      0        0
..................................................................


WIND (MPH)
  HIGHEST WIND SPEED    14   HIGHEST WIND DIRECTION    SE (150)
  HIGHEST GUST SPEED    21   HIGHEST GUST DIRECTION    SE (150)
  AVERAGE WIND SPEED     4.4


SKY COVER
  POSSIBLE SUNSHINE  MM
  AVERAGE SKY COVER 0.4


WEATHER CONDITIONS
 THE FOLLOWING WEATHER WAS RECORDED YESTERDAY.
  NO SIGNIFICANT WEATHER WAS OBSERVED.


RELATIVE HUMIDITY (PERCENT)
 HIGHEST    85           700 AM
 LOWEST     47          1100 AM
 AVERAGE    66

..........................................................


THE ASHEVILLE NC CLIMATE NORMALS FOR TODAY
                         NORMAL    RECORD    YEAR
 MAXIMUM TEMPERATURE (F)   53        72      1897
 MINIMUM TEMPERATURE (F)   31         2      1963


SUNRISE AND SUNSET
FEBRUARY 22 2017......SUNRISE   708 AM EST   SUNSET   619 PM EST
FEBRUARY 23 2017......SUNRISE   707 AM EST   SUNSET   620 PM EST


-  INDICATES NEGATIVE NUMBERS.
R  INDICATES RECORD WAS SET OR TIED.
MM INDICATES DATA IS MISSING.
T  INDICATES TRACE AMOUNT.

$$

OUTLAW
