000
CDUS42 KGSP 210630 RRB
CLIAVL

CLIMATE REPORT
NATIONAL WEATHER SERVICE GREENVILLE-SPARTANBURG SC
228 AM EDT SAT OCT 21 2017

...................................

...THE ASHEVILLE NC CLIMATE SUMMARY FOR OCTOBER 20 2017...

CLIMATE NORMAL PERIOD 1981 TO 2010
CLIMATE RECORD PERIOD 1869 TO 2017


WEATHER ITEM   OBSERVED TIME   RECORD YEAR NORMAL DEPARTURE LAST
                VALUE   (LST)  VALUE       VALUE  FROM      YEAR
                                                  NORMAL
..................................................................
TEMPERATURE (F)
 YESTERDAY
  MAXIMUM         80    400 PM  84    2016  67     13       84
  MINIMUM         39    641 AM  25    1981  43     -4       54
                                      1972
  AVERAGE         60                        55      5       69

PRECIPITATION (IN)
  YESTERDAY        0.00          2.27 1877   0.09  -0.09     0.00
  MONTH TO DATE    3.81                      1.91   1.90     0.51
  SINCE SEP 1      7.56                      5.72   1.84     1.09
  SINCE JAN 1     44.17                     37.33   6.84    29.54

SNOWFALL (IN)
  YESTERDAY        0.0           T    1989   0.0             0.0
  MONTH TO DATE    0.0                       0.0             0.0
  SINCE SEP 1      0.0                       0.0             0.0
  SINCE JUL 1      0.0                       0.0             0.0
  SNOW DEPTH       0

DEGREE DAYS
 HEATING
  YESTERDAY        5                        10     -5        0
  MONTH TO DATE   84                       148    -64       61
  SINCE SEP 1    122                       203    -81       66
  SINCE JUL 1    122                       205    -83       66

 COOLING
  YESTERDAY        0                         0      0        4
  MONTH TO DATE   66                         7     59       12
  SINCE SEP 1    176                       102     74      231
  SINCE JAN 1   1042                       859    183     1314
..................................................................


WIND (MPH)
  HIGHEST WIND SPEED     9   HIGHEST WIND DIRECTION     S (160)
  HIGHEST GUST SPEED    12   HIGHEST GUST DIRECTION     S (160)
  AVERAGE WIND SPEED     2.1


SKY COVER
  POSSIBLE SUNSHINE  MM
  AVERAGE SKY COVER 0.0


WEATHER CONDITIONS
 THE FOLLOWING WEATHER WAS RECORDED YESTERDAY.
  NO SIGNIFICANT WEATHER WAS OBSERVED.


RELATIVE HUMIDITY (PERCENT)
 HIGHEST    93           300 AM
 LOWEST     18           400 PM
 AVERAGE    56

..........................................................


THE ASHEVILLE NC CLIMATE NORMALS FOR TODAY
                         NORMAL    RECORD    YEAR
 MAXIMUM TEMPERATURE (F)   67        83      1943
 MINIMUM TEMPERATURE (F)   43        23      1952


SUNRISE AND SUNSET
OCTOBER 21 2017.......SUNRISE   742 AM EDT   SUNSET   647 PM EDT
OCTOBER 22 2017.......SUNRISE   743 AM EDT   SUNSET   646 PM EDT


-  INDICATES NEGATIVE NUMBERS.
R  INDICATES RECORD WAS SET OR TIED.
MM INDICATES DATA IS MISSING.
T  INDICATES TRACE AMOUNT.

$$
