000
CDUS41 KBGM 250552
CLIAVP


CLIMATE REPORT
NATIONAL WEATHER SERVICE BINGHAMTON NY
151 AM EDT FRI APR 25 2014


...................................

...THE AVOCA PA CLIMATE SUMMARY FOR APRIL 24 2014...

CLIMATE NORMAL PERIOD 1981 TO 2010
CLIMATE RECORD PERIOD 1901 TO 2014


WEATHER ITEM   OBSERVED TIME   RECORD YEAR NORMAL DEPARTURE LAST
                VALUE   (LST)  VALUE       VALUE  FROM      YEAR
                                                  NORMAL
..................................................................
TEMPERATURE (F)
 YESTERDAY
  MAXIMUM         57    254 PM  87    1960  63     -6       75
  MINIMUM         33    452 AM  25    1930  41     -8       38
  AVERAGE         45                        52     -7       57

PRECIPITATION (IN)
  YESTERDAY        0.00          1.50 1968   0.12  -0.12     0.11
  MONTH TO DATE    1.91                      2.66  -0.75     1.71
  SINCE MAR 1      3.98                      5.21  -1.23     3.33
  SINCE JAN 1      8.86                      9.61  -0.75     6.66

SNOWFALL (IN)
  YESTERDAY        0.0           4.2  1967   0.1   -0.1      0.0
  MONTH TO DATE    0.7                       2.8   -2.1       T
  SINCE MAR 1      3.1                      11.8   -8.7      6.5
  SINCE JUL 1     58.9                      45.7   13.2     33.9

DEGREE DAYS
 HEATING
  YESTERDAY       20                        13      7        8
  MONTH TO DATE  403                       423    -20      391
  SINCE MAR 1   1446                      1294    152     1317
  SINCE JUL 1   6269                      5900    369     5541

 COOLING
  YESTERDAY        0                         0      0        0
  MONTH TO DATE    7                         0      7        4
  SINCE MAR 1      7                         0      7        4
  SINCE JAN 1      7                         0      7        4
..................................................................


WIND (MPH)
  HIGHEST WIND SPEED    29   HIGHEST WIND DIRECTION    NW (320)
  HIGHEST GUST SPEED    38   HIGHEST GUST DIRECTION    NW (330)
  AVERAGE WIND SPEED    13.9


SKY COVER
  AVERAGE SKY COVER 0.0



RELATIVE HUMIDITY (PERCENT)
 HIGHEST    54          1200 AM
 LOWEST     16           500 PM
 AVERAGE    35

..........................................................


THE AVOCA PA CLIMATE NORMALS FOR TODAY
                         NORMAL    RECORD    YEAR
 MAXIMUM TEMPERATURE (F)   63        88      1915
 MINIMUM TEMPERATURE (F)   41        23      1919


SUNRISE AND SUNSET
APRIL 25 2014.........SUNRISE   609 AM EDT   SUNSET   754 PM EDT
APRIL 26 2014.........SUNRISE   607 AM EDT   SUNSET   755 PM EDT


-  INDICATES NEGATIVE NUMBERS.
R  INDICATES RECORD WAS SET OR TIED.
MM INDICATES DATA IS MISSING.
T  INDICATES TRACE AMOUNT.




$$
