000
CDUS41 KBGM 212218
CLIAVP


CLIMATE REPORT
NATIONAL WEATHER SERVICE BINGHAMTON NY
518 PM EST SAT JAN 21 2017


...................................

...THE AVOCA PA CLIMATE SUMMARY FOR JANUARY 21 2017...
VALID TODAY AS OF 0500 PM LOCAL TIME.

CLIMATE NORMAL PERIOD 1981 TO 2010
CLIMATE RECORD PERIOD 1901 TO 2017


WEATHER ITEM   OBSERVED TIME   RECORD YEAR NORMAL DEPARTURE LAST
                VALUE   (LST)  VALUE       VALUE  FROM      YEAR
                                                  NORMAL
..................................................................
TEMPERATURE (F)
 TODAY
  MAXIMUM         47    339 PM  67    1906  33     14       30
  MINIMUM         38    352 AM -21    1994  18     20       18
  AVERAGE         43                        26     17       24

PRECIPITATION (IN)
  TODAY            0.00          1.39 1959   0.08  -0.08      T
  MONTH TO DATE    2.12                      1.57   0.55     1.59
  SINCE DEC 1      4.18                      4.25  -0.07     4.14
  SINCE JAN 1      2.12                      1.57   0.55     1.59

SNOWFALL (IN)
  TODAY            0.0           4.2  2001   0.5   -0.5      0.1
  MONTH TO DATE    1.9                       9.9   -8.0      2.3
  SINCE DEC 1      8.8                      17.3   -8.5      3.1
  SINCE JUL 1     14.5                      20.3   -5.8      3.1

DEGREE DAYS
 HEATING
  TODAY           22                        39    -17       41
  MONTH TO DATE  698                       818   -120      782
  SINCE DEC 1   1692                      1883   -191     1410
  SINCE JUL 1   2710                      3196   -486     2318

 COOLING
  TODAY            0                         0      0        0
  MONTH TO DATE    0                         0      0        0
  SINCE DEC 1      0                         0      0        0
  SINCE JAN 1      0                         0      0        0
..................................................................


WIND (MPH)
  HIGHEST WIND SPEED     9   HIGHEST WIND DIRECTION    SW (240)
  HIGHEST GUST SPEED    12   HIGHEST GUST DIRECTION     W (250)
  AVERAGE WIND SPEED     3.1


SKY COVER
  AVERAGE SKY COVER 1.0


WEATHER CONDITIONS
 THE FOLLOWING WEATHER WAS RECORDED TODAY.
  FOG
  FOG W/VISIBILITY <= 1/4 MILE


RELATIVE HUMIDITY (PERCENT)
 HIGHEST   100          1200 AM
 LOWEST     92           100 AM
 AVERAGE    96

..........................................................


THE AVOCA PA CLIMATE NORMALS FOR TOMORROW
                         NORMAL    RECORD    YEAR
 MAXIMUM TEMPERATURE (F)   33        66      1906
 MINIMUM TEMPERATURE (F)   18       -11      1984


SUNRISE AND SUNSET
JANUARY 21 2017.......SUNRISE   723 AM EST   SUNSET   506 PM EST
JANUARY 22 2017.......SUNRISE   722 AM EST   SUNSET   507 PM EST


-  INDICATES NEGATIVE NUMBERS.
R  INDICATES RECORD WAS SET OR TIED.
MM INDICATES DATA IS MISSING.
T  INDICATES TRACE AMOUNT.

$$
