000
CDUS41 KBGM 170524
CLIAVP


CLIMATE REPORT
NATIONAL WEATHER SERVICE BINGHAMTON NY
1223 AM EST WED JAN 17 2018


...................................

...THE AVOCA PA CLIMATE SUMMARY FOR JANUARY 16 2018...

CLIMATE NORMAL PERIOD 1981 TO 2010
CLIMATE RECORD PERIOD 1901 TO 2018


WEATHER ITEM   OBSERVED TIME   RECORD YEAR NORMAL DEPARTURE LAST
                VALUE   (LST)  VALUE       VALUE  FROM      YEAR
                                                  NORMAL
..................................................................
TEMPERATURE (F)
 YESTERDAY
  MAXIMUM         29   1105 PM  62    1995  33     -4       39
  MINIMUM         24    824 AM  -4    2004  18      6       12
                                      1994
  AVERAGE         27                        26      1       26

PRECIPITATION (IN)
  YESTERDAY        0.28          1.74 1924   0.08   0.20      T
  MONTH TO DATE    1.66                      1.18   0.48     1.21
  SINCE DEC 1      3.34                      3.86  -0.52     3.27
  SINCE JAN 1      1.66                      1.18   0.48     1.21

SNOWFALL (IN)
  YESTERDAY        3.5 R         3.3  2013   0.5    3.0       T
                                      1959
  MONTH TO DATE    6.9                       7.5   -0.6      1.9
  SINCE DEC 1     14.0                      14.9   -0.9      8.8
  SINCE JUL 1     14.1                      17.9   -3.8     14.5

DEGREE DAYS
 HEATING
  YESTERDAY       38                        39     -1       39
  MONTH TO DATE  709                       623     86      568
  SINCE DEC 1   1820                      1688    132     1562
  SINCE JUL 1   2860                      3001   -141     2580

 COOLING
  YESTERDAY        0                         0      0        0
  MONTH TO DATE    0                         0      0        0
  SINCE DEC 1      0                         0      0        0
  SINCE JAN 1      0                         0      0        0
..................................................................


WIND (MPH)
  HIGHEST WIND SPEED     7   HIGHEST WIND DIRECTION     S (190)
  HIGHEST GUST SPEED    11   HIGHEST GUST DIRECTION     S (170)
  AVERAGE WIND SPEED     0.7


SKY COVER
  AVERAGE SKY COVER 1.0



RELATIVE HUMIDITY (PERCENT)
 HIGHEST   100           500 PM
 LOWEST     68          1200 AM
 AVERAGE    84

..........................................................


THE AVOCA PA CLIMATE NORMALS FOR TODAY
                         NORMAL    RECORD    YEAR
 MAXIMUM TEMPERATURE (F)   33        60      1990
 MINIMUM TEMPERATURE (F)   18       -10      1977


SUNRISE AND SUNSET
JANUARY 17 2018.......SUNRISE   726 AM EST   SUNSET   501 PM EST
JANUARY 18 2018.......SUNRISE   725 AM EST   SUNSET   502 PM EST


-  INDICATES NEGATIVE NUMBERS.
R  INDICATES RECORD WAS SET OR TIED.
MM INDICATES DATA IS MISSING.
T  INDICATES TRACE AMOUNT.

$$
