000
CDUS41 KBGM 070552
CLIAVP


CLIMATE REPORT
NATIONAL WEATHER SERVICE BINGHAMTON NY
152 AM EDT TUE JUL 7 2015


...................................

...THE AVOCA PA CLIMATE SUMMARY FOR JULY 6 2015...

CLIMATE NORMAL PERIOD 1981 TO 2010
CLIMATE RECORD PERIOD 1901 TO 2015


WEATHER ITEM   OBSERVED TIME   RECORD YEAR NORMAL DEPARTURE LAST
                VALUE   (LST)  VALUE       VALUE  FROM      YEAR
                                                  NORMAL
..................................................................
TEMPERATURE (F)
 YESTERDAY
  MAXIMUM         85    155 PM  98    1911  82      3       85
  MINIMUM         62    540 AM  43    1979  61      1       54
  AVERAGE         74                        71      3       70

PRECIPITATION (IN)
  YESTERDAY        0.00          1.68 1935   0.11  -0.11     0.00
  MONTH TO DATE    0.93                      0.67   0.26     0.59
  SINCE JUN 1      7.45                      4.70   2.75     2.75
  SINCE JAN 1     17.01                     18.50  -1.49    15.46

SNOWFALL (IN)
  YESTERDAY        0.0           0.0  1995   0.0    0.0      0.0
  MONTH TO DATE    0.0                       0.0    0.0      0.0
  SINCE JUN 1      0.0                       0.0    0.0      0.0
  SINCE JUL 1      0.0                       0.0    0.0      0.0

DEGREE DAYS
 HEATING
  YESTERDAY        0                         0      0        0
  MONTH TO DATE    0                         0      0        0
  SINCE JUN 1     24                        54    -30       11
  SINCE JUL 1      0                         0      0        0

 COOLING
  YESTERDAY        9                         7      2        5
  MONTH TO DATE   29                        37     -8       54
  SINCE JUN 1    184                       154     30      213
  SINCE JAN 1    332                       191    141      254
..................................................................


WIND (MPH)
  HIGHEST WIND SPEED    12   HIGHEST WIND DIRECTION    SE (140)
  HIGHEST GUST SPEED    20   HIGHEST GUST DIRECTION    SE (130)
  AVERAGE WIND SPEED     3.8


SKY COVER
  AVERAGE SKY COVER 0.4



RELATIVE HUMIDITY (PERCENT)
 HIGHEST    84           200 AM
 LOWEST     51          1200 PM
 AVERAGE    68

..........................................................


THE AVOCA PA CLIMATE NORMALS FOR TODAY
                         NORMAL    RECORD    YEAR
 MAXIMUM TEMPERATURE (F)   82        98      1988
 MINIMUM TEMPERATURE (F)   61        44      1979


SUNRISE AND SUNSET
JULY  7 2015..........SUNRISE   537 AM EDT   SUNSET   839 PM EDT
JULY  8 2015..........SUNRISE   537 AM EDT   SUNSET   838 PM EDT


-  INDICATES NEGATIVE NUMBERS.
R  INDICATES RECORD WAS SET OR TIED.
MM INDICATES DATA IS MISSING.
T  INDICATES TRACE AMOUNT.




$$
