000
CDUS43 KGRR 310517
CLIAZO


CLIMATE REPORT
NATIONAL WEATHER SERVICE GRAND RAPIDS, MI
117 AM EDT FRI JUL 31 2015


...................................

...THE KALAMAZOO MI CLIMATE SUMMARY FOR JULY 30 2015...

CLIMATE NORMAL PERIOD 1981 TO 2010
CLIMATE RECORD PERIOD 1998 TO 2015


WEATHER ITEM   OBSERVED TIME   NORMAL DEPARTURE LAST
                VALUE   (LST)  VALUE  FROM      YEAR
                                      NORMAL
......................................................
TEMPERATURE (F)
 YESTERDAY
  MAXIMUM         85   1248 PM  83      2       77
  MINIMUM         65    607 AM  62      3       53
  AVERAGE         75            72      3       65

PRECIPITATION (IN)
  YESTERDAY        0.00          0.12  -0.12     0.00
  MONTH TO DATE    4.11          3.58   0.53     2.95
  SINCE JUN 1      7.86          7.16   0.70     6.82
  SINCE JAN 1     17.57         19.60  -2.03    15.24

DEGREE DAYS
 HEATING
  YESTERDAY        0             0      0        0
  MONTH TO DATE    9             0      9       23
  SINCE JUN 1     30            48    -18       42
  SINCE JUL 1      9             0      9       23

 COOLING
  YESTERDAY       10             7      3        0
  MONTH TO DATE  182           234    -52      109
  SINCE JUN 1    262           379   -117      289
  SINCE JAN 1    329           420    -91      343
......................................................


WIND (MPH)
  RESULTANT WIND SPEED  10   RESULTANT WIND DIRECTION   W (280)
  HIGHEST WIND SPEED    22   HIGHEST WIND DIRECTION     W (290)
  HIGHEST GUST SPEED    29   HIGHEST GUST DIRECTION     W (280)
  AVERAGE WIND SPEED    10.7


SKY COVER
  AVERAGE SKY COVER 0.0


WEATHER CONDITIONS
 THE FOLLOWING WEATHER WAS RECORDED YESTERDAY.
  NO SIGNIFICANT WEATHER WAS OBSERVED.


RELATIVE HUMIDITY (PERCENT)
 HIGHEST    73           300 AM
 LOWEST     37          1200 PM
 AVERAGE    55

..........................................................


THE KALAMAZOO MI CLIMATE NORMALS FOR TODAY
                         NORMAL
 MAXIMUM TEMPERATURE (F)   83
 MINIMUM TEMPERATURE (F)   62


SUNRISE AND SUNSET
JULY 31 2015..........SUNRISE   634 AM EDT   SUNSET   903 PM EDT
AUGUST  1 2015........SUNRISE   635 AM EDT   SUNSET   902 PM EDT


-  INDICATES NEGATIVE NUMBERS.
R  INDICATES RECORD WAS SET OR TIED.
MM INDICATES DATA IS MISSING.
T  INDICATES TRACE AMOUNT.




$$
