000
CDUS43 KGRR 240520
CLIAZO


CLIMATE REPORT
NATIONAL WEATHER SERVICE GRAND RAPIDS, MI
1219 AM EST FRI NOV 24 2017


...................................

...THE KALAMAZOO MI CLIMATE SUMMARY FOR NOVEMBER 23 2017...

CLIMATE NORMAL PERIOD 1981 TO 2010
CLIMATE RECORD PERIOD 1998 TO 2017


WEATHER ITEM   OBSERVED TIME   NORMAL DEPARTURE LAST
                VALUE   (LST)  VALUE  FROM      YEAR
                                      NORMAL
......................................................
TEMPERATURE (F)
 YESTERDAY
  MAXIMUM         43    247 PM  44     -1       40
  MINIMUM         30    605 AM  31     -1       33
  AVERAGE         37            37      0       37

PRECIPITATION (IN)
  YESTERDAY        0.00          0.09  -0.09     0.50
  MONTH TO DATE    3.30          2.38   0.92     1.32
  SINCE SEP 1     17.52          9.53   7.99     8.01
  SINCE JAN 1     38.55         33.12   5.43    35.72

DEGREE DAYS
 HEATING
  YESTERDAY       28            28      0       28
  MONTH TO DATE  605           530     75      417
  SINCE SEP 1    985          1106   -121      738
  SINCE JUL 1   1003          1122   -119      739

 COOLING
  YESTERDAY        0             0      0        0
  MONTH TO DATE    0             0      0        0
  SINCE SEP 1    152            64     88      118
  SINCE JAN 1    768           675     93      912
......................................................


WIND (MPH)
  RESULTANT WIND SPEED   8   RESULTANT WIND DIRECTION  SW (210)
  HIGHEST WIND SPEED    16   HIGHEST WIND DIRECTION     S (200)
  HIGHEST GUST SPEED    20   HIGHEST GUST DIRECTION     S (200)
  AVERAGE WIND SPEED     8.6


SKY COVER
  AVERAGE SKY COVER 0.5


WEATHER CONDITIONS
 THE FOLLOWING WEATHER WAS RECORDED YESTERDAY.
  NO SIGNIFICANT WEATHER WAS OBSERVED.


RELATIVE HUMIDITY (PERCENT)
 HIGHEST    69          1200 AM
 LOWEST     36           300 PM
 AVERAGE    53

..........................................................


THE KALAMAZOO MI CLIMATE NORMALS FOR TODAY
                         NORMAL
 MAXIMUM TEMPERATURE (F)   43
 MINIMUM TEMPERATURE (F)   31


SUNRISE AND SUNSET
NOVEMBER 24 2017......SUNRISE   744 AM EST   SUNSET   514 PM EST
NOVEMBER 25 2017......SUNRISE   745 AM EST   SUNSET   513 PM EST


-  INDICATES NEGATIVE NUMBERS.
R  INDICATES RECORD WAS SET OR TIED.
MM INDICATES DATA IS MISSING.
T  INDICATES TRACE AMOUNT.




$$
