889
CDUS43 KGRR 242223
CLIAZO


CLIMATE REPORT
NATIONAL WEATHER SERVICE GRAND RAPIDS, MI
523 PM EST SAT FEB 24 2018


...................................

...THE KALAMAZOO MI CLIMATE SUMMARY FOR FEBRUARY 24 2018...
VALID TODAY AS OF 0500 PM LOCAL TIME.

CLIMATE NORMAL PERIOD 1981 TO 2010
CLIMATE RECORD PERIOD 1998 TO 2018


WEATHER ITEM   OBSERVED TIME   NORMAL DEPARTURE LAST
                VALUE   (LST)  VALUE  FROM      YEAR
                                      NORMAL
......................................................
TEMPERATURE (F)
 TODAY
  MAXIMUM         44    304 PM  37      7       61
  MINIMUM         35    832 AM  22     13       39
  AVERAGE         40            29     11       50

PRECIPITATION (IN)
  TODAY            0.00          0.06  -0.06     0.25
  MONTH TO DATE    4.78          1.21   3.57     1.20
  SINCE DEC 1      6.49          4.98   1.51     4.94
  SINCE JAN 1      5.80          3.00   2.80     3.89

DEGREE DAYS
 HEATING
  TODAY           25            36    -11       15
  MONTH TO DATE  892           925    -33      675
  SINCE DEC 1   3319          3306     13     2891
  SINCE JUL 1   4482          4633   -151     3791

 COOLING
  TODAY            0             0      0        0
  MONTH TO DATE    0             0      0        0
  SINCE DEC 1      0             0      0        0
  SINCE JAN 1      0             0      0        0
......................................................


WIND (MPH)
  RESULTANT WIND SPEED   5   RESULTANT WIND DIRECTION   E (70)
  HIGHEST WIND SPEED    14   HIGHEST WIND DIRECTION     E (100)
  HIGHEST GUST SPEED    21   HIGHEST GUST DIRECTION     E (100)
  AVERAGE WIND SPEED     8.5


SKY COVER
  AVERAGE SKY COVER 1.0


WEATHER CONDITIONS
 THE FOLLOWING WEATHER WAS RECORDED TODAY.
  NO SIGNIFICANT WEATHER WAS OBSERVED.


RELATIVE HUMIDITY (PERCENT)
 HIGHEST    82          1200 AM
 LOWEST     65           300 PM
 AVERAGE    74

..........................................................


THE KALAMAZOO MI CLIMATE NORMALS FOR TOMORROW
                         NORMAL
 MAXIMUM TEMPERATURE (F)   37
 MINIMUM TEMPERATURE (F)   22


SUNRISE AND SUNSET
FEBRUARY 24 2018......SUNRISE   725 AM EST   SUNSET   626 PM EST
FEBRUARY 25 2018......SUNRISE   724 AM EST   SUNSET   627 PM EST


-  INDICATES NEGATIVE NUMBERS.
R  INDICATES RECORD WAS SET OR TIED.
MM INDICATES DATA IS MISSING.
T  INDICATES TRACE AMOUNT.




$$
