000
CDUS43 KGRR 250517
CLIAZO


CLIMATE REPORT
NATIONAL WEATHER SERVICE GRAND RAPIDS, MI
117 AM EDT THU MAY 25 2017


...................................

...THE KALAMAZOO MI CLIMATE SUMMARY FOR MAY 24 2017...

CLIMATE NORMAL PERIOD 1981 TO 2010
CLIMATE RECORD PERIOD 1998 TO 2017


WEATHER ITEM   OBSERVED TIME   NORMAL DEPARTURE LAST
                VALUE   (LST)  VALUE  FROM      YEAR
                                      NORMAL
......................................................
TEMPERATURE (F)
 YESTERDAY
  MAXIMUM         72    100 PM  72      0       85
  MINIMUM         56    724 AM  50      6       48
  AVERAGE         64            61      3       67

PRECIPITATION (IN)
  YESTERDAY        0.48          0.11   0.37     0.00
  MONTH TO DATE    3.58          3.04   0.54     2.84
  SINCE MAR 1     10.37          8.37   2.00     8.93
  SINCE JAN 1     15.09         11.61   3.48    10.49

DEGREE DAYS
 HEATING
  YESTERDAY        1             5     -4        0
  MONTH TO DATE  217           193     24      229
  SINCE MAR 1   1455          1563   -108     1439
  SINCE JUL 1   5351          6336   -985     5487

 COOLING
  YESTERDAY        0             2     -2        2
  MONTH TO DATE   23            22      1        2
  SINCE MAR 1     34            26      8        4
  SINCE JAN 1     34            26      8        4
......................................................


WIND (MPH)
  RESULTANT WIND SPEED   5   RESULTANT WIND DIRECTION  NE (60)
  HIGHEST WIND SPEED    16   HIGHEST WIND DIRECTION     E (90)
  HIGHEST GUST SPEED    26   HIGHEST GUST DIRECTION     E (80)
  AVERAGE WIND SPEED     6.1


SKY COVER
  AVERAGE SKY COVER 0.5


WEATHER CONDITIONS
 THE FOLLOWING WEATHER WAS RECORDED YESTERDAY.
  THUNDERSTORM
  HEAVY RAIN
  RAIN
  LIGHT RAIN
  FOG


RELATIVE HUMIDITY (PERCENT)
 HIGHEST    90           600 PM
 LOWEST     49           100 PM
 AVERAGE    70

..........................................................


THE KALAMAZOO MI CLIMATE NORMALS FOR TODAY
                         NORMAL
 MAXIMUM TEMPERATURE (F)   73
 MINIMUM TEMPERATURE (F)   51


SUNRISE AND SUNSET
MAY 25 2017...........SUNRISE   612 AM EDT   SUNSET   906 PM EDT
MAY 26 2017...........SUNRISE   612 AM EDT   SUNSET   907 PM EDT


-  INDICATES NEGATIVE NUMBERS.
R  INDICATES RECORD WAS SET OR TIED.
MM INDICATES DATA IS MISSING.
T  INDICATES TRACE AMOUNT.




$$
