000
CDUS41 KBOX 022133
CLIBDL


CLIMATE REPORT
NATIONAL WEATHER SERVICE TAUNTON MA
529 PM EDT TUE SEP 2 2014


...................................

...THE HARTFORD CT CLIMATE SUMMARY FOR SEPTEMBER 2 2014...
VALID AS OF 0500 PM LOCAL TIME.

CLIMATE NORMAL PERIOD 1981 TO 2010
CLIMATE RECORD PERIOD 1904 TO 2014


WEATHER ITEM   OBSERVED TIME   RECORD YEAR NORMAL DEPARTURE LAST
                VALUE   (LST)  VALUE       VALUE  FROM      YEAR
                                                  NORMAL
..................................................................
TEMPERATURE (F)
 TODAY
  MAXIMUM         93   1129 AM 101    1953  80     13       78
  MINIMUM         72    520 AM  43    1967  58     14       70
  AVERAGE         83                        69     14       74

PRECIPITATION (IN)
  TODAY            0.17          1.78 2003   0.11   0.06     1.01
  MONTH TO DATE    0.17                      0.22  -0.05     1.40
  SINCE SEP 1      0.17                      0.22  -0.05     1.40
  SINCE JAN 1     32.14                     30.49   1.65    39.40

SNOWFALL (IN)
  TODAY            0.0           0.0  2002   0.0    0.0      0.0
                                      2001
                                      2000
  MONTH TO DATE    0.0                       0.0    0.0      0.0
  SINCE SEP 1      0.0                       0.0    0.0      0.0
  SINCE JUL 1      0.0                       0.0    0.0      0.0
  SNOW DEPTH       0

DEGREE DAYS
 HEATING
  TODAY            0                         1     -1        0
  MONTH TO DATE    0                         2     -2        0
  SINCE SEP 1      0                         2     -2        0
  SINCE JUL 1      2                        14    -12        2

 COOLING
  TODAY           18                         5     13        9
  MONTH TO DATE   32                        10     22       19
  SINCE SEP 1     32                        10     22       19
  SINCE JAN 1    691                       685      6      843
..................................................................


WIND (MPH)
  HIGHEST WIND SPEED    24   HIGHEST WIND DIRECTION    NW (330)
  HIGHEST GUST SPEED    30   HIGHEST GUST DIRECTION    NW (320)
  AVERAGE WIND SPEED     7.2


SKY COVER
  POSSIBLE SUNSHINE  MM
  AVERAGE SKY COVER 0.6


WEATHER CONDITIONS
 THE FOLLOWING WEATHER WAS RECORDED TODAY.
  RAIN
  LIGHT RAIN
  FOG


RELATIVE HUMIDITY (PERCENT)
 HIGHEST    93           200 AM
 LOWEST     47           400 PM
 AVERAGE    70

..........................................................


THE HARTFORD CT CLIMATE NORMALS FOR TOMORROW
                         NORMAL    RECORD    YEAR
 MAXIMUM TEMPERATURE (F)   79        96      1953
 MINIMUM TEMPERATURE (F)   58        40      1967


SUNRISE AND SUNSET
SEPTEMBER  2 2014.....SUNRISE   617 AM EDT   SUNSET   723 PM EDT
SEPTEMBER  3 2014.....SUNRISE   618 AM EDT   SUNSET   721 PM EDT


-  INDICATES NEGATIVE NUMBERS.
R  INDICATES RECORD WAS SET OR TIED.
MM INDICATES DATA IS MISSING.
T  INDICATES TRACE AMOUNT.




$$
