000
CDAK48 PABE 292325
CLIBET

CLIMATE REPORT
NATIONAL WEATHER SERVICE BETHEL, AK
325 PM AKDT WED JUL 29 2015

...................................
...THE BETHEL AP CLIMATE SUMMARY FOR JULY 29 2015...
VALID TODAY AS OF 2:00 PM LOCAL TIME

CLIMATE NORMAL PERIOD  1981 TO  2010
CLIMATE RECORD PERIOD  1923 TO  2015

WEATHER ITEM   OBSERVED TIME    RECORD YEAR NORMAL DEPARTURE LAST
               VALUE    (LST)   VALUE       VALUE  FROM      YEAR
                                                   NORMAL
...................................................................
TEMPERATURE
TODAY
 MAXIMUM            59  0159 PM    75  2013     62      -3     74
 MINIMUM            50  1243 AM    35  2000     49       1     47
 AVERAGE            55                          55       0     61

PRECIPITATION
(INCHES)
 TODAY               T           0.70  1970   0.10   -0.10   0.00
 MONTH TO DATE    1.97                        2.16   -0.19   2.45
 SINCE JUN 1      2.25                        3.88   -1.63   3.97
 SINCE JAN 1      6.65                        7.97   -1.32   7.01

SNOWFALL
(INCHES)
 TODAY             0.0            0.0  2015    0.0     0.0    0.0
 MONTH TO DATE     0.0                         0.0     0.0    0.0
 SINCE JUN 1       0.0                         0.0     0.0    0.0
 SINCE JUL 1       0.0                         0.0     0.0    0.0
 SNOW DEPTH (IN)     0                                          0

DEGREE DAYS
 HEATING
  TODAY             10                          10       0      4
  MONTH TO DATE    231                         264     -33    266
  SINCE JUN 1      469                         641    -172    686
  SINCE JUL 1      231                         264     -33    266

 COOLING
  TODAY              0                           0       0      0
  MONTH TO DATE      1                           0       1      0
  SINCE JUN 1       11                           0      11      0
  SINCE JAN 1       11                           0      11      0
...................................................................

WIND (MPH)
 HIGHEST WIND SPEED     9     HIGHEST WIND DIRECTION    250
 HIGHEST GUST SPEED    14     HIGHEST GUST DIRECTION    300

WEATHER CONDITIONS
 THE FOLLOWING WEATHER WAS RECORDED TODAY.
 FOG
 DRIZZLE
 RAIN

...................................................................

THE BETHEL CLIMATE NORMALS FOR TOMORROW
                        NORMAL    RECORD   YEAR
 MAXIMUM TEMPERATURE      62        76     1965
 MINIMUM TEMPERATURE      49        39     1939

SUNRISE AND SUNSET
 JUL 29 2015..........SUNRISE  6:16 AM      SUNSET 11:31 PM
 JUL 30 2015..........SUNRISE  6:18 AM      SUNSET 11:28 PM

-  INDICATES NEGATIVE NUMBERS.
R  INDICATES RECORD HAS BEEN SET OR TIED.
MM INDICATES DATA IS MISSING.
T  INDICATES TRACE OF PRECIPITATION.

&&
-------------------------------------------------------------------

AMOUNT OF DAYLIGHT TODAY  (HOUR:MIN)........17 HOURS 15 MINUTES
LOSS SINCE YESTERDAY (HOUR:MIN:SEC)....-0:04:55

$$
CR JUL 15
