000
CDAK48 PABE 031232
CLIBET

CLIMATE REPORT
NATIONAL WEATHER SERVICE BETHEL, AK
432 AM AKDT THU SEP 3 2015

...................................
...THE BETHEL AP CLIMATE SUMMARY FOR SEPTEMBER 2 2015...

CLIMATE NORMAL PERIOD  1981 TO  2010
CLIMATE RECORD PERIOD  1923 TO  2015

WEATHER ITEM   OBSERVED TIME    RECORD YEAR NORMAL DEPARTURE LAST
               VALUE    (LST)   VALUE       VALUE  FROM      YEAR
                                                   NORMAL
...................................................................
TEMPERATURE
YESTERDAY
 MAXIMUM            57  0438 PM    69  1974     57       0     54
 MINIMUM            47  0707 AM    30  1983     44       3     47
 AVERAGE            52                          51       1     51

PRECIPITATION
(INCHES)
 YESTERDAY        0.24           0.82  2012   0.10    0.14   0.06
 MONTH TO DATE    0.24                        0.20    0.04   0.13
 SINCE SEP 1      0.24                        0.20    0.04   0.13
 SINCE JAN 1     10.04                       11.62   -1.58   9.44

SNOWFALL
(INCHES)
 YESTERDAY         0.0            0.0  2015    0.0     0.0    0.0
 MONTH TO DATE     0.0                         0.0     0.0    0.0
 SINCE SEP 1       0.0                         0.0     0.0    0.0
 SINCE JUL 1       0.0                         0.0     0.0    0.0
 SNOW DEPTH (IN)     0                                          0

DEGREE DAYS
 HEATING
  YESTERDAY         13                          14      -1     14
  MONTH TO DATE     31                          28       3     27
  SINCE SEP 1       31                          28       3     27
  SINCE JUL 1      645                         670     -25    548

 COOLING
  YESTERDAY          0                           0       0      0
  MONTH TO DATE      0                           0       0      0
  SINCE SEP 1        0                           0       0      0
  SINCE JAN 1       11                           0      11      0
...................................................................

WIND (MPH)
 HIGHEST WIND SPEED    14     HIGHEST WIND DIRECTION    180
 HIGHEST GUST SPEED    18     HIGHEST GUST DIRECTION    160
 AVERAGE WIND SPEED   6.9

WEATHER CONDITIONS
 THE FOLLOWING WEATHER WAS RECORDED YESTERDAY.
 FOG
 RAIN

...................................................................

THE BETHEL CLIMATE NORMALS FOR TODAY
                           NORMAL    RECORD   YEAR
 MAXIMUM TEMPERATURE (F)     57        70     1974
 MINIMUM TEMPERATURE (F)     44        30     1940

SUNRISE AND SUNSET
 SEP 3 2015..........SUNRISE  7:46 AM      SUNSET  9:47 PM
 SEP 4 2015..........SUNRISE  7:48 AM      SUNSET  9:44 PM

-  INDICATES NEGATIVE NUMBERS.
R  INDICATES RECORD HAS BEEN SET OR TIED.
MM INDICATES DATA IS MISSING.
T  INDICATES TRACE OF PRECIPITATION.

&&
-------------------------------------------------------------------

AMOUNT OF DAYLIGHT TODAY  (HOUR:MIN)........14 HOURS 1 MINUTES
LOSS SINCE YESTERDAY (HOUR:MIN:SEC)....-0:05:33

$$
CR SEP 15
