000
CDAK48 PAFC 231319
CLIBET


CLIMATE REPORT
NATIONAL WEATHER SERVICE ANCHORAGE, AK
418 AM AKST THU FEB 23 2017


...................................

...THE BETHEL CLIMATE SUMMARY FOR FEBRUARY 22 2017...

CLIMATE NORMAL PERIOD 1981 TO 2010
CLIMATE RECORD PERIOD 1948 TO 2017


WEATHER ITEM   OBSERVED TIME   RECORD YEAR NORMAL DEPARTURE LAST
                VALUE   (LST)  VALUE       VALUE  FROM      YEAR
                                                  NORMAL
..................................................................
TEMPERATURE (F)
 YESTERDAY
  MAXIMUM         36   1159 PM  44    1934  20     16       27
  MINIMUM          1    936 AM -36    1931   6     -5       10
  AVERAGE         19                        12      7       19

PRECIPITATION (IN)
  YESTERDAY        0.05          0.76 1951   0.03   0.02      T
  MONTH TO DATE    0.54                      0.57  -0.03     0.16
  SINCE DEC 1      2.51                      2.47   0.04     1.63
  SINCE JAN 1      1.75                      1.35   0.40     0.39

SNOWFALL (IN)
  YESTERDAY        0.3           7.1  1951   0.3    0.0       T
  MONTH TO DATE    4.4                       5.3   -0.9      1.3
  SINCE DEC 1     21.7                      26.3   -4.6     17.6
  SINCE JUL 1     25.3                      44.2  -18.9     27.0
  SNOW DEPTH      10

DEGREE DAYS
 HEATING
  YESTERDAY       46                        52     -6       46
  MONTH TO DATE 1456                      1198    258     1004
  SINCE DEC 1   4793                      4702     91     3804
  SINCE JUL 1   8021                      8425   -404     7016

 COOLING
  YESTERDAY        0                         0      0        0
  MONTH TO DATE    0                         0      0        0
  SINCE DEC 1      0                         0      0        0
  SINCE JAN 1      0                         0      0        0
..................................................................


WIND (MPH)
  RESULTANT WIND SPEED  13   RESULTANT WIND DIRECTION   S (160)
  HIGHEST WIND SPEED    32   HIGHEST WIND DIRECTION     S (160)
  HIGHEST GUST SPEED    42   HIGHEST GUST DIRECTION    SE (150)
  AVERAGE WIND SPEED    15.4



WEATHER CONDITIONS
 THE FOLLOWING WEATHER WAS RECORDED YESTERDAY.
  LT FREEZING RAIN
  LIGHT SNOW
  FOG
  BLOWING SNOW


RELATIVE HUMIDITY (PERCENT)
 HIGHEST   100
 LOWEST     80
 AVERAGE    90

..........................................................


THE BETHEL CLIMATE NORMALS FOR TODAY
                         NORMAL    RECORD    YEAR
 MAXIMUM TEMPERATURE (F)   20        43      1934
 MINIMUM TEMPERATURE (F)    6       -29      1926


SUNRISE AND SUNSET
FEBRUARY 23 2017......SUNRISE   903 AM AKST  SUNSET   659 PM AKST
FEBRUARY 24 2017......SUNRISE   900 AM AKST  SUNSET   701 PM AKST


-  INDICATES NEGATIVE NUMBERS.
R  INDICATES RECORD WAS SET OR TIED.
MM INDICATES DATA IS MISSING.
T  INDICATES TRACE AMOUNT.




$$
