077
CDAK48 PAFC 231313
CLIBET

CLIMATE REPORT
NATIONAL WEATHER SERVICE ANCHORAGE, AK
412 AM AKST MON JAN 23 2017


...................................

...THE BETHEL CLIMATE SUMMARY FOR JANUARY 22 2017...

CLIMATE NORMAL PERIOD 1981 TO 2010
CLIMATE RECORD PERIOD 1948 TO 2017


WEATHER ITEM   OBSERVED TIME   RECORD YEAR NORMAL DEPARTURE LAST
                VALUE   (LST)  VALUE       VALUE  FROM      YEAR
                                                  NORMAL
..................................................................
TEMPERATURE (F)
 YESTERDAY
  MAXIMUM        -17   1159 PM  40    1937  12    -29        7
  MINIMUM        -31    255 AM -39    1973   1    -32        3
  AVERAGE        -24                         6    -30        5

PRECIPITATION (IN)
  YESTERDAY        0.00          0.30 1999   0.02  -0.02     0.00
  MONTH TO DATE    0.64                      0.57   0.07     0.14
  SINCE DEC 1      1.40                      1.69  -0.29     1.38
  SINCE JAN 1      0.64                      0.57   0.07     0.14

SNOWFALL (IN)
  YESTERDAY        0.0           3.9  2000   0.3   -0.3      0.0
  MONTH TO DATE    4.3                       7.2   -2.9      2.2
  SINCE DEC 1     11.8                      18.6   -6.8     15.6
  SINCE JUL 1     15.4                      36.5  -21.1     25.0
  SNOW DEPTH       4

DEGREE DAYS
 HEATING
  YESTERDAY       89                        59     30       60
  MONTH TO DATE 1341                      1293     48      984
  SINCE DEC 1   2930                      2987    -57     2482
  SINCE JUL 1   6158                      6710   -552     5694

 COOLING
  YESTERDAY        0                         0      0        0
  MONTH TO DATE    0                         0      0        0
  SINCE DEC 1      0                         0      0        0
  SINCE JAN 1      0                         0      0        0
..................................................................


WIND (MPH)
  RESULTANT WIND SPEED  14   RESULTANT WIND DIRECTION   N (20)
  HIGHEST WIND SPEED    26   HIGHEST WIND DIRECTION    NE (30)
  HIGHEST GUST SPEED    32   HIGHEST GUST DIRECTION    NE (40)
  AVERAGE WIND SPEED    14.1



WEATHER CONDITIONS
 THE FOLLOWING WEATHER WAS RECORDED YESTERDAY.
  NO SIGNIFICANT WEATHER WAS OBSERVED.


RELATIVE HUMIDITY (PERCENT)
 HIGHEST    83
 LOWEST     66
 AVERAGE    75

..........................................................


THE BETHEL CLIMATE NORMALS FOR TODAY
                         NORMAL    RECORD    YEAR
 MAXIMUM TEMPERATURE (F)   12        45      1963
 MINIMUM TEMPERATURE (F)    1       -43      1947


SUNRISE AND SUNSET
JANUARY 23 2017.......SUNRISE  1025 AM AKST  SUNSET   534 PM AKST
JANUARY 24 2017.......SUNRISE  1023 AM AKST  SUNSET   537 PM AKST

CIVIL TWILIGHT
JANUARY 23 2017         START    934 AM GMT     END    627 PM GMT
JANUARY 24 2017         START    932 AM GMT     END    629 PM GMT



-  INDICATES NEGATIVE NUMBERS.
R  INDICATES RECORD WAS SET OR TIED.
MM INDICATES DATA IS MISSING.
T  INDICATES TRACE AMOUNT.




$$
&&
------------------------------------------------------
AMOUNT OF DAYLIGHT TODAY  (HOUR:MIN)........ 7:09
GAIN/LOSS SINCE YESTERDAY (HOUR:MIN:SEC)....+0:04:43

$$
