000
CDAK48 PABE 250905
CLIBET

CLIMATE REPORT
NATIONAL WEATHER SERVICE BETHEL, AK
105 AM AKDT THU AUG 25 2016

...................................
...THE BETHEL AP CLIMATE SUMMARY FOR AUGUST 24 2016...

CLIMATE NORMAL PERIOD  1981 TO  2010
CLIMATE RECORD PERIOD  1948 TO  2016

WEATHER ITEM   OBSERVED TIME    RECORD YEAR NORMAL DEPARTURE LAST
               VALUE    (LST)   VALUE       VALUE  FROM      YEAR
                                                   NORMAL
...................................................................
TEMPERATURE
YESTERDAY
 MAXIMUM            63  0621 PM    78  1923     59       4     56
 MINIMUM            51  0632 AM    33  1924     46       5     51
 AVERAGE            57                          53       4     54

PRECIPITATION
(INCHES)
 YESTERDAY        0.11           0.85  1959   0.10    0.01   0.01
 MONTH TO DATE    3.06                        2.53    0.53   1.77
 SINCE JUN 1      7.52                        6.61    0.91   4.13
 SINCE JAN 1     10.78                       10.70    0.08   8.53

SNOWFALL
(INCHES)
 YESTERDAY         0.0            0.0  2016    0.0     0.0    0.0
 MONTH TO DATE     0.0                         0.0     0.0    0.0
 SINCE JUN 1       0.0                         0.0     0.0    0.0
 SINCE JUL 1       0.0                         0.0     0.0    0.0
 SNOW DEPTH (IN)     0                                          0

DEGREE DAYS
 HEATING
  YESTERDAY          8                          12      -4     11
  MONTH TO DATE    166                         265     -99    255
  SINCE JUN 1      623                         926    -303    734
  SINCE JUL 1      351                         549    -198    496

 COOLING
  YESTERDAY          0                           0       0      0
  MONTH TO DATE      0                           0       0      0
  SINCE JUN 1       13                           0      13     11
  SINCE JAN 1       13                           0      13     11
...................................................................

WIND (MPH)
 HIGHEST WIND SPEED     9     HIGHEST WIND DIRECTION     20
 HIGHEST GUST SPEED    12     HIGHEST GUST DIRECTION     10
 AVERAGE WIND SPEED   4.5

SKY COVER
  POSSIBLE SUNSHINE    MM          AVERAGE SKY COVER     MM

WEATHER CONDITIONS
 THE FOLLOWING WEATHER WAS RECORDED YESTERDAY.
  FOG
RAIN


RELATIVE HUMIDITY
 HIGHEST RH     MM PERCENT       MM
 LOWEST  RH     MM PERCENT       MM
 AVERAGE RH     MM PERCENT       MM
...................................................................

THE BETHEL CLIMATE NORMALS FOR TODAY
                           NORMAL    RECORD   YEAR
 MAXIMUM TEMPERATURE (F)     59        75     1987
 MINIMUM TEMPERATURE (F)     46        32     1998

SUNRISE AND SUNSET
 AUG 25 2016..........SUNRISE  7:25 AM      SUNSET 10:12 PM
 AUG 26 2016..........SUNRISE  7:28 AM      SUNSET 10:09 PM

-  INDICATES NEGATIVE NUMBERS.
R  INDICATES RECORD HAS BEEN SET OR TIED.
MM INDICATES DATA IS MISSING.
T  INDICATES TRACE OF PRECIPITATION.

&&
-------------------------------------------------------------------

AMOUNT OF DAYLIGHT TODAY  (HOUR:MIN)........14 HOURS 47 MINUTES
GAIN/LOSS SINCE YESTERDAY (HOUR:MIN:SEC)....-0:05:31

$$
SE AUG 16
