000
CDAK48 PABE 262330
CLIBET

CLIMATE REPORT
NATIONAL WEATHER SERVICE BETHEL, AK
330 PM AKDT TUE MAY 26 2015

...................................
...THE BETHEL AP CLIMATE SUMMARY FOR MAY 26 2015...
VALID TODAY AS OF 2:00 PM LOCAL TIME

CLIMATE NORMAL PERIOD  1981 TO  2010
CLIMATE RECORD PERIOD  1923 TO  2015

WEATHER ITEM   OBSERVED TIME    RECORD YEAR NORMAL DEPARTURE LAST
               VALUE    (LST)   VALUE       VALUE  FROM      YEAR
                                                   NORMAL
...................................................................
TEMPERATURE
TODAY
 MAXIMUM            58  0159 PM    78  1969     55       3     50
 MINIMUM            38  0526 AM    26  2001     37       1     34
 AVERAGE            48                          46       2     42

PRECIPITATION
(INCHES)
 TODAY               T           0.36  1944   0.04   -0.04   0.12
 MONTH TO DATE    1.74                        0.93    0.81   0.15
 SINCE MAR 1      3.30                        2.38    0.92   0.97
 SINCE JAN 1      4.34                        3.88    0.46   2.55

SNOWFALL
(INCHES)
 TODAY             0.0            0.3  2008    0.0     0.0    0.0
 MONTH TO DATE       T                         2.0    -2.0    0.0
 SINCE MAR 1      16.6                        15.9     0.7    5.7
 SINCE JUL 1      42.1                        61.7   -19.6   27.8
 SNOW DEPTH (IN)     0                                          0

DEGREE DAYS
 HEATING
  TODAY             17                          19      -2     23
  MONTH TO DATE    505                         625    -120    547
  SINCE MAR 1     2909                        3311    -402   3092
  SINCE JUL 1    10684                       12057   -1373  10567

 COOLING
  TODAY              0                           0       0      0
  MONTH TO DATE      0                           0       0      0
  SINCE MAR 1        0                           0       0      0
  SINCE JAN 1        0                           0       0      0
...................................................................

WIND (MPH)
 HIGHEST WIND SPEED    15     HIGHEST WIND DIRECTION    150
 HIGHEST GUST SPEED    20     HIGHEST GUST DIRECTION    150
 AVERAGE WIND SPEED    MM

SKY COVER
  POSSIBLE SUNSHINE  MM            AVERAGE SKY COVER MM

WEATHER CONDITIONS
 THE FOLLOWING WEATHER WAS RECORDED TODAY.
 RAIN


RELATIVE HUMIDITY
 HIGHEST RH     MM PERCENT       MM
 LOWEST  RH     MM PERCENT       MM
 AVERAGE RH     MM PERCENT       MM
...................................................................

THE BETHEL CLIMATE NORMALS FOR TOMORROW
                        NORMAL    RECORD   YEAR
 MAXIMUM TEMPERATURE      55        75     1981
 MINIMUM TEMPERATURE      37        25     2001

SUNRISE AND SUNSET
 MAY 26 2015..........SUNRISE  5:40 AM      SUNSET 11:52 PM
 MAY 27 2015..........SUNRISE  5:38 AM      SUNSET 11:54 PM

-  INDICATES NEGATIVE NUMBERS.
R  INDICATES RECORD HAS BEEN SET OR TIED.
MM INDICATES DATA IS MISSING.
T  INDICATES TRACE OF PRECIPITATION.

&&
-------------------------------------------------------------------

AMOUNT OF DAYLIGHT TODAY  (HOUR:MIN)........18 HOURS 12 MINUTES
GAIN/LOSS SINCE YESTERDAY (HOUR:MIN:SEC)....+0:04:09

$$
DAC
