000
CDAK48 PAFC 111248
CLIBET


CLIMATE REPORT
NATIONAL WEATHER SERVICE ANCHORAGE, AK
348 AM AKST MON DEC 11 2017


...................................

...THE BETHEL CLIMATE SUMMARY FOR DECEMBER 10 2017...

CLIMATE NORMAL PERIOD 1981 TO 2010
CLIMATE RECORD PERIOD 1948 TO 2017


WEATHER ITEM   OBSERVED TIME   RECORD YEAR NORMAL DEPARTURE LAST
                VALUE   (LST)  VALUE       VALUE  FROM      YEAR
                                                  NORMAL
..................................................................
TEMPERATURE (F)
 YESTERDAY
  MAXIMUM         31   1159 PM  42    1932  18     13        0
  MINIMUM         17   1254 AM -37    1975   5     12      -10
  AVERAGE         24                        12     12       -5

PRECIPITATION (IN)
  YESTERDAY        T             0.55 1951   0.04  -0.04     0.00
  MONTH TO DATE    0.38                      0.40  -0.02      T
  SINCE SEP 1      9.12                      6.40   2.72     4.38
  SINCE JAN 1     24.05                     17.82   6.23    15.30

SNOWFALL (IN)
  YESTERDAY       MM             5.6  1951   0.4   MM        0.0
  MONTH TO DATE    2.5                       4.0   -1.5       T
  SINCE SEP 1      9.8                      21.9  -12.1      3.6
  SINCE JUL 1      9.8                      21.9  -12.1      3.6
  SNOW DEPTH       4

DEGREE DAYS
 HEATING
  YESTERDAY       41                        53    -12       70
  MONTH TO DATE  413                       525   -112      705
  SINCE DEC 1    413                       525   -112      705
  SINCE JUL 1   3579                      4248   -669     3933

 COOLING
  YESTERDAY        0                         0      0        0
  MONTH TO DATE    0                         0      0        0
  SINCE DEC 1      0                         0      0        0
  SINCE JAN 1      6                         4      2       13
..................................................................


WIND (MPH)
  RESULTANT WIND SPEED  16   RESULTANT WIND DIRECTION   N (20)
  HIGHEST WIND SPEED    25   HIGHEST WIND DIRECTION     N (20)
  HIGHEST GUST SPEED    32   HIGHEST GUST DIRECTION     N (20)
  AVERAGE WIND SPEED    15.6



WEATHER CONDITIONS
 THE FOLLOWING WEATHER WAS RECORDED YESTERDAY.
  LIGHT SNOW
  FOG


RELATIVE HUMIDITY (PERCENT)
 HIGHEST    92
 LOWEST     88
 AVERAGE    90

..........................................................


THE BETHEL CLIMATE NORMALS FOR TODAY
                         NORMAL    RECORD    YEAR
 MAXIMUM TEMPERATURE (F)   18        40      1932
 MINIMUM TEMPERATURE (F)    5       -30      1975
                                             1964
                                             1953


SUNRISE AND SUNSET
DECEMBER 11 2017......SUNRISE  1048 AM AKST  SUNSET   434 PM AKST
DECEMBER 12 2017......SUNRISE  1049 AM AKST  SUNSET   433 PM AKST


-  INDICATES NEGATIVE NUMBERS.
R  INDICATES RECORD WAS SET OR TIED.
MM INDICATES DATA IS MISSING.
T  INDICATES TRACE AMOUNT.




$$
