000
CDAK48 PABE 261106
CLIBET

CLIMATE REPORT
NATIONAL WEATHER SERVICE BETHEL, AK
306 AM AKDT SAT JUL 26 2014

...................................
...THE BETHEL AP CLIMATE SUMMARY FOR JULY 25 2014...

CLIMATE NORMAL PERIOD  1981 TO  2010
CLIMATE RECORD PERIOD  1923 TO  2014

WEATHER ITEM   OBSERVED TIME    RECORD YEAR NORMAL DEPARTURE LAST
               VALUE    (LST)   VALUE       VALUE  FROM      YEAR
                                                   NORMAL
...................................................................
TEMPERATURE
YESTERDAY
 MAXIMUM            60  0631 PM    83  1968     63      -3     76
 MINIMUM            40R 0522 AM    40  1969     49      -9     52
 AVERAGE            50                          56      -6     64

PRECIPITATION
(INCHES)
 YESTERDAY           T           1.22  1966   0.09   -0.09   0.00
 MONTH TO DATE    2.44                        1.78    0.66   2.22
 SINCE JUN 1      3.96                        3.50    0.46   3.83
 SINCE JAN 1      7.00                        7.59   -0.59   7.13

SNOWFALL
(INCHES)
 YESTERDAY         0.0            0.0  2014    0.0     0.0    0.0
 MONTH TO DATE     0.0                         0.0     0.0    0.0
 SINCE JUN 1       0.0                         0.0     0.0    0.0
 SINCE JUL 1       0.0                         0.0     0.0    0.0
 SNOW DEPTH (IN)     0                                          0

DEGREE DAYS
 HEATING
  YESTERDAY         15                           9       6      1
  MONTH TO DATE    235                         225      10    257
  SINCE JUN 1      655                         602      53    545
  SINCE JUL 1      235                         225      10    257

 COOLING
  YESTERDAY          0                           0       0      0
  MONTH TO DATE      0                           0       0      0
  SINCE JUN 1        0                           0       0      7
  SINCE JAN 1        0                           0       0      7
...................................................................

WIND (MPH)
 HIGHEST WIND SPEED    18     HIGHEST WIND DIRECTION    330
 HIGHEST GUST SPEED    22     HIGHEST GUST DIRECTION    300
 AVERAGE WIND SPEED   9.9

SKY COVER
  POSSIBLE SUNSHINE    MM          AVERAGE SKY COVER     MM

WEATHER CONDITIONS
 THE FOLLOWING WEATHER WAS RECORDED YESTERDAY.
  RAIN


RELATIVE HUMIDITY
 HIGHEST RH     MM PERCENT       MM
 LOWEST  RH     MM PERCENT       MM
 AVERAGE RH     MM PERCENT       MM
...................................................................

THE BETHEL CLIMATE NORMALS FOR TODAY
                           NORMAL    RECORD   YEAR
 MAXIMUM TEMPERATURE (F)     62        80     2013
 MINIMUM TEMPERATURE (F)     49        37     1925

SUNRISE AND SUNSET
 JUL 26 2014..........SUNRISE  6:09 AM      SUNSET 11:38 PM
 JUL 27 2014..........SUNRISE  6:12 AM      SUNSET 11:35 PM

-  INDICATES NEGATIVE NUMBERS.
R  INDICATES RECORD HAS BEEN SET OR TIED.
MM INDICATES DATA IS MISSING.
T  INDICATES TRACE OF PRECIPITATION.

&&
-------------------------------------------------------------------

AMOUNT OF DAYLIGHT TODAY  (HOUR:MIN)........17 HOURS 29 MINUTES
GAIN/LOSS SINCE YESTERDAY (HOUR:MIN:SEC)....-0:04:47

$$
BDW JUL 14
