657
CDAK48 PAFC 240054
CLIBET


CLIMATE REPORT
NATIONAL WEATHER SERVICE ANCHORAGE, AK
454 PM AKDT WED AUG 23 2017


...................................

...THE BETHEL CLIMATE SUMMARY FOR AUGUST 23 2017...
VALID TODAY AS OF 0400 PM LOCAL TIME.

CLIMATE NORMAL PERIOD 1981 TO 2010
CLIMATE RECORD PERIOD 1948 TO 2017


WEATHER ITEM   OBSERVED TIME   RECORD YEAR NORMAL DEPARTURE LAST
                VALUE   (LST)  VALUE       VALUE  FROM      YEAR
                                                  NORMAL
..................................................................
TEMPERATURE (F)
 TODAY
  MAXIMUM         52        MM  75    1987  59     -7       60
  MINIMUM         48        MM  32    1924  46      2       52
  AVERAGE         50                        53     -3       56

PRECIPITATION (IN)
  TODAY            0.24          0.96 1954   0.11   0.13     0.06
  MONTH TO DATE    3.97                      2.43   1.54     2.93
  SINCE JUN 1      8.97                      6.51   2.46     7.34
  SINCE JAN 1     13.94                     10.60   3.34    10.58

SNOWFALL (IN)
  TODAY            0.0          MM      MM   0.0    0.0      0.0
  MONTH TO DATE    0.0                       0.0    0.0      0.0
  SINCE JUN 1      0.0                       T      0.0      0.0
  SINCE JUL 1      0.0                       0.0    0.0      0.0
  SNOW DEPTH       0

DEGREE DAYS
 HEATING
  TODAY           15                        12      3        9
  MONTH TO DATE  222                       253    -31      149
  SINCE JUN 1    712                       909   -197      586
  SINCE JUL 1    437                       531    -94      313

 COOLING
  TODAY            0                         0      0        0
  MONTH TO DATE    3                         0      3        0
  SINCE JUN 1      6                         3      3       13
  SINCE JAN 1      6                         3      3       13
..................................................................


WIND (MPH)
  RESULTANT WIND SPEED   0   RESULTANT WIND DIRECTION   N (340)
  HIGHEST WIND SPEED     8   HIGHEST WIND DIRECTION     N (10)
  HIGHEST GUST SPEED    MM   HIGHEST GUST DIRECTION    MM
  AVERAGE WIND SPEED     4.2



WEATHER CONDITIONS
 THE FOLLOWING WEATHER WAS RECORDED TODAY.
  LIGHT RAIN
  FOG
  FOG W/VISIBILITY <= 1/4 MILE


RELATIVE HUMIDITY (PERCENT)
 HIGHEST   100
 LOWEST     96
 AVERAGE    98

..........................................................


THE BETHEL CLIMATE NORMALS FOR TOMORROW
                         NORMAL    RECORD    YEAR
 MAXIMUM TEMPERATURE (F)   59        78      1923
 MINIMUM TEMPERATURE (F)   46        33      1924


SUNRISE AND SUNSET
AUGUST 23 2017........SUNRISE   719 AM AKDT  SUNSET  1019 PM AKDT
AUGUST 24 2017........SUNRISE   721 AM AKDT  SUNSET  1016 PM AKDT


-  INDICATES NEGATIVE NUMBERS.
R  INDICATES RECORD WAS SET OR TIED.
MM INDICATES DATA IS MISSING.
T  INDICATES TRACE AMOUNT.




$$
