000
CDUS45 KCYS 210742
CLIBFF


CLIMATE REPORT
NATIONAL WEATHER SERVICE CHEYENNE WY
131 AM MDT MON APR 21 2014


...................................

...THE SCOTTSBLUFF NEBRASKA AIRPORT CLIMATE SUMMARY FOR APRIL 20 2014...

CLIMATE NORMAL PERIOD 1981 TO 2010
CLIMATE RECORD PERIOD 1871 TO 2014


WEATHER ITEM   OBSERVED TIME   RECORD YEAR NORMAL DEPARTURE LAST
                VALUE   (LST)  VALUE       VALUE  FROM      YEAR
                                                  NORMAL
..................................................................
TEMPERATURE (F)
 YESTERDAY
  MAXIMUM         81    200 PM  89    1910  63     18       62
  MINIMUM         38    517 AM  -3    1966  33      5       36
  AVERAGE         60                        48     12       49

PRECIPITATION (IN)
  YESTERDAY        0.00          1.97 1933   0.06  -0.06     0.03
  MONTH TO DATE    0.09                      1.17  -1.08     1.86
  SINCE JAN 1      2.54                      3.18  -0.64     2.61

SNOWFALL (IN)
  YESTERDAY        0.0           4.1  1984   0.2   -0.2      0.0
  MONTH TO DATE    1.1                       4.3   -3.2     17.4
  SINCE JUL 1     61.5                      40.5   21.0     40.3
  SNOW DEPTH       0

DEGREE DAYS
 HEATING
  YESTERDAY        5                        17    -12       16
  MONTH TO DATE  364                       400    -36      539
  SINCE MAR 1   1194                      1229    -35     1356
  SINCE JUL 1   6227                      6141     86     5877

 COOLING
  YESTERDAY        0                         0      0        0
  MONTH TO DATE    0                         0      0        0
  SINCE MAR 1      0                         0      0        0
  SINCE JAN 1      0                         0      0        0
..................................................................


WIND (MPH)
  HIGHEST WIND SPEED    23   HIGHEST WIND DIRECTION    NE (30)
  HIGHEST GUST SPEED    31   HIGHEST GUST DIRECTION     N (340)
  AVERAGE WIND SPEED     9.9


SKY COVER
  AVERAGE SKY COVER 0.0


WEATHER CONDITIONS
 THE FOLLOWING WEATHER WAS RECORDED YESTERDAY.
  NO SIGNIFICANT WEATHER WAS OBSERVED.


RELATIVE HUMIDITY (PERCENT)
 HIGHEST    79           400 AM
 LOWEST     16           300 PM
 AVERAGE    48

..........................................................


THE SCOTTSBLUFF NEBRASKA AIRPORT CLIMATE NORMALS FOR TODAY
                         NORMAL    RECORD    YEAR
 MAXIMUM TEMPERATURE (F)   63        92      1989
 MINIMUM TEMPERATURE (F)   33        14      1927


SUNRISE AND SUNSET
APRIL 21 2014.........SUNRISE   605 AM MDT   SUNSET   742 PM MDT
APRIL 22 2014.........SUNRISE   603 AM MDT   SUNSET   743 PM MDT


-  INDICATES NEGATIVE NUMBERS.
R  INDICATES RECORD WAS SET OR TIED.
MM INDICATES DATA IS MISSING.
T  INDICATES TRACE AMOUNT.




$$
