000
CDUS45 KCYS 300731
CLIBFF


CLIMATE REPORT
NATIONAL WEATHER SERVICE CHEYENNE WY
129 AM MDT TUE JUN 30 2015


...................................

...THE SCOTTSBLUFF NE AIRPORT CLIMATE SUMMARY FOR JUNE 29 2015...

CLIMATE NORMAL PERIOD 1981 TO 2010
CLIMATE RECORD PERIOD 1871 TO 2015


WEATHER ITEM   OBSERVED TIME   RECORD YEAR NORMAL DEPARTURE LAST
                VALUE   (LST)  VALUE       VALUE  FROM      YEAR
                                                  NORMAL
..................................................................
TEMPERATURE (F)
 YESTERDAY
  MAXIMUM         93    253 PM 105    2002  87      6       95
  MINIMUM         60    501 AM  44    2008  56      4       49
  AVERAGE         77                        72      5       72

PRECIPITATION (IN)
  YESTERDAY        0.00          1.85 1910   0.07  -0.07     0.00
  MONTH TO DATE    2.24                      2.78  -0.54     1.73
  SINCE JAN 1     14.40                      9.10   5.30     8.88

SNOWFALL (IN)
  YESTERDAY        0.0          MM      MM   0.0    0.0      0.0
  MONTH TO DATE    0.0                       0.0    0.0      0.0
  SINCE JUL 1     51.7                      42.1    9.6     66.5
  SNOW DEPTH       0

DEGREE DAYS
 HEATING
  YESTERDAY        0                         1     -1        0
  MONTH TO DATE    3                        59    -56       53
  SINCE JUN 1      3                        59    -56       53
  SINCE JUL 1   6159                      6614   -455     6672

 COOLING
  YESTERDAY       12                         7      5        7
  MONTH TO DATE  172                       119     53       91
  SINCE JUN 1    172                       119     53       91
  SINCE JAN 1    172                       142     30      118
..................................................................


WIND (MPH)
  HIGHEST WIND SPEED    16   HIGHEST WIND DIRECTION     E (80)
  HIGHEST GUST SPEED    22   HIGHEST GUST DIRECTION     N (10)
  AVERAGE WIND SPEED     4.7


SKY COVER
  AVERAGE SKY COVER 0.1


WEATHER CONDITIONS
 THE FOLLOWING WEATHER WAS RECORDED YESTERDAY.
  NO SIGNIFICANT WEATHER WAS OBSERVED.


RELATIVE HUMIDITY (PERCENT)
 HIGHEST    84           500 AM
 LOWEST     24           300 PM
 AVERAGE    54

..........................................................


THE SCOTTSBLUFF NE AIRPORT CLIMATE NORMALS FOR TODAY
                         NORMAL    RECORD    YEAR
 MAXIMUM TEMPERATURE (F)   88       104      1900
 MINIMUM TEMPERATURE (F)   56        38      1918


SUNRISE AND SUNSET
JUNE 30 2015..........SUNRISE   522 AM MDT   SUNSET   833 PM MDT
JULY  1 2015..........SUNRISE   523 AM MDT   SUNSET   833 PM MDT


-  INDICATES NEGATIVE NUMBERS.
R  INDICATES RECORD WAS SET OR TIED.
MM INDICATES DATA IS MISSING.
T  INDICATES TRACE AMOUNT.




$$
