000
CDUS45 KCYS 250744
CLIBFF


CLIMATE REPORT
NATIONAL WEATHER SERVICE CHEYENNE WY
1244 AM MST SUN JAN 25 2015


...................................

...THE SCOTTSBLUFF NEBRASKA AIRPORT CLIMATE SUMMARY FOR JANUARY 24 2015...

CLIMATE NORMAL PERIOD 1981 TO 2010
CLIMATE RECORD PERIOD 1871 TO 2015


WEATHER ITEM   OBSERVED TIME   RECORD YEAR NORMAL DEPARTURE LAST
                VALUE   (LST)  VALUE       VALUE  FROM      YEAR
                                                  NORMAL
..................................................................
TEMPERATURE (F)
 YESTERDAY
  MAXIMUM         47    249 PM  65    2013  41      6       55
  MINIMUM         23    435 AM -19    1894  14      9       16
  AVERAGE         35                        28      7       36

PRECIPITATION (IN)
  YESTERDAY        0.04          0.82 1921   0.01   0.03     0.00
  MONTH TO DATE    0.25                      0.31  -0.06     0.30
  SINCE JAN 1      0.25                      0.31  -0.06     0.30

SNOWFALL (IN)
  YESTERDAY       MM             8.5  1921   0.1   MM        0.0
  MONTH TO DATE    3.4                       4.1   -0.7      3.7
  SINCE JUL 1     34.3                      20.1   14.2     27.8
  SNOW DEPTH       0

DEGREE DAYS
 HEATING
  YESTERDAY       30                        37     -7       29
  MONTH TO DATE 1018                       911    107      814
  SINCE DEC 1   2226                      2118    108     2037
  SINCE JUL 1   3671                      3683    -12     3542

 COOLING
  YESTERDAY        0                         0      0        0
  MONTH TO DATE    0                         0      0        0
  SINCE DEC 1      0                         0      0        0
  SINCE JAN 1      0                         0      0        0
..................................................................


WIND (MPH)
  HIGHEST WIND SPEED    33   HIGHEST WIND DIRECTION    NW (320)
  HIGHEST GUST SPEED    43   HIGHEST GUST DIRECTION    NW (320)
  AVERAGE WIND SPEED    15.4


SKY COVER
  AVERAGE SKY COVER 0.4


WEATHER CONDITIONS
 THE FOLLOWING WEATHER WAS RECORDED YESTERDAY.
  LIGHT RAIN
  FOG


RELATIVE HUMIDITY (PERCENT)
 HIGHEST    88           200 AM
 LOWEST     49          1000 AM
 AVERAGE    69

..........................................................


THE SCOTTSBLUFF NEBRASKA AIRPORT CLIMATE NORMALS FOR TODAY
                         NORMAL    RECORD    YEAR
 MAXIMUM TEMPERATURE (F)   41        69      1935
 MINIMUM TEMPERATURE (F)   14       -18      1963


SUNRISE AND SUNSET
JANUARY 25 2015.......SUNRISE   713 AM MST   SUNSET   500 PM MST
JANUARY 26 2015.......SUNRISE   713 AM MST   SUNSET   502 PM MST


-  INDICATES NEGATIVE NUMBERS.
R  INDICATES RECORD WAS SET OR TIED.
MM INDICATES DATA IS MISSING.
T  INDICATES TRACE AMOUNT.




$$
