000
CDUS45 KCYS 280733
CLIBFF


CLIMATE REPORT
NATIONAL WEATHER SERVICE CHEYENNE WY
1232 AM MST FRI NOV 28 2014


...................................

...THE SCOTTSBLUFF NEBRASKA AIRPORT CLIMATE SUMMARY FOR NOVEMBER 27 2014...

CLIMATE NORMAL PERIOD 1981 TO 2010
CLIMATE RECORD PERIOD 1871 TO 2014


WEATHER ITEM   OBSERVED TIME   RECORD YEAR NORMAL DEPARTURE LAST
                VALUE   (LST)  VALUE       VALUE  FROM      YEAR
                                                  NORMAL
..................................................................
TEMPERATURE (F)
 YESTERDAY
  MAXIMUM         55    354 PM  71    1998  44     11       60
  MINIMUM         10    716 AM -21    1896  17     -7       18
  AVERAGE         33                        30      3       39

PRECIPITATION (IN)
  YESTERDAY        0.00          0.69 1983   0.02  -0.02     0.00
  MONTH TO DATE    0.90                      0.61   0.29     0.85
  SINCE JAN 1     17.79                     15.23   2.56    12.74

SNOWFALL (IN)
  YESTERDAY        0.0           6.2  1983   0.3   -0.3      0.0
  MONTH TO DATE    4.8                       5.1   -0.3      6.3
  SINCE JUL 1      4.8                       8.3   -3.5     12.9
  SNOW DEPTH       2

DEGREE DAYS
 HEATING
  YESTERDAY       32                        35     -3       26
  MONTH TO DATE  879                       766    113      768
  SINCE SEP 1   1344                      1437    -93     1422
  SINCE JUL 1   1357                      1457   -100     1424

 COOLING
  YESTERDAY        0                         0      0        0
  MONTH TO DATE    0                         0      0        0
  SINCE SEP 1     76                        59     17      155
  SINCE JAN 1    719                       724     -5     1047
..................................................................


WIND (MPH)
  HIGHEST WIND SPEED    14   HIGHEST WIND DIRECTION     W (290)
  HIGHEST GUST SPEED    18   HIGHEST GUST DIRECTION     W (280)
  AVERAGE WIND SPEED     4.3


SKY COVER
  AVERAGE SKY COVER 0.0


WEATHER CONDITIONS
 THE FOLLOWING WEATHER WAS RECORDED YESTERDAY.
  FOG


RELATIVE HUMIDITY (PERCENT)
 HIGHEST   100           200 AM
 LOWEST     38           400 PM
 AVERAGE    69

..........................................................


THE SCOTTSBLUFF NEBRASKA AIRPORT CLIMATE NORMALS FOR TODAY
                         NORMAL    RECORD    YEAR
 MAXIMUM TEMPERATURE (F)   44        71      1932
 MINIMUM TEMPERATURE (F)   16       -18      1896


SUNRISE AND SUNSET
NOVEMBER 28 2014......SUNRISE   659 AM MST   SUNSET   425 PM MST
NOVEMBER 29 2014......SUNRISE   700 AM MST   SUNSET   425 PM MST


-  INDICATES NEGATIVE NUMBERS.
R  INDICATES RECORD WAS SET OR TIED.
MM INDICATES DATA IS MISSING.
T  INDICATES TRACE AMOUNT.




$$
