000
CDUS46 KHNX 300820
CLIBFL


CLIMATE REPORT
NATIONAL WEATHER SERVICE SAN JOAQUIN VALLEY, CA
120 AM PDT SAT MAY 30 2015


...................................

...THE BAKERSFIELD CLIMATE SUMMARY FOR MAY 29 2015...

CLIMATE NORMAL PERIOD 1981 TO 2010
CLIMATE RECORD PERIOD 1889 TO 2015


WEATHER ITEM   OBSERVED TIME   RECORD YEAR NORMAL DEPARTURE
                VALUE   (LST)  VALUE       VALUE  FROM
                                                  NORMAL
...............................................................
TEMPERATURE (F)
 YESTERDAY
  MAXIMUM         95    408 PM 106    1973  87      8
  MINIMUM         62    448 AM  45    1927  60      2
                                      1893
  AVERAGE         79                        73      6

PRECIPITATION (IN)
  YESTERDAY        0.00          0.70 1919   0.00   0.00
  MONTH TO DATE    0.68                      0.17   0.51
  SINCE OCT 1      5.29                      6.26  -0.97
  SINCE JAN 1      2.62                      4.30  -1.68

SNOWFALL (IN)
  YESTERDAY        0.0
  MONTH TO DATE    0.0
  SINCE MAR 1      0.0
  SINCE JUL 1      0.0
  SNOW DEPTH       0

DEGREE DAYS
 HEATING
  YESTERDAY        0                                0
  MONTH TO DATE   19                              -11
  SINCE MAR 1    172                             -226
  SINCE JUL 1   1307                             -865

 COOLING
  YESTERDAY       14                                5
  MONTH TO DATE  142                              -42
  SINCE MAR 1    304                               54
  SINCE JAN 1    308                               58
...............................................................


WIND (MPH)
  HIGHEST WIND SPEED    12   HIGHEST WIND DIRECTION    NW (310)
  HIGHEST GUST SPEED    18   HIGHEST GUST DIRECTION    NW (310)
  AVERAGE WIND SPEED     5.3




RELATIVE HUMIDITY (PERCENT)
 HIGHEST    56
 LOWEST     15
 AVERAGE    36

..........................................................


THE BAKERSFIELD CLIMATE NORMALS FOR TODAY
                         NORMAL    RECORD    YEAR
 MAXIMUM TEMPERATURE (F)   87       108      1910
 MINIMUM TEMPERATURE (F)   60        41      1906


SUNRISE AND SUNSET
MAY 30 2015...........SUNRISE   543 AM PDT   SUNSET   805 PM PDT
MAY 31 2015...........SUNRISE   543 AM PDT   SUNSET   805 PM PDT


-  INDICATES NEGATIVE NUMBERS.
R  INDICATES RECORD WAS SET OR TIED.
MM INDICATES DATA IS MISSING.
T  INDICATES TRACE AMOUNT.




$$
