000
CDUS46 KHNX 170834
CLIBFL


CLIMATE REPORT
NATIONAL WEATHER SERVICE SAN JOAQUIN VALLEY, CA
134 AM PDT THU APR 17 2014


...................................

...THE BAKERSFIELD CLIMATE SUMMARY FOR APRIL 16 2014...

CLIMATE NORMAL PERIOD 1981 TO 2010
CLIMATE RECORD PERIOD 1889 TO 2014


WEATHER ITEM   OBSERVED TIME   RECORD YEAR NORMAL DEPARTURE
                VALUE   (LST)  VALUE       VALUE  FROM
                                                  NORMAL
...............................................................
TEMPERATURE (F)
 YESTERDAY
  MAXIMUM         85    325 PM  97    1947  75     10
  MINIMUM         57    522 AM  34    1922  50      7
  AVERAGE         71                        62      9

PRECIPITATION (IN)
  YESTERDAY        0.00          0.36 1995   0.02  -0.02
  MONTH TO DATE    0.14                      0.33  -0.19
  SINCE JUL 1      2.01                      6.02  -4.01
  SINCE JAN 1      0.94                      3.94  -3.00

SNOWFALL (IN)
  YESTERDAY        0.0
  MONTH TO DATE    0.0
  SINCE MAR 1      0.0
  SINCE JUL 1      0.0
  SNOW DEPTH       0

DEGREE DAYS
 HEATING
  YESTERDAY        0                               -4
  MONTH TO DATE   44                              -43
  SINCE MAR 1    144                             -182
  SINCE JUL 1   1472                             -628

 COOLING
  YESTERDAY        6                                4
  MONTH TO DATE   80                               59
  SINCE MAR 1    100                               70
  SINCE JAN 1    109                               79
...............................................................


WIND (MPH)
  HIGHEST WIND SPEED    16   HIGHEST WIND DIRECTION    NW (320)
  HIGHEST GUST SPEED    20   HIGHEST GUST DIRECTION    NW (310)
  AVERAGE WIND SPEED     5.7




RELATIVE HUMIDITY (PERCENT)
 HIGHEST    51
 LOWEST     20
 AVERAGE    36

..........................................................


THE BAKERSFIELD CLIMATE NORMALS FOR TODAY
                         NORMAL    RECORD    YEAR
 MAXIMUM TEMPERATURE (F)   75        95      1954
 MINIMUM TEMPERATURE (F)   50        34      1922


SUNRISE AND SUNSET
APRIL 17 2014.........SUNRISE   621 AM PDT   SUNSET   731 PM PDT
APRIL 18 2014.........SUNRISE   620 AM PDT   SUNSET   732 PM PDT


-  INDICATES NEGATIVE NUMBERS.
R  INDICATES RECORD WAS SET OR TIED.
MM INDICATES DATA IS MISSING.
T  INDICATES TRACE AMOUNT.




$$
