000
CDUS46 KHNX 250821
CLIBFL


CLIMATE REPORT
NATIONAL WEATHER SERVICE SAN JOAQUIN VALLEY, CA
1221 AM PST SUN JAN 25 2015


...................................

...THE BAKERSFIELD CLIMATE SUMMARY FOR JANUARY 24 2015...

CLIMATE NORMAL PERIOD 1981 TO 2010
CLIMATE RECORD PERIOD 1889 TO 2015


WEATHER ITEM   OBSERVED TIME   RECORD YEAR NORMAL DEPARTURE
                VALUE   (LST)  VALUE       VALUE  FROM
                                                  NORMAL
...............................................................
TEMPERATURE (F)
 YESTERDAY
  MAXIMUM         49    450 PM  79    2014  57     -8
  MINIMUM         36    552 AM  21    1937  40     -4
  AVERAGE         43                        48     -5

PRECIPITATION (IN)
  YESTERDAY        0.00          1.37 1999   0.04  -0.04
  MONTH TO DATE    0.64                      0.89  -0.25
  SINCE OCT 1      3.31                      2.85   0.46
  SINCE JAN 1      0.64                      0.89  -0.25

SNOWFALL (IN)
  YESTERDAY        0.0
  MONTH TO DATE    0.0
  SINCE DEC 1      0.0
  SINCE JUL 1      0.0
  SNOW DEPTH       0

DEGREE DAYS
 HEATING
  YESTERDAY       22                                5
  MONTH TO DATE  371                              -52
  SINCE DEC 1    716                             -240
  SINCE JUL 1    890                             -424

 COOLING
  YESTERDAY        0                                0
  MONTH TO DATE    0                                0
  SINCE DEC 1      0                                0
  SINCE JAN 1      0                                0
...............................................................


WIND (MPH)
  HIGHEST WIND SPEED    10   HIGHEST WIND DIRECTION    NW (300)
  HIGHEST GUST SPEED    11   HIGHEST GUST DIRECTION     W (280)
  AVERAGE WIND SPEED     3.1




RELATIVE HUMIDITY (PERCENT)
 HIGHEST   100
 LOWEST     80
 AVERAGE    90

..........................................................


THE BAKERSFIELD CLIMATE NORMALS FOR TODAY
                         NORMAL    RECORD    YEAR
 MAXIMUM TEMPERATURE (F)   58        77      1924
 MINIMUM TEMPERATURE (F)   40        22      1893


SUNRISE AND SUNSET
JANUARY 25 2015.......SUNRISE   701 AM PST   SUNSET   517 PM PST
JANUARY 26 2015.......SUNRISE   700 AM PST   SUNSET   518 PM PST


-  INDICATES NEGATIVE NUMBERS.
R  INDICATES RECORD WAS SET OR TIED.
MM INDICATES DATA IS MISSING.
T  INDICATES TRACE AMOUNT.




$$
