000
CDUS46 KHNX 290823
CLIBFL


CLIMATE REPORT
NATIONAL WEATHER SERVICE SAN JOAQUIN VALLEY, CA
122 AM PDT MON AUG 29 2016


...................................

...THE BAKERSFIELD CLIMATE SUMMARY FOR AUGUST 28 2016...

CLIMATE NORMAL PERIOD 1981 TO 2010
CLIMATE RECORD PERIOD 1889 TO 2016


WEATHER ITEM   OBSERVED TIME   RECORD YEAR NORMAL DEPARTURE
                VALUE   (LST)  VALUE       VALUE  FROM
                                                  NORMAL
...............................................................
TEMPERATURE (F)
 YESTERDAY
  MAXIMUM         94    326 PM 109    1944  94      0
                                      1924
  MINIMUM         67    538 AM  48    1903  67      0
  AVERAGE         81                        81      0

PRECIPITATION (IN)
  YESTERDAY        0.00          0.03 1916   0.00   0.00
  MONTH TO DATE    0.00                      0.03  -0.03
  SINCE OCT 1      5.43                      6.38  -0.95
  SINCE JAN 1      4.10                      4.42  -0.32

SNOWFALL (IN)
  YESTERDAY        0.0
  MONTH TO DATE    0.0
  SINCE JUN 1      0.0
  SINCE JUL 1      0.0
  SNOW DEPTH       0

DEGREE DAYS
 HEATING
  YESTERDAY        0                                0
  MONTH TO DATE    0                                0
  SINCE JUN 1      0                               -2
  SINCE JUL 1      0                                0

 COOLING
  YESTERDAY       16                                0
  MONTH TO DATE  583                               90
  SINCE JUN 1   1782                              327
  SINCE JAN 1   2139                              417
...............................................................


WIND (MPH)
  HIGHEST WIND SPEED    13   HIGHEST WIND DIRECTION    NW (300)
  HIGHEST GUST SPEED    17   HIGHEST GUST DIRECTION    NW (320)
  AVERAGE WIND SPEED     4.4




RELATIVE HUMIDITY (PERCENT)
 HIGHEST    59
 LOWEST     24
 AVERAGE    42

..........................................................


THE BAKERSFIELD CLIMATE NORMALS FOR TODAY
                         NORMAL    RECORD    YEAR
 MAXIMUM TEMPERATURE (F)   94       109      1915
 MINIMUM TEMPERATURE (F)   67        45      1903


SUNRISE AND SUNSET
AUGUST 29 2016........SUNRISE   627 AM PDT   SUNSET   727 PM PDT
AUGUST 30 2016........SUNRISE   627 AM PDT   SUNSET   725 PM PDT


-  INDICATES NEGATIVE NUMBERS.
R  INDICATES RECORD WAS SET OR TIED.
MM INDICATES DATA IS MISSING.
T  INDICATES TRACE AMOUNT.




$$
