000
CDUS46 KHNX 200823
CLIBFL


CLIMATE REPORT
NATIONAL WEATHER SERVICE SAN JOAQUIN VALLEY, CA
122 AM PDT FRI OCT 20 2017


...................................

...THE BAKERSFIELD CLIMATE SUMMARY FOR OCTOBER 19 2017...

CLIMATE NORMAL PERIOD 1981 TO 2010
CLIMATE RECORD PERIOD 1889 TO 2017


WEATHER ITEM   OBSERVED TIME   RECORD YEAR NORMAL DEPARTURE
                VALUE   (LST)  VALUE       VALUE  FROM
                                                  NORMAL
...............................................................
TEMPERATURE (F)
 YESTERDAY
  MAXIMUM         83    357 PM  96    1973  78      5
  MINIMUM         56    602 AM  35    1908  54      2
  AVERAGE         70                        66      4

PRECIPITATION (IN)
  YESTERDAY        0.00          0.96 1936   0.01  -0.01
  MONTH TO DATE    T                         0.13  -0.13
  SINCE OCT 1      T                         0.13  -0.13
  SINCE JAN 1      5.31                      4.64   0.67

SNOWFALL (IN)
  YESTERDAY        0.0
  MONTH TO DATE    0.0
  SINCE SEP 1      0.0
  SINCE JUL 1      0.0
  SNOW DEPTH       0

DEGREE DAYS
 HEATING
  YESTERDAY        0                               -2
  MONTH TO DATE   10                               -6
  SINCE SEP 1     11                               -7
  SINCE JUL 1     11                               -7

 COOLING
  YESTERDAY        5                                2
  MONTH TO DATE   78                              -25
  SINCE SEP 1    513                               48
  SINCE JAN 1   2881                              648
...............................................................


WIND (MPH)
  HIGHEST WIND SPEED    17   HIGHEST WIND DIRECTION     N (340)
  HIGHEST GUST SPEED    20   HIGHEST GUST DIRECTION     N (340)
  AVERAGE WIND SPEED     4.8




RELATIVE HUMIDITY (PERCENT)
 HIGHEST    56
 LOWEST     15
 AVERAGE    36

..........................................................


THE BAKERSFIELD CLIMATE NORMALS FOR TODAY
                         NORMAL    RECORD    YEAR
 MAXIMUM TEMPERATURE (F)   78        97      1927
 MINIMUM TEMPERATURE (F)   54        33      1908


SUNRISE AND SUNSET
OCTOBER 20 2017.......SUNRISE   707 AM PDT   SUNSET   614 PM PDT
OCTOBER 21 2017.......SUNRISE   708 AM PDT   SUNSET   613 PM PDT


-  INDICATES NEGATIVE NUMBERS.
R  INDICATES RECORD WAS SET OR TIED.
MM INDICATES DATA IS MISSING.
T  INDICATES TRACE AMOUNT.




$$
