000
CDUS46 KHNX 220022
CLIBFL


CLIMATE REPORT
NATIONAL WEATHER SERVICE SAN JOAQUIN VALLEY, CA
522 PM PDT SUN SEP 21 2014


...................................

...THE BAKERSFIELD CLIMATE SUMMARY FOR SEPTEMBER 21 2014...
VALID AS OF 0500 PM LOCAL TIME.

CLIMATE NORMAL PERIOD 1981 TO 2010
CLIMATE RECORD PERIOD 1889 TO 2014


WEATHER ITEM   OBSERVED TIME   RECORD YEAR NORMAL DEPARTURE LAST
                VALUE   (LST)  VALUE       VALUE  FROM      YEAR
                                                  NORMAL
..................................................................
TEMPERATURE (F)
 TODAY
  MAXIMUM         91    250 PM 105    2003  89      2       84
  MINIMUM         71    612 AM  37    1908  63      8       62
  AVERAGE         81                        76      5       73

PRECIPITATION (IN)
  TODAY            0.00          0.05 1999   0.01  -0.01     0.00
                                      1990
  MONTH TO DATE    0.01                      0.05  -0.04      T
  SINCE JUL 1      0.01                      0.09  -0.08      T
  SINCE JAN 1      1.35                      4.48  -3.13     2.36

SNOWFALL (IN)
  TODAY            0.0
  MONTH TO DATE    0.0
  SINCE SEP 1      0.0
  SINCE JUL 1      0.0
  SNOW DEPTH       0

DEGREE DAYS
 HEATING
  TODAY            0                         0      0        0
  MONTH TO DATE    0                         0      0        0
  SINCE SEP 1      0                         0      0        0
  SINCE JUL 1      0                         0      0        0

 COOLING
  TODAY           16                        11      5        8
  MONTH TO DATE  401                       276    125      334
  SINCE SEP 1    401                       276    125      334
  SINCE JAN 1   2682                      2044    638     2448
..................................................................


WIND (MPH)
  HIGHEST WIND SPEED    15   HIGHEST WIND DIRECTION    NW (320)
  HIGHEST GUST SPEED    24   HIGHEST GUST DIRECTION    NW (310)
  AVERAGE WIND SPEED     5.8




RELATIVE HUMIDITY (PERCENT)
 HIGHEST    53
 LOWEST     27
 AVERAGE    40

..........................................................


THE BAKERSFIELD CLIMATE NORMALS FOR TOMORROW
                         NORMAL    RECORD    YEAR
 MAXIMUM TEMPERATURE (F)   89       105      2003
                                             1928
 MINIMUM TEMPERATURE (F)   63        40      1908


SUNRISE AND SUNSET
SEPTEMBER 21 2014.....SUNRISE   643 AM PDT   SUNSET   654 PM PDT
SEPTEMBER 22 2014.....SUNRISE   644 AM PDT   SUNSET   653 PM PDT


-  INDICATES NEGATIVE NUMBERS.
R  INDICATES RECORD WAS SET OR TIED.
MM INDICATES DATA IS MISSING.
T  INDICATES TRACE AMOUNT.




$$
