000
CDUS46 KHNX 240823
CLIBFL


CLIMATE REPORT
NATIONAL WEATHER SERVICE SAN JOAQUIN VALLEY, CA
122 AM PDT SAT SEP 24 2016


...................................

...THE BAKERSFIELD CLIMATE SUMMARY FOR SEPTEMBER 23 2016...

CLIMATE NORMAL PERIOD 1981 TO 2010
CLIMATE RECORD PERIOD 1889 TO 2016


WEATHER ITEM   OBSERVED TIME   RECORD YEAR NORMAL DEPARTURE
                VALUE   (LST)  VALUE       VALUE  FROM
                                                  NORMAL
...............................................................
TEMPERATURE (F)
 YESTERDAY
  MAXIMUM         80    354 PM 107    1943  88     -8
  MINIMUM         56    112 AM  31    1903  62     -6
  AVERAGE         68                        75     -7

PRECIPITATION (IN)
  YESTERDAY        0.00          0.60 1908   0.00   0.00
  MONTH TO DATE    0.00                      0.05  -0.05
  SINCE OCT 1      5.43                      6.44  -1.01
  SINCE JAN 1      4.10                      4.48  -0.38

SNOWFALL (IN)
  YESTERDAY        0.0
  MONTH TO DATE    0.0
  SINCE SEP 1      0.0
  SINCE JUL 1      0.0
  SNOW DEPTH       0

DEGREE DAYS
 HEATING
  YESTERDAY        0                                0
  MONTH TO DATE    0                                0
  SINCE SEP 1      0                                0
  SINCE JUL 1      0                                0

 COOLING
  YESTERDAY        3                               -7
  MONTH TO DATE  303                                6
  SINCE SEP 1    303                                6
  SINCE JAN 1   2496                              431
...............................................................


WIND (MPH)
  HIGHEST WIND SPEED    14   HIGHEST WIND DIRECTION    NW (310)
  HIGHEST GUST SPEED    19   HIGHEST GUST DIRECTION     W (290)
  AVERAGE WIND SPEED     5.9




RELATIVE HUMIDITY (PERCENT)
 HIGHEST    47
 LOWEST     18
 AVERAGE    33

..........................................................


THE BAKERSFIELD CLIMATE NORMALS FOR TODAY
                         NORMAL    RECORD    YEAR
 MAXIMUM TEMPERATURE (F)   88       103      1919
                                             1899
 MINIMUM TEMPERATURE (F)   62        35      1908


SUNRISE AND SUNSET
SEPTEMBER 24 2016.....SUNRISE   646 AM PDT   SUNSET   649 PM PDT
SEPTEMBER 25 2016.....SUNRISE   647 AM PDT   SUNSET   648 PM PDT


-  INDICATES NEGATIVE NUMBERS.
R  INDICATES RECORD WAS SET OR TIED.
MM INDICATES DATA IS MISSING.
T  INDICATES TRACE AMOUNT.




$$
