000
CDUS46 KHNX 160822
CLIBFL


CLIMATE REPORT
NATIONAL WEATHER SERVICE SAN JOAQUIN VALLEY, CA
122 AM PDT WED AUG 16 2017


...................................

...THE BAKERSFIELD CLIMATE SUMMARY FOR AUGUST 15 2017...

CLIMATE NORMAL PERIOD 1981 TO 2010
CLIMATE RECORD PERIOD 1889 TO 2017


WEATHER ITEM   OBSERVED TIME   RECORD YEAR NORMAL DEPARTURE
                VALUE   (LST)  VALUE       VALUE  FROM
                                                  NORMAL
...............................................................
TEMPERATURE (F)
 YESTERDAY
  MAXIMUM         89        MM 110    1906  96     -7
  MINIMUM         65        MM  52    1903  69     -4
  AVERAGE         77                        83     -6

PRECIPITATION (IN)
  YESTERDAY        0.00          0.06 1983   0.00   0.00
  MONTH TO DATE    T                         0.01  -0.01
  SINCE OCT 1      7.82                      6.36   1.46
  SINCE JAN 1      4.79                      4.40   0.39

SNOWFALL (IN)
  YESTERDAY        0.0
  MONTH TO DATE    0.0
  SINCE JUN 1      0.0
  SINCE JUL 1      0.0
  SNOW DEPTH       0

DEGREE DAYS
 HEATING
  YESTERDAY        0                                0
  MONTH TO DATE    0                                0
  SINCE JUN 1      1                               -1
  SINCE JUL 1      0                                0

 COOLING
  YESTERDAY       12                               -6
  MONTH TO DATE  347                               69
  SINCE JUN 1   1647                              407
  SINCE JAN 1   1996                              489
...............................................................


WIND (MPH)
  HIGHEST WIND SPEED    13   HIGHEST WIND DIRECTION     N (340)
  HIGHEST GUST SPEED    MM   HIGHEST GUST DIRECTION    MM
  AVERAGE WIND SPEED     7.6




RELATIVE HUMIDITY (PERCENT)
 HIGHEST    63
 LOWEST     29
 AVERAGE    46

..........................................................


THE BAKERSFIELD CLIMATE NORMALS FOR TODAY
                         NORMAL    RECORD    YEAR
 MAXIMUM TEMPERATURE (F)   96       109      1920
                                             1906
 MINIMUM TEMPERATURE (F)   69        49      1899


SUNRISE AND SUNSET
AUGUST 16 2017........SUNRISE   617 AM PDT   SUNSET   744 PM PDT
AUGUST 17 2017........SUNRISE   617 AM PDT   SUNSET   742 PM PDT


-  INDICATES NEGATIVE NUMBERS.
R  INDICATES RECORD WAS SET OR TIED.
MM INDICATES DATA IS MISSING.
T  INDICATES TRACE AMOUNT.




$$
