543
CDUS46 KHNX 300825
CLIBFL


CLIMATE REPORT
NATIONAL WEATHER SERVICE SAN JOAQUIN VALLEY, CA
124 AM PDT THU MAR 30 2017


...................................

...THE BAKERSFIELD CLIMATE SUMMARY FOR MARCH 29 2017...

CLIMATE NORMAL PERIOD 1981 TO 2010
CLIMATE RECORD PERIOD 1889 TO 2017


WEATHER ITEM   OBSERVED TIME   RECORD YEAR NORMAL DEPARTURE
                VALUE   (LST)  VALUE       VALUE  FROM
                                                  NORMAL
...............................................................
TEMPERATURE (F)
 YESTERDAY
  MAXIMUM         78    340 PM  94    2004  71      7
  MINIMUM         49    436 AM  23    1907  47      2
  AVERAGE         64                        59      5

PRECIPITATION (IN)
  YESTERDAY        0.00          0.40 1925   0.03  -0.03
  MONTH TO DATE    0.16                      1.15  -0.99
  SINCE OCT 1      7.41                      5.51   1.90
  SINCE JAN 1      4.38                      3.55   0.83

SNOWFALL (IN)
  YESTERDAY        0.0
  MONTH TO DATE    0.0
  SINCE MAR 1      0.0
  SINCE JUL 1      0.0
  SNOW DEPTH       0

DEGREE DAYS
 HEATING
  YESTERDAY        1                               -5
  MONTH TO DATE  159                              -66
  SINCE MAR 1    159                              -66
  SINCE JUL 1   1527                             -472

 COOLING
  YESTERDAY        0                                0
  MONTH TO DATE   24                               24
  SINCE MAR 1     24                               24
  SINCE JAN 1     26                               26
...............................................................


WIND (MPH)
  HIGHEST WIND SPEED    12   HIGHEST WIND DIRECTION     W (280)
  HIGHEST GUST SPEED    16   HIGHEST GUST DIRECTION     W (270)
  AVERAGE WIND SPEED     4.4




RELATIVE HUMIDITY (PERCENT)
 HIGHEST    71
 LOWEST     36
 AVERAGE    54

..........................................................


THE BAKERSFIELD CLIMATE NORMALS FOR TODAY
                         NORMAL    RECORD    YEAR
 MAXIMUM TEMPERATURE (F)   71        90      2015
 MINIMUM TEMPERATURE (F)   48        30      1907


SUNRISE AND SUNSET
MARCH 30 2017.........SUNRISE   645 AM PDT   SUNSET   716 PM PDT
MARCH 31 2017.........SUNRISE   644 AM PDT   SUNSET   717 PM PDT


-  INDICATES NEGATIVE NUMBERS.
R  INDICATES RECORD WAS SET OR TIED.
MM INDICATES DATA IS MISSING.
T  INDICATES TRACE AMOUNT.




$$
