000
CDUS44 KAMA 232133
CLIBGD


CLIMATE REPORT
NATIONAL WEATHER SERVICE AMARILLO TX
433 PM CDT SUN JUL 23 2017


...................................

...THE BORGER CLIMATE SUMMARY FOR JULY 23 2017...
VALID TODAY AS OF 0400 PM LOCAL TIME.

CLIMATE NORMAL PERIOD 1981 TO 2010
CLIMATE RECORD PERIOD 1949 TO 2017


WEATHER ITEM   OBSERVED TIME   RECORD YEAR NORMAL DEPARTURE LAST
                VALUE   (LST)  VALUE       VALUE  FROM      YEAR
                                                  NORMAL
..................................................................
TEMPERATURE (F)
 TODAY
  MAXIMUM         96    329 PM 106    2001  95      1      103
  MINIMUM         71    624 AM  59    1990  70      1       73
  AVERAGE         84                        82      2       88

PRECIPITATION (IN)
  TODAY            0.00          3.12 1975   0.08  -0.08     0.00
  MONTH TO DATE    0.17                      1.75  -1.58     0.74
  SINCE JUN 1      0.61                      4.92  -4.31     2.09
  SINCE JAN 1     11.76                     11.97  -0.21    10.96

SNOWFALL (IN)
  TODAY            0.0           0.0  2013                   0.0
                                      2012
                                      2011
  MONTH TO DATE    0.0                                       0.0
  SINCE JUN 1      0.0                                       0.0
  SINCE JUL 1      0.0                                       0.0
  SNOW DEPTH       0

DEGREE DAYS
 HEATING
  TODAY            0                         0      0        0
  MONTH TO DATE    0                         0      0        0
  SINCE JUN 1      0                         3     -3        0
  SINCE JUL 1      0                         0      0        0

 COOLING
  TODAY           19                        18      1       23
  MONTH TO DATE  463                       385     78      487
  SINCE JUN 1    927                       743    184      940
  SINCE JAN 1   1167                       940    227     1127
..................................................................


WIND (MPH)
  RESULTANT WIND SPEED   3   RESULTANT WIND DIRECTION  NE (40)
  HIGHEST WIND SPEED    16   HIGHEST WIND DIRECTION    NE (40)
  HIGHEST GUST SPEED    23   HIGHEST GUST DIRECTION    NE (50)
  AVERAGE WIND SPEED     7.8


SKY COVER
  AVERAGE SKY COVER 0.1


WEATHER CONDITIONS
 THE FOLLOWING WEATHER WAS RECORDED TODAY.
  NO SIGNIFICANT WEATHER WAS OBSERVED.


RELATIVE HUMIDITY (PERCENT)
 HIGHEST    73           600 AM
 LOWEST     33           200 PM
 AVERAGE    53

..........................................................


THE BORGER CLIMATE NORMALS FOR TOMORROW
                         NORMAL    RECORD    YEAR
 MAXIMUM TEMPERATURE (F)   95       103      2001
 MINIMUM TEMPERATURE (F)   70        58      1995


SUNRISE AND SUNSET
JULY 23 2017..........SUNRISE   647 AM CDT   SUNSET   857 PM CDT
JULY 24 2017..........SUNRISE   648 AM CDT   SUNSET   856 PM CDT


-  INDICATES NEGATIVE NUMBERS.
R  INDICATES RECORD WAS SET OR TIED.
MM INDICATES DATA IS MISSING.
T  INDICATES TRACE AMOUNT.




$$
