000
CDUS44 KAMA 012147
CLIBGD


CLIMATE REPORT
NATIONAL WEATHER SERVICE AMARILLO TX
445 PM CDT MON JUN 1 2015


...................................

...THE BORGER CLIMATE SUMMARY FOR JUNE 1 2015...
VALID TODAY AS OF 0400 PM LOCAL TIME.

CLIMATE NORMAL PERIOD 1981 TO 2013
CLIMATE RECORD PERIOD 1949 TO 2015


WEATHER ITEM   OBSERVED TIME   RECORD YEAR NORMAL DEPARTURE LAST
                VALUE   (LST)  VALUE       VALUE  FROM      YEAR
                                                  NORMAL
..................................................................
TEMPERATURE (F)
 TODAY
  MAXIMUM         88    333 PM 103    1998  86      2       98
  MINIMUM         64    630 AM  46    1983  60      4       69
  AVERAGE         76                        73      3       84

PRECIPITATION (IN)
  TODAY            0.03          1.12 1991   0.10  -0.07     0.00
  MONTH TO DATE    0.03                      0.10  -0.07     0.00
  SINCE JUN 1      0.03                      0.10  -0.07     0.00
  SINCE JAN 1     15.55                      7.15   8.40     2.12

SNOWFALL (IN)
  TODAY            0.0           T    1952                   0.0
  MONTH TO DATE    0.0                                       0.0
  SINCE JUN 1      0.0                                       0.0
  SINCE JUL 1     17.5                                      14.7
  SNOW DEPTH       0

DEGREE DAYS
 HEATING
  TODAY            0                         0      0        0
  MONTH TO DATE    0                         0      0        0
  SINCE JUN 1      0                         0      0        0
  SINCE JUL 1   3452                      3763   -311     3838

 COOLING
  TODAY           11                         8      3       19
  MONTH TO DATE   11                         8      3       19
  SINCE JUN 1     11                         8      3       19
  SINCE JAN 1    135                       205    -70      333
..................................................................


WIND (MPH)
  RESULTANT WIND SPEED   6   RESULTANT WIND DIRECTION   S (180)
  HIGHEST WIND SPEED    17   HIGHEST WIND DIRECTION     S (160)
  HIGHEST GUST SPEED    26   HIGHEST GUST DIRECTION    SE (130)
  AVERAGE WIND SPEED     9.0


SKY COVER
  AVERAGE SKY COVER 0.1


WEATHER CONDITIONS
 THE FOLLOWING WEATHER WAS RECORDED TODAY.
  LIGHT RAIN


RELATIVE HUMIDITY (PERCENT)
 HIGHEST    87           600 AM
 LOWEST     37           200 PM
 AVERAGE    62

..........................................................


THE BORGER CLIMATE NORMALS FOR TOMORROW
                         NORMAL    RECORD    YEAR
 MAXIMUM TEMPERATURE (F)   86       107      2008
 MINIMUM TEMPERATURE (F)   61        45      1951


SUNRISE AND SUNSET
JUNE  1 2015..........SUNRISE   631 AM CDT   SUNSET   856 PM CDT
JUNE  2 2015..........SUNRISE   631 AM CDT   SUNSET   857 PM CDT


-  INDICATES NEGATIVE NUMBERS.
R  INDICATES RECORD WAS SET OR TIED.
MM INDICATES DATA IS MISSING.
T  INDICATES TRACE AMOUNT.




$$
