000
CDUS44 KAMA 222128
CLIBGD


CLIMATE REPORT
NATIONAL WEATHER SERVICE AMARILLO TX
427 PM CDT FRI SEP 22 2017


...................................

...THE BORGER CLIMATE SUMMARY FOR SEPTEMBER 22 2017...
VALID TODAY AS OF 0430 PM LOCAL TIME.

CLIMATE NORMAL PERIOD 1981 TO 2010
CLIMATE RECORD PERIOD 1949 TO 2017


WEATHER ITEM   OBSERVED TIME   RECORD YEAR NORMAL DEPARTURE LAST
                VALUE   (LST)  VALUE       VALUE  FROM      YEAR
                                                  NORMAL
..................................................................
TEMPERATURE (F)
 TODAY
  MAXIMUM         93    304 PM  96    2000  82     11       90
  MINIMUM         74    728 AM  37    1995  58     16       65
  AVERAGE         84                        70     14       78

PRECIPITATION (IN)
  TODAY            0.00          4.98 2004   0.07  -0.07     0.00
  MONTH TO DATE    0.55                      1.79  -1.24     1.02
  SINCE SEP 1      0.55                      1.79  -1.24     1.02
  SINCE JAN 1     21.55                     17.80   3.75    15.36

SNOWFALL (IN)
  TODAY            0.0           0.0  2013                   0.0
                                      2012
                                      2011
  MONTH TO DATE    0.0                                       0.0
  SINCE SEP 1      0.0                                       0.0
  SINCE JUL 1      0.0                                       0.0
  SNOW DEPTH       0

DEGREE DAYS
 HEATING
  TODAY            0                         1     -1        0
  MONTH TO DATE    0                         8     -8        0
  SINCE SEP 1      0                         8     -8        0
  SINCE JUL 1      0                         9     -9        0

 COOLING
  TODAY           19                         6     13       13
  MONTH TO DATE  246                       196     50      256
  SINCE SEP 1    246                       196     50      256
  SINCE JAN 1   1909                      1746    163     1974
..................................................................


WIND (MPH)
  RESULTANT WIND SPEED  18   RESULTANT WIND DIRECTION   S (180)
  HIGHEST WIND SPEED    24   HIGHEST WIND DIRECTION     S (170)
  HIGHEST GUST SPEED    37   HIGHEST GUST DIRECTION     S (180)
  AVERAGE WIND SPEED    18.6


SKY COVER
  AVERAGE SKY COVER 0.1


WEATHER CONDITIONS
 THE FOLLOWING WEATHER WAS RECORDED TODAY.
  NO SIGNIFICANT WEATHER WAS OBSERVED.


RELATIVE HUMIDITY (PERCENT)
 HIGHEST    69           800 AM
 LOWEST     32           200 PM
 AVERAGE    51

..........................................................


THE BORGER CLIMATE NORMALS FOR TOMORROW
                         NORMAL    RECORD    YEAR
 MAXIMUM TEMPERATURE (F)   81        96      2012
 MINIMUM TEMPERATURE (F)   57        39      1989


SUNRISE AND SUNSET
SEPTEMBER 22 2017.....SUNRISE   734 AM CDT   SUNSET   742 PM CDT
SEPTEMBER 23 2017.....SUNRISE   735 AM CDT   SUNSET   740 PM CDT


-  INDICATES NEGATIVE NUMBERS.
R  INDICATES RECORD WAS SET OR TIED.
MM INDICATES DATA IS MISSING.
T  INDICATES TRACE AMOUNT.




$$
