218
CDUS44 KAMA 260726
CLIBGD


CLIMATE REPORT
NATIONAL WEATHER SERVICE AMARILLO TX
125 AM CST SUN FEB 26 2017


...................................

...THE BORGER CLIMATE SUMMARY FOR FEBRUARY 25 2017...

CLIMATE NORMAL PERIOD 1981 TO 2010
CLIMATE RECORD PERIOD 1949 TO 2017


WEATHER ITEM   OBSERVED TIME   RECORD YEAR NORMAL DEPARTURE LAST
                VALUE   (LST)  VALUE       VALUE  FROM      YEAR
                                                  NORMAL
..................................................................
TEMPERATURE (F)
 YESTERDAY
  MAXIMUM         53    544 PM  81    1981  57     -4       51
  MINIMUM         20    745 AM   5    1960  31    -11       27
  AVERAGE         37                        44     -7       39

PRECIPITATION (IN)
  YESTERDAY        0.00          1.10 2013   0.02  -0.02     0.00
  MONTH TO DATE    0.37                      0.57  -0.20     0.64
  SINCE DEC 1      3.70                      1.93   1.77     2.06
  SINCE JAN 1      3.48                      1.16   2.32     0.92

SNOWFALL (IN)
  YESTERDAY        0.0          16.0  2013                   0.0
  MONTH TO DATE    T                                          T
  SINCE DEC 1      0.1                                       5.4
  SINCE JUL 1      0.1                                       6.2
  SNOW DEPTH       0

DEGREE DAYS
 HEATING
  YESTERDAY       28                        21      7       26
  MONTH TO DATE  395                       581   -186      446
  SINCE DEC 1   1924                      2216   -292     1887
  SINCE JUL 1   2297                      2933   -636     2459

 COOLING
  YESTERDAY        0                         0      0        0
  MONTH TO DATE   14                         0     14        6
  SINCE DEC 1     14                         0     14        6
  SINCE JAN 1     14                         0     14        6
..................................................................


WIND (MPH)
  RESULTANT WIND SPEED   8   RESULTANT WIND DIRECTION   S (190)
  HIGHEST WIND SPEED    26   HIGHEST WIND DIRECTION     S (180)
  HIGHEST GUST SPEED    36   HIGHEST GUST DIRECTION     S (160)
  AVERAGE WIND SPEED    10.5


SKY COVER
  AVERAGE SKY COVER 0.0


WEATHER CONDITIONS
 THE FOLLOWING WEATHER WAS RECORDED YESTERDAY.
  NO SIGNIFICANT WEATHER WAS OBSERVED.


RELATIVE HUMIDITY (PERCENT)
 HIGHEST    77           600 AM
 LOWEST     24           500 PM
 AVERAGE    51

..........................................................


THE BORGER CLIMATE NORMALS FOR TODAY
                         NORMAL    RECORD    YEAR
 MAXIMUM TEMPERATURE (F)   57        78      1986
 MINIMUM TEMPERATURE (F)   32        11      2002


SUNRISE AND SUNSET
FEBRUARY 26 2017......SUNRISE   719 AM CST   SUNSET   638 PM CST
FEBRUARY 27 2017......SUNRISE   718 AM CST   SUNSET   639 PM CST


-  INDICATES NEGATIVE NUMBERS.
R  INDICATES RECORD WAS SET OR TIED.
MM INDICATES DATA IS MISSING.
T  INDICATES TRACE AMOUNT.




$$
