000
CDUS44 KAMA 032243
CLIBGD


CLIMATE REPORT
NATIONAL WEATHER SERVICE AMARILLO TX
439 PM CST TUE MAR 3 2015


...................................

...THE BORGER CLIMATE SUMMARY FOR MARCH 3 2015...
VALID TODAY AS OF 0400 PM LOCAL TIME.

CLIMATE NORMAL PERIOD 1981 TO 2013
CLIMATE RECORD PERIOD 1949 TO 2015


WEATHER ITEM   OBSERVED TIME   RECORD YEAR NORMAL DEPARTURE LAST
                VALUE   (LST)  VALUE       VALUE  FROM      YEAR
                                                  NORMAL
..................................................................
TEMPERATURE (F)
 TODAY
  MAXIMUM         54    154 PM  80    1955  58     -4       47
  MINIMUM         37    347 AM   1    1960  33      4        2
  AVERAGE         46                        46      0       25

PRECIPITATION (IN)
  TODAY            T             0.48 1988   0.04  -0.04     0.00
  MONTH TO DATE    T                         0.12  -0.12     0.04
  SINCE MAR 1      T                         0.12  -0.12     0.04
  SINCE JAN 1      1.85                      1.33   0.52     0.42

SNOWFALL (IN)
  TODAY            0.0           4.0  1988                   0.0
  MONTH TO DATE    0.0                                       1.0
  SINCE MAR 1      0.0                                       1.0
  SINCE JUL 1     17.5                                      13.6
  SNOW DEPTH       0

DEGREE DAYS
 HEATING
  TODAY           19                        19      0       40
  MONTH TO DATE   85                        59     26      126
  SINCE MAR 1     85                        59     26      126
  SINCE JUL 1   2957                      3052    -95     3204

 COOLING
  TODAY            0                         0      0        0
  MONTH TO DATE    0                         0      0        0
  SINCE MAR 1      0                         0      0        0
  SINCE JAN 1      0                         0      0        0
..................................................................


WIND (MPH)
  RESULTANT WIND SPEED  11   RESULTANT WIND DIRECTION  SW (230)
  HIGHEST WIND SPEED    22   HIGHEST WIND DIRECTION    SW (220)
  HIGHEST GUST SPEED    34   HIGHEST GUST DIRECTION    SW (220)
  AVERAGE WIND SPEED    11.1


SKY COVER
  AVERAGE SKY COVER 0.3


WEATHER CONDITIONS
 THE FOLLOWING WEATHER WAS RECORDED TODAY.
  LIGHT RAIN
  FOG
  HAZE


RELATIVE HUMIDITY (PERCENT)
 HIGHEST    85           400 AM
 LOWEST     50           100 PM
 AVERAGE    68

..........................................................


THE BORGER CLIMATE NORMALS FOR TOMORROW
                         NORMAL    RECORD    YEAR
 MAXIMUM TEMPERATURE (F)   59        86      2009
 MINIMUM TEMPERATURE (F)   33         7      1960


SUNRISE AND SUNSET
MARCH  3 2015.........SUNRISE   713 AM CST   SUNSET   642 PM CST
MARCH  4 2015.........SUNRISE   712 AM CST   SUNSET   643 PM CST


-  INDICATES NEGATIVE NUMBERS.
R  INDICATES RECORD WAS SET OR TIED.
MM INDICATES DATA IS MISSING.
T  INDICATES TRACE AMOUNT.




$$
