000
CDUS44 KAMA 220643
CLIBGD


CLIMATE REPORT
NATIONAL WEATHER SERVICE AMARILLO TX
142 AM CDT WED OCT 22 2014


...................................

...THE BORGER CLIMATE SUMMARY FOR OCTOBER 21 2014...

CLIMATE NORMAL PERIOD 1981 TO 2013
CLIMATE RECORD PERIOD 1949 TO 2014


WEATHER ITEM   OBSERVED TIME   RECORD YEAR NORMAL DEPARTURE LAST
                VALUE   (LST)  VALUE       VALUE  FROM      YEAR
                                                  NORMAL
..................................................................
TEMPERATURE (F)
 YESTERDAY
  MAXIMUM         79    349 PM  90    2012  71      8       64
                                      1975
  MINIMUM         54    711 AM  31    1996  46      8       45
  AVERAGE         67                        58      9       55

PRECIPITATION (IN)
  YESTERDAY        0.00          1.92 1953   0.05  -0.05     0.00
  MONTH TO DATE    0.76                      1.29  -0.53     0.24
  SINCE SEP 1      2.58                      3.67  -1.09     2.50
  SINCE JAN 1     10.32                     19.68  -9.36    14.06

SNOWFALL (IN)
  YESTERDAY        0.0           1.0  1996                   0.0
  MONTH TO DATE    0.0                                       0.0
  SINCE SEP 1      0.0                                       0.0
  SINCE JUL 1      0.0                                       0.0
  SNOW DEPTH       0

DEGREE DAYS
 HEATING
  YESTERDAY        0                         7     -7       10
  MONTH TO DATE   60                       103    -43      124
  SINCE SEP 1     77                       130    -53      127
  SINCE JUL 1     78                       131    -53      127

 COOLING
  YESTERDAY        2                         1      1        0
  MONTH TO DATE   51                        45      6       53
  SINCE SEP 1    290                       280     10      404
  SINCE JAN 1   2024                      1830    194     2215
..................................................................


WIND (MPH)
  RESULTANT WIND SPEED   7   RESULTANT WIND DIRECTION   S (180)
  HIGHEST WIND SPEED    18   HIGHEST WIND DIRECTION     S (180)
  HIGHEST GUST SPEED    24   HIGHEST GUST DIRECTION     S (190)
  AVERAGE WIND SPEED     7.9


SKY COVER
  AVERAGE SKY COVER 0.2


WEATHER CONDITIONS
 THE FOLLOWING WEATHER WAS RECORDED YESTERDAY.
  NO SIGNIFICANT WEATHER WAS OBSERVED.


RELATIVE HUMIDITY (PERCENT)
 HIGHEST    83           600 AM
 LOWEST     32           400 PM
 AVERAGE    58

..........................................................


THE BORGER CLIMATE NORMALS FOR TODAY
                         NORMAL    RECORD    YEAR
 MAXIMUM TEMPERATURE (F)   71        91      1961
 MINIMUM TEMPERATURE (F)   45        30      1996


SUNRISE AND SUNSET
OCTOBER 22 2014.......SUNRISE   758 AM CDT   SUNSET   701 PM CDT
OCTOBER 23 2014.......SUNRISE   759 AM CDT   SUNSET   700 PM CDT


-  INDICATES NEGATIVE NUMBERS.
R  INDICATES RECORD WAS SET OR TIED.
MM INDICATES DATA IS MISSING.
T  INDICATES TRACE AMOUNT.




$$
