000
CDUS44 KAMA 302136
CLIBGD


CLIMATE REPORT
NATIONAL WEATHER SERVICE AMARILLO TX
435 PM CDT SUN AUG 30 2015


...................................

...THE BORGER CLIMATE SUMMARY FOR AUGUST 30 2015...
VALID TODAY AS OF 0400 PM LOCAL TIME.

CLIMATE NORMAL PERIOD 1981 TO 2010
CLIMATE RECORD PERIOD 1949 TO 2015


WEATHER ITEM   OBSERVED TIME   RECORD YEAR NORMAL DEPARTURE LAST
                VALUE   (LST)  VALUE       VALUE  FROM      YEAR
                                                  NORMAL
..................................................................
TEMPERATURE (F)
 TODAY
  MAXIMUM         91    323 PM 104    2011  90      1       95
  MINIMUM         59    633 AM  55    1950  65     -6       66
  AVERAGE         75                        77     -2       81

PRECIPITATION (IN)
  TODAY            0.00          2.35 2003   0.10  -0.10     0.00
  MONTH TO DATE    5.77                      3.08   2.69     0.71
  SINCE JUN 1     19.44                      8.87  10.57     5.62
  SINCE JAN 1     34.96                     15.92  19.04     7.74

SNOWFALL (IN)
  TODAY            0.0           0.0                         0.0
  MONTH TO DATE    0.0                                       0.0
  SINCE JUN 1      0.0                                       0.0
  SINCE JUL 1      0.0                                       0.0
  SNOW DEPTH       0

DEGREE DAYS
 HEATING
  TODAY            0                         0      0        0
  MONTH TO DATE    0                         0      0        0
  SINCE JUN 1      0                         3     -3        4
  SINCE JUL 1      0                         0      0        1

 COOLING
  TODAY           10                        12     -2       16
  MONTH TO DATE  443                       457    -14      518
  SINCE JUN 1   1359                      1341     18     1395
  SINCE JAN 1   1483                      1538    -55     1709
..................................................................


WIND (MPH)
  RESULTANT WIND SPEED   1   RESULTANT WIND DIRECTION  SW (240)
  HIGHEST WIND SPEED    10   HIGHEST WIND DIRECTION     S (180)
  HIGHEST GUST SPEED    13   HIGHEST GUST DIRECTION     S (170)
  AVERAGE WIND SPEED     2.8


SKY COVER
  AVERAGE SKY COVER 0.0


WEATHER CONDITIONS
 THE FOLLOWING WEATHER WAS RECORDED TODAY.
  NO SIGNIFICANT WEATHER WAS OBSERVED.


RELATIVE HUMIDITY (PERCENT)
 HIGHEST    90           500 AM
 LOWEST     27           300 PM
 AVERAGE    59

..........................................................


THE BORGER CLIMATE NORMALS FOR TOMORROW
                         NORMAL    RECORD    YEAR
 MAXIMUM TEMPERATURE (F)   89       106      2014
 MINIMUM TEMPERATURE (F)   65        54      1993


SUNRISE AND SUNSET
AUGUST 30 2015........SUNRISE   716 AM CDT   SUNSET   816 PM CDT
AUGUST 31 2015........SUNRISE   717 AM CDT   SUNSET   815 PM CDT


-  INDICATES NEGATIVE NUMBERS.
R  INDICATES RECORD WAS SET OR TIED.
MM INDICATES DATA IS MISSING.
T  INDICATES TRACE AMOUNT.




$$
