000
CDUS44 KAMA 222246
CLIBGD


CLIMATE REPORT
NATIONAL WEATHER SERVICE AMARILLO TX
445 PM CST THU FEB 22 2018


...................................

...THE BORGER CLIMATE SUMMARY FOR FEBRUARY 22 2018...
VALID TODAY AS OF 0400 PM LOCAL TIME.

CLIMATE NORMAL PERIOD 1981 TO 2010
CLIMATE RECORD PERIOD 1949 TO 2018


WEATHER ITEM   OBSERVED TIME   RECORD YEAR NORMAL DEPARTURE LAST
                VALUE   (LST)  VALUE       VALUE  FROM      YEAR
                                                  NORMAL
..................................................................
TEMPERATURE (F)
 TODAY
  MAXIMUM         52    435 PM  82    1996  56     -4       79
  MINIMUM         22    624 AM  13    2013  31     -9       46
                                      1966
  AVERAGE         37                        43     -6       63

PRECIPITATION (IN)
  TODAY            T             0.73 1975   0.02  -0.02     0.00
  MONTH TO DATE    T                         0.51  -0.51     0.37
  SINCE DEC 1      0.01                      1.87  -1.86     3.70
  SINCE JAN 1      0.01                      1.10  -1.09     3.48

SNOWFALL (IN)
  TODAY            T             9.0  1975                   0.0
  MONTH TO DATE    T                                          T
  SINCE DEC 1      1.2                                       3.6
  SINCE JUL 1      2.0                                       3.6
  SNOW DEPTH       0

DEGREE DAYS
 HEATING
  TODAY           28                        22      6        2
  MONTH TO DATE  521                       517      4      333
  SINCE DEC 1   2038                      2152   -114     1862
  SINCE JUL 1   2561                      2869   -308     2235

 COOLING
  TODAY            0                         0      0        0
  MONTH TO DATE    0                         0      0       14
  SINCE DEC 1      0                         0      0       14
  SINCE JAN 1      0                         0      0       14
..................................................................


WIND (MPH)
  RESULTANT WIND SPEED   3   RESULTANT WIND DIRECTION  SE (130)
  HIGHEST WIND SPEED    14   HIGHEST WIND DIRECTION     S (180)
  HIGHEST GUST SPEED    19   HIGHEST GUST DIRECTION     S (170)
  AVERAGE WIND SPEED     5.5


SKY COVER
  AVERAGE SKY COVER 0.9


WEATHER CONDITIONS
 THE FOLLOWING WEATHER WAS RECORDED TODAY.
  LIGHT SNOW
  FOG


RELATIVE HUMIDITY (PERCENT)
 HIGHEST   100           600 AM
 LOWEST     42           400 PM
 AVERAGE    71

..........................................................


THE BORGER CLIMATE NORMALS FOR TOMORROW
                         NORMAL    RECORD    YEAR
 MAXIMUM TEMPERATURE (F)   56        81      1956
 MINIMUM TEMPERATURE (F)   31         7      1960


SUNRISE AND SUNSET
FEBRUARY 22 2018......SUNRISE   724 AM CST   SUNSET   634 PM CST
FEBRUARY 23 2018......SUNRISE   723 AM CST   SUNSET   635 PM CST


-  INDICATES NEGATIVE NUMBERS.
R  INDICATES RECORD WAS SET OR TIED.
MM INDICATES DATA IS MISSING.
T  INDICATES TRACE AMOUNT.




$$
