000
CDUS44 KAMA 220728
CLIBGD


CLIMATE REPORT
NATIONAL WEATHER SERVICE AMARILLO TX
127 AM CST WED NOV 22 2017


...................................

...THE BORGER CLIMATE SUMMARY FOR NOVEMBER 21 2017...

CLIMATE NORMAL PERIOD 1981 TO 2010
CLIMATE RECORD PERIOD 1949 TO 2017


WEATHER ITEM   OBSERVED TIME   RECORD YEAR NORMAL DEPARTURE LAST
                VALUE   (LST)  VALUE       VALUE  FROM      YEAR
                                                  NORMAL
..................................................................
TEMPERATURE (F)
 YESTERDAY
  MAXIMUM         67   1159 AM  81    1966  59      8       72
  MINIMUM         36   1146 PM  19    1977  34      2       37
  AVERAGE         52                        46      6       55

PRECIPITATION (IN)
  YESTERDAY        0.00          0.81 1992   0.03  -0.03      T
  MONTH TO DATE    0.06                      0.65  -0.59     0.12
  SINCE SEP 1      5.10                      4.75   0.35     1.19
  SINCE JAN 1     26.10                     20.76   5.34    15.53

SNOWFALL (IN)
  YESTERDAY        0.0           4.0  1992                   0.0
  MONTH TO DATE    0.8                                       0.0
  SINCE SEP 1      0.8                                       0.0
  SINCE JUL 1      0.8                                       0.0
  SNOW DEPTH       0

DEGREE DAYS
 HEATING
  YESTERDAY       13                        19     -6       10
  MONTH TO DATE  232                       308    -76      178
  SINCE SEP 1    431                       528    -97      232
  SINCE JUL 1    431                       529    -98      232

 COOLING
  YESTERDAY        0                         0      0        0
  MONTH TO DATE    9                         0      9        4
  SINCE SEP 1    338                       285     53      462
  SINCE JAN 1   2001                      1835    166     2180
..................................................................


WIND (MPH)
  RESULTANT WIND SPEED   8   RESULTANT WIND DIRECTION   N (20)
  HIGHEST WIND SPEED    30   HIGHEST WIND DIRECTION     N (20)
  HIGHEST GUST SPEED    39   HIGHEST GUST DIRECTION     N (20)
  AVERAGE WIND SPEED    11.0


SKY COVER
  AVERAGE SKY COVER 0.0


WEATHER CONDITIONS
 THE FOLLOWING WEATHER WAS RECORDED YESTERDAY.
  NO SIGNIFICANT WEATHER WAS OBSERVED.


RELATIVE HUMIDITY (PERCENT)
 HIGHEST    55          1000 PM
 LOWEST     19          1100 AM
 AVERAGE    37

..........................................................


THE BORGER CLIMATE NORMALS FOR TODAY
                         NORMAL    RECORD    YEAR
 MAXIMUM TEMPERATURE (F)   58        82      1998
 MINIMUM TEMPERATURE (F)   33        12      1972


SUNRISE AND SUNSET
NOVEMBER 22 2017......SUNRISE   729 AM CST   SUNSET   535 PM CST
NOVEMBER 23 2017......SUNRISE   730 AM CST   SUNSET   534 PM CST


-  INDICATES NEGATIVE NUMBERS.
R  INDICATES RECORD WAS SET OR TIED.
MM INDICATES DATA IS MISSING.
T  INDICATES TRACE AMOUNT.




$$
