000
CDUS44 KAMA 221408
CLIBGD


CLIMATE REPORT
NATIONAL WEATHER SERVICE AMARILLO TX
908 AM CDT MON SEP 22 2014


...................................

...THE BORGER CLIMATE SUMMARY FOR SEPTEMBER 22 2014...
VALID AS OF 0900 AM LOCAL TIME.

CLIMATE NORMAL PERIOD 1981 TO 2013
CLIMATE RECORD PERIOD 1949 TO 2014


WEATHER ITEM   OBSERVED TIME   RECORD YEAR NORMAL DEPARTURE LAST
                VALUE   (LST)  VALUE       VALUE  FROM      YEAR
                                                  NORMAL
..................................................................
TEMPERATURE (F)
 TODAY
  MINIMUM         61    714 AM  37    1995  58      3       58

PRECIPITATION (IN)
  TODAY            0.00          4.98 2004   0.07  -0.07     0.00
  MONTH TO DATE    1.79                      1.79   0.00     2.01
  SINCE SEP 1      1.79                      1.79   0.00     2.01
  SINCE JAN 1      9.53                     17.80  -8.27    13.57

SNOWFALL (IN)
  TODAY            0.0           0.0  2013                   0.0
                                      2012
                                      2011
  MONTH TO DATE    0.0                                       0.0
  SINCE SEP 1      0.0                                       0.0
  SINCE JUL 1      0.0                                       0.0
  SNOW DEPTH       0

..................................................................


WIND (MPH)
  RESULTANT WIND SPEED   2   RESULTANT WIND DIRECTION   E (90)
  HIGHEST WIND SPEED     8   HIGHEST WIND DIRECTION    SE (120)
  HIGHEST GUST SPEED    11   HIGHEST GUST DIRECTION    SE (120)
  AVERAGE WIND SPEED     2.2


SKY COVER
  AVERAGE SKY COVER 0.5


WEATHER CONDITIONS
 THE FOLLOWING WEATHER WAS RECORDED TODAY.
  NO SIGNIFICANT WEATHER WAS OBSERVED.


RELATIVE HUMIDITY (PERCENT)
 HIGHEST    72           700 AM
 LOWEST     58           100 AM
 AVERAGE    65

..........................................................


THE BORGER CLIMATE NORMALS FOR TOMORROW
                         NORMAL    RECORD    YEAR
 MAXIMUM TEMPERATURE (F)   81        96      2012
 MINIMUM TEMPERATURE (F)   57        39      1989


SUNRISE AND SUNSET
SEPTEMBER 22 2014.....SUNRISE   734 AM CDT   SUNSET   742 PM CDT
SEPTEMBER 23 2014.....SUNRISE   734 AM CDT   SUNSET   741 PM CDT


-  INDICATES NEGATIVE NUMBERS.
R  INDICATES RECORD WAS SET OR TIED.
MM INDICATES DATA IS MISSING.
T  INDICATES TRACE AMOUNT.




$$
