000
CDUS41 KBGM 300535
CLIBGM


CLIMATE REPORT
NATIONAL WEATHER SERVICE BINGHAMTON NY
135 AM EDT SAT AUG 30 2014


...................................

...THE BINGHAMTON NY CLIMATE SUMMARY FOR AUGUST 29 2014...

CLIMATE NORMAL PERIOD 1981 TO 2010
CLIMATE RECORD PERIOD 1951 TO 2014


WEATHER ITEM   OBSERVED TIME   RECORD YEAR NORMAL DEPARTURE LAST
                VALUE   (LST)  VALUE       VALUE  FROM      YEAR
                                                  NORMAL
..................................................................
TEMPERATURE (F)
 YESTERDAY
  MAXIMUM         71    430 PM  91    1953  74     -3       81
  MINIMUM         49    533 AM  38    1982  56     -7       60
  AVERAGE         60                        65     -5       71

PRECIPITATION (IN)
  YESTERDAY        0.00          2.53 1988   0.10  -0.10     0.00
  MONTH TO DATE    5.06                      3.23   1.83     5.23
  SINCE JUN 1     13.27                     11.24   2.03    16.99
  SINCE JAN 1     28.63                     25.99   2.64    30.15

SNOWFALL (IN)
  YESTERDAY        0.0           T    1970   0.0    0.0      0.0
  MONTH TO DATE    0.0                       0.0    0.0      0.0
  SINCE JUN 1      T                         0.0    0.0      0.0
  SINCE JUL 1      T                         0.0    0.0      0.0
  SNOW DEPTH       0

DEGREE DAYS
 HEATING
  YESTERDAY        5                         2      3        0
  MONTH TO DATE   39                        35      4       37
  SINCE JUN 1    109                       150    -41      138
  SINCE JUL 1     64                        59      5       51

 COOLING
  YESTERDAY        0                         2     -2        6
  MONTH TO DATE   64                       105    -41       65
  SINCE JUN 1    272                       317    -45      368
  SINCE JAN 1    297                       340    -43      411
..................................................................


WIND (MPH)
  HIGHEST WIND SPEED     8   HIGHEST WIND DIRECTION    SE (150)
  HIGHEST GUST SPEED    13   HIGHEST GUST DIRECTION     S (160)
  AVERAGE WIND SPEED     4.3


SKY COVER
  AVERAGE SKY COVER 0.0


WEATHER CONDITIONS
 THE FOLLOWING WEATHER WAS RECORDED YESTERDAY.
  NO SIGNIFICANT WEATHER WAS OBSERVED.


RELATIVE HUMIDITY (PERCENT)
 HIGHEST    93           400 AM
 LOWEST     51           200 PM
 AVERAGE    72

..........................................................


THE BINGHAMTON NY CLIMATE NORMALS FOR TODAY
                         NORMAL    RECORD    YEAR
 MAXIMUM TEMPERATURE (F)   74        93      1953
 MINIMUM TEMPERATURE (F)   56        37      1965


SUNRISE AND SUNSET
AUGUST 30 2014........SUNRISE   627 AM EDT   SUNSET   741 PM EDT
AUGUST 31 2014........SUNRISE   628 AM EDT   SUNSET   739 PM EDT


-  INDICATES NEGATIVE NUMBERS.
R  INDICATES RECORD WAS SET OR TIED.
MM INDICATES DATA IS MISSING.
T  INDICATES TRACE AMOUNT.




$$
