000
CDUS41 KBGM 010754
CLIBGM


CLIMATE REPORT
NATIONAL WEATHER SERVICE BINGHAMTON NY
253 AM EST SUN FEB 1 2015


...................................

...THE BINGHAMTON NY CLIMATE SUMMARY FOR JANUARY 31 2015...

CLIMATE NORMAL PERIOD 1981 TO 2010
CLIMATE RECORD PERIOD 1951 TO 2015


WEATHER ITEM   OBSERVED TIME   RECORD YEAR NORMAL DEPARTURE LAST
                VALUE   (LST)  VALUE       VALUE  FROM      YEAR
                                                  NORMAL
..................................................................
TEMPERATURE (F)
 YESTERDAY
  MAXIMUM         15    348 PM  54    2012  29    -14       30
                                      1974
  MINIMUM          2    806 AM  -7    1971  16    -14       19
  AVERAGE          9                        22    -13       25

PRECIPITATION (IN)
  YESTERDAY        T             0.87 1982   0.08  -0.08     0.00
  MONTH TO DATE    1.93                      2.45  -0.52     2.94
  SINCE DEC 1      5.23                      5.28  -0.05     6.38
  SINCE JAN 1      1.93                      2.45  -0.52     2.94

SNOWFALL (IN)
  YESTERDAY        0.1           5.6  1966   0.7   -0.6      0.0
  MONTH TO DATE   16.1                      22.2   -6.1     23.2
  SINCE DEC 1     29.2                      40.0  -10.8     48.2
  SINCE JUL 1     42.9                      46.8   -3.9     56.4
  SNOW DEPTH       8

DEGREE DAYS
 HEATING
  YESTERDAY       56                        43     13       40
  MONTH TO DATE 1460                      1327    133     1471
  SINCE DEC 1   2529                      2497     32     2619
  SINCE JUL 1   4064                      4072     -8     4210

 COOLING
  YESTERDAY        0                         0      0        0
  MONTH TO DATE    0                         0      0        0
  SINCE DEC 1      0                         0      0        0
  SINCE JAN 1      0                         0      0        0
..................................................................


WIND (MPH)
  HIGHEST WIND SPEED    28   HIGHEST WIND DIRECTION    NW (320)
  HIGHEST GUST SPEED    38   HIGHEST GUST DIRECTION    NW (310)
  AVERAGE WIND SPEED    11.4


SKY COVER
  AVERAGE SKY COVER 0.6


WEATHER CONDITIONS
 THE FOLLOWING WEATHER WAS RECORDED YESTERDAY.
  LIGHT SNOW
  FOG
  HAZE
  BLOWING SNOW


RELATIVE HUMIDITY (PERCENT)
 HIGHEST    88           100 AM
 LOWEST     61          1200 PM
 AVERAGE    75

..........................................................


THE BINGHAMTON NY CLIMATE NORMALS FOR TODAY
                         NORMAL    RECORD    YEAR
 MAXIMUM TEMPERATURE (F)   29        58      1989
 MINIMUM TEMPERATURE (F)   16       -10      1961


SUNRISE AND SUNSET
FEBRUARY  1 2015......SUNRISE   717 AM EST   SUNSET   518 PM EST
FEBRUARY  2 2015......SUNRISE   716 AM EST   SUNSET   519 PM EST


-  INDICATES NEGATIVE NUMBERS.
R  INDICATES RECORD WAS SET OR TIED.
MM INDICATES DATA IS MISSING.
T  INDICATES TRACE AMOUNT.

$$
