000
CDUS41 KBGM 050550
CLIBGM


CLIMATE REPORT
NATIONAL WEATHER SERVICE BINGHAMTON NY
148 AM EDT WED AUG 5 2015


...................................

...THE BINGHAMTON NY CLIMATE SUMMARY FOR AUGUST 4 2015...

CLIMATE NORMAL PERIOD 1981 TO 2010
CLIMATE RECORD PERIOD 1951 TO 2015


WEATHER ITEM   OBSERVED TIME   RECORD YEAR NORMAL DEPARTURE LAST
                VALUE   (LST)  VALUE       VALUE  FROM      YEAR
                                                  NORMAL
..................................................................
TEMPERATURE (F)
 YESTERDAY
  MAXIMUM         75    113 PM  93    2005  78     -3       79
  MINIMUM         59   1120 PM  48    1951  60     -1       61
  AVERAGE         67                        69     -2       70

PRECIPITATION (IN)
  YESTERDAY        0.03          0.78 1959   0.11  -0.08     0.00
  MONTH TO DATE    0.29                      0.47  -0.18     0.07
  SINCE JUN 1     15.18                      8.48   6.70     8.28
  SINCE JAN 1     28.73                     23.23   5.50    23.64

SNOWFALL (IN)
  YESTERDAY        0.0           0.0  2002   0.0    0.0      0.0
                                      2001
                                      2000
  MONTH TO DATE    0.0                       0.0    0.0      0.0
  SINCE JUN 1      T                         0.0    0.0       T
  SINCE JUL 1      T                         0.0    0.0       T
  SNOW DEPTH       0

DEGREE DAYS
 HEATING
  YESTERDAY        0                         1     -1        0
  MONTH TO DATE    0                         4     -4        0
  SINCE JUN 1    101                       119    -18       70
  SINCE JUL 1     24                        28     -4       25

 COOLING
  YESTERDAY        2                         4     -2        5
  MONTH TO DATE   15                        16     -1       21
  SINCE JUN 1    184                       228    -44      229
  SINCE JAN 1    257                       251      6      254
..................................................................


WIND (MPH)
  HIGHEST WIND SPEED    18   HIGHEST WIND DIRECTION    NW (330)
  HIGHEST GUST SPEED    24   HIGHEST GUST DIRECTION    NW (330)
  AVERAGE WIND SPEED     5.8


SKY COVER
  AVERAGE SKY COVER 0.4


WEATHER CONDITIONS
 THE FOLLOWING WEATHER WAS RECORDED YESTERDAY.
  RAIN
  LIGHT RAIN
  FOG
  HAZE


RELATIVE HUMIDITY (PERCENT)
 HIGHEST   100           600 AM
 LOWEST     58          1200 PM
 AVERAGE    79

..........................................................


THE BINGHAMTON NY CLIMATE NORMALS FOR TODAY
                         NORMAL    RECORD    YEAR
 MAXIMUM TEMPERATURE (F)   78        94      1955
 MINIMUM TEMPERATURE (F)   60        44      1972
                                             1951


SUNRISE AND SUNSET
AUGUST  5 2015........SUNRISE   601 AM EDT   SUNSET   819 PM EDT
AUGUST  6 2015........SUNRISE   602 AM EDT   SUNSET   817 PM EDT


-  INDICATES NEGATIVE NUMBERS.
R  INDICATES RECORD WAS SET OR TIED.
MM INDICATES DATA IS MISSING.
T  INDICATES TRACE AMOUNT.




$$
