000
CDUS41 KCAR 170539
CLIBGR


CLIMATE REPORT
NATIONAL WEATHER SERVICE CARIBOU, ME
1228 AM EST TUE JAN 17 2017


...................................

...THE BANGOR ME CLIMATE SUMMARY FOR JANUARY 16 2017...

CLIMATE NORMAL PERIOD 1981 TO 2010
CLIMATE RECORD PERIOD 1925 TO 2017


WEATHER ITEM   OBSERVED TIME   RECORD YEAR NORMAL DEPARTURE LAST
                VALUE   (LST)  VALUE       VALUE  FROM      YEAR
                                                  NORMAL
..................................................................
TEMPERATURE (F)
 YESTERDAY
  MAXIMUM         33    457 PM  54    1932  27      6       26
  MINIMUM          7    732 AM -25    2009   6      1       19
  AVERAGE         20                        16      4       23

PRECIPITATION (IN)
  YESTERDAY        0.00          1.53 1936   0.09  -0.09     0.18
  MONTH TO DATE    1.80                      1.50   0.30     2.31
  SINCE DEC 1      5.57                      4.98   0.59     6.37
  SINCE JAN 1      1.80                      1.50   0.30     2.31

SNOWFALL (IN)
  YESTERDAY        0.0          14.0  2000   0.6             2.2
  MONTH TO DATE    2.9                      10.1             4.6
  SINCE DEC 1     21.3                      24.5            15.7
  SINCE JUL 1     22.8                      26.9            18.2
  SNOW DEPTH       T

DEGREE DAYS
 HEATING
  YESTERDAY       45                        49     -4       42
  MONTH TO DATE  704                       761    -57      672
  SINCE DEC 1   2023                      2013     10     1625
  SINCE JUL 1   3442                      3682   -240     3126

 COOLING
  YESTERDAY        0                         0      0        0
  MONTH TO DATE    0                         0      0        0
  SINCE DEC 1      0                         0      0        0
  SINCE JAN 1      0                         0      0        0
..................................................................


WIND (MPH)
  RESULTANT WIND SPEED   4   RESULTANT WIND DIRECTION   S (200)
  HIGHEST WIND SPEED    20   HIGHEST WIND DIRECTION     S (200)
  HIGHEST GUST SPEED    25   HIGHEST GUST DIRECTION     S (200)


SKY COVER
  POSSIBLE SUNSHINE  MM
  AVERAGE SKY COVER 0.5


WEATHER CONDITIONS
 THE FOLLOWING WEATHER WAS RECORDED YESTERDAY.
  NO SIGNIFICANT WEATHER WAS OBSERVED.


RELATIVE HUMIDITY (PERCENT)
 HIGHEST    88
 LOWEST     35
 AVERAGE    62

..........................................................


THE BANGOR ME CLIMATE NORMALS FOR TODAY
                         NORMAL    RECORD    YEAR
 MAXIMUM TEMPERATURE (F)   27        52      1995
 MINIMUM TEMPERATURE (F)    6       -22      1974


SUNRISE AND SUNSET
JANUARY 17 2017.......SUNRISE   708 AM EST   SUNSET   423 PM EST
JANUARY 18 2017.......SUNRISE   707 AM EST   SUNSET   425 PM EST


-  INDICATES NEGATIVE NUMBERS.
R  INDICATES RECORD WAS SET OR TIED.
MM INDICATES DATA IS MISSING.
T  INDICATES TRACE AMOUNT.




$$
