000
CDUS41 KCAR 222129
CLIBGR


CLIMATE REPORT
NATIONAL WEATHER SERVICE CARIBOU, ME
429 PM EST WED FEB 22 2017


...................................

...THE BANGOR ME CLIMATE SUMMARY FOR FEBRUARY 22 2017...
VALID TODAY AS OF 0400 PM LOCAL TIME.

CLIMATE NORMAL PERIOD 1981 TO 2010
CLIMATE RECORD PERIOD 1925 TO 2017


WEATHER ITEM   OBSERVED TIME   RECORD YEAR NORMAL DEPARTURE LAST
                VALUE   (LST)  VALUE       VALUE  FROM      YEAR
                                                  NORMAL
..................................................................
TEMPERATURE (F)
 TODAY
  MAXIMUM         47    302 PM  56    1937  33     14       29
  MINIMUM         28   1244 AM -12    1963  12     16       14
  AVERAGE         38                        23     15       22

PRECIPITATION (IN)
  TODAY            T             0.95 1974   0.09  -0.09     0.00
  MONTH TO DATE    1.78                      1.94  -0.16     2.75
  SINCE DEC 1      9.18                      8.31   0.87     9.19
  SINCE JAN 1      5.41                      4.83   0.58     5.13

SNOWFALL (IN)
  TODAY            0.0           6.3  1965   0.5   -0.5      0.0
  MONTH TO DATE   37.4                      11.8   25.6     17.6
  SINCE DEC 1     61.8                      45.4   16.4     34.1
  SINCE JUL 1     63.3                      47.8   15.5     36.6
  SNOW DEPTH      16

DEGREE DAYS
 HEATING
  TODAY           27                        42    -15       43
  MONTH TO DATE  996                       991      5      915
  SINCE DEC 1   3545                      3729   -184     3181
  SINCE JUL 1   4964                      5398   -434     4682

 COOLING
  TODAY            0                         0      0        0
  MONTH TO DATE    0                         0      0        0
  SINCE DEC 1      0                         0      0        0
  SINCE JAN 1      0                         0      0        0
..................................................................


WIND (MPH)
  HIGHEST WIND SPEED     7   HIGHEST WIND DIRECTION    NW (310)
  HIGHEST GUST SPEED     8   HIGHEST GUST DIRECTION     S (170)
  AVERAGE WIND SPEED     1.0


SKY COVER
  POSSIBLE SUNSHINE  MM
  AVERAGE SKY COVER 0.9


WEATHER CONDITIONS
 THE FOLLOWING WEATHER WAS RECORDED TODAY.
  LT FREEZING RAIN
  SNOW


RELATIVE HUMIDITY (PERCENT)
 HIGHEST    92           700 AM
 LOWEST     49           200 PM
 AVERAGE    71

..........................................................


THE BANGOR ME CLIMATE NORMALS FOR TOMORROW
                         NORMAL    RECORD    YEAR
 MAXIMUM TEMPERATURE (F)   34        57      1984
 MINIMUM TEMPERATURE (F)   13       -18      1929


SUNRISE AND SUNSET
FEBRUARY 22 2017......SUNRISE   624 AM EST   SUNSET   514 PM EST
FEBRUARY 23 2017......SUNRISE   623 AM EST   SUNSET   515 PM EST


-  INDICATES NEGATIVE NUMBERS.
R  INDICATES RECORD WAS SET OR TIED.
MM INDICATES DATA IS MISSING.
T  INDICATES TRACE AMOUNT.




$$
