000
CDUS41 KCAR 220550
CLIBGR


CLIMATE REPORT
NATIONAL WEATHER SERVICE CARIBOU, ME
1250 AM EST MON JAN 22 2018


...................................

...THE BANGOR ME CLIMATE SUMMARY FOR JANUARY 21 2018...

CLIMATE NORMAL PERIOD 1981 TO 2010
CLIMATE RECORD PERIOD 1925 TO 2018


WEATHER ITEM   OBSERVED TIME   RECORD YEAR NORMAL DEPARTURE LAST
                VALUE   (LST)  VALUE       VALUE  FROM      YEAR
                                                  NORMAL
..................................................................
TEMPERATURE (F)
 YESTERDAY
  MAXIMUM         40    113 AM  51    2006  27     13       41
  MINIMUM         25    744 PM -16    1934   6     19       32
  AVERAGE         33                        16     17       37

PRECIPITATION (IN)
  YESTERDAY        0.00          1.20 1959   0.10  -0.10     0.00
  MONTH TO DATE    4.08                      1.97   2.11     1.91
  SINCE DEC 1      7.91                      5.45   2.46     5.68
  SINCE JAN 1      4.08                      1.97   2.11     1.91

SNOWFALL (IN)
  YESTERDAY        0.0          17.3  2011   0.6             0.0
  MONTH TO DATE   26.4                      13.1             4.8
  SINCE DEC 1     54.1                      27.5            23.2
  SINCE JUL 1     54.1                      29.9            24.7
  SNOW DEPTH       4

DEGREE DAYS
 HEATING
  YESTERDAY       32                        49    -17       28
  MONTH TO DATE 1000                      1006     -6      879
  SINCE DEC 1   2447                      2258    189     2198
  SINCE JUL 1   3706                      3927   -221     3617

 COOLING
  YESTERDAY        0                         0      0        0
  MONTH TO DATE    0                         0      0        0
  SINCE DEC 1      0                         0      0        0
  SINCE JAN 1      0                         0      0        0
..................................................................


WIND (MPH)
  RESULTANT WIND SPEED   5   RESULTANT WIND DIRECTION   N (340)
  HIGHEST WIND SPEED    16   HIGHEST WIND DIRECTION    NW (310)
  HIGHEST GUST SPEED    24   HIGHEST GUST DIRECTION     W (280)


SKY COVER
  POSSIBLE SUNSHINE  MM
  AVERAGE SKY COVER 0.7


WEATHER CONDITIONS
 THE FOLLOWING WEATHER WAS RECORDED YESTERDAY.
  NO SIGNIFICANT WEATHER WAS OBSERVED.


RELATIVE HUMIDITY (PERCENT)
 HIGHEST    75
 LOWEST     44
 AVERAGE    60

..........................................................


THE BANGOR ME CLIMATE NORMALS FOR TODAY
                         NORMAL    RECORD    YEAR
 MAXIMUM TEMPERATURE (F)   27        47      1959
                                             1957
 MINIMUM TEMPERATURE (F)    6       -29      2005


SUNRISE AND SUNSET
JANUARY 22 2018.......SUNRISE   704 AM EST   SUNSET   430 PM EST
JANUARY 23 2018.......SUNRISE   704 AM EST   SUNSET   431 PM EST


-  INDICATES NEGATIVE NUMBERS.
R  INDICATES RECORD WAS SET OR TIED.
MM INDICATES DATA IS MISSING.
T  INDICATES TRACE AMOUNT.




$$
