000
CDUS41 KCAR 240530
CLIBGR


CLIMATE REPORT
NATIONAL WEATHER SERVICE CARIBOU, ME
130 AM EDT MON APR 24 2017


...................................

...THE BANGOR ME CLIMATE SUMMARY FOR APRIL 23 2017...

CLIMATE NORMAL PERIOD 1981 TO 2010
CLIMATE RECORD PERIOD 1925 TO 2017


WEATHER ITEM   OBSERVED TIME   RECORD YEAR NORMAL DEPARTURE LAST
                VALUE   (LST)  VALUE       VALUE  FROM      YEAR
                                                  NORMAL
..................................................................
TEMPERATURE (F)
 YESTERDAY
  MAXIMUM         60    359 PM  83    2007  56      4       61
  MINIMUM         36    509 AM  22    1944  35      1       37
                                      1933
                                      1929
  AVERAGE         48                        46      2       49

PRECIPITATION (IN)
  YESTERDAY        0.00          2.32 2012   0.12  -0.12      T
  MONTH TO DATE    2.78                      2.79  -0.01     2.55
  SINCE MAR 1      4.85                      6.17  -1.32     5.82
  SINCE JAN 1     10.74                     11.58  -0.84    12.09

SNOWFALL (IN)
  YESTERDAY        0.0           2.6  1964   0.0             0.0
  MONTH TO DATE    2.3                       3.5              T
  SINCE MAR 1     19.3                      15.2             6.0
  SINCE JUL 1     82.6                      65.9            44.6
  SNOW DEPTH       0

DEGREE DAYS
 HEATING
  YESTERDAY       17                        19     -2       16
  MONTH TO DATE  485                       550    -65      552
  SINCE MAR 1   1699                      1627     72     1537
  SINCE JUL 1   6827                      7273   -446     6452

 COOLING
  YESTERDAY        0                         0      0        0
  MONTH TO DATE    0                         0      0        0
  SINCE MAR 1      0                         0      0        0
  SINCE JAN 1      0                         0      0        0
..................................................................


WIND (MPH)
  RESULTANT WIND SPEED   2   RESULTANT WIND DIRECTION  SW (210)
  HIGHEST WIND SPEED    17   HIGHEST WIND DIRECTION     S (180)
  HIGHEST GUST SPEED    21   HIGHEST GUST DIRECTION     S (180)


SKY COVER
  POSSIBLE SUNSHINE  MM
  AVERAGE SKY COVER 0.6


WEATHER CONDITIONS
 THE FOLLOWING WEATHER WAS RECORDED YESTERDAY.
  FOG


RELATIVE HUMIDITY (PERCENT)
 HIGHEST   100
 LOWEST     40
 AVERAGE    70

..........................................................


THE BANGOR ME CLIMATE NORMALS FOR TODAY
                         NORMAL    RECORD    YEAR
 MAXIMUM TEMPERATURE (F)   57        79      1942
 MINIMUM TEMPERATURE (F)   35        22      1944


SUNRISE AND SUNSET
APRIL 24 2017.........SUNRISE   536 AM EDT   SUNSET   732 PM EDT
APRIL 25 2017.........SUNRISE   534 AM EDT   SUNSET   733 PM EDT


-  INDICATES NEGATIVE NUMBERS.
R  INDICATES RECORD WAS SET OR TIED.
MM INDICATES DATA IS MISSING.
T  INDICATES TRACE AMOUNT.




$$
