000
CDUS41 KCAR 070527
CLIBGR


CLIMATE REPORT
NATIONAL WEATHER SERVICE CARIBOU, ME
126 AM EDT TUE JUL 7 2015


...................................

...THE BANGOR ME CLIMATE SUMMARY FOR JULY 6 2015...

CLIMATE NORMAL PERIOD 1981 TO 2010
CLIMATE RECORD PERIOD 1925 TO 2015


WEATHER ITEM   OBSERVED TIME   RECORD YEAR NORMAL DEPARTURE LAST
                VALUE   (LST)  VALUE       VALUE  FROM      YEAR
                                                  NORMAL
..................................................................
TEMPERATURE (F)
 YESTERDAY
  MAXIMUM         84    209 PM  95    1935  79      5       81
  MINIMUM         56    333 AM  42    1940  57     -1       63
                                      1927
  AVERAGE         70                        68      2       72

PRECIPITATION (IN)
  YESTERDAY        0.00          1.42 1983   0.10  -0.10      T
  MONTH TO DATE    0.17                      0.62  -0.45     3.62
  SINCE JUN 1      5.07                      4.38   0.69     7.21
  SINCE JAN 1     16.12                     20.43  -4.31    21.62

SNOWFALL (IN)
  YESTERDAY        0.0           0.0  2002   0.0             0.0
                                      2001
  MONTH TO DATE    0.0                       0.0             0.0
  SINCE JUN 1      0.0                       0.0             0.0
  SINCE JUL 1      0.0                       0.0             0.0
  SNOW DEPTH       0

DEGREE DAYS
 HEATING
  YESTERDAY        0                         1     -1        0
  MONTH TO DATE    7                         6      1        5
  SINCE JUN 1    186                       113     73       76
  SINCE JUL 1      7                         6      1        5

 COOLING
  YESTERDAY        5                         4      1        7
  MONTH TO DATE    8                        22    -14       49
  SINCE JUN 1     32                        74    -42       95
  SINCE JAN 1     55                        80    -25       95
..................................................................


WIND (MPH)
  RESULTANT WIND SPEED   4   RESULTANT WIND DIRECTION   S (180)
  HIGHEST WIND SPEED    16   HIGHEST WIND DIRECTION     S (180)
  HIGHEST GUST SPEED    20   HIGHEST GUST DIRECTION     S (190)


SKY COVER
  POSSIBLE SUNSHINE  MM
  AVERAGE SKY COVER 0.3


WEATHER CONDITIONS
 THE FOLLOWING WEATHER WAS RECORDED YESTERDAY.
  FOG


RELATIVE HUMIDITY (PERCENT)
 HIGHEST   100
 LOWEST     43
 AVERAGE    72

..........................................................


THE BANGOR ME CLIMATE NORMALS FOR TODAY
                         NORMAL    RECORD    YEAR
 MAXIMUM TEMPERATURE (F)   79        95      1993
 MINIMUM TEMPERATURE (F)   57        41      1969


SUNRISE AND SUNSET
JULY  7 2015..........SUNRISE   457 AM EDT   SUNSET   823 PM EDT
JULY  8 2015..........SUNRISE   458 AM EDT   SUNSET   823 PM EDT


-  INDICATES NEGATIVE NUMBERS.
R  INDICATES RECORD WAS SET OR TIED.
MM INDICATES DATA IS MISSING.
T  INDICATES TRACE AMOUNT.




$$
