000
CDUS44 KBMX 310732
CLIBHM


CLIMATE REPORT
NATIONAL WEATHER SERVICE BIRMINGHAM, AL
231 AM CDT TUE MAY 31 2016


...................................

...THE BIRMINGHAM CLIMATE SUMMARY FOR MAY 30 2016...

CLIMATE NORMAL PERIOD 1981 TO 2010
CLIMATE RECORD PERIOD 1895 TO 2016


WEATHER ITEM   OBSERVED TIME   RECORD YEAR NORMAL DEPARTURE LAST
                VALUE   (LST)  VALUE       VALUE  FROM      YEAR
                                                  NORMAL
..................................................................
TEMPERATURE (F)
 YESTERDAY
  MAXIMUM         92    236 PM  97    1914  85      7       85
  MINIMUM         66    442 AM  41    1984  64      2       66
  AVERAGE         79                        74      5       76

PRECIPITATION (IN)
  YESTERDAY        0.00          2.80 1959   0.15  -0.15     0.00
  MONTH TO DATE    1.39                      4.83  -3.44     2.43
  SINCE MAR 1     10.84                     14.44  -3.60    16.90
  SINCE JAN 1     21.58                     23.81  -2.23    25.60

DEGREE DAYS
 COOLING
  YESTERDAY       14                         9      5       11
  MONTH TO DATE  192                       189      3      242
  SINCE MAR 1    300                       269     31      324
  SINCE JAN 1    307                       273     34      324
..................................................................


WIND (MPH)
  HIGHEST WIND SPEED    16   HIGHEST WIND DIRECTION    NW (320)
  HIGHEST GUST SPEED    22   HIGHEST GUST DIRECTION    NW (320)
  AVERAGE WIND SPEED     3.4


SKY COVER
  AVERAGE SKY COVER 0.3


WEATHER CONDITIONS
 THE FOLLOWING WEATHER WAS RECORDED YESTERDAY.
  NO SIGNIFICANT WEATHER WAS OBSERVED.


RELATIVE HUMIDITY (PERCENT)
 HIGHEST    93           500 AM
 LOWEST     34           300 PM
 AVERAGE    64

..........................................................


THE BIRMINGHAM CLIMATE NORMALS FOR TODAY
                         NORMAL    RECORD    YEAR
 MAXIMUM TEMPERATURE (F)   85        95      2011
 MINIMUM TEMPERATURE (F)   64        40      1984


SUNRISE AND SUNSET
MAY 31 2016...........SUNRISE   538 AM CDT   SUNSET   752 PM CDT
JUNE  1 2016..........SUNRISE   538 AM CDT   SUNSET   752 PM CDT


-  INDICATES NEGATIVE NUMBERS.
R  INDICATES RECORD WAS SET OR TIED.
MM INDICATES DATA IS MISSING.
T  INDICATES TRACE AMOUNT.




$$
