000
CDUS44 KBMX 220843
CLIBHM


CLIMATE REPORT
NATIONAL WEATHER SERVICE BIRMINGHAM, AL
241 AM CST THU FEB 22 2018


...................................

...THE BIRMINGHAM CLIMATE SUMMARY FOR FEBRUARY 21 2018...

CLIMATE NORMAL PERIOD 1981 TO 2010
CLIMATE RECORD PERIOD 1895 TO 2018


WEATHER ITEM   OBSERVED TIME   RECORD YEAR NORMAL DEPARTURE LAST
                VALUE   (LST)  VALUE       VALUE  FROM      YEAR
                                                  NORMAL
..................................................................
TEMPERATURE (F)
 YESTERDAY
  MAXIMUM         83R   158 PM  78    1922  60     23       67
  MINIMUM         67    612 AM  18    1963  39     28       59
                                      1959
  AVERAGE         75                        49     26       63

PRECIPITATION (IN)
  YESTERDAY        0.00          5.46 1961   0.16  -0.16     0.25
  MONTH TO DATE    6.24                      3.34   2.90     2.50
  SINCE DEC 1     11.60                     12.63  -1.03    11.60
  SINCE JAN 1      7.59                      8.18  -0.59     9.21

SNOWFALL (IN)
  YESTERDAY        0.0                       0.0    0.0      0.0
  MONTH TO DATE    0.0                       0.1   -0.1      0.0
  SINCE DEC 1      4.0                       0.8    3.2      0.3
  SINCE JUL 1      4.0                       0.8    3.2      0.3
  SNOW DEPTH       0

DEGREE DAYS
 HEATING
  YESTERDAY        0                        16    -16        2
  MONTH TO DATE  222                       383   -161      223
  SINCE DEC 1   1582                      1630    -48     1096
  SINCE JUL 1   1984                      2088   -104     1328
..................................................................


WIND (MPH)
  HIGHEST WIND SPEED    22   HIGHEST WIND DIRECTION     S (200)
  HIGHEST GUST SPEED    27   HIGHEST GUST DIRECTION     S (200)
  AVERAGE WIND SPEED    10.3


SKY COVER
  AVERAGE SKY COVER 0.6


WEATHER CONDITIONS
 THE FOLLOWING WEATHER WAS RECORDED YESTERDAY.
  FOG


RELATIVE HUMIDITY (PERCENT)
 HIGHEST    87           600 AM
 LOWEST     51           200 PM
 AVERAGE    69

..........................................................


THE BIRMINGHAM CLIMATE NORMALS FOR TODAY
                         NORMAL    RECORD    YEAR
 MAXIMUM TEMPERATURE (F)   60        81      1897
 MINIMUM TEMPERATURE (F)   39         9      1963


SUNRISE AND SUNSET
FEBRUARY 22 2018......SUNRISE   624 AM CST   SUNSET   538 PM CST
FEBRUARY 23 2018......SUNRISE   622 AM CST   SUNSET   539 PM CST


-  INDICATES NEGATIVE NUMBERS.
R  INDICATES RECORD WAS SET OR TIED.
MM INDICATES DATA IS MISSING.
T  INDICATES TRACE AMOUNT.




$$
