000
CDUS44 KBMX 032250
CLIBHM


CLIMATE REPORT
NATIONAL WEATHER SERVICE BIRMINGHAM, AL
431 PM CST TUE MAR 3 2015


...................................

...THE BIRMINGHAM CLIMATE SUMMARY FOR MARCH 3 2015...
VALID AS OF 0400 PM LOCAL TIME.

CLIMATE NORMAL PERIOD 1981 TO 2010
CLIMATE RECORD PERIOD 2014 TO 2015


WEATHER ITEM   OBSERVED TIME   RECORD YEAR NORMAL DEPARTURE LAST
                VALUE   (LST)  VALUE       VALUE  FROM      YEAR
                                                  NORMAL
..................................................................
TEMPERATURE (F)
 TODAY
  MAXIMUM         65    259 PM  81    1951  63      2       65
                                      1899
  MINIMUM         52    441 AM  11    1980  41     11       27
  AVERAGE         59                        52      7       46

PRECIPITATION (IN)
  TODAY            0.18          4.10 1979   0.17   0.01     0.28
  MONTH TO DATE    0.64                      0.52   0.12     0.28
  SINCE MAR 1      0.64                      0.52   0.12     0.28
  SINCE JAN 1      9.34                      9.89  -0.55     7.21

SNOWFALL (IN)
  TODAY            0.0                       0.1   -0.1      0.0
  MONTH TO DATE    0.0                       0.1   -0.1      0.0
  SINCE MAR 1      0.0                       0.1   -0.1      0.0
  SINCE JUL 1      0.7                       0.9   -0.2      5.0
  SNOW DEPTH       0

DEGREE DAYS

 COOLING
  TODAY            0                         0      0        0
  MONTH TO DATE    0                         0      0        0
  SINCE MAR 1      0                         0      0        0
  SINCE JAN 1      0                         4     -4        3
..................................................................


WIND (MPH)
  HIGHEST WIND SPEED    12   HIGHEST WIND DIRECTION     S (180)
  HIGHEST GUST SPEED    15   HIGHEST GUST DIRECTION     S (170)
  AVERAGE WIND SPEED     2.2


SKY COVER
  AVERAGE SKY COVER 1.0


WEATHER CONDITIONS
 THE FOLLOWING WEATHER WAS RECORDED TODAY.
  RAIN
  LIGHT RAIN
  FOG


RELATIVE HUMIDITY (PERCENT)
 HIGHEST   100           300 AM
 LOWEST     89          1200 AM
 AVERAGE    95

..........................................................


THE BIRMINGHAM CLIMATE NORMALS FOR TOMORROW
                         NORMAL    RECORD    YEAR
 MAXIMUM TEMPERATURE (F)   63        84      1976
 MINIMUM TEMPERATURE (F)   41        17      1943


SUNRISE AND SUNSET
MARCH  3 2015.........SUNRISE   613 AM CST   SUNSET   545 PM CST
MARCH  4 2015.........SUNRISE   612 AM CST   SUNSET   546 PM CST


-  INDICATES NEGATIVE NUMBERS.
R  INDICATES RECORD WAS SET OR TIED.
MM INDICATES DATA IS MISSING.
T  INDICATES TRACE AMOUNT.




$$
