000
CDUS44 KBMX 210937
CLIBHM


CLIMATE REPORT
NATIONAL WEATHER SERVICE BIRMINGHAM, AL
437 AM CDT SUN SEP 21 2014


...................................

...THE BIRMINGHAM CLIMATE SUMMARY FOR SEPTEMBER 20 2014...

CLIMATE NORMAL PERIOD 1981 TO 2010
CLIMATE RECORD PERIOD 1895 TO 2014


WEATHER ITEM   OBSERVED TIME   RECORD YEAR NORMAL DEPARTURE LAST
                VALUE   (LST)  VALUE       VALUE  FROM      YEAR
                                                  NORMAL
..................................................................
TEMPERATURE (F)
 YESTERDAY
  MAXIMUM         84    329 PM 100    1925  84      0       88
  MINIMUM         66   1153 PM  46    1918  63      3       66
  AVERAGE         75                        73      2       77

PRECIPITATION (IN)
  YESTERDAY        0.00          3.49 2011   0.13  -0.13     0.01
  MONTH TO DATE    1.64                      2.58  -0.94     1.45
  SINCE SEP 1      1.64                      2.58  -0.94     1.45
  SINCE JAN 1     34.50                     39.66  -5.16    53.71

DEGREE DAYS
 HEATING
  YESTERDAY        0                         0      0        0
  MONTH TO DATE    0                         0      0        0
  SINCE SEP 1      0                         0      0        0
  SINCE JUL 1      0                         0      0        0

 COOLING
  YESTERDAY       10                         9      1       12
  MONTH TO DATE  296                       231     65      254
  SINCE SEP 1    296                       231     65      254
  SINCE JAN 1   1936                      1881     55     1779
..................................................................


WIND (MPH)
  HIGHEST WIND SPEED    14   HIGHEST WIND DIRECTION    SE (140)
  HIGHEST GUST SPEED    18   HIGHEST GUST DIRECTION    SE (140)
  AVERAGE WIND SPEED     5.5


SKY COVER
  AVERAGE SKY COVER 0.1


WEATHER CONDITIONS
 THE FOLLOWING WEATHER WAS RECORDED YESTERDAY.
  NO SIGNIFICANT WEATHER WAS OBSERVED.


RELATIVE HUMIDITY (PERCENT)
 HIGHEST    93           600 AM
 LOWEST     48           200 PM
 AVERAGE    71

..........................................................


THE BIRMINGHAM CLIMATE NORMALS FOR TODAY
                         NORMAL    RECORD    YEAR
 MAXIMUM TEMPERATURE (F)   84        98      2010
                                             1925
 MINIMUM TEMPERATURE (F)   62        42      1918


SUNRISE AND SUNSET
SEPTEMBER 21 2014.....SUNRISE   634 AM CDT   SUNSET   645 PM CDT
SEPTEMBER 22 2014.....SUNRISE   635 AM CDT   SUNSET   644 PM CDT


-  INDICATES NEGATIVE NUMBERS.
R  INDICATES RECORD WAS SET OR TIED.
MM INDICATES DATA IS MISSING.
T  INDICATES TRACE AMOUNT.




$$
