000
CDUS44 KBMX 042144
CLIBHM


CLIMATE REPORT
NATIONAL WEATHER SERVICE BIRMINGHAM, AL
440 PM CDT SAT JUL 4 2015


...................................

...THE BIRMINGHAM CLIMATE SUMMARY FOR JULY 4 2015...
VALID AS OF 0400 PM LOCAL TIME.

CLIMATE NORMAL PERIOD 1981 TO 2010
CLIMATE RECORD PERIOD 2014 TO 2015


WEATHER ITEM   OBSERVED TIME   RECORD YEAR NORMAL DEPARTURE LAST
                VALUE   (LST)  VALUE       VALUE  FROM      YEAR
                                                  NORMAL
..................................................................
TEMPERATURE (F)
 TODAY
  MAXIMUM         84    113 PM 102    1921  90     -6       85
  MINIMUM         68    625 AM  58    1924  71     -3       61
  AVERAGE         76                        81     -5       73

PRECIPITATION (IN)
  TODAY            3.14R         2.10 1895   0.16   2.98     0.00
  MONTH TO DATE    3.54                      0.65   2.89      T
  SINCE JUN 1      5.24                      5.03   0.21     4.81
  SINCE JAN 1     30.97                     29.00   1.97    27.67

DEGREE DAYS
 COOLING
  TODAY           11                        16     -5        8
  MONTH TO DATE   52                        61     -9       56
  SINCE JUN 1    518                       443     75      462
  SINCE JAN 1    853                       725    128      755
..................................................................


WIND (MPH)
  HIGHEST WIND SPEED    18   HIGHEST WIND DIRECTION    NW (330)
  HIGHEST GUST SPEED    23   HIGHEST GUST DIRECTION    NW (320)
  AVERAGE WIND SPEED     5.4


SKY COVER
  AVERAGE SKY COVER 0.7


WEATHER CONDITIONS
 THE FOLLOWING WEATHER WAS RECORDED TODAY.
  THUNDERSTORM
  HEAVY RAIN
  RAIN
  LIGHT RAIN
  FOG


RELATIVE HUMIDITY (PERCENT)
 HIGHEST   100           400 AM
 LOWEST     65          1200 PM
 AVERAGE    83

..........................................................


THE BIRMINGHAM CLIMATE NORMALS FOR TOMORROW
                         NORMAL    RECORD    YEAR
 MAXIMUM TEMPERATURE (F)   90       100      1948
 MINIMUM TEMPERATURE (F)   71        58      2014


SUNRISE AND SUNSET
JULY  4 2015..........SUNRISE   542 AM CDT   SUNSET   801 PM CDT
JULY  5 2015..........SUNRISE   542 AM CDT   SUNSET   801 PM CDT


-  INDICATES NEGATIVE NUMBERS.
R  INDICATES RECORD WAS SET OR TIED.
MM INDICATES DATA IS MISSING.
T  INDICATES TRACE AMOUNT.




$$
