000
CDUS44 KBMX 270855
CLIBHM


CLIMATE REPORT
NATIONAL WEATHER SERVICE BIRMINGHAM, AL
254 AM CST MON FEB 27 2017


...................................

...THE BIRMINGHAM CLIMATE SUMMARY FOR FEBRUARY 26 2017...

CLIMATE NORMAL PERIOD 1981 TO 2010
CLIMATE RECORD PERIOD 1895 TO 2017


WEATHER ITEM   OBSERVED TIME   RECORD YEAR NORMAL DEPARTURE LAST
                VALUE   (LST)  VALUE       VALUE  FROM      YEAR
                                                  NORMAL
..................................................................
TEMPERATURE (F)
 YESTERDAY
  MAXIMUM         64    431 PM  80    1977  62      2       54
                                      1962
  MINIMUM         31    639 AM  13    1967  40     -9       33
  AVERAGE         48                        51     -3       44

PRECIPITATION (IN)
  YESTERDAY        0.00          1.68 1998   0.17  -0.17     0.00
  MONTH TO DATE    2.50                      4.18  -1.68     7.46
  SINCE DEC 1     11.60                     13.47  -1.87    21.27
  SINCE JAN 1      9.21                      9.02   0.19    10.74

SNOWFALL (IN)
  YESTERDAY        0.0                       0.0    0.0      0.0
  MONTH TO DATE    0.0                       0.1   -0.1       T
  SINCE DEC 1      0.3                       0.8   -0.5       T
  SINCE JUL 1      0.3                       0.8   -0.5       T
  SNOW DEPTH       0

DEGREE DAYS
 HEATING
  YESTERDAY       17                        15      2       21
  MONTH TO DATE  253                       459   -206      396
  SINCE DEC 1   1126                      1706   -580     1366
  SINCE JUL 1   1358                      2164   -806     1637
..................................................................


WIND (MPH)
  HIGHEST WIND SPEED    14   HIGHEST WIND DIRECTION    NE (60)
  HIGHEST GUST SPEED    20   HIGHEST GUST DIRECTION    SE (150)
  AVERAGE WIND SPEED     3.9


SKY COVER
  AVERAGE SKY COVER 0.1


WEATHER CONDITIONS
 THE FOLLOWING WEATHER WAS RECORDED YESTERDAY.
  NO SIGNIFICANT WEATHER WAS OBSERVED.


RELATIVE HUMIDITY (PERCENT)
 HIGHEST    78           500 AM
 LOWEST     19           300 PM
 AVERAGE    49

..........................................................


THE BIRMINGHAM CLIMATE NORMALS FOR TODAY
                         NORMAL    RECORD    YEAR
 MAXIMUM TEMPERATURE (F)   62        82      1962
 MINIMUM TEMPERATURE (F)   40        15      1963
                                             1934


SUNRISE AND SUNSET
FEBRUARY 27 2017......SUNRISE   617 AM CST   SUNSET   542 PM CST
FEBRUARY 28 2017......SUNRISE   616 AM CST   SUNSET   543 PM CST


-  INDICATES NEGATIVE NUMBERS.
R  INDICATES RECORD WAS SET OR TIED.
MM INDICATES DATA IS MISSING.
T  INDICATES TRACE AMOUNT.




$$
