283
CDUS44 KBMX 230841
CLIBHM


CLIMATE REPORT
NATIONAL WEATHER SERVICE BIRMINGHAM, AL
340 AM CDT THU MAR 23 2017


...................................

...THE BIRMINGHAM CLIMATE SUMMARY FOR MARCH 22 2017...

CLIMATE NORMAL PERIOD 1981 TO 2010
CLIMATE RECORD PERIOD 1895 TO 2017


WEATHER ITEM   OBSERVED TIME   RECORD YEAR NORMAL DEPARTURE LAST
                VALUE   (LST)  VALUE       VALUE  FROM      YEAR
                                                  NORMAL
..................................................................
TEMPERATURE (F)
 YESTERDAY
  MAXIMUM         71        MM  88    1907  68      3       69
  MINIMUM         54        MM  23    1986  45      9       35
  AVERAGE         63                        57      6       52

PRECIPITATION (IN)
  YESTERDAY        0.00          1.95 1908   0.17  -0.17     0.00
  MONTH TO DATE    2.78                      3.76  -0.98     3.15
  SINCE MAR 1      2.78                      3.76  -0.98     3.15
  SINCE JAN 1     12.44                     13.13  -0.69    13.89

SNOWFALL (IN)
  YESTERDAY        0.0                       0.1   -0.1      0.0
  MONTH TO DATE    0.0                       0.5   -0.5      0.0
  SINCE MAR 1      0.0                       0.5   -0.5      0.0
  SINCE JUL 1      0.3                       1.3   -1.0       T
  SNOW DEPTH       0

DEGREE DAYS
 HEATING
  YESTERDAY        2                         9     -7       13
  MONTH TO DATE  250                       250      0      161
  SINCE MAR 1    250                       250      0      161
  SINCE JUL 1   1622                      2440   -818     1831

 COOLING
  YESTERDAY        0                         1     -1        0
  MONTH TO DATE   13                        12      1       37
  SINCE MAR 1     13                        12      1       37
  SINCE JAN 1     28                        16     12       44
..................................................................


WIND (MPH)
  HIGHEST WIND SPEED    15   HIGHEST WIND DIRECTION     N (350)
  HIGHEST GUST SPEED    21   HIGHEST GUST DIRECTION     N (350)
  AVERAGE WIND SPEED     8.7


SKY COVER
  AVERAGE SKY COVER 0.6


WEATHER CONDITIONS
 THE FOLLOWING WEATHER WAS RECORDED YESTERDAY.
  NO SIGNIFICANT WEATHER WAS OBSERVED.


RELATIVE HUMIDITY (PERCENT)
 HIGHEST    90           100 AM
 LOWEST     28           900 PM
 AVERAGE    59

..........................................................


THE BIRMINGHAM CLIMATE NORMALS FOR TODAY
                         NORMAL    RECORD    YEAR
 MAXIMUM TEMPERATURE (F)   69        88      1995
 MINIMUM TEMPERATURE (F)   45        27      2002
                                             1986
                                             1968


SUNRISE AND SUNSET
MARCH 23 2017.........SUNRISE   646 AM CDT   SUNSET   701 PM CDT
MARCH 24 2017.........SUNRISE   645 AM CDT   SUNSET   702 PM CDT


-  INDICATES NEGATIVE NUMBERS.
R  INDICATES RECORD WAS SET OR TIED.
MM INDICATES DATA IS MISSING.
T  INDICATES TRACE AMOUNT.




$$
