000
CDUS44 KBMX 272122
CLIBHM


CLIMATE REPORT
NATIONAL WEATHER SERVICE BIRMINGHAM, AL
422 PM CDT FRI MAR 27 2015


...................................

...THE BIRMINGHAM CLIMATE SUMMARY FOR MARCH 27 2015...
VALID AS OF 0400 PM LOCAL TIME.

CLIMATE NORMAL PERIOD 1981 TO 2010
CLIMATE RECORD PERIOD 2014 TO 2015


WEATHER ITEM   OBSERVED TIME   RECORD YEAR NORMAL DEPARTURE LAST
                VALUE   (LST)  VALUE       VALUE  FROM      YEAR
                                                  NORMAL
..................................................................
TEMPERATURE (F)
 TODAY
  MAXIMUM         59    136 PM  89    1919  70    -11       70
  MINIMUM         43    649 AM  18    1955  46     -3       45
  AVERAGE         51                        58     -7       58

PRECIPITATION (IN)
  TODAY            0.01          2.99 1902   0.16  -0.15     0.41
  MONTH TO DATE    3.45                      4.59  -1.14     3.32
  SINCE MAR 1      3.45                      4.59  -1.14     3.32
  SINCE JAN 1     12.15                     13.96  -1.81    10.25

SNOWFALL (IN)
  TODAY           MM                         0.0   MM        0.0
  MONTH TO DATE    0.1                       0.6   -0.5      0.0
  SINCE MAR 1      0.1                       0.6   -0.5      0.0
  SINCE JUL 1      0.8                       1.4   -0.6      5.0
  SNOW DEPTH       0

DEGREE DAYS

 COOLING
  TODAY            0                         1     -1        0
  MONTH TO DATE    5                        17    -12        0
  SINCE MAR 1      5                        17    -12        0
  SINCE JAN 1      5                        21    -16        3
..................................................................


WIND (MPH)
  HIGHEST WIND SPEED    22   HIGHEST WIND DIRECTION    NW (310)
  HIGHEST GUST SPEED    29   HIGHEST GUST DIRECTION    NW (320)
  AVERAGE WIND SPEED    12.9


SKY COVER
  AVERAGE SKY COVER 0.5


WEATHER CONDITIONS
 THE FOLLOWING WEATHER WAS RECORDED TODAY.
  LIGHT RAIN


RELATIVE HUMIDITY (PERCENT)
 HIGHEST    89           400 AM
 LOWEST     35           200 PM
 AVERAGE    62

..........................................................


THE BIRMINGHAM CLIMATE NORMALS FOR TOMORROW
                         NORMAL    RECORD    YEAR
 MAXIMUM TEMPERATURE (F)   70        89      1919
 MINIMUM TEMPERATURE (F)   46        28      1937


SUNRISE AND SUNSET
MARCH 27 2015.........SUNRISE   642 AM CDT   SUNSET   704 PM CDT
MARCH 28 2015.........SUNRISE   640 AM CDT   SUNSET   704 PM CDT


-  INDICATES NEGATIVE NUMBERS.
R  INDICATES RECORD WAS SET OR TIED.
MM INDICATES DATA IS MISSING.
T  INDICATES TRACE AMOUNT.




$$
