141
CDUS44 KBMX 190908
CLIBHM


CLIMATE REPORT
NATIONAL WEATHER SERVICE BIRMINGHAM, AL
307 AM CST THU JAN 19 2017


...................................

...THE BIRMINGHAM CLIMATE SUMMARY FOR JANUARY 18 2017...

CLIMATE NORMAL PERIOD 1981 TO 2010
CLIMATE RECORD PERIOD 1895 TO 2017


WEATHER ITEM   OBSERVED TIME   RECORD YEAR NORMAL DEPARTURE LAST
                VALUE   (LST)  VALUE       VALUE  FROM      YEAR
                                                  NORMAL
..................................................................
TEMPERATURE (F)
 YESTERDAY
  MAXIMUM         67    400 PM  76    1929  54     13       37
  MINIMUM         55    919 PM   6    1977  34     21       21
  AVERAGE         61                        44     17       29

PRECIPITATION (IN)
  YESTERDAY        T             2.67 1987   0.16  -0.16     0.00
  MONTH TO DATE    2.56                      2.69  -0.13     0.86
  SINCE DEC 1      4.95                      7.14  -2.19    11.39
  SINCE JAN 1      2.56                      2.69  -0.13     0.86

SNOWFALL (IN)
  YESTERDAY        0.0                       0.0    0.0      0.0
  MONTH TO DATE    0.3                       0.3    0.0      0.0
  SINCE DEC 1      0.3                       0.4   -0.1      0.0
  SINCE JUL 1      0.3                       0.4   -0.1      0.0
  SNOW DEPTH       0

DEGREE DAYS
 HEATING
  YESTERDAY        4                        21    -17       36
  MONTH TO DATE  236                       387   -151      413
  SINCE DEC 1    720                       976   -256      696
  SINCE JUL 1    952                      1434   -482      967
..................................................................


WIND (MPH)
  HIGHEST WIND SPEED    10   HIGHEST WIND DIRECTION    NW (320)
  HIGHEST GUST SPEED    14   HIGHEST GUST DIRECTION    NW (310)
  AVERAGE WIND SPEED     3.1


SKY COVER
  AVERAGE SKY COVER 0.8


WEATHER CONDITIONS
 THE FOLLOWING WEATHER WAS RECORDED YESTERDAY.
  LIGHT RAIN
  FOG


RELATIVE HUMIDITY (PERCENT)
 HIGHEST   100           500 AM
 LOWEST     56           300 PM
 AVERAGE    78

..........................................................


THE BIRMINGHAM CLIMATE NORMALS FOR TODAY
                         NORMAL    RECORD    YEAR
 MAXIMUM TEMPERATURE (F)   54        76      1982
 MINIMUM TEMPERATURE (F)   34         2      1940


SUNRISE AND SUNSET
JANUARY 19 2017.......SUNRISE   650 AM CST   SUNSET   506 PM CST
JANUARY 20 2017.......SUNRISE   650 AM CST   SUNSET   507 PM CST


-  INDICATES NEGATIVE NUMBERS.
R  INDICATES RECORD WAS SET OR TIED.
MM INDICATES DATA IS MISSING.
T  INDICATES TRACE AMOUNT.




$$
